{"text_format":"3","workbook":"xlsx","n_sheets":14,"sheets":["Cover Sheet","01-Instructions","02-Flat Plate, Gel","03-Labour_Subs_Travel","04-Transport & Off Loading","05-Accessories","06-Training","07-Other Costs","08-Flat Plate Gel Full Range","Option X3","Option X1","Indices","TOTAL PRICE_Flat Plate, Gel","Forecasts"],"not_rendered":{"images":1,"external_links":12,"defined_names":328,"comments":5},"read":"whole","date_system":"1900"}

{"sheet":"Cover Sheet","index":0,"n_rows":22,"n_cols":3,"rows_kept":22,"merged":[[0,0,0,2],[7,0,7,2],[8,0,8,2]]}
["VALVE REGULATED LEAD ACID BATTERIES PRICING SCHEDULE COVERSHEET"]
[]
[null,"ENQUIRY:","E1270DXWC_"]
[null,"COMMODITY:","FLAT PLATE, GEL, VALVE REGULATED LEAD ACID (VRLA) BATTERIES"]
[null,"SUPPLIER:"]
[]
[]
["These VRLA Battery Enquiry Activity Schedules consists of the following worksheets:"]
["Click on the hyperlinks of the worksheets to access them."]
[null,"Worksheet","Notes"]
[1,"01-Instructions","The purpose of this worksheet is to ensure that all suppliers are quoting for all items in a standard format, on a common basis for ease of evaluation. "]
[2,"02-Flat Plate, Gel","Prices for required cells and associated equipment"]
[4,"03-Labour_Subs_Travel","Costs of labour, subsistence and travelling."]
[5,"04-Transport & Off Loading","Transport to site or regional store and off-loading."]
[6,"05-Accessories","Cost of accessories required."]
[7,"06-Training","Training related costs."]
[8,"07-Other Costs","Any other costs to be priced."]
[9,"08-Flat Plate Gel Full Range","Prices for full range of available LP cells and associated equipment"]
[11,"Option X3","Indicate foreign currency to be used in this tender submission."]
[12,"Option X1","Indicate CPA formulae to be used in this tender submission."]
[13,"TOTAL PRICE_Flat Plate, Gel","Total prices for Cells, associated equipment and services"]
[15,"Forecasts Table","Estimated forecasted volumes of cells and battery banks"]

{"sheet":"01-Instructions","index":1,"n_rows":39,"n_cols":3,"rows_kept":39,"merged":[[2,1,2,2],[4,1,4,2]]}
[]
[]
[null,"INSTRUCTIONS FOR COMPLETING THIS PRICING SCHEDULE"]
[]
[null,"THE PURPOSE OF THIS WORKSHEET IS TO ENSURE THAT ALL SUPPLIERS ARE QUOTING FOR ALL ITEMS IN A STANDARD FORMAT, ON A COMMON BASIS FOR EASE OF EVALUATION"]
[]
[null,null,"GENERAL NOTES"]
[null,1,"The supplier must complete the following sheets:-"]
[null,null," - All 9 Activity schedules"]
[null,null," - Option X3: Rate of Exchange"]
[null,null," - Option X1: Price adjustment for inflation"]
[]
[null,null,"Note 1: If the Activity Schedule is not completed, the tender will be disqualified"]
[null,null,"Note 2: If the CPA Formulae (Option X1) are not updated, the tendered prices will be taken to be \"Firm and Fixed\""]
[null,2,"Manual input is required in all cells highlighted light blue. Other cells are protected."]
[null,3,"Requests for clarification in case of uncertainty, or possible conflicting information, may be lodged in terms of the process for clarifications as stipulated in the Invitation to Tender"]
[null,4,"All information required in this Pricing Schedule must be provided in a clear and unbiased manner.  The Purchaser reserves the right to interpret information as best as possible without recourse thereafter.  An offer may be considered unacceptable if there is missing information or provided in such a manner that an objective assessment is impeded"]
[null,5,"The price schedules provide the basis of all valuations at delivery/assessment dates, payments in multiple currencies, price adjustment (CPA), etc.  Additional items may be added if the pricing schedules is insufficient in this regard but must include all information required as per the stipulated items.  However, this information must not be in conflict with specified requirements or instructions in the pricing schedules or elsewhere in the tender documentation.  It may not be information which will be to the detriment of the Purchaser or benefit the Tenderer unfairly in the evaluation of the bids.  The Purchaser reserves the right to consider such information or ignore it."]
[null,6,"Tenderers are requested to submit a soft copy of the Entire Pricing Schedule"]
[]
[null,null,"NOTES ON COMPLETING THE VARIOUS WORKSHEETS"]
[]
[null,"A","Cover Sheet: "]
[null,null,"Input Tendering Company into cell C5"]
[null,null,"No other input is required - the pricing information reads from the various Activity Schedules"]
[null,"B","Activity Schedules: \"Act Sch-...\""]
[null,null,"Prices can be filled in South African Rands or Foreign currency; choose the applicable currency from the drop down list."]
[null,null,"Insert the applicable price (in the applicable currency). The price will be converted into Rands based on the exchange rate you input into the tab called \"Option X 3\". NB: The applicable Forex rate is to be sourced from the SA Reserve Bank's website as at 12H00 on the date of the advertisement of the tender."]
[null,"C","Option X 3: Multiple Currency"]
[null,null,"For each currency used in this submission, Tenderers must update a Forex conversion rate, ie currency 1 = how many ZAR"]
[null,null,"The tenderer shall use the exchange rate as at 12H00 on the date of the advertisement of the tender. The source of the exchange rates shall be the South African Reserve Bank (www.resbank.co.za). Please note that the tenderer is required to submit proof of the SARB rate/s used.\n"]
[null,"D","Option X 1: Cost Price Adjustments"]
[null,null,"Proportions/weightings in CPA Formulae: The fixed portion of each formula, not subject to CPA, must be at least 15% but Tenderers may submit higher fixed portion percentages.  The other constituent indices and their proportions in each formula must be realistic and relative to the applicable work. The fixed portion and other proportions must add up to 100%.   "]
[null,null,"Formulae must be linked to independent cost indices or other benchmarks (\"reference prices\") and must be clearly and completely defined. The source must be a recognised and independent statistical publishing organisation.  The Tenderers' in-house indices may not be used."]
[null,null,"The Tenderer must submit 5 years' of month by month historical data for all indices used if the complete website/internet address is not provided or this information is not readily available.  The Tenderer must ensure that indices are published and recommended by the source thereof as applicable to the work involved and that they are still in force/use and applicable at the date of submission of the tender. "]
[null,null,"CPA Base Date: The CPA base date for calculating price movements will be the Month before Tender closes. For indices or reference prices published as at certain dates, and where such a date is not the Base Date, the latest date for which it is published before the Base Date will be considered as the Base Date index or reference price.  In instances where the figure or value is not as at the Base Date or considered as the Base Date Index or reference price as explained herein, the date, figure or value as well as the reason for the deviation must be clearly separately stated and must be realistic for purposes of CPA.  "]
[null,null,"Eskom requires that the first 12 months of the contract may not have CPA attributed to the prices. CPA can then only be applied after the first 12 months. Exchange rate adjustments cannot be part of any CPA formula. Foreign Indices must be applied only for imported items. Local indices must be applied for local cost drivers."]
[null,"E","Estimated Volumes"]
[null,null,"Estimated volumes of battery banks and cells are provided; these volumes are not guaranteed, but merely estimated."]

{"sheet":"02-Flat Plate, Gel","index":2,"n_rows":35,"n_cols":104,"rows_kept":35,"merged":[[0,0,0,7],[2,0,2,1],[2,2,2,7],[3,0,3,1],[3,2,3,7],[4,0,4,1],[4,2,4,7],[6,0,6,34],[7,0,7,27],[11,0,14,0],[11,1,14,1],[11,2,14,2],[11,3,14,3],[11,4,14,4],[11,5,11,15],[11,16,11,26],[11,27,11,37],[11,38,11,48],[11,49,11,59],[11,60,11,70],[11,71,11,81],[11,82,11,92],[11,93,11,103],[12,15,14,15],[12,26,14,26],[12,37,14,37],[12,48,14,48],[12,59,14,59],[12,70,14,70],[12,81,14,81],[12,92,14,92],[12,103,14,103],[13,5,14,5],[13,6,13,7],[13,8,13,11],[13,12,13,14],[13,16,14,16],[13,17,13,18],[13,19,13,22],[13,23,13,25],[13,27,14,27],[13,28,13,29],[13,30,13,33],[13,34,13,36],[13,38,14,38],[13,39,13,40],[13,41,13,44],[13,45,13,47],[13,49,14,49],[13,50,13,51],[13,52,13,55],[13,56,13,58],[13,60,14,60],[13,61,13,62],[13,63,13,66],[13,67,13,69],[13,71,14,71],[13,72,13,73],[13,74,13,77],[13,78,13,80],[13,82,14,82],[13,83,13,84],[13,85,13,88],[13,89,13,91],[13,93,14,93],[13,94,13,95],[13,96,13,99],[13,100,13,102]]}
["Offered Flat Plate, Gel Type VRLA Cells/Batteries"]
[]
["ENQUIRY NO:",null,{"$f":"'Cover Sheet'!C3","v":"E1270DXWC_"}]
["COMMODITY:",null,{"$f":"'Cover Sheet'!C4","v":"FLAT PLATE, GEL, VALVE REGULATED LEAD ACID (VRLA) BATTERIES"}]
["SUPPLIER:",null,{"$f":"IF('Cover Sheet'!C5=\"\",\"\",'Cover Sheet'!C5)","v":""}]
[]
["The prices for individual cells include a cell/battery label (number), inter-cell/battery connectors, bolts, nuts, washers, spring washers and corrosion protection.."]
["Linking sets will include interrow connectors, terminating cables and associated accessories."]
[]
[null,1,2,3,4,5,6,7,8,9,10,11,12,13,14,15,16,17,18,19,20,21,22,23,24,25,26,27,28,29,30,31,32,33,34,35,36,37,38,39,40,41,42,43,44,45,46,47,48,49,50,51,52,53,54,55,56,57,58,59,60,61,62,63,64,65,66,67,68,69,70,71,72,73,74,75,76,77,78,79,80,81,82,83,84,85,86,87,88,89,90,91,92,93,94,95,96,97,98,99,100,101,102,103]
[{"$nulls":9},"USD",{"$nulls":10},"USD",{"$nulls":10},"USD",{"$nulls":10},"USD",{"$nulls":10},"USD",{"$nulls":10},"USD",{"$nulls":10},"USD",{"$nulls":10},"USD",{"$nulls":10},"USD"]
["Item #","Required Capacity [Ah]","Offered Capacity [Ah]","Model No.","Wet Weight/unit [kg]","Wet Cells",{"$nulls":10},"30V Linking Sets (Not Applicable)",{"$nulls":10},"48V Linking Sets",{"$nulls":10},"110V Linking Sets",{"$nulls":10},"220V Linking Sets",{"$nulls":10},"30V Battery Cabinet",{"$nulls":10},"48V Battery Cabinet",{"$nulls":10},"110V Battery Cabinet",{"$nulls":10},"220V Battery Cabinet"]
[{"$nulls":5},"(1)","(2)","(3)=(1)x(2)","(4)","(5)","(6)=(1)x(4)","(7)=(5)x(6)","(8)=(3)+(7)","(9)=0.15x(8)","(10)=(8)+(9)","CPA Formula","(1)","(2)","(3)=(1)x(2)","(4)","(5)","(6)=(1)x(4)","(7)=(5)x(6)","(8)=(3)+(7)","(9)=0.15x(8)","(10)=(8)+(9)","CPA Formula","(1)","(2)","(3)=(1)x(2)","(4)","(5)","(6)=(1)x(4)","(7)=(5)x(6)","(8)=(3)+(7)","(9)=0.15x(8)","(10)=(8)+(9)","CPA Formula","(1)","(2)","(3)=(1)x(2)","(4)","(5)","(6)=(1)x(4)","(7)=(5)x(6)","(8)=(3)+(7)","(9)=0.15x(8)","(10)=(8)+(9)","CPA Formula","(1)","(2)","(3)=(1)x(2)","(4)","(5)","(6)=(1)x(4)","(7)=(5)x(6)","(8)=(3)+(7)","(9)=0.15x(8)","(10)=(8)+(9)","CPA Formula","(1)","(2)","(3)=(1)x(2)","(4)","(5)","(6)=(1)x(4)","(7)=(5)x(6)","(8)=(3)+(7)","(9)=0.15x(8)","(10)=(8)+(9)","CPA Formula","(1)","(2)","(3)=(1)x(2)","(4)","(5)","(6)=(1)x(4)","(7)=(5)x(6)","(8)=(3)+(7)","(9)=0.15x(8)","(10)=(8)+(9)","CPA Formula","(1)","(2)","(3)=(1)x(2)","(4)","(5)","(6)=(1)x(4)","(7)=(5)x(6)","(8)=(3)+(7)","(9)=0.15x(8)","(10)=(8)+(9)","CPA Formula","(1)","(2)","(3)=(1)x(2)","(4)","(5)","(6)=(1)x(4)","(7)=(5)x(6)","(8)=(3)+(7)","(9)=0.15x(8)","(10)=(8)+(9)","CPA Formula"]
[{"$nulls":5},"Estimated Qty","Local Currency",null,"Foreign Currency",{"$nulls":3},"Local + Foreign Currency",{"$nulls":3},"Estimated Qty","Local Currency",null,"Foreign Currency",{"$nulls":3},"Local + Foreign Currency",{"$nulls":3},"Estimated Qty","Local Currency",null,"Foreign Currency",{"$nulls":3},"Local + Foreign Currency",{"$nulls":3},"Estimated Qty","Local Currency",null,"Foreign Currency",{"$nulls":3},"Local + Foreign Currency",{"$nulls":3},"Estimated Qty","Local Currency",null,"Foreign Currency",{"$nulls":3},"Local + Foreign Currency",{"$nulls":3},"Estimated Qty","Local Currency",null,"Foreign Currency",{"$nulls":3},"Local + Foreign Currency",{"$nulls":3},"Estimated Qty","Local Currency",null,"Foreign Currency",{"$nulls":3},"Local + Foreign Currency",{"$nulls":3},"Estimated Qty","Local Currency",null,"Foreign Currency",{"$nulls":3},"Local + Foreign Currency",{"$nulls":3},"Estimated Qty","Local Currency",null,"Foreign Currency",{"$nulls":3},"Local + Foreign Currency"]
[{"$nulls":6},"Rate/unit (ZAR)","Local Portion (ZAR)","Rate/unit (Foreign)","ROE",{"$f":"\"Foreign Portion (\"&J11&\")\"","v":"Foreign Portion (USD)"},"Foreign Portion (ZAR)","Total Price  excl. VAT (ZAR)","VAT (ZAR)","Total Price  incl. VAT (ZAR)",null,null,"Rate/unit (ZAR)","Local Portion (ZAR)","Rate/unit (Foreign)","ROE",{"$f":"\"Foreign Portion (\"&U11&\")\"","v":"Foreign Portion (USD)"},"Foreign Portion (ZAR)","Total Price  excl. VAT (ZAR)","VAT (ZAR)","Total Price  incl. VAT (ZAR)",null,null,"Rate/unit (ZAR)","Local Portion (ZAR)","Rate/unit (Foreign)","ROE",{"$f":"\"Foreign Portion (\"&AF11&\")\"","v":"Foreign Portion (USD)"},"Foreign Portion (ZAR)","Total Price  excl. VAT (ZAR)","VAT (ZAR)","Total Price  incl. VAT (ZAR)",null,null,"Rate/unit (ZAR)","Local Portion (ZAR)","Rate/unit (Foreign)","ROE",{"$f":"\"Foreign Portion (\"&AQ11&\")\"","v":"Foreign Portion (USD)"},"Foreign Portion (ZAR)","Total Price  excl. VAT (ZAR)","VAT (ZAR)","Total Price  incl. VAT (ZAR)",null,null,"Rate/unit (ZAR)","Local Portion (ZAR)","Rate/unit (Foreign)","ROE",{"$f":"\"Foreign Portion (\"&BB11&\")\"","v":"Foreign Portion (USD)"},"Foreign Portion (ZAR)","Total Price  excl. VAT (ZAR)","VAT (ZAR)","Total Price  incl. VAT (ZAR)",null,null,"Rate/unit (ZAR)","Local Portion (ZAR)","Rate/unit (Foreign)","ROE",{"$f":"\"Foreign Portion (\"&BM11&\")\"","v":"Foreign Portion (USD)"},"Foreign Portion (ZAR)","Total Price  excl. VAT (ZAR)","VAT (ZAR)","Total Price  incl. VAT (ZAR)",null,null,"Rate/unit (ZAR)","Local Portion (ZAR)","Rate/unit (Foreign)","ROE",{"$f":"\"Foreign Portion (\"&BX11&\")\"","v":"Foreign Portion (USD)"},"Foreign Portion (ZAR)","Total Price  excl. VAT (ZAR)","VAT (ZAR)","Total Price  incl. VAT (ZAR)",null,null,"Rate/unit (ZAR)","Local Portion (ZAR)","Rate/unit (Foreign)","ROE",{"$f":"\"Foreign Portion (\"&CI11&\")\"","v":"Foreign Portion (USD)"},"Foreign Portion (ZAR)","Total Price  excl. VAT (ZAR)","VAT (ZAR)","Total Price  incl. VAT (ZAR)",null,null,"Rate/unit (ZAR)","Local Portion (ZAR)","Rate/unit (Foreign)","ROE",{"$f":"\"Foreign Portion (\"&CT11&\")\"","v":"Foreign Portion (USD)"},"Foreign Portion (ZAR)","Total Price  excl. VAT (ZAR)","VAT (ZAR)","Total Price  incl. VAT (ZAR)"]
[1,"12V/7.8Ah",{"$nulls":3},{"$f":"Forecasts!C16","v":2760},null,{"$f":"F16*G16","v":0},null,{"$f":"VLOOKUP(J$11,'Option X3'!$D$6:$E$20,2,0)","v":0},{"$f":"F16*I16","v":0},{"$f":"J16*K16","v":0},{"$f":"H16+L16","v":{"v":0,"d":"R 0.00"}},{"$f":"0.15*M16","v":{"v":0,"d":"R 0.00"}},{"$f":"SUM(M16:N16)","v":{"v":0,"d":"R 0.00"}},null,0,null,{"$f":"Q16*R16","v":0},null,{"$f":"VLOOKUP(U$11,'Option X3'!$D$6:$E$20,2,0)","v":0},{"$f":"Q16*T16","v":0},{"$f":"U16*V16","v":0},{"$f":"S16+W16","v":{"v":0,"d":"R 0.00"}},{"$f":"0.15*X16","v":{"v":0,"d":"R 0.00"}},{"$f":"SUM(X16:Y16)","v":{"v":0,"d":"R 0.00"}},null,0,null,{"$f":"AB16*AC16","v":0},null,{"$f":"VLOOKUP(AF$11,'Option X3'!$D$6:$E$20,2,0)","v":0},{"$f":"AB16*AE16","v":0},{"$f":"AF16*AG16","v":0},{"$f":"AD16+AH16","v":{"v":0,"d":"R 0.00"}},{"$f":"0.15*AI16","v":{"v":0,"d":"R 0.00"}},{"$f":"SUM(AI16:AJ16)","v":{"v":0,"d":"R 0.00"}},null,0,null,{"$f":"AM16*AN16","v":0},null,{"$f":"VLOOKUP(AQ$11,'Option X3'!$D$6:$E$20,2,0)","v":0},{"$f":"AM16*AP16","v":0},{"$f":"AQ16*AR16","v":0},{"$f":"AO16+AS16","v":{"v":0,"d":"R 0.00"}},{"$f":"0.15*AT16","v":{"v":0,"d":"R 0.00"}},{"$f":"SUM(AT16:AU16)","v":{"v":0,"d":"R 0.00"}},null,0,null,{"$f":"AX16*AY16","v":0},null,{"$f":"VLOOKUP(BB$11,'Option X3'!$D$6:$E$20,2,0)","v":0},{"$f":"AX16*BA16","v":0},{"$f":"BB16*BC16","v":0},{"$f":"AZ16+BD16","v":{"v":0,"d":"R 0.00"}},{"$f":"0.15*BE16","v":{"v":0,"d":"R 0.00"}},{"$f":"SUM(BE16:BF16)","v":{"v":0,"d":"R 0.00"}},null,{"$f":"Q16","v":0},null,{"$f":"BI16*BJ16","v":0},null,{"$f":"VLOOKUP(BM$11,'Option X3'!$D$6:$E$20,2,0)","v":0},{"$f":"BI16*BL16","v":0},{"$f":"BM16*BN16","v":0},{"$f":"BK16+BO16","v":{"v":0,"d":"R 0.00"}},{"$f":"0.15*BP16","v":{"v":0,"d":"R 0.00"}},{"$f":"SUM(BP16:BQ16)","v":{"v":0,"d":"R 0.00"}},null,{"$f":"AB16","v":0},null,{"$f":"BT16*BU16","v":0},null,{"$f":"VLOOKUP(BX$11,'Option X3'!$D$6:$E$20,2,0)","v":0},{"$f":"BT16*BW16","v":0},{"$f":"BX16*BY16","v":0},{"$f":"BV16+BZ16","v":{"v":0,"d":"R 0.00"}},{"$f":"0.15*CA16","v":{"v":0,"d":"R 0.00"}},{"$f":"SUM(CA16:CB16)","v":{"v":0,"d":"R 0.00"}},null,{"$f":"AM16","v":0},null,{"$f":"CE16*CF16","v":0},null,{"$f":"VLOOKUP(CI$11,'Option X3'!$D$6:$E$20,2,0)","v":0},{"$f":"CE16*CH16","v":0},{"$f":"CI16*CJ16","v":0},{"$f":"CG16+CK16","v":{"v":0,"d":"R 0.00"}},{"$f":"0.15*CL16","v":{"v":0,"d":"R 0.00"}},{"$f":"SUM(CL16:CM16)","v":{"v":0,"d":"R 0.00"}},null,{"$f":"AX16","v":0},null,{"$f":"CP16*CQ16","v":0},null,{"$f":"VLOOKUP(CT$11,'Option X3'!$D$6:$E$20,2,0)","v":0},{"$f":"CP16*CS16","v":0},{"$f":"CT16*CU16","v":0},{"$f":"CR16+CV16","v":{"v":0,"d":"R 0.00"}},{"$f":"0.15*CW16","v":{"v":0,"d":"R 0.00"}},{"$f":"SUM(CW16:CX16)","v":{"v":0,"d":"R 0.00"}}]
[2,"24V/7.8Ah",{"$nulls":3},{"$f":"Forecasts!C17","v":11928},null,0,null,{"$f":"VLOOKUP(J$11,'Option X3'!$D$6:$E$20,2,0)","v":0},0,0,{"v":0,"d":"R 0.00"},{"v":0,"d":"R 0.00"},{"v":0,"d":"R 0.00"},null,0,null,0,null,{"$f":"VLOOKUP(U$11,'Option X3'!$D$6:$E$20,2,0)","v":0},0,0,{"v":0,"d":"R 0.00"},{"v":0,"d":"R 0.00"},{"v":0,"d":"R 0.00"},null,0,null,0,null,{"$f":"VLOOKUP(AF$11,'Option X3'!$D$6:$E$20,2,0)","v":0},0,0,{"v":0,"d":"R 0.00"},{"v":0,"d":"R 0.00"},{"v":0,"d":"R 0.00"},null,0,null,0,null,{"$f":"VLOOKUP(AQ$11,'Option X3'!$D$6:$E$20,2,0)","v":0},0,0,{"v":0,"d":"R 0.00"},{"v":0,"d":"R 0.00"},{"v":0,"d":"R 0.00"},null,0,null,0,null,{"$f":"VLOOKUP(BB$11,'Option X3'!$D$6:$E$20,2,0)","v":0},0,0,{"v":0,"d":"R 0.00"},{"v":0,"d":"R 0.00"},{"v":0,"d":"R 0.00"},null,0,null,0,null,{"$f":"VLOOKUP(BM$11,'Option X3'!$D$6:$E$20,2,0)","v":0},0,0,{"v":0,"d":"R 0.00"},{"v":0,"d":"R 0.00"},{"v":0,"d":"R 0.00"},null,0,null,0,null,{"$f":"VLOOKUP(BX$11,'Option X3'!$D$6:$E$20,2,0)","v":0},0,0,{"v":0,"d":"R 0.00"},{"v":0,"d":"R 0.00"},{"v":0,"d":"R 0.00"},null,0,null,0,null,{"$f":"VLOOKUP(CI$11,'Option X3'!$D$6:$E$20,2,0)","v":0},0,0,{"v":0,"d":"R 0.00"},{"v":0,"d":"R 0.00"},{"v":0,"d":"R 0.00"},null,0,null,0,null,{"$f":"VLOOKUP(CT$11,'Option X3'!$D$6:$E$20,2,0)","v":0},0,0,{"v":0,"d":"R 0.00"},{"v":0,"d":"R 0.00"},{"v":0,"d":"R 0.00"}]
[3,"12V/12Ah",{"$nulls":3},{"$f":"Forecasts!C18","v":1920},null,0,null,{"$f":"VLOOKUP(J$11,'Option X3'!$D$6:$E$20,2,0)","v":0},0,0,{"v":0,"d":"R 0.00"},{"v":0,"d":"R 0.00"},{"v":0,"d":"R 0.00"},null,0,null,0,null,{"$f":"VLOOKUP(U$11,'Option X3'!$D$6:$E$20,2,0)","v":0},0,0,{"v":0,"d":"R 0.00"},{"v":0,"d":"R 0.00"},{"v":0,"d":"R 0.00"},null,0,null,0,null,{"$f":"VLOOKUP(AF$11,'Option X3'!$D$6:$E$20,2,0)","v":0},0,0,{"v":0,"d":"R 0.00"},{"v":0,"d":"R 0.00"},{"v":0,"d":"R 0.00"},null,0,null,0,null,{"$f":"VLOOKUP(AQ$11,'Option X3'!$D$6:$E$20,2,0)","v":0},0,0,{"v":0,"d":"R 0.00"},{"v":0,"d":"R 0.00"},{"v":0,"d":"R 0.00"},null,0,null,0,null,{"$f":"VLOOKUP(BB$11,'Option X3'!$D$6:$E$20,2,0)","v":0},0,0,{"v":0,"d":"R 0.00"},{"v":0,"d":"R 0.00"},{"v":0,"d":"R 0.00"},null,0,null,0,null,{"$f":"VLOOKUP(BM$11,'Option X3'!$D$6:$E$20,2,0)","v":0},0,0,{"v":0,"d":"R 0.00"},{"v":0,"d":"R 0.00"},{"v":0,"d":"R 0.00"},null,0,null,0,null,{"$f":"VLOOKUP(BX$11,'Option X3'!$D$6:$E$20,2,0)","v":0},0,0,{"v":0,"d":"R 0.00"},{"v":0,"d":"R 0.00"},{"v":0,"d":"R 0.00"},null,0,null,0,null,{"$f":"VLOOKUP(CI$11,'Option X3'!$D$6:$E$20,2,0)","v":0},0,0,{"v":0,"d":"R 0.00"},{"v":0,"d":"R 0.00"},{"v":0,"d":"R 0.00"},null,0,null,0,null,{"$f":"VLOOKUP(CT$11,'Option X3'!$D$6:$E$20,2,0)","v":0},0,0,{"v":0,"d":"R 0.00"},{"v":0,"d":"R 0.00"},{"v":0,"d":"R 0.00"}]
[4,"24V/13.2Ah",{"$nulls":3},{"$f":"Forecasts!C19","v":3725},null,0,null,{"$f":"VLOOKUP(J$11,'Option X3'!$D$6:$E$20,2,0)","v":0},0,0,{"v":0,"d":"R 0.00"},{"v":0,"d":"R 0.00"},{"v":0,"d":"R 0.00"},null,0,null,0,null,{"$f":"VLOOKUP(U$11,'Option X3'!$D$6:$E$20,2,0)","v":0},0,0,{"v":0,"d":"R 0.00"},{"v":0,"d":"R 0.00"},{"v":0,"d":"R 0.00"},null,0,null,0,null,{"$f":"VLOOKUP(AF$11,'Option X3'!$D$6:$E$20,2,0)","v":0},0,0,{"v":0,"d":"R 0.00"},{"v":0,"d":"R 0.00"},{"v":0,"d":"R 0.00"},null,0,null,0,null,{"$f":"VLOOKUP(AQ$11,'Option X3'!$D$6:$E$20,2,0)","v":0},0,0,{"v":0,"d":"R 0.00"},{"v":0,"d":"R 0.00"},{"v":0,"d":"R 0.00"},null,0,null,0,null,{"$f":"VLOOKUP(BB$11,'Option X3'!$D$6:$E$20,2,0)","v":0},0,0,{"v":0,"d":"R 0.00"},{"v":0,"d":"R 0.00"},{"v":0,"d":"R 0.00"},null,0,null,0,null,{"$f":"VLOOKUP(BM$11,'Option X3'!$D$6:$E$20,2,0)","v":0},0,0,{"v":0,"d":"R 0.00"},{"v":0,"d":"R 0.00"},{"v":0,"d":"R 0.00"},null,0,null,0,null,{"$f":"VLOOKUP(BX$11,'Option X3'!$D$6:$E$20,2,0)","v":0},0,0,{"v":0,"d":"R 0.00"},{"v":0,"d":"R 0.00"},{"v":0,"d":"R 0.00"},null,0,null,0,null,{"$f":"VLOOKUP(CI$11,'Option X3'!$D$6:$E$20,2,0)","v":0},0,0,{"v":0,"d":"R 0.00"},{"v":0,"d":"R 0.00"},{"v":0,"d":"R 0.00"},null,0,null,0,null,{"$f":"VLOOKUP(CT$11,'Option X3'!$D$6:$E$20,2,0)","v":0},0,0,{"v":0,"d":"R 0.00"},{"v":0,"d":"R 0.00"},{"v":0,"d":"R 0.00"}]
[5,"12V/18Ah",{"$nulls":3},{"$f":"Forecasts!C20","v":3532},null,0,null,{"$f":"VLOOKUP(J$11,'Option X3'!$D$6:$E$20,2,0)","v":0},0,0,{"v":0,"d":"R 0.00"},{"v":0,"d":"R 0.00"},{"v":0,"d":"R 0.00"},null,0,null,0,null,{"$f":"VLOOKUP(U$11,'Option X3'!$D$6:$E$20,2,0)","v":0},0,0,{"v":0,"d":"R 0.00"},{"v":0,"d":"R 0.00"},{"v":0,"d":"R 0.00"},null,0,null,0,null,{"$f":"VLOOKUP(AF$11,'Option X3'!$D$6:$E$20,2,0)","v":0},0,0,{"v":0,"d":"R 0.00"},{"v":0,"d":"R 0.00"},{"v":0,"d":"R 0.00"},null,0,null,0,null,{"$f":"VLOOKUP(AQ$11,'Option X3'!$D$6:$E$20,2,0)","v":0},0,0,{"v":0,"d":"R 0.00"},{"v":0,"d":"R 0.00"},{"v":0,"d":"R 0.00"},null,0,null,0,null,{"$f":"VLOOKUP(BB$11,'Option X3'!$D$6:$E$20,2,0)","v":0},0,0,{"v":0,"d":"R 0.00"},{"v":0,"d":"R 0.00"},{"v":0,"d":"R 0.00"},null,0,null,0,null,{"$f":"VLOOKUP(BM$11,'Option X3'!$D$6:$E$20,2,0)","v":0},0,0,{"v":0,"d":"R 0.00"},{"v":0,"d":"R 0.00"},{"v":0,"d":"R 0.00"},null,0,null,0,null,{"$f":"VLOOKUP(BX$11,'Option X3'!$D$6:$E$20,2,0)","v":0},0,0,{"v":0,"d":"R 0.00"},{"v":0,"d":"R 0.00"},{"v":0,"d":"R 0.00"},null,0,null,0,null,{"$f":"VLOOKUP(CI$11,'Option X3'!$D$6:$E$20,2,0)","v":0},0,0,{"v":0,"d":"R 0.00"},{"v":0,"d":"R 0.00"},{"v":0,"d":"R 0.00"},null,0,null,0,null,{"$f":"VLOOKUP(CT$11,'Option X3'!$D$6:$E$20,2,0)","v":0},0,0,{"v":0,"d":"R 0.00"},{"v":0,"d":"R 0.00"},{"v":0,"d":"R 0.00"}]
[6,"24V/18Ah",{"$nulls":3},{"$f":"Forecasts!C21","v":1338},null,0,null,{"$f":"VLOOKUP(J$11,'Option X3'!$D$6:$E$20,2,0)","v":0},0,0,{"v":0,"d":"R 0.00"},{"v":0,"d":"R 0.00"},{"v":0,"d":"R 0.00"},null,0,null,0,null,{"$f":"VLOOKUP(U$11,'Option X3'!$D$6:$E$20,2,0)","v":0},0,0,{"v":0,"d":"R 0.00"},{"v":0,"d":"R 0.00"},{"v":0,"d":"R 0.00"},null,0,null,0,null,{"$f":"VLOOKUP(AF$11,'Option X3'!$D$6:$E$20,2,0)","v":0},0,0,{"v":0,"d":"R 0.00"},{"v":0,"d":"R 0.00"},{"v":0,"d":"R 0.00"},null,0,null,0,null,{"$f":"VLOOKUP(AQ$11,'Option X3'!$D$6:$E$20,2,0)","v":0},0,0,{"v":0,"d":"R 0.00"},{"v":0,"d":"R 0.00"},{"v":0,"d":"R 0.00"},null,0,null,0,null,{"$f":"VLOOKUP(BB$11,'Option X3'!$D$6:$E$20,2,0)","v":0},0,0,{"v":0,"d":"R 0.00"},{"v":0,"d":"R 0.00"},{"v":0,"d":"R 0.00"},null,0,null,0,null,{"$f":"VLOOKUP(BM$11,'Option X3'!$D$6:$E$20,2,0)","v":0},0,0,{"v":0,"d":"R 0.00"},{"v":0,"d":"R 0.00"},{"v":0,"d":"R 0.00"},null,0,null,0,null,{"$f":"VLOOKUP(BX$11,'Option X3'!$D$6:$E$20,2,0)","v":0},0,0,{"v":0,"d":"R 0.00"},{"v":0,"d":"R 0.00"},{"v":0,"d":"R 0.00"},null,0,null,0,null,{"$f":"VLOOKUP(CI$11,'Option X3'!$D$6:$E$20,2,0)","v":0},0,0,{"v":0,"d":"R 0.00"},{"v":0,"d":"R 0.00"},{"v":0,"d":"R 0.00"},null,0,null,0,null,{"$f":"VLOOKUP(CT$11,'Option X3'!$D$6:$E$20,2,0)","v":0},0,0,{"v":0,"d":"R 0.00"},{"v":0,"d":"R 0.00"},{"v":0,"d":"R 0.00"}]
[7,"12V/26Ah",{"$nulls":3},{"$f":"Forecasts!C22","v":2072},null,0,null,{"$f":"VLOOKUP(J$11,'Option X3'!$D$6:$E$20,2,0)","v":0},0,0,{"v":0,"d":"R 0.00"},{"v":0,"d":"R 0.00"},{"v":0,"d":"R 0.00"},null,0,null,0,null,{"$f":"VLOOKUP(U$11,'Option X3'!$D$6:$E$20,2,0)","v":0},0,0,{"v":0,"d":"R 0.00"},{"v":0,"d":"R 0.00"},{"v":0,"d":"R 0.00"},null,0,null,0,null,{"$f":"VLOOKUP(AF$11,'Option X3'!$D$6:$E$20,2,0)","v":0},0,0,{"v":0,"d":"R 0.00"},{"v":0,"d":"R 0.00"},{"v":0,"d":"R 0.00"},null,0,null,0,null,{"$f":"VLOOKUP(AQ$11,'Option X3'!$D$6:$E$20,2,0)","v":0},0,0,{"v":0,"d":"R 0.00"},{"v":0,"d":"R 0.00"},{"v":0,"d":"R 0.00"},null,0,null,0,null,{"$f":"VLOOKUP(BB$11,'Option X3'!$D$6:$E$20,2,0)","v":0},0,0,{"v":0,"d":"R 0.00"},{"v":0,"d":"R 0.00"},{"v":0,"d":"R 0.00"},null,0,null,0,null,{"$f":"VLOOKUP(BM$11,'Option X3'!$D$6:$E$20,2,0)","v":0},0,0,{"v":0,"d":"R 0.00"},{"v":0,"d":"R 0.00"},{"v":0,"d":"R 0.00"},null,0,null,0,null,{"$f":"VLOOKUP(BX$11,'Option X3'!$D$6:$E$20,2,0)","v":0},0,0,{"v":0,"d":"R 0.00"},{"v":0,"d":"R 0.00"},{"v":0,"d":"R 0.00"},null,0,null,0,null,{"$f":"VLOOKUP(CI$11,'Option X3'!$D$6:$E$20,2,0)","v":0},0,0,{"v":0,"d":"R 0.00"},{"v":0,"d":"R 0.00"},{"v":0,"d":"R 0.00"},null,0,null,0,null,{"$f":"VLOOKUP(CT$11,'Option X3'!$D$6:$E$20,2,0)","v":0},0,0,{"v":0,"d":"R 0.00"},{"v":0,"d":"R 0.00"},{"v":0,"d":"R 0.00"}]
[8,50,{"$nulls":3},{"$f":"SUM(Forecasts!E4:M4)","v":600},null,0,null,{"$f":"VLOOKUP(J$11,'Option X3'!$D$6:$E$20,2,0)","v":0},0,0,{"v":0,"d":"R 0.00"},{"v":0,"d":"R 0.00"},{"v":0,"d":"R 0.00"},null,0,null,0,null,{"$f":"VLOOKUP(U$11,'Option X3'!$D$6:$E$20,2,0)","v":0},0,0,{"v":0,"d":"R 0.00"},{"v":0,"d":"R 0.00"},{"v":0,"d":"R 0.00"},null,{"$f":"Forecasts!N4","v":25},null,0,null,{"$f":"VLOOKUP(AF$11,'Option X3'!$D$6:$E$20,2,0)","v":0},0,0,{"v":0,"d":"R 0.00"},{"v":0,"d":"R 0.00"},{"v":0,"d":"R 0.00"},null,{"$f":"Forecasts!O4","v":0},null,0,null,{"$f":"VLOOKUP(AQ$11,'Option X3'!$D$6:$E$20,2,0)","v":0},0,0,{"v":0,"d":"R 0.00"},{"v":0,"d":"R 0.00"},{"v":0,"d":"R 0.00"},null,0,null,0,null,{"$f":"VLOOKUP(BB$11,'Option X3'!$D$6:$E$20,2,0)","v":0},0,0,{"v":0,"d":"R 0.00"},{"v":0,"d":"R 0.00"},{"v":0,"d":"R 0.00"},null,0,null,0,null,{"$f":"VLOOKUP(BM$11,'Option X3'!$D$6:$E$20,2,0)","v":0},0,0,{"v":0,"d":"R 0.00"},{"v":0,"d":"R 0.00"},{"v":0,"d":"R 0.00"},null,25,null,0,null,{"$f":"VLOOKUP(BX$11,'Option X3'!$D$6:$E$20,2,0)","v":0},0,0,{"v":0,"d":"R 0.00"},{"v":0,"d":"R 0.00"},{"v":0,"d":"R 0.00"},null,0,null,0,null,{"$f":"VLOOKUP(CI$11,'Option X3'!$D$6:$E$20,2,0)","v":0},0,0,{"v":0,"d":"R 0.00"},{"v":0,"d":"R 0.00"},{"v":0,"d":"R 0.00"},null,0,null,0,null,{"$f":"VLOOKUP(CT$11,'Option X3'!$D$6:$E$20,2,0)","v":0},0,0,{"v":0,"d":"R 0.00"},{"v":0,"d":"R 0.00"},{"v":0,"d":"R 0.00"}]
[9,100,{"$nulls":3},{"$f":"SUM(Forecasts!E5:M5)","v":513},null,0,null,{"$f":"VLOOKUP(J$11,'Option X3'!$D$6:$E$20,2,0)","v":0},0,0,{"v":0,"d":"R 0.00"},{"v":0,"d":"R 0.00"},{"v":0,"d":"R 0.00"},null,0,null,0,null,{"$f":"VLOOKUP(U$11,'Option X3'!$D$6:$E$20,2,0)","v":0},0,0,{"v":0,"d":"R 0.00"},{"v":0,"d":"R 0.00"},{"v":0,"d":"R 0.00"},null,{"$f":"Forecasts!N5","v":0},null,0,null,{"$f":"VLOOKUP(AF$11,'Option X3'!$D$6:$E$20,2,0)","v":0},0,0,{"v":0,"d":"R 0.00"},{"v":0,"d":"R 0.00"},{"v":0,"d":"R 0.00"},null,{"$f":"Forecasts!O5","v":8.55},null,0,null,{"$f":"VLOOKUP(AQ$11,'Option X3'!$D$6:$E$20,2,0)","v":0},0,0,{"v":0,"d":"R 0.00"},{"v":0,"d":"R 0.00"},{"v":0,"d":"R 0.00"},null,0,null,0,null,{"$f":"VLOOKUP(BB$11,'Option X3'!$D$6:$E$20,2,0)","v":0},0,0,{"v":0,"d":"R 0.00"},{"v":0,"d":"R 0.00"},{"v":0,"d":"R 0.00"},null,0,null,0,null,{"$f":"VLOOKUP(BM$11,'Option X3'!$D$6:$E$20,2,0)","v":0},0,0,{"v":0,"d":"R 0.00"},{"v":0,"d":"R 0.00"},{"v":0,"d":"R 0.00"},null,0,null,0,null,{"$f":"VLOOKUP(BX$11,'Option X3'!$D$6:$E$20,2,0)","v":0},0,0,{"v":0,"d":"R 0.00"},{"v":0,"d":"R 0.00"},{"v":0,"d":"R 0.00"},null,8.55,null,0,null,{"$f":"VLOOKUP(CI$11,'Option X3'!$D$6:$E$20,2,0)","v":0},0,0,{"v":0,"d":"R 0.00"},{"v":0,"d":"R 0.00"},{"v":0,"d":"R 0.00"},null,0,null,0,null,{"$f":"VLOOKUP(CT$11,'Option X3'!$D$6:$E$20,2,0)","v":0},0,0,{"v":0,"d":"R 0.00"},{"v":0,"d":"R 0.00"},{"v":0,"d":"R 0.00"}]
[10,150,{"$nulls":3},{"$f":"SUM(Forecasts!E6:M6)","v":961},null,0,null,{"$f":"VLOOKUP(J$11,'Option X3'!$D$6:$E$20,2,0)","v":0},0,0,{"v":0,"d":"R 0.00"},{"v":0,"d":"R 0.00"},{"v":0,"d":"R 0.00"},null,0,null,0,null,{"$f":"VLOOKUP(U$11,'Option X3'!$D$6:$E$20,2,0)","v":0},0,0,{"v":0,"d":"R 0.00"},{"v":0,"d":"R 0.00"},{"v":0,"d":"R 0.00"},null,{"$f":"Forecasts!N6","v":16},null,0,null,{"$f":"VLOOKUP(AF$11,'Option X3'!$D$6:$E$20,2,0)","v":0},0,0,{"v":0,"d":"R 0.00"},{"v":0,"d":"R 0.00"},{"v":0,"d":"R 0.00"},null,{"$f":"Forecasts!O6","v":8.55},null,0,null,{"$f":"VLOOKUP(AQ$11,'Option X3'!$D$6:$E$20,2,0)","v":0},0,0,{"v":0,"d":"R 0.00"},{"v":0,"d":"R 0.00"},{"v":0,"d":"R 0.00"},null,0,null,0,null,{"$f":"VLOOKUP(BB$11,'Option X3'!$D$6:$E$20,2,0)","v":0},0,0,{"v":0,"d":"R 0.00"},{"v":0,"d":"R 0.00"},{"v":0,"d":"R 0.00"},null,0,null,0,null,{"$f":"VLOOKUP(BM$11,'Option X3'!$D$6:$E$20,2,0)","v":0},0,0,{"v":0,"d":"R 0.00"},{"v":0,"d":"R 0.00"},{"v":0,"d":"R 0.00"},null,16,null,0,null,{"$f":"VLOOKUP(BX$11,'Option X3'!$D$6:$E$20,2,0)","v":0},0,0,{"v":0,"d":"R 0.00"},{"v":0,"d":"R 0.00"},{"v":0,"d":"R 0.00"},null,8.55,null,0,null,{"$f":"VLOOKUP(CI$11,'Option X3'!$D$6:$E$20,2,0)","v":0},0,0,{"v":0,"d":"R 0.00"},{"v":0,"d":"R 0.00"},{"v":0,"d":"R 0.00"},null,0,null,0,null,{"$f":"VLOOKUP(CT$11,'Option X3'!$D$6:$E$20,2,0)","v":0},0,0,{"v":0,"d":"R 0.00"},{"v":0,"d":"R 0.00"},{"v":0,"d":"R 0.00"}]
[11,200,{"$nulls":3},{"$f":"SUM(Forecasts!E7:M7)","v":12},null,0,null,{"$f":"VLOOKUP(J$11,'Option X3'!$D$6:$E$20,2,0)","v":0},0,0,{"v":0,"d":"R 0.00"},{"v":0,"d":"R 0.00"},{"v":0,"d":"R 0.00"},null,0,null,0,null,{"$f":"VLOOKUP(U$11,'Option X3'!$D$6:$E$20,2,0)","v":0},0,0,{"v":0,"d":"R 0.00"},{"v":0,"d":"R 0.00"},{"v":0,"d":"R 0.00"},null,{"$f":"Forecasts!N7","v":3},null,0,null,{"$f":"VLOOKUP(AF$11,'Option X3'!$D$6:$E$20,2,0)","v":0},0,0,{"v":0,"d":"R 0.00"},{"v":0,"d":"R 0.00"},{"v":0,"d":"R 0.00"},null,{"$f":"Forecasts!O7","v":0},null,0,null,{"$f":"VLOOKUP(AQ$11,'Option X3'!$D$6:$E$20,2,0)","v":0},0,0,{"v":0,"d":"R 0.00"},{"v":0,"d":"R 0.00"},{"v":0,"d":"R 0.00"},null,0,null,0,null,{"$f":"VLOOKUP(BB$11,'Option X3'!$D$6:$E$20,2,0)","v":0},0,0,{"v":0,"d":"R 0.00"},{"v":0,"d":"R 0.00"},{"v":0,"d":"R 0.00"},null,0,null,0,null,{"$f":"VLOOKUP(BM$11,'Option X3'!$D$6:$E$20,2,0)","v":0},0,0,{"v":0,"d":"R 0.00"},{"v":0,"d":"R 0.00"},{"v":0,"d":"R 0.00"},null,3,null,0,null,{"$f":"VLOOKUP(BX$11,'Option X3'!$D$6:$E$20,2,0)","v":0},0,0,{"v":0,"d":"R 0.00"},{"v":0,"d":"R 0.00"},{"v":0,"d":"R 0.00"},null,0,null,0,null,{"$f":"VLOOKUP(CI$11,'Option X3'!$D$6:$E$20,2,0)","v":0},0,0,{"v":0,"d":"R 0.00"},{"v":0,"d":"R 0.00"},{"v":0,"d":"R 0.00"},null,0,null,0,null,{"$f":"VLOOKUP(CT$11,'Option X3'!$D$6:$E$20,2,0)","v":0},0,0,{"v":0,"d":"R 0.00"},{"v":0,"d":"R 0.00"},{"v":0,"d":"R 0.00"}]
[12,250,{"$nulls":3},{"$f":"SUM(Forecasts!E8:M8)","v":24},null,0,null,{"$f":"VLOOKUP(J$11,'Option X3'!$D$6:$E$20,2,0)","v":0},0,0,{"v":0,"d":"R 0.00"},{"v":0,"d":"R 0.00"},{"v":0,"d":"R 0.00"},null,0,null,0,null,{"$f":"VLOOKUP(U$11,'Option X3'!$D$6:$E$20,2,0)","v":0},0,0,{"v":0,"d":"R 0.00"},{"v":0,"d":"R 0.00"},{"v":0,"d":"R 0.00"},null,{"$f":"Forecasts!N8","v":1},null,0,null,{"$f":"VLOOKUP(AF$11,'Option X3'!$D$6:$E$20,2,0)","v":0},0,0,{"v":0,"d":"R 0.00"},{"v":0,"d":"R 0.00"},{"v":0,"d":"R 0.00"},null,{"$f":"Forecasts!O8","v":0},null,0,null,{"$f":"VLOOKUP(AQ$11,'Option X3'!$D$6:$E$20,2,0)","v":0},0,0,{"v":0,"d":"R 0.00"},{"v":0,"d":"R 0.00"},{"v":0,"d":"R 0.00"},null,0,null,0,null,{"$f":"VLOOKUP(BB$11,'Option X3'!$D$6:$E$20,2,0)","v":0},0,0,{"v":0,"d":"R 0.00"},{"v":0,"d":"R 0.00"},{"v":0,"d":"R 0.00"},null,0,null,0,null,{"$f":"VLOOKUP(BM$11,'Option X3'!$D$6:$E$20,2,0)","v":0},0,0,{"v":0,"d":"R 0.00"},{"v":0,"d":"R 0.00"},{"v":0,"d":"R 0.00"},null,1,null,0,null,{"$f":"VLOOKUP(BX$11,'Option X3'!$D$6:$E$20,2,0)","v":0},0,0,{"v":0,"d":"R 0.00"},{"v":0,"d":"R 0.00"},{"v":0,"d":"R 0.00"},null,0,null,0,null,{"$f":"VLOOKUP(CI$11,'Option X3'!$D$6:$E$20,2,0)","v":0},0,0,{"v":0,"d":"R 0.00"},{"v":0,"d":"R 0.00"},{"v":0,"d":"R 0.00"},null,0,null,0,null,{"$f":"VLOOKUP(CT$11,'Option X3'!$D$6:$E$20,2,0)","v":0},0,0,{"v":0,"d":"R 0.00"},{"v":0,"d":"R 0.00"},{"v":0,"d":"R 0.00"}]
[13,300,{"$nulls":3},{"$f":"SUM(Forecasts!E9:M9)","v":1290},null,0,null,{"$f":"VLOOKUP(J$11,'Option X3'!$D$6:$E$20,2,0)","v":0},0,0,{"v":0,"d":"R 0.00"},{"v":0,"d":"R 0.00"},{"v":0,"d":"R 0.00"},null,0,null,0,null,{"$f":"VLOOKUP(U$11,'Option X3'!$D$6:$E$20,2,0)","v":0},0,0,{"v":0,"d":"R 0.00"},{"v":0,"d":"R 0.00"},{"v":0,"d":"R 0.00"},null,{"$f":"Forecasts!N9","v":262},null,0,null,{"$f":"VLOOKUP(AF$11,'Option X3'!$D$6:$E$20,2,0)","v":0},0,0,{"v":0,"d":"R 0.00"},{"v":0,"d":"R 0.00"},{"v":0,"d":"R 0.00"},null,{"$f":"Forecasts!O9","v":0},null,0,null,{"$f":"VLOOKUP(AQ$11,'Option X3'!$D$6:$E$20,2,0)","v":0},0,0,{"v":0,"d":"R 0.00"},{"v":0,"d":"R 0.00"},{"v":0,"d":"R 0.00"},null,0,null,0,null,{"$f":"VLOOKUP(BB$11,'Option X3'!$D$6:$E$20,2,0)","v":0},0,0,{"v":0,"d":"R 0.00"},{"v":0,"d":"R 0.00"},{"v":0,"d":"R 0.00"},null,0,null,0,null,{"$f":"VLOOKUP(BM$11,'Option X3'!$D$6:$E$20,2,0)","v":0},0,0,{"v":0,"d":"R 0.00"},{"v":0,"d":"R 0.00"},{"v":0,"d":"R 0.00"},null,262,null,0,null,{"$f":"VLOOKUP(BX$11,'Option X3'!$D$6:$E$20,2,0)","v":0},0,0,{"v":0,"d":"R 0.00"},{"v":0,"d":"R 0.00"},{"v":0,"d":"R 0.00"},null,0,null,0,null,{"$f":"VLOOKUP(CI$11,'Option X3'!$D$6:$E$20,2,0)","v":0},0,0,{"v":0,"d":"R 0.00"},{"v":0,"d":"R 0.00"},{"v":0,"d":"R 0.00"},null,0,null,0,null,{"$f":"VLOOKUP(CT$11,'Option X3'!$D$6:$E$20,2,0)","v":0},0,0,{"v":0,"d":"R 0.00"},{"v":0,"d":"R 0.00"},{"v":0,"d":"R 0.00"}]
[14,350,{"$nulls":3},{"$f":"SUM(Forecasts!E10:M10)","v":24},null,0,null,{"$f":"VLOOKUP(J$11,'Option X3'!$D$6:$E$20,2,0)","v":0},0,0,{"v":0,"d":"R 0.00"},{"v":0,"d":"R 0.00"},{"v":0,"d":"R 0.00"},null,0,null,0,null,{"$f":"VLOOKUP(U$11,'Option X3'!$D$6:$E$20,2,0)","v":0},0,0,{"v":0,"d":"R 0.00"},{"v":0,"d":"R 0.00"},{"v":0,"d":"R 0.00"},null,{"$f":"Forecasts!N10","v":1},null,0,null,{"$f":"VLOOKUP(AF$11,'Option X3'!$D$6:$E$20,2,0)","v":0},0,0,{"v":0,"d":"R 0.00"},{"v":0,"d":"R 0.00"},{"v":0,"d":"R 0.00"},null,{"$f":"Forecasts!O10","v":0},null,0,null,{"$f":"VLOOKUP(AQ$11,'Option X3'!$D$6:$E$20,2,0)","v":0},0,0,{"v":0,"d":"R 0.00"},{"v":0,"d":"R 0.00"},{"v":0,"d":"R 0.00"},null,0,null,0,null,{"$f":"VLOOKUP(BB$11,'Option X3'!$D$6:$E$20,2,0)","v":0},0,0,{"v":0,"d":"R 0.00"},{"v":0,"d":"R 0.00"},{"v":0,"d":"R 0.00"},null,0,null,0,null,{"$f":"VLOOKUP(BM$11,'Option X3'!$D$6:$E$20,2,0)","v":0},0,0,{"v":0,"d":"R 0.00"},{"v":0,"d":"R 0.00"},{"v":0,"d":"R 0.00"},null,1,null,0,null,{"$f":"VLOOKUP(BX$11,'Option X3'!$D$6:$E$20,2,0)","v":0},0,0,{"v":0,"d":"R 0.00"},{"v":0,"d":"R 0.00"},{"v":0,"d":"R 0.00"},null,0,null,0,null,{"$f":"VLOOKUP(CI$11,'Option X3'!$D$6:$E$20,2,0)","v":0},0,0,{"v":0,"d":"R 0.00"},{"v":0,"d":"R 0.00"},{"v":0,"d":"R 0.00"},null,0,null,0,null,{"$f":"VLOOKUP(CT$11,'Option X3'!$D$6:$E$20,2,0)","v":0},0,0,{"v":0,"d":"R 0.00"},{"v":0,"d":"R 0.00"},{"v":0,"d":"R 0.00"}]
[15,400,{"$nulls":3},{"$f":"SUM(Forecasts!E11:M11)","v":24},null,0,null,{"$f":"VLOOKUP(J$11,'Option X3'!$D$6:$E$20,2,0)","v":0},0,0,{"v":0,"d":"R 0.00"},{"v":0,"d":"R 0.00"},{"v":0,"d":"R 0.00"},null,0,null,0,null,{"$f":"VLOOKUP(U$11,'Option X3'!$D$6:$E$20,2,0)","v":0},0,0,{"v":0,"d":"R 0.00"},{"v":0,"d":"R 0.00"},{"v":0,"d":"R 0.00"},null,{"$f":"Forecasts!N11","v":1},null,0,null,{"$f":"VLOOKUP(AF$11,'Option X3'!$D$6:$E$20,2,0)","v":0},0,0,{"v":0,"d":"R 0.00"},{"v":0,"d":"R 0.00"},{"v":0,"d":"R 0.00"},null,{"$f":"Forecasts!O11","v":0},null,0,null,{"$f":"VLOOKUP(AQ$11,'Option X3'!$D$6:$E$20,2,0)","v":0},0,0,{"v":0,"d":"R 0.00"},{"v":0,"d":"R 0.00"},{"v":0,"d":"R 0.00"},null,0,null,0,null,{"$f":"VLOOKUP(BB$11,'Option X3'!$D$6:$E$20,2,0)","v":0},0,0,{"v":0,"d":"R 0.00"},{"v":0,"d":"R 0.00"},{"v":0,"d":"R 0.00"},null,0,null,0,null,{"$f":"VLOOKUP(BM$11,'Option X3'!$D$6:$E$20,2,0)","v":0},0,0,{"v":0,"d":"R 0.00"},{"v":0,"d":"R 0.00"},{"v":0,"d":"R 0.00"},null,1,null,0,null,{"$f":"VLOOKUP(BX$11,'Option X3'!$D$6:$E$20,2,0)","v":0},0,0,{"v":0,"d":"R 0.00"},{"v":0,"d":"R 0.00"},{"v":0,"d":"R 0.00"},null,0,null,0,null,{"$f":"VLOOKUP(CI$11,'Option X3'!$D$6:$E$20,2,0)","v":0},0,0,{"v":0,"d":"R 0.00"},{"v":0,"d":"R 0.00"},{"v":0,"d":"R 0.00"},null,0,null,0,null,{"$f":"VLOOKUP(CT$11,'Option X3'!$D$6:$E$20,2,0)","v":0},0,0,{"v":0,"d":"R 0.00"},{"v":0,"d":"R 0.00"},{"v":0,"d":"R 0.00"}]
[16,450,{"$nulls":3},{"$f":"SUM(Forecasts!E12:M12)","v":24},null,0,null,{"$f":"VLOOKUP(J$11,'Option X3'!$D$6:$E$20,2,0)","v":0},0,0,{"v":0,"d":"R 0.00"},{"v":0,"d":"R 0.00"},{"v":0,"d":"R 0.00"},null,0,null,0,null,{"$f":"VLOOKUP(U$11,'Option X3'!$D$6:$E$20,2,0)","v":0},0,0,{"v":0,"d":"R 0.00"},{"v":0,"d":"R 0.00"},{"v":0,"d":"R 0.00"},null,{"$f":"Forecasts!N12","v":1},null,0,null,{"$f":"VLOOKUP(AF$11,'Option X3'!$D$6:$E$20,2,0)","v":0},0,0,{"v":0,"d":"R 0.00"},{"v":0,"d":"R 0.00"},{"v":0,"d":"R 0.00"},null,{"$f":"Forecasts!O12","v":0},null,0,null,{"$f":"VLOOKUP(AQ$11,'Option X3'!$D$6:$E$20,2,0)","v":0},0,0,{"v":0,"d":"R 0.00"},{"v":0,"d":"R 0.00"},{"v":0,"d":"R 0.00"},null,0,null,0,null,{"$f":"VLOOKUP(BB$11,'Option X3'!$D$6:$E$20,2,0)","v":0},0,0,{"v":0,"d":"R 0.00"},{"v":0,"d":"R 0.00"},{"v":0,"d":"R 0.00"},null,0,null,0,null,{"$f":"VLOOKUP(BM$11,'Option X3'!$D$6:$E$20,2,0)","v":0},0,0,{"v":0,"d":"R 0.00"},{"v":0,"d":"R 0.00"},{"v":0,"d":"R 0.00"},null,1,null,0,null,{"$f":"VLOOKUP(BX$11,'Option X3'!$D$6:$E$20,2,0)","v":0},0,0,{"v":0,"d":"R 0.00"},{"v":0,"d":"R 0.00"},{"v":0,"d":"R 0.00"},null,0,null,0,null,{"$f":"VLOOKUP(CI$11,'Option X3'!$D$6:$E$20,2,0)","v":0},0,0,{"v":0,"d":"R 0.00"},{"v":0,"d":"R 0.00"},{"v":0,"d":"R 0.00"},null,0,null,0,null,{"$f":"VLOOKUP(CT$11,'Option X3'!$D$6:$E$20,2,0)","v":0},0,0,{"v":0,"d":"R 0.00"},{"v":0,"d":"R 0.00"},{"v":0,"d":"R 0.00"}]
[17,500,{"$nulls":3},{"$f":"SUM(Forecasts!E13:M13)","v":24},null,0,null,{"$f":"VLOOKUP(J$11,'Option X3'!$D$6:$E$20,2,0)","v":0},0,0,{"v":0,"d":"R 0.00"},{"v":0,"d":"R 0.00"},{"v":0,"d":"R 0.00"},null,0,null,0,null,{"$f":"VLOOKUP(U$11,'Option X3'!$D$6:$E$20,2,0)","v":0},0,0,{"v":0,"d":"R 0.00"},{"v":0,"d":"R 0.00"},{"v":0,"d":"R 0.00"},null,{"$f":"Forecasts!N13","v":1},null,0,null,{"$f":"VLOOKUP(AF$11,'Option X3'!$D$6:$E$20,2,0)","v":0},0,0,{"v":0,"d":"R 0.00"},{"v":0,"d":"R 0.00"},{"v":0,"d":"R 0.00"},null,{"$f":"Forecasts!O13","v":0},null,0,null,{"$f":"VLOOKUP(AQ$11,'Option X3'!$D$6:$E$20,2,0)","v":0},0,0,{"v":0,"d":"R 0.00"},{"v":0,"d":"R 0.00"},{"v":0,"d":"R 0.00"},null,0,null,0,null,{"$f":"VLOOKUP(BB$11,'Option X3'!$D$6:$E$20,2,0)","v":0},0,0,{"v":0,"d":"R 0.00"},{"v":0,"d":"R 0.00"},{"v":0,"d":"R 0.00"},null,0,null,0,null,{"$f":"VLOOKUP(BM$11,'Option X3'!$D$6:$E$20,2,0)","v":0},0,0,{"v":0,"d":"R 0.00"},{"v":0,"d":"R 0.00"},{"v":0,"d":"R 0.00"},null,1,null,0,null,{"$f":"VLOOKUP(BX$11,'Option X3'!$D$6:$E$20,2,0)","v":0},0,0,{"v":0,"d":"R 0.00"},{"v":0,"d":"R 0.00"},{"v":0,"d":"R 0.00"},null,0,null,0,null,{"$f":"VLOOKUP(CI$11,'Option X3'!$D$6:$E$20,2,0)","v":0},0,0,{"v":0,"d":"R 0.00"},{"v":0,"d":"R 0.00"},{"v":0,"d":"R 0.00"},null,0,null,0,null,{"$f":"VLOOKUP(CT$11,'Option X3'!$D$6:$E$20,2,0)","v":0},0,0,{"v":0,"d":"R 0.00"},{"v":0,"d":"R 0.00"},{"v":0,"d":"R 0.00"}]
[]
["Notes:"]
["The estimated quantities for cells and number of battery banks are imported from the Forecast worksheet."]

{"sheet":"03-Labour_Subs_Travel","index":3,"n_rows":49,"n_cols":10,"rows_kept":49,"merged":[[0,0,0,5],[2,0,2,2],[2,3,2,6],[3,0,3,2],[3,3,3,6],[4,0,4,2],[5,0,5,2],[5,3,5,5],[6,0,6,2],[6,3,6,5],[7,0,7,2],[7,3,7,5],[16,4,16,7],[17,0,18,0],[17,1,18,1],[17,2,18,2],[17,3,18,3],[17,4,18,4],[17,5,18,5],[17,6,18,6],[17,7,18,7],[30,0,31,0],[30,1,31,1],[30,2,31,2],[30,3,31,5],[32,3,32,5],[33,3,33,5],[34,3,34,5],[36,0,36,7],[36,8,36,9],[37,0,38,0],[37,1,38,1],[37,2,38,2],[37,3,38,3],[37,4,38,4],[37,5,38,5],[37,6,38,6],[37,7,38,7],[37,8,38,8],[37,9,38,9]]}
["COSTS FOR LABOUR, SUBSISTENCE AND TRAVELLING"]
[]
[{"$nulls":3},"Prices in South African Currency (Excluding VAT)"]
[{"$nulls":3},"Activities shall be quoted as PER UNIT and as being at the same site at the same time"]
[]
["ENQUIRY NO",null,null,{"$f":"'Cover Sheet'!C3","v":"E1270DXWC_"}]
["COMMODITY",null,null,{"$f":"'Cover Sheet'!C4","v":"FLAT PLATE, GEL, VALVE REGULATED LEAD ACID (VRLA) BATTERIES"}]
["SUPPLIER",null,null,{"$f":"IF('Cover Sheet'!C5=\"\",\"\",'Cover Sheet'!C5)","v":""}]
[]
["Notes:"]
["Decommissioning - the removal of wet charged cells (and associated stand/cabinet where applicable) and disposal in line with Eskom procedures."]
["Installation - the construction, placing of the battery stand/cabinet, packing and linking of cells. "]
["Commissioning - the connection of the battery to the charger and ensuring that the charger settings are correct for the battery. The relevant documentation shall be supplied to Eskom."]
["The tenderer shall indicate the maximum Ah for the Small - Medium Ah range in Column C for Item 1. These values will be copied to the other cells automatically."]
["Minimum discharge duration to be quoted on shall be 5 hours."]
[]
[{"$nulls":4},"Tenderer to indicate the Number of Labour Hours per Battery Bank"]
["Item","Item Description","Capacity Range [Ah]","Bank Voltage [V]","Decommissioning ","Installation","Commissioning without Discharge Test","Commissioning with Discharge Test"]
[]
[1,"Small - Medium Ah",null,12]
[2,"Large Ah",{"$f":"MAX('02-Flat Plate, Gel'!B23:B32)","v":500},12]
[3,"Small - Medium Ah",{"$f":"IF(C20=\"\",\"\",C20)","v":""},"24 - 32"]
[4,"Large Ah",{"$f":"IF(C21=\"\",\"\",C21)","v":500},"24 - 32"]
[5,"Small - Medium Ah","",48]
[6,"Large Ah",500,48]
[7,"Small - Medium Ah","",110]
[8,"Large Ah",500,110]
[9,"Small - Medium Ah","",220]
[10,"Large Ah",500,220]
[]
["Item","Item Description","Cost","Comment"]
[]
[11,"Labour Rate",null,"Cost per hour"]
[12,"Subsistence Rate",null,"Cost per Team per Day (8 hrs)"]
[13,"Travelling Rate",null,"Cost per kilometer"]
[]
["Labour Charges",{"$nulls":7},"S&T Costs"]
["Item","Item Description","Capacity Range [Ah]","Bank Voltage [V]","Decommissioning ","Installation","Commissioning without Discharge Test","Commissioning with Discharge Test","S&T without Discharge","S&T with Discharge"]
[]
[1,"Small - Medium Ah",{"$f":"IF(C20=\"\",\"\",C20)","v":""},12,{"$f":"$C$33*E20","v":{"v":0,"d":"R 0.00"}},{"$f":"$C$33*F20","v":{"v":0,"d":"R 0.00"}},{"$f":"$C$33*G20","v":{"v":0,"d":"R 0.00"}},{"v":0,"d":"R 0.00"},{"$f":"ROUNDUP(SUM(E20:G20)/8,0)*$C$34","v":0},{"$f":"ROUNDUP((SUM(E20:F20)+H20)/8,0)*$C$34","v":0}]
[2,"Large Ah",{"$f":"IF(C21=\"\",\"\",C21)","v":500},12,{"$f":"$C$33*E21","v":{"v":0,"d":"R 0.00"}},{"v":0,"d":"R 0.00"},{"v":0,"d":"R 0.00"},{"v":0,"d":"R 0.00"},{"$f":"ROUNDUP(SUM(E21:G21)/8,0)*$C$34","v":0},{"$f":"ROUNDUP((SUM(E21:F21)+H21)/8,0)*$C$34","v":0}]
[3,"Small - Medium Ah",{"$f":"IF(C40=\"\",\"\",C40)","v":""},"24 - 32",{"v":0,"d":"R 0.00"},{"v":0,"d":"R 0.00"},{"v":0,"d":"R 0.00"},{"v":0,"d":"R 0.00"},0,0]
[4,"Large Ah",{"$f":"IF(C41=\"\",\"\",C41)","v":500},"24 - 32",{"v":0,"d":"R 0.00"},{"v":0,"d":"R 0.00"},{"v":0,"d":"R 0.00"},{"v":0,"d":"R 0.00"},0,0]
[5,"Small - Medium Ah","",48,{"v":0,"d":"R 0.00"},{"v":0,"d":"R 0.00"},{"v":0,"d":"R 0.00"},{"v":0,"d":"R 0.00"},0,0]
[6,"Large Ah",500,48,{"v":0,"d":"R 0.00"},{"v":0,"d":"R 0.00"},{"v":0,"d":"R 0.00"},{"v":0,"d":"R 0.00"},0,0]
[7,"Small - Medium Ah","",110,{"v":0,"d":"R 0.00"},{"v":0,"d":"R 0.00"},{"v":0,"d":"R 0.00"},{"v":0,"d":"R 0.00"},0,0]
[8,"Large Ah",500,110,{"v":0,"d":"R 0.00"},{"v":0,"d":"R 0.00"},{"v":0,"d":"R 0.00"},{"v":0,"d":"R 0.00"},0,0]
[9,"Small - Medium Ah","",220,{"v":0,"d":"R 0.00"},{"v":0,"d":"R 0.00"},{"v":0,"d":"R 0.00"},{"v":0,"d":"R 0.00"},0,0]
[10,"Large Ah",500,220,{"v":0,"d":"R 0.00"},{"v":0,"d":"R 0.00"},{"v":0,"d":"R 0.00"},{"v":0,"d":"R 0.00"},0,0]

{"sheet":"04-Transport & Off Loading","index":4,"n_rows":27,"n_cols":13,"rows_kept":27,"merged":[[0,0,0,12],[2,0,2,5],[2,6,2,12],[3,0,3,5],[3,6,3,12],[4,0,4,5],[4,6,4,12],[5,0,8,0],[5,1,8,1],[5,3,5,12],[6,3,6,12],[7,3,7,12],[26,0,26,12]]}
["TRANSPORT AND OFF LOADING COSTS (Applicable to crated orders. Small items shall be couriered at the cheapest cost)"]
["Transport Costs on the same order, going to the same location shall be optimised and NOT treated as individual consignments."]
[" ENQUIRY NO",{"$nulls":5},{"$f":"'Cover Sheet'!C3","v":"E1270DXWC_"}]
["COMMODITY",{"$nulls":5},{"$f":"'Cover Sheet'!C4","v":"FLAT PLATE, GEL, VALVE REGULATED LEAD ACID (VRLA) BATTERIES"}]
["SUPPLIER",{"$nulls":5},{"$f":"IF('Cover Sheet'!C5=\"\",\"\",'Cover Sheet'!C5)","v":""}]
["Item","Distance to site [km]",null,"Prices in South African Currency (Excluding VAT)"]
[{"$nulls":3},"Transport to site or regional store and off-loading"]
[{"$nulls":3},"Total Mass [kg]"]
[{"$nulls":3},"0-1000","1001 - 2000","2001 - 3000","3001 - 4000","4001 - 6000","6001 - 8000","8001 - 10000","10001 - 14000","14001 - 18000","18000 +"]
[{"$nulls":3},1000,2000,3000,4000,6000,8000,10000,14000,18000,22000]
[1,"0 - 100",100]
[2,"101 - 200",200]
[3,"201 - 300",300]
[4,"301 - 400",400]
[5,"401 - 500",500]
[6,"501 - 600",600]
[7,"601 - 700",700]
[8,"701 - 800",800]
[9,"801 - 900",900]
[10,"901 - 1000",1000]
[11,"1001 - 1100",1100]
[12,"1101 - 1200",1200]
[13,"1201 - 1300",1300]
[14,"1301 - 1400",1400]
[15,"1401 - 1500",1500]
[null,null,1,2,3,4,5,6,7,8,9,10,11]
["COMMENTS:"]

{"sheet":"05-Accessories","index":5,"n_rows":29,"n_cols":5,"rows_kept":29,"merged":[[1,0,1,2],[1,3,1,4],[2,0,2,2],[2,3,2,4],[3,0,3,2],[3,3,3,4],[5,0,5,4],[26,1,26,4],[27,1,27,4],[28,1,28,4]]}
[]
["ENQUIRY NO",null,null,{"$f":"'Cover Sheet'!C3","v":"E1270DXWC_"}]
["COMMODITY",null,null,{"$f":"'Cover Sheet'!C4","v":"FLAT PLATE, GEL, VALVE REGULATED LEAD ACID (VRLA) BATTERIES"}]
["SUPPLIER",null,null,{"$f":"IF('Cover Sheet'!C5=\"\",\"\",'Cover Sheet'!C5)","v":""}]
[]
["List of Accessories (All amounts in ZAR excluding VAT.)"]
["Item","SAP Number","Short Description","Price","Comments"]
[1,"TBA","Anti-corrosion lubricant (at least 250ml)"]
[2,"TBA","VRLA battery cell logbook 1)"]
[3,"TBA","Battery cabinet identification label"]
[4,"TBA","Battery cabinet safety sign"]
[5,"TBA","Non-intrusive (laser) thermometer"]
[6,"TBA","25 mm Paint Brush"]
[7,null,"Safety File"]
[8]
[9]
[10]
[11]
[12]
[13]
[14]
[15]
[16]
[17]
[]
[null,"Notes:"]
[null,"1) Shall comply with 240-118705836, Maintenance of Batteries."]
[null,"2) Shall comply with 240-56362221, Standard for safety signs used in DC applications"]
[null,"3) Shall comply with 240-44175132, Eskom Personal Protective Equipment (PPE)"]

{"sheet":"06-Training","index":6,"n_rows":14,"n_cols":6,"rows_kept":14,"merged":[[1,0,1,5],[3,0,3,5],[5,0,5,1],[5,2,5,5],[6,0,6,1],[6,2,6,5],[7,0,7,1],[7,2,7,5],[11,0,11,5],[13,0,13,5]]}
[]
["TRAINING"]
[]
["Prices in South African Currency (Excluding VAT)"]
[]
[" ENQUIRY NO",null,{"$f":"'Cover Sheet'!C3","v":"E1270DXWC_"}]
["COMMODITY",null,{"$f":"'Cover Sheet'!C4","v":"FLAT PLATE, GEL, VALVE REGULATED LEAD ACID (VRLA) BATTERIES"}]
["SUPPLIER",null,{"$f":"IF('Cover Sheet'!C5=\"\",\"\",'Cover Sheet'!C5)","v":""}]
["Item","Options","Cost / Session / Student","Min no. of students","Max no. of students","Duration [days]"]
[1,"At Eskom Premises"]
[2,"At Suppliers Works"]
["NOTE: The supplier shall ensure that all training material and equipment are available."]
[]
["COMMENTS:"]

{"sheet":"07-Other Costs","index":7,"n_rows":7,"n_cols":3,"rows_kept":7,"merged":[[4,1,4,2]]}
[]
[null," ENQUIRY NO",{"$f":"'Cover Sheet'!C3","v":"E1270DXWC_"}]
[null,"COMMODITY",{"$f":"'Cover Sheet'!C4","v":"FLAT PLATE, GEL, VALVE REGULATED LEAD ACID (VRLA) BATTERIES"}]
[null,"SUPPLIER",{"$f":"IF('Cover Sheet'!C5=\"\",\"\",'Cover Sheet'!C5)","v":""}]
[null,"The supplier shall state the terms and conditions related to other costs that were not explicitly stated (requested) as part of the enquiry. These could include costs related to storage on behalf of Eskom where the site is not yet ready; cancellation fees - where an order was placed and needs to be amended / changed for other equipment, etc."]
[]
[null,"Item","Proposal with terms and conditions"]

{"sheet":"08-Flat Plate Gel Full Range","index":8,"n_rows":60,"n_cols":104,"rows_kept":60,"merged":[[0,0,0,7],[2,0,2,1],[2,2,2,7],[3,0,3,1],[3,2,3,7],[4,0,4,1],[4,2,4,7],[6,0,6,31],[7,0,7,34],[8,0,8,34],[9,0,9,27],[13,0,16,0],[13,1,16,1],[13,2,16,2],[13,3,16,3],[13,4,16,4],[13,5,13,15],[13,16,13,26],[13,27,13,37],[13,38,13,48],[13,49,13,59],[13,60,13,70],[13,71,13,81],[13,82,13,92],[13,93,13,103],[14,15,16,15],[14,26,16,26],[14,37,16,37],[14,48,16,48],[14,59,16,59],[14,70,16,70],[14,81,16,81],[14,92,16,92],[14,103,16,103],[15,5,16,5],[15,6,15,7],[15,8,15,11],[15,12,15,14],[15,16,16,16],[15,17,15,18],[15,19,15,22],[15,23,15,25],[15,27,16,27],[15,28,15,29],[15,30,15,33],[15,34,15,36],[15,38,16,38],[15,39,15,40],[15,41,15,44],[15,45,15,47],[15,49,16,49],[15,50,15,51],[15,52,15,55],[15,56,15,58],[15,60,16,60],[15,61,15,62],[15,63,15,66],[15,67,15,69],[15,71,16,71],[15,72,15,73],[15,74,15,77],[15,78,15,80],[15,82,16,82],[15,83,15,84],[15,85,15,88],[15,89,15,91],[15,93,16,93],[15,94,15,95],[15,96,15,99],[15,100,15,102],[17,1,59,1]]}
[{"$f":"'02-Flat Plate, Gel'!A1","v":"Offered Flat Plate, Gel Type VRLA Cells/Batteries"}]
[]
["ENQUIRY NO:",null,{"$f":"'Cover Sheet'!C3","v":"E1270DXWC_"}]
["COMMODITY:",null,{"$f":"'Cover Sheet'!C4","v":"FLAT PLATE, GEL, VALVE REGULATED LEAD ACID (VRLA) BATTERIES"}]
["SUPPLIER:",null,{"$f":"IF('Cover Sheet'!C5=\"\",\"\",'Cover Sheet'!C5)","v":""}]
[]
["Price Schedule for Tripper Pack and Individual Cells - All amounts in ZAR excluding VAT."]
["The prices for individual cells include a cell label (number), inter-cell connectors, bolts, nuts, washers, spring washers, corrosion protection and electrolyte."]
["Tripper Pack is sealed, cylindrical, D size Nickel Cadmium cells consisiting of 20 cells (4x5 cell configuration) shall be wrapped (PVC shrink-wrapping, or plastic casings) as a unit. Comply with IEC 61951-1, Secondary cells and batteries containing alkaline or other non-acid electrolytes – Portable sealed rechargeable single cells – Part 1: Nickel-Cadmium."]
["Linking sets will include interrow connectors, terminating cables and associated accessories."]
[]
[null,1,2,3,4,5,6,7,8,9,10,11,12,13,14,15,16,17,18,19,20,21,22,23,24,25,26,27,28,29,30,31,32,33,34,35,36,37,38,39,40,41,42,43,44,45,46,47,48,49,50,51,52,53,54,55,56,57,58,59,60,61,62,63,64,65,66,67,68,69,70,71,72,73,74,75,76,77,78,79,80,81,82,83,84,85,86,87,88,89,90,91,92,93,94,95,96,97,98,99,100,101,102,103]
[{"$nulls":9},"USD",{"$nulls":10},"USD",{"$nulls":10},"USD",{"$nulls":10},"USD",{"$nulls":10},"USD",{"$nulls":10},"USD",{"$nulls":10},"USD",{"$nulls":10},"USD",{"$nulls":10},"USD"]
["Item #","Required Capacity [Ah]","Offered Capacity [Ah]","Model No.","Wet Weight/unit [kg]","Wet Cells",{"$nulls":10},"30V Linking Sets",{"$nulls":10},"48V Linking Sets",{"$nulls":10},"110V Linking Sets",{"$nulls":10},"220V Linking Sets",{"$nulls":10},"30V Battery Cabinet",{"$nulls":10},"48V Battery Cabinet",{"$nulls":10},"110V Battery Cabinet",{"$nulls":10},"220V Battery Cabinet"]
[{"$nulls":5},"(1)","(2)","(3)=(1)x(2)","(4)","(5)","(6)=(1)x(4)","(7)=(5)x(6)","(8)=(3)+(7)","(9)=0.15x(8)","(10)=(8)+(9)","CPA Formula","(1)","(2)","(3)=(1)x(2)","(4)","(5)","(6)=(1)x(4)","(7)=(5)x(6)","(8)=(3)+(7)","(9)=0.15x(8)","(10)=(8)+(9)","CPA Formula","(1)","(2)","(3)=(1)x(2)","(4)","(5)","(6)=(1)x(4)","(7)=(5)x(6)","(8)=(3)+(7)","(9)=0.15x(8)","(10)=(8)+(9)","CPA Formula","(1)","(2)","(3)=(1)x(2)","(4)","(5)","(6)=(1)x(4)","(7)=(5)x(6)","(8)=(3)+(7)","(9)=0.15x(8)","(10)=(8)+(9)","CPA Formula","(1)","(2)","(3)=(1)x(2)","(4)","(5)","(6)=(1)x(4)","(7)=(5)x(6)","(8)=(3)+(7)","(9)=0.15x(8)","(10)=(8)+(9)","CPA Formula","(1)","(2)","(3)=(1)x(2)","(4)","(5)","(6)=(1)x(4)","(7)=(5)x(6)","(8)=(3)+(7)","(9)=0.15x(8)","(10)=(8)+(9)","CPA Formula","(1)","(2)","(3)=(1)x(2)","(4)","(5)","(6)=(1)x(4)","(7)=(5)x(6)","(8)=(3)+(7)","(9)=0.15x(8)","(10)=(8)+(9)","CPA Formula","(1)","(2)","(3)=(1)x(2)","(4)","(5)","(6)=(1)x(4)","(7)=(5)x(6)","(8)=(3)+(7)","(9)=0.15x(8)","(10)=(8)+(9)","CPA Formula","(1)","(2)","(3)=(1)x(2)","(4)","(5)","(6)=(1)x(4)","(7)=(5)x(6)","(8)=(3)+(7)","(9)=0.15x(8)","(10)=(8)+(9)","CPA Formula"]
[{"$nulls":5},"Estimated Qty","Local Currency",null,"Foreign Currency",{"$nulls":3},"Local + Foreign Currency",{"$nulls":3},"Estimated Qty","Local Currency",null,"Foreign Currency",{"$nulls":3},"Local + Foreign Currency",{"$nulls":3},"Estimated Qty","Local Currency",null,"Foreign Currency",{"$nulls":3},"Local + Foreign Currency",{"$nulls":3},"Estimated Qty","Local Currency",null,"Foreign Currency",{"$nulls":3},"Local + Foreign Currency",{"$nulls":3},"Estimated Qty","Local Currency",null,"Foreign Currency",{"$nulls":3},"Local + Foreign Currency",{"$nulls":3},"Estimated Qty","Local Currency",null,"Foreign Currency",{"$nulls":3},"Local + Foreign Currency",{"$nulls":3},"Estimated Qty","Local Currency",null,"Foreign Currency",{"$nulls":3},"Local + Foreign Currency",{"$nulls":3},"Estimated Qty","Local Currency",null,"Foreign Currency",{"$nulls":3},"Local + Foreign Currency",{"$nulls":3},"Estimated Qty","Local Currency",null,"Foreign Currency",{"$nulls":3},"Local + Foreign Currency"]
[{"$nulls":6},"Rate/unit (ZAR)","Local Portion (ZAR)","Rate/unit (Foreign)","ROE",{"$f":"\"Foreign Portion (\"&J13&\")\"","v":"Foreign Portion (USD)"},"Foreign Portion (ZAR)","Total Price  excl. VAT (ZAR)","VAT (ZAR)","Total Price  incl. VAT (ZAR)",null,null,"Rate/unit (ZAR)","Local Portion (ZAR)","Rate/unit (Foreign)","ROE",{"$f":"\"Foreign Portion (\"&U13&\")\"","v":"Foreign Portion (USD)"},"Foreign Portion (ZAR)","Total Price  excl. VAT (ZAR)","VAT (ZAR)","Total Price  incl. VAT (ZAR)",null,null,"Rate/unit (ZAR)","Local Portion (ZAR)","Rate/unit (Foreign)","ROE",{"$f":"\"Foreign Portion (\"&AF13&\")\"","v":"Foreign Portion (USD)"},"Foreign Portion (ZAR)","Total Price  excl. VAT (ZAR)","VAT (ZAR)","Total Price  incl. VAT (ZAR)",null,null,"Rate/unit (ZAR)","Local Portion (ZAR)","Rate/unit (Foreign)","ROE",{"$f":"\"Foreign Portion (\"&AQ13&\")\"","v":"Foreign Portion (USD)"},"Foreign Portion (ZAR)","Total Price  excl. VAT (ZAR)","VAT (ZAR)","Total Price  incl. VAT (ZAR)",null,null,"Rate/unit (ZAR)","Local Portion (ZAR)","Rate/unit (Foreign)","ROE",{"$f":"\"Foreign Portion (\"&BB13&\")\"","v":"Foreign Portion (USD)"},"Foreign Portion (ZAR)","Total Price  excl. VAT (ZAR)","VAT (ZAR)","Total Price  incl. VAT (ZAR)",null,null,"Rate/unit (ZAR)","Local Portion (ZAR)","Rate/unit (Foreign)","ROE",{"$f":"\"Foreign Portion (\"&BM13&\")\"","v":"Foreign Portion (USD)"},"Foreign Portion (ZAR)","Total Price  excl. VAT (ZAR)","VAT (ZAR)","Total Price  incl. VAT (ZAR)",null,null,"Rate/unit (ZAR)","Local Portion (ZAR)","Rate/unit (Foreign)","ROE",{"$f":"\"Foreign Portion (\"&BX13&\")\"","v":"Foreign Portion (USD)"},"Foreign Portion (ZAR)","Total Price  excl. VAT (ZAR)","VAT (ZAR)","Total Price  incl. VAT (ZAR)",null,null,"Rate/unit (ZAR)","Local Portion (ZAR)","Rate/unit (Foreign)","ROE",{"$f":"\"Foreign Portion (\"&CI13&\")\"","v":"Foreign Portion (USD)"},"Foreign Portion (ZAR)","Total Price  excl. VAT (ZAR)","VAT (ZAR)","Total Price  incl. VAT (ZAR)",null,null,"Rate/unit (ZAR)","Local Portion (ZAR)","Rate/unit (Foreign)","ROE",{"$f":"\"Foreign Portion (\"&CT13&\")\"","v":"Foreign Portion (USD)"},"Foreign Portion (ZAR)","Total Price  excl. VAT (ZAR)","VAT (ZAR)","Total Price  incl. VAT (ZAR)"]
[1,"Not Applicable Not Applicable",{"$nulls":3},1,null,{"$f":"F18*G18","v":0},null,{"$f":"VLOOKUP(J$13,'Option X3'!$D$6:$E$20,2,0)","v":0},{"$f":"F18*I18","v":0},{"$f":"J18*K18","v":0},{"$f":"H18+L18","v":{"v":0,"d":"R 0.00"}},{"$f":"0.15*M18","v":{"v":0,"d":"R 0.00"}},{"$f":"SUM(M18:N18)","v":{"v":0,"d":"R 0.00"}},null,1,null,{"$f":"Q18*R18","v":0},null,{"$f":"VLOOKUP(U$13,'Option X3'!$D$6:$E$20,2,0)","v":0},{"$f":"Q18*T18","v":0},{"$f":"U18*V18","v":0},{"$f":"S18+W18","v":{"v":0,"d":"R 0.00"}},{"$f":"0.15*X18","v":{"v":0,"d":"R 0.00"}},{"$f":"SUM(X18:Y18)","v":{"v":0,"d":"R 0.00"}},null,1,null,{"$f":"AB18*AC18","v":0},null,{"$f":"VLOOKUP(AF$13,'Option X3'!$D$6:$E$20,2,0)","v":0},{"$f":"AB18*AE18","v":0},{"$f":"AF18*AG18","v":0},{"$f":"AD18+AH18","v":{"v":0,"d":"R 0.00"}},{"$f":"0.15*AI18","v":{"v":0,"d":"R 0.00"}},{"$f":"SUM(AI18:AJ18)","v":{"v":0,"d":"R 0.00"}},null,1,null,{"$f":"AM18*AN18","v":0},null,{"$f":"VLOOKUP(AQ$13,'Option X3'!$D$6:$E$20,2,0)","v":0},{"$f":"AM18*AP18","v":0},{"$f":"AQ18*AR18","v":0},{"$f":"AO18+AS18","v":{"v":0,"d":"R 0.00"}},{"$f":"0.15*AT18","v":{"v":0,"d":"R 0.00"}},{"$f":"SUM(AT18:AU18)","v":{"v":0,"d":"R 0.00"}},null,1,null,{"$f":"AX18*AY18","v":0},null,{"$f":"VLOOKUP(BB$13,'Option X3'!$D$6:$E$20,2,0)","v":0},{"$f":"AX18*BA18","v":0},{"$f":"BB18*BC18","v":0},{"$f":"AZ18+BD18","v":{"v":0,"d":"R 0.00"}},{"$f":"0.15*BE18","v":{"v":0,"d":"R 0.00"}},{"$f":"SUM(BE18:BF18)","v":{"v":0,"d":"R 0.00"}},null,{"$f":"Q18","v":1},null,{"$f":"BI18*BJ18","v":0},null,{"$f":"VLOOKUP(BM$13,'Option X3'!$D$6:$E$20,2,0)","v":0},{"$f":"BI18*BL18","v":0},{"$f":"BM18*BN18","v":0},{"$f":"BK18+BO18","v":{"v":0,"d":"R 0.00"}},{"$f":"0.15*BP18","v":{"v":0,"d":"R 0.00"}},{"$f":"SUM(BP18:BQ18)","v":{"v":0,"d":"R 0.00"}},null,{"$f":"AB18","v":1},null,{"$f":"BT18*BU18","v":0},null,{"$f":"VLOOKUP(BX$13,'Option X3'!$D$6:$E$20,2,0)","v":0},{"$f":"BT18*BW18","v":0},{"$f":"BX18*BY18","v":0},{"$f":"BV18+BZ18","v":{"v":0,"d":"R 0.00"}},{"$f":"0.15*CA18","v":{"v":0,"d":"R 0.00"}},{"$f":"SUM(CA18:CB18)","v":{"v":0,"d":"R 0.00"}},null,{"$f":"AM18","v":1},null,{"$f":"CE18*CF18","v":0},null,{"$f":"VLOOKUP(CI$13,'Option X3'!$D$6:$E$20,2,0)","v":0},{"$f":"CE18*CH18","v":0},{"$f":"CI18*CJ18","v":0},{"$f":"CG18+CK18","v":{"v":0,"d":"R 0.00"}},{"$f":"0.15*CL18","v":{"v":0,"d":"R 0.00"}},{"$f":"SUM(CL18:CM18)","v":{"v":0,"d":"R 0.00"}},null,{"$f":"AX18","v":1},null,{"$f":"CP18*CQ18","v":0},null,{"$f":"VLOOKUP(CT$13,'Option X3'!$D$6:$E$20,2,0)","v":0},{"$f":"CP18*CS18","v":0},{"$f":"CT18*CU18","v":0},{"$f":"CR18+CV18","v":{"v":0,"d":"R 0.00"}},{"$f":"0.15*CW18","v":{"v":0,"d":"R 0.00"}},{"$f":"SUM(CW18:CX18)","v":{"v":0,"d":"R 0.00"}}]
[2,{"$nulls":4},1,null,{"$f":"F19*G19","v":0},null,{"$f":"VLOOKUP(J$13,'Option X3'!$D$6:$E$20,2,0)","v":0},{"$f":"F19*I19","v":0},{"$f":"J19*K19","v":0},{"$f":"H19+L19","v":{"v":0,"d":"R 0.00"}},{"$f":"0.15*M19","v":{"v":0,"d":"R 0.00"}},{"$f":"SUM(M19:N19)","v":{"v":0,"d":"R 0.00"}},null,1,null,{"$f":"Q19*R19","v":0},null,{"$f":"VLOOKUP(U$13,'Option X3'!$D$6:$E$20,2,0)","v":0},{"$f":"Q19*T19","v":0},{"$f":"U19*V19","v":0},{"$f":"S19+W19","v":{"v":0,"d":"R 0.00"}},{"$f":"0.15*X19","v":{"v":0,"d":"R 0.00"}},{"$f":"SUM(X19:Y19)","v":{"v":0,"d":"R 0.00"}},null,1,null,{"$f":"AB19*AC19","v":0},null,{"$f":"VLOOKUP(AF$13,'Option X3'!$D$6:$E$20,2,0)","v":0},{"$f":"AB19*AE19","v":0},{"$f":"AF19*AG19","v":0},{"$f":"AD19+AH19","v":{"v":0,"d":"R 0.00"}},{"$f":"0.15*AI19","v":{"v":0,"d":"R 0.00"}},{"$f":"SUM(AI19:AJ19)","v":{"v":0,"d":"R 0.00"}},null,1,null,{"$f":"AM19*AN19","v":0},null,{"$f":"VLOOKUP(AQ$13,'Option X3'!$D$6:$E$20,2,0)","v":0},{"$f":"AM19*AP19","v":0},{"$f":"AQ19*AR19","v":0},{"$f":"AO19+AS19","v":{"v":0,"d":"R 0.00"}},{"$f":"0.15*AT19","v":{"v":0,"d":"R 0.00"}},{"$f":"SUM(AT19:AU19)","v":{"v":0,"d":"R 0.00"}},null,1,null,{"$f":"AX19*AY19","v":0},null,{"$f":"VLOOKUP(BB$13,'Option X3'!$D$6:$E$20,2,0)","v":0},{"$f":"AX19*BA19","v":0},{"$f":"BB19*BC19","v":0},{"$f":"AZ19+BD19","v":{"v":0,"d":"R 0.00"}},{"$f":"0.15*BE19","v":{"v":0,"d":"R 0.00"}},{"$f":"SUM(BE19:BF19)","v":{"v":0,"d":"R 0.00"}},null,{"$f":"Q19","v":1},null,{"$f":"BI19*BJ19","v":0},0,{"$f":"VLOOKUP(BM$13,'Option X3'!$D$6:$E$20,2,0)","v":0},{"$f":"BI19*BL19","v":0},{"$f":"BM19*BN19","v":0},{"$f":"BK19+BO19","v":{"v":0,"d":"R 0.00"}},{"$f":"0.15*BP19","v":{"v":0,"d":"R 0.00"}},{"$f":"SUM(BP19:BQ19)","v":{"v":0,"d":"R 0.00"}},null,{"$f":"AB19","v":1},null,{"$f":"BT19*BU19","v":0},null,{"$f":"VLOOKUP(BX$13,'Option X3'!$D$6:$E$20,2,0)","v":0},{"$f":"BT19*BW19","v":0},{"$f":"BX19*BY19","v":0},{"$f":"BV19+BZ19","v":{"v":0,"d":"R 0.00"}},{"$f":"0.15*CA19","v":{"v":0,"d":"R 0.00"}},{"$f":"SUM(CA19:CB19)","v":{"v":0,"d":"R 0.00"}},null,{"$f":"AM19","v":1},null,{"$f":"CE19*CF19","v":0},null,{"$f":"VLOOKUP(CI$13,'Option X3'!$D$6:$E$20,2,0)","v":0},{"$f":"CE19*CH19","v":0},{"$f":"CI19*CJ19","v":0},{"$f":"CG19+CK19","v":{"v":0,"d":"R 0.00"}},{"$f":"0.15*CL19","v":{"v":0,"d":"R 0.00"}},{"$f":"SUM(CL19:CM19)","v":{"v":0,"d":"R 0.00"}},null,{"$f":"AX19","v":1},null,{"$f":"CP19*CQ19","v":0},null,{"$f":"VLOOKUP(CT$13,'Option X3'!$D$6:$E$20,2,0)","v":0},{"$f":"CP19*CS19","v":0},{"$f":"CT19*CU19","v":0},{"$f":"CR19+CV19","v":{"v":0,"d":"R 0.00"}},{"$f":"0.15*CW19","v":{"v":0,"d":"R 0.00"}},{"$f":"SUM(CW19:CX19)","v":{"v":0,"d":"R 0.00"}}]
[3,{"$nulls":4},1,null,0,null,{"$f":"VLOOKUP(J$13,'Option X3'!$D$6:$E$20,2,0)","v":0},0,0,{"v":0,"d":"R 0.00"},{"v":0,"d":"R 0.00"},{"v":0,"d":"R 0.00"},null,1,null,0,null,{"$f":"VLOOKUP(U$13,'Option X3'!$D$6:$E$20,2,0)","v":0},0,0,{"v":0,"d":"R 0.00"},{"v":0,"d":"R 0.00"},{"v":0,"d":"R 0.00"},null,1,null,0,null,{"$f":"VLOOKUP(AF$13,'Option X3'!$D$6:$E$20,2,0)","v":0},0,0,{"v":0,"d":"R 0.00"},{"v":0,"d":"R 0.00"},{"v":0,"d":"R 0.00"},null,1,null,0,null,{"$f":"VLOOKUP(AQ$13,'Option X3'!$D$6:$E$20,2,0)","v":0},0,0,{"v":0,"d":"R 0.00"},{"v":0,"d":"R 0.00"},{"v":0,"d":"R 0.00"},null,1,null,0,null,{"$f":"VLOOKUP(BB$13,'Option X3'!$D$6:$E$20,2,0)","v":0},0,0,{"v":0,"d":"R 0.00"},{"v":0,"d":"R 0.00"},{"v":0,"d":"R 0.00"},null,1,null,0,null,{"$f":"VLOOKUP(BM$13,'Option X3'!$D$6:$E$20,2,0)","v":0},0,0,{"v":0,"d":"R 0.00"},{"v":0,"d":"R 0.00"},{"v":0,"d":"R 0.00"},null,1,null,0,null,{"$f":"VLOOKUP(BX$13,'Option X3'!$D$6:$E$20,2,0)","v":0},0,0,{"v":0,"d":"R 0.00"},{"v":0,"d":"R 0.00"},{"v":0,"d":"R 0.00"},null,1,null,0,null,{"$f":"VLOOKUP(CI$13,'Option X3'!$D$6:$E$20,2,0)","v":0},0,0,{"v":0,"d":"R 0.00"},{"v":0,"d":"R 0.00"},{"v":0,"d":"R 0.00"},null,1,null,0,null,{"$f":"VLOOKUP(CT$13,'Option X3'!$D$6:$E$20,2,0)","v":0},0,0,{"v":0,"d":"R 0.00"},{"v":0,"d":"R 0.00"},{"v":0,"d":"R 0.00"}]
[4,{"$nulls":4},1,null,0,null,{"$f":"VLOOKUP(J$13,'Option X3'!$D$6:$E$20,2,0)","v":0},0,0,{"v":0,"d":"R 0.00"},{"v":0,"d":"R 0.00"},{"v":0,"d":"R 0.00"},null,1,null,0,null,{"$f":"VLOOKUP(U$13,'Option X3'!$D$6:$E$20,2,0)","v":0},0,0,{"v":0,"d":"R 0.00"},{"v":0,"d":"R 0.00"},{"v":0,"d":"R 0.00"},null,1,null,0,null,{"$f":"VLOOKUP(AF$13,'Option X3'!$D$6:$E$20,2,0)","v":0},0,0,{"v":0,"d":"R 0.00"},{"v":0,"d":"R 0.00"},{"v":0,"d":"R 0.00"},null,1,null,0,null,{"$f":"VLOOKUP(AQ$13,'Option X3'!$D$6:$E$20,2,0)","v":0},0,0,{"v":0,"d":"R 0.00"},{"v":0,"d":"R 0.00"},{"v":0,"d":"R 0.00"},null,1,null,0,null,{"$f":"VLOOKUP(BB$13,'Option X3'!$D$6:$E$20,2,0)","v":0},0,0,{"v":0,"d":"R 0.00"},{"v":0,"d":"R 0.00"},{"v":0,"d":"R 0.00"},null,1,null,0,null,{"$f":"VLOOKUP(BM$13,'Option X3'!$D$6:$E$20,2,0)","v":0},0,0,{"v":0,"d":"R 0.00"},{"v":0,"d":"R 0.00"},{"v":0,"d":"R 0.00"},null,1,null,0,null,{"$f":"VLOOKUP(BX$13,'Option X3'!$D$6:$E$20,2,0)","v":0},0,0,{"v":0,"d":"R 0.00"},{"v":0,"d":"R 0.00"},{"v":0,"d":"R 0.00"},null,1,null,0,null,{"$f":"VLOOKUP(CI$13,'Option X3'!$D$6:$E$20,2,0)","v":0},0,0,{"v":0,"d":"R 0.00"},{"v":0,"d":"R 0.00"},{"v":0,"d":"R 0.00"},null,1,null,0,null,{"$f":"VLOOKUP(CT$13,'Option X3'!$D$6:$E$20,2,0)","v":0},0,0,{"v":0,"d":"R 0.00"},{"v":0,"d":"R 0.00"},{"v":0,"d":"R 0.00"}]
[5,{"$nulls":4},1,null,0,null,{"$f":"VLOOKUP(J$13,'Option X3'!$D$6:$E$20,2,0)","v":0},0,0,{"v":0,"d":"R 0.00"},{"v":0,"d":"R 0.00"},{"v":0,"d":"R 0.00"},null,1,null,0,null,{"$f":"VLOOKUP(U$13,'Option X3'!$D$6:$E$20,2,0)","v":0},0,0,{"v":0,"d":"R 0.00"},{"v":0,"d":"R 0.00"},{"v":0,"d":"R 0.00"},null,1,null,0,null,{"$f":"VLOOKUP(AF$13,'Option X3'!$D$6:$E$20,2,0)","v":0},0,0,{"v":0,"d":"R 0.00"},{"v":0,"d":"R 0.00"},{"v":0,"d":"R 0.00"},null,1,null,0,null,{"$f":"VLOOKUP(AQ$13,'Option X3'!$D$6:$E$20,2,0)","v":0},0,0,{"v":0,"d":"R 0.00"},{"v":0,"d":"R 0.00"},{"v":0,"d":"R 0.00"},null,1,null,0,null,{"$f":"VLOOKUP(BB$13,'Option X3'!$D$6:$E$20,2,0)","v":0},0,0,{"v":0,"d":"R 0.00"},{"v":0,"d":"R 0.00"},{"v":0,"d":"R 0.00"},null,1,null,0,null,{"$f":"VLOOKUP(BM$13,'Option X3'!$D$6:$E$20,2,0)","v":0},0,0,{"v":0,"d":"R 0.00"},{"v":0,"d":"R 0.00"},{"v":0,"d":"R 0.00"},null,1,null,0,null,{"$f":"VLOOKUP(BX$13,'Option X3'!$D$6:$E$20,2,0)","v":0},0,0,{"v":0,"d":"R 0.00"},{"v":0,"d":"R 0.00"},{"v":0,"d":"R 0.00"},null,1,null,0,null,{"$f":"VLOOKUP(CI$13,'Option X3'!$D$6:$E$20,2,0)","v":0},0,0,{"v":0,"d":"R 0.00"},{"v":0,"d":"R 0.00"},{"v":0,"d":"R 0.00"},null,1,null,0,null,{"$f":"VLOOKUP(CT$13,'Option X3'!$D$6:$E$20,2,0)","v":0},0,0,{"v":0,"d":"R 0.00"},{"v":0,"d":"R 0.00"},{"v":0,"d":"R 0.00"}]
[6,{"$nulls":4},1,null,0,null,{"$f":"VLOOKUP(J$13,'Option X3'!$D$6:$E$20,2,0)","v":0},0,0,{"v":0,"d":"R 0.00"},{"v":0,"d":"R 0.00"},{"v":0,"d":"R 0.00"},null,1,null,0,null,{"$f":"VLOOKUP(U$13,'Option X3'!$D$6:$E$20,2,0)","v":0},0,0,{"v":0,"d":"R 0.00"},{"v":0,"d":"R 0.00"},{"v":0,"d":"R 0.00"},null,1,null,0,null,{"$f":"VLOOKUP(AF$13,'Option X3'!$D$6:$E$20,2,0)","v":0},0,0,{"v":0,"d":"R 0.00"},{"v":0,"d":"R 0.00"},{"v":0,"d":"R 0.00"},null,1,null,0,null,{"$f":"VLOOKUP(AQ$13,'Option X3'!$D$6:$E$20,2,0)","v":0},0,0,{"v":0,"d":"R 0.00"},{"v":0,"d":"R 0.00"},{"v":0,"d":"R 0.00"},null,1,null,0,null,{"$f":"VLOOKUP(BB$13,'Option X3'!$D$6:$E$20,2,0)","v":0},0,0,{"v":0,"d":"R 0.00"},{"v":0,"d":"R 0.00"},{"v":0,"d":"R 0.00"},null,1,null,0,null,{"$f":"VLOOKUP(BM$13,'Option X3'!$D$6:$E$20,2,0)","v":0},0,0,{"v":0,"d":"R 0.00"},{"v":0,"d":"R 0.00"},{"v":0,"d":"R 0.00"},null,1,null,0,null,{"$f":"VLOOKUP(BX$13,'Option X3'!$D$6:$E$20,2,0)","v":0},0,0,{"v":0,"d":"R 0.00"},{"v":0,"d":"R 0.00"},{"v":0,"d":"R 0.00"},null,1,null,0,null,{"$f":"VLOOKUP(CI$13,'Option X3'!$D$6:$E$20,2,0)","v":0},0,0,{"v":0,"d":"R 0.00"},{"v":0,"d":"R 0.00"},{"v":0,"d":"R 0.00"},null,1,null,0,null,{"$f":"VLOOKUP(CT$13,'Option X3'!$D$6:$E$20,2,0)","v":0},0,0,{"v":0,"d":"R 0.00"},{"v":0,"d":"R 0.00"},{"v":0,"d":"R 0.00"}]
[7,{"$nulls":4},1,null,0,null,{"$f":"VLOOKUP(J$13,'Option X3'!$D$6:$E$20,2,0)","v":0},0,0,{"v":0,"d":"R 0.00"},{"v":0,"d":"R 0.00"},{"v":0,"d":"R 0.00"},null,1,null,0,null,{"$f":"VLOOKUP(U$13,'Option X3'!$D$6:$E$20,2,0)","v":0},0,0,{"v":0,"d":"R 0.00"},{"v":0,"d":"R 0.00"},{"v":0,"d":"R 0.00"},null,1,null,0,null,{"$f":"VLOOKUP(AF$13,'Option X3'!$D$6:$E$20,2,0)","v":0},0,0,{"v":0,"d":"R 0.00"},{"v":0,"d":"R 0.00"},{"v":0,"d":"R 0.00"},null,1,null,0,null,{"$f":"VLOOKUP(AQ$13,'Option X3'!$D$6:$E$20,2,0)","v":0},0,0,{"v":0,"d":"R 0.00"},{"v":0,"d":"R 0.00"},{"v":0,"d":"R 0.00"},null,1,null,0,null,{"$f":"VLOOKUP(BB$13,'Option X3'!$D$6:$E$20,2,0)","v":0},0,0,{"v":0,"d":"R 0.00"},{"v":0,"d":"R 0.00"},{"v":0,"d":"R 0.00"},null,1,null,0,null,{"$f":"VLOOKUP(BM$13,'Option X3'!$D$6:$E$20,2,0)","v":0},0,0,{"v":0,"d":"R 0.00"},{"v":0,"d":"R 0.00"},{"v":0,"d":"R 0.00"},null,1,null,0,null,{"$f":"VLOOKUP(BX$13,'Option X3'!$D$6:$E$20,2,0)","v":0},0,0,{"v":0,"d":"R 0.00"},{"v":0,"d":"R 0.00"},{"v":0,"d":"R 0.00"},null,1,null,0,null,{"$f":"VLOOKUP(CI$13,'Option X3'!$D$6:$E$20,2,0)","v":0},0,0,{"v":0,"d":"R 0.00"},{"v":0,"d":"R 0.00"},{"v":0,"d":"R 0.00"},null,1,null,0,null,{"$f":"VLOOKUP(CT$13,'Option X3'!$D$6:$E$20,2,0)","v":0},0,0,{"v":0,"d":"R 0.00"},{"v":0,"d":"R 0.00"},{"v":0,"d":"R 0.00"}]
[8,{"$nulls":4},1,null,0,null,{"$f":"VLOOKUP(J$13,'Option X3'!$D$6:$E$20,2,0)","v":0},0,0,{"v":0,"d":"R 0.00"},{"v":0,"d":"R 0.00"},{"v":0,"d":"R 0.00"},null,1,null,0,null,{"$f":"VLOOKUP(U$13,'Option X3'!$D$6:$E$20,2,0)","v":0},0,0,{"v":0,"d":"R 0.00"},{"v":0,"d":"R 0.00"},{"v":0,"d":"R 0.00"},null,1,null,0,null,{"$f":"VLOOKUP(AF$13,'Option X3'!$D$6:$E$20,2,0)","v":0},0,0,{"v":0,"d":"R 0.00"},{"v":0,"d":"R 0.00"},{"v":0,"d":"R 0.00"},null,1,null,0,null,{"$f":"VLOOKUP(AQ$13,'Option X3'!$D$6:$E$20,2,0)","v":0},0,0,{"v":0,"d":"R 0.00"},{"v":0,"d":"R 0.00"},{"v":0,"d":"R 0.00"},null,1,null,0,null,{"$f":"VLOOKUP(BB$13,'Option X3'!$D$6:$E$20,2,0)","v":0},0,0,{"v":0,"d":"R 0.00"},{"v":0,"d":"R 0.00"},{"v":0,"d":"R 0.00"},null,1,null,0,null,{"$f":"VLOOKUP(BM$13,'Option X3'!$D$6:$E$20,2,0)","v":0},0,0,{"v":0,"d":"R 0.00"},{"v":0,"d":"R 0.00"},{"v":0,"d":"R 0.00"},null,1,null,0,null,{"$f":"VLOOKUP(BX$13,'Option X3'!$D$6:$E$20,2,0)","v":0},0,0,{"v":0,"d":"R 0.00"},{"v":0,"d":"R 0.00"},{"v":0,"d":"R 0.00"},null,1,null,0,null,{"$f":"VLOOKUP(CI$13,'Option X3'!$D$6:$E$20,2,0)","v":0},0,0,{"v":0,"d":"R 0.00"},{"v":0,"d":"R 0.00"},{"v":0,"d":"R 0.00"},null,1,null,0,null,{"$f":"VLOOKUP(CT$13,'Option X3'!$D$6:$E$20,2,0)","v":0},0,0,{"v":0,"d":"R 0.00"},{"v":0,"d":"R 0.00"},{"v":0,"d":"R 0.00"}]
[9,{"$nulls":4},1,null,0,null,{"$f":"VLOOKUP(J$13,'Option X3'!$D$6:$E$20,2,0)","v":0},0,0,{"v":0,"d":"R 0.00"},{"v":0,"d":"R 0.00"},{"v":0,"d":"R 0.00"},null,1,null,0,null,{"$f":"VLOOKUP(U$13,'Option X3'!$D$6:$E$20,2,0)","v":0},0,0,{"v":0,"d":"R 0.00"},{"v":0,"d":"R 0.00"},{"v":0,"d":"R 0.00"},null,1,null,0,null,{"$f":"VLOOKUP(AF$13,'Option X3'!$D$6:$E$20,2,0)","v":0},0,0,{"v":0,"d":"R 0.00"},{"v":0,"d":"R 0.00"},{"v":0,"d":"R 0.00"},null,1,null,0,null,{"$f":"VLOOKUP(AQ$13,'Option X3'!$D$6:$E$20,2,0)","v":0},0,0,{"v":0,"d":"R 0.00"},{"v":0,"d":"R 0.00"},{"v":0,"d":"R 0.00"},null,1,null,0,null,{"$f":"VLOOKUP(BB$13,'Option X3'!$D$6:$E$20,2,0)","v":0},0,0,{"v":0,"d":"R 0.00"},{"v":0,"d":"R 0.00"},{"v":0,"d":"R 0.00"},null,1,null,0,null,{"$f":"VLOOKUP(BM$13,'Option X3'!$D$6:$E$20,2,0)","v":0},0,0,{"v":0,"d":"R 0.00"},{"v":0,"d":"R 0.00"},{"v":0,"d":"R 0.00"},null,1,null,0,null,{"$f":"VLOOKUP(BX$13,'Option X3'!$D$6:$E$20,2,0)","v":0},0,0,{"v":0,"d":"R 0.00"},{"v":0,"d":"R 0.00"},{"v":0,"d":"R 0.00"},null,1,null,0,null,{"$f":"VLOOKUP(CI$13,'Option X3'!$D$6:$E$20,2,0)","v":0},0,0,{"v":0,"d":"R 0.00"},{"v":0,"d":"R 0.00"},{"v":0,"d":"R 0.00"},null,1,null,0,null,{"$f":"VLOOKUP(CT$13,'Option X3'!$D$6:$E$20,2,0)","v":0},0,0,{"v":0,"d":"R 0.00"},{"v":0,"d":"R 0.00"},{"v":0,"d":"R 0.00"}]
[10,{"$nulls":4},1,null,0,null,{"$f":"VLOOKUP(J$13,'Option X3'!$D$6:$E$20,2,0)","v":0},0,0,{"v":0,"d":"R 0.00"},{"v":0,"d":"R 0.00"},{"v":0,"d":"R 0.00"},null,1,null,0,null,{"$f":"VLOOKUP(U$13,'Option X3'!$D$6:$E$20,2,0)","v":0},0,0,{"v":0,"d":"R 0.00"},{"v":0,"d":"R 0.00"},{"v":0,"d":"R 0.00"},null,1,null,0,null,{"$f":"VLOOKUP(AF$13,'Option X3'!$D$6:$E$20,2,0)","v":0},0,0,{"v":0,"d":"R 0.00"},{"v":0,"d":"R 0.00"},{"v":0,"d":"R 0.00"},null,1,null,0,null,{"$f":"VLOOKUP(AQ$13,'Option X3'!$D$6:$E$20,2,0)","v":0},0,0,{"v":0,"d":"R 0.00"},{"v":0,"d":"R 0.00"},{"v":0,"d":"R 0.00"},null,1,null,0,null,{"$f":"VLOOKUP(BB$13,'Option X3'!$D$6:$E$20,2,0)","v":0},0,0,{"v":0,"d":"R 0.00"},{"v":0,"d":"R 0.00"},{"v":0,"d":"R 0.00"},null,1,null,0,null,{"$f":"VLOOKUP(BM$13,'Option X3'!$D$6:$E$20,2,0)","v":0},0,0,{"v":0,"d":"R 0.00"},{"v":0,"d":"R 0.00"},{"v":0,"d":"R 0.00"},null,1,null,0,null,{"$f":"VLOOKUP(BX$13,'Option X3'!$D$6:$E$20,2,0)","v":0},0,0,{"v":0,"d":"R 0.00"},{"v":0,"d":"R 0.00"},{"v":0,"d":"R 0.00"},null,1,null,0,null,{"$f":"VLOOKUP(CI$13,'Option X3'!$D$6:$E$20,2,0)","v":0},0,0,{"v":0,"d":"R 0.00"},{"v":0,"d":"R 0.00"},{"v":0,"d":"R 0.00"},null,1,null,0,null,{"$f":"VLOOKUP(CT$13,'Option X3'!$D$6:$E$20,2,0)","v":0},0,0,{"v":0,"d":"R 0.00"},{"v":0,"d":"R 0.00"},{"v":0,"d":"R 0.00"}]
[11,{"$nulls":4},1,null,0,null,{"$f":"VLOOKUP(J$13,'Option X3'!$D$6:$E$20,2,0)","v":0},0,0,{"v":0,"d":"R 0.00"},{"v":0,"d":"R 0.00"},{"v":0,"d":"R 0.00"},null,1,null,0,null,{"$f":"VLOOKUP(U$13,'Option X3'!$D$6:$E$20,2,0)","v":0},0,0,{"v":0,"d":"R 0.00"},{"v":0,"d":"R 0.00"},{"v":0,"d":"R 0.00"},null,1,null,0,null,{"$f":"VLOOKUP(AF$13,'Option X3'!$D$6:$E$20,2,0)","v":0},0,0,{"v":0,"d":"R 0.00"},{"v":0,"d":"R 0.00"},{"v":0,"d":"R 0.00"},null,1,null,0,null,{"$f":"VLOOKUP(AQ$13,'Option X3'!$D$6:$E$20,2,0)","v":0},0,0,{"v":0,"d":"R 0.00"},{"v":0,"d":"R 0.00"},{"v":0,"d":"R 0.00"},null,1,null,0,null,{"$f":"VLOOKUP(BB$13,'Option X3'!$D$6:$E$20,2,0)","v":0},0,0,{"v":0,"d":"R 0.00"},{"v":0,"d":"R 0.00"},{"v":0,"d":"R 0.00"},null,1,null,0,null,{"$f":"VLOOKUP(BM$13,'Option X3'!$D$6:$E$20,2,0)","v":0},0,0,{"v":0,"d":"R 0.00"},{"v":0,"d":"R 0.00"},{"v":0,"d":"R 0.00"},null,1,null,0,null,{"$f":"VLOOKUP(BX$13,'Option X3'!$D$6:$E$20,2,0)","v":0},0,0,{"v":0,"d":"R 0.00"},{"v":0,"d":"R 0.00"},{"v":0,"d":"R 0.00"},null,1,null,0,null,{"$f":"VLOOKUP(CI$13,'Option X3'!$D$6:$E$20,2,0)","v":0},0,0,{"v":0,"d":"R 0.00"},{"v":0,"d":"R 0.00"},{"v":0,"d":"R 0.00"},null,1,null,0,null,{"$f":"VLOOKUP(CT$13,'Option X3'!$D$6:$E$20,2,0)","v":0},0,0,{"v":0,"d":"R 0.00"},{"v":0,"d":"R 0.00"},{"v":0,"d":"R 0.00"}]
[12,{"$nulls":4},1,null,0,null,{"$f":"VLOOKUP(J$13,'Option X3'!$D$6:$E$20,2,0)","v":0},0,0,{"v":0,"d":"R 0.00"},{"v":0,"d":"R 0.00"},{"v":0,"d":"R 0.00"},null,1,null,0,null,{"$f":"VLOOKUP(U$13,'Option X3'!$D$6:$E$20,2,0)","v":0},0,0,{"v":0,"d":"R 0.00"},{"v":0,"d":"R 0.00"},{"v":0,"d":"R 0.00"},null,1,null,0,null,{"$f":"VLOOKUP(AF$13,'Option X3'!$D$6:$E$20,2,0)","v":0},0,0,{"v":0,"d":"R 0.00"},{"v":0,"d":"R 0.00"},{"v":0,"d":"R 0.00"},null,1,null,0,null,{"$f":"VLOOKUP(AQ$13,'Option X3'!$D$6:$E$20,2,0)","v":0},0,0,{"v":0,"d":"R 0.00"},{"v":0,"d":"R 0.00"},{"v":0,"d":"R 0.00"},null,1,null,0,null,{"$f":"VLOOKUP(BB$13,'Option X3'!$D$6:$E$20,2,0)","v":0},0,0,{"v":0,"d":"R 0.00"},{"v":0,"d":"R 0.00"},{"v":0,"d":"R 0.00"},null,1,null,0,null,{"$f":"VLOOKUP(BM$13,'Option X3'!$D$6:$E$20,2,0)","v":0},0,0,{"v":0,"d":"R 0.00"},{"v":0,"d":"R 0.00"},{"v":0,"d":"R 0.00"},null,1,null,0,null,{"$f":"VLOOKUP(BX$13,'Option X3'!$D$6:$E$20,2,0)","v":0},0,0,{"v":0,"d":"R 0.00"},{"v":0,"d":"R 0.00"},{"v":0,"d":"R 0.00"},null,1,null,0,null,{"$f":"VLOOKUP(CI$13,'Option X3'!$D$6:$E$20,2,0)","v":0},0,0,{"v":0,"d":"R 0.00"},{"v":0,"d":"R 0.00"},{"v":0,"d":"R 0.00"},null,1,null,0,null,{"$f":"VLOOKUP(CT$13,'Option X3'!$D$6:$E$20,2,0)","v":0},0,0,{"v":0,"d":"R 0.00"},{"v":0,"d":"R 0.00"},{"v":0,"d":"R 0.00"}]
[13,{"$nulls":4},1,null,0,null,{"$f":"VLOOKUP(J$13,'Option X3'!$D$6:$E$20,2,0)","v":0},0,0,{"v":0,"d":"R 0.00"},{"v":0,"d":"R 0.00"},{"v":0,"d":"R 0.00"},null,1,null,0,null,{"$f":"VLOOKUP(U$13,'Option X3'!$D$6:$E$20,2,0)","v":0},0,0,{"v":0,"d":"R 0.00"},{"v":0,"d":"R 0.00"},{"v":0,"d":"R 0.00"},null,1,null,0,null,{"$f":"VLOOKUP(AF$13,'Option X3'!$D$6:$E$20,2,0)","v":0},0,0,{"v":0,"d":"R 0.00"},{"v":0,"d":"R 0.00"},{"v":0,"d":"R 0.00"},null,1,null,0,null,{"$f":"VLOOKUP(AQ$13,'Option X3'!$D$6:$E$20,2,0)","v":0},0,0,{"v":0,"d":"R 0.00"},{"v":0,"d":"R 0.00"},{"v":0,"d":"R 0.00"},null,1,null,0,null,{"$f":"VLOOKUP(BB$13,'Option X3'!$D$6:$E$20,2,0)","v":0},0,0,{"v":0,"d":"R 0.00"},{"v":0,"d":"R 0.00"},{"v":0,"d":"R 0.00"},null,1,null,0,null,{"$f":"VLOOKUP(BM$13,'Option X3'!$D$6:$E$20,2,0)","v":0},0,0,{"v":0,"d":"R 0.00"},{"v":0,"d":"R 0.00"},{"v":0,"d":"R 0.00"},null,1,null,0,null,{"$f":"VLOOKUP(BX$13,'Option X3'!$D$6:$E$20,2,0)","v":0},0,0,{"v":0,"d":"R 0.00"},{"v":0,"d":"R 0.00"},{"v":0,"d":"R 0.00"},null,1,null,0,null,{"$f":"VLOOKUP(CI$13,'Option X3'!$D$6:$E$20,2,0)","v":0},0,0,{"v":0,"d":"R 0.00"},{"v":0,"d":"R 0.00"},{"v":0,"d":"R 0.00"},null,1,null,0,null,{"$f":"VLOOKUP(CT$13,'Option X3'!$D$6:$E$20,2,0)","v":0},0,0,{"v":0,"d":"R 0.00"},{"v":0,"d":"R 0.00"},{"v":0,"d":"R 0.00"}]
[14,{"$nulls":4},1,null,0,null,{"$f":"VLOOKUP(J$13,'Option X3'!$D$6:$E$20,2,0)","v":0},0,0,{"v":0,"d":"R 0.00"},{"v":0,"d":"R 0.00"},{"v":0,"d":"R 0.00"},null,1,null,0,null,{"$f":"VLOOKUP(U$13,'Option X3'!$D$6:$E$20,2,0)","v":0},0,0,{"v":0,"d":"R 0.00"},{"v":0,"d":"R 0.00"},{"v":0,"d":"R 0.00"},null,1,null,0,null,{"$f":"VLOOKUP(AF$13,'Option X3'!$D$6:$E$20,2,0)","v":0},0,0,{"v":0,"d":"R 0.00"},{"v":0,"d":"R 0.00"},{"v":0,"d":"R 0.00"},null,1,null,0,null,{"$f":"VLOOKUP(AQ$13,'Option X3'!$D$6:$E$20,2,0)","v":0},0,0,{"v":0,"d":"R 0.00"},{"v":0,"d":"R 0.00"},{"v":0,"d":"R 0.00"},null,1,null,0,null,{"$f":"VLOOKUP(BB$13,'Option X3'!$D$6:$E$20,2,0)","v":0},0,0,{"v":0,"d":"R 0.00"},{"v":0,"d":"R 0.00"},{"v":0,"d":"R 0.00"},null,1,null,0,null,{"$f":"VLOOKUP(BM$13,'Option X3'!$D$6:$E$20,2,0)","v":0},0,0,{"v":0,"d":"R 0.00"},{"v":0,"d":"R 0.00"},{"v":0,"d":"R 0.00"},null,1,null,0,null,{"$f":"VLOOKUP(BX$13,'Option X3'!$D$6:$E$20,2,0)","v":0},0,0,{"v":0,"d":"R 0.00"},{"v":0,"d":"R 0.00"},{"v":0,"d":"R 0.00"},null,1,null,0,null,{"$f":"VLOOKUP(CI$13,'Option X3'!$D$6:$E$20,2,0)","v":0},0,0,{"v":0,"d":"R 0.00"},{"v":0,"d":"R 0.00"},{"v":0,"d":"R 0.00"},null,1,null,0,null,{"$f":"VLOOKUP(CT$13,'Option X3'!$D$6:$E$20,2,0)","v":0},0,0,{"v":0,"d":"R 0.00"},{"v":0,"d":"R 0.00"},{"v":0,"d":"R 0.00"}]
[15,{"$nulls":4},1,null,0,null,{"$f":"VLOOKUP(J$13,'Option X3'!$D$6:$E$20,2,0)","v":0},0,0,{"v":0,"d":"R 0.00"},{"v":0,"d":"R 0.00"},{"v":0,"d":"R 0.00"},null,1,null,0,null,{"$f":"VLOOKUP(U$13,'Option X3'!$D$6:$E$20,2,0)","v":0},0,0,{"v":0,"d":"R 0.00"},{"v":0,"d":"R 0.00"},{"v":0,"d":"R 0.00"},null,1,null,0,null,{"$f":"VLOOKUP(AF$13,'Option X3'!$D$6:$E$20,2,0)","v":0},0,0,{"v":0,"d":"R 0.00"},{"v":0,"d":"R 0.00"},{"v":0,"d":"R 0.00"},null,1,null,0,null,{"$f":"VLOOKUP(AQ$13,'Option X3'!$D$6:$E$20,2,0)","v":0},0,0,{"v":0,"d":"R 0.00"},{"v":0,"d":"R 0.00"},{"v":0,"d":"R 0.00"},null,1,null,0,null,{"$f":"VLOOKUP(BB$13,'Option X3'!$D$6:$E$20,2,0)","v":0},0,0,{"v":0,"d":"R 0.00"},{"v":0,"d":"R 0.00"},{"v":0,"d":"R 0.00"},null,1,null,0,null,{"$f":"VLOOKUP(BM$13,'Option X3'!$D$6:$E$20,2,0)","v":0},0,0,{"v":0,"d":"R 0.00"},{"v":0,"d":"R 0.00"},{"v":0,"d":"R 0.00"},null,1,null,0,null,{"$f":"VLOOKUP(BX$13,'Option X3'!$D$6:$E$20,2,0)","v":0},0,0,{"v":0,"d":"R 0.00"},{"v":0,"d":"R 0.00"},{"v":0,"d":"R 0.00"},null,1,null,0,null,{"$f":"VLOOKUP(CI$13,'Option X3'!$D$6:$E$20,2,0)","v":0},0,0,{"v":0,"d":"R 0.00"},{"v":0,"d":"R 0.00"},{"v":0,"d":"R 0.00"},null,1,null,0,null,{"$f":"VLOOKUP(CT$13,'Option X3'!$D$6:$E$20,2,0)","v":0},0,0,{"v":0,"d":"R 0.00"},{"v":0,"d":"R 0.00"},{"v":0,"d":"R 0.00"}]
[16,{"$nulls":4},1,null,0,null,{"$f":"VLOOKUP(J$13,'Option X3'!$D$6:$E$20,2,0)","v":0},0,0,{"v":0,"d":"R 0.00"},{"v":0,"d":"R 0.00"},{"v":0,"d":"R 0.00"},null,1,null,0,null,{"$f":"VLOOKUP(U$13,'Option X3'!$D$6:$E$20,2,0)","v":0},0,0,{"v":0,"d":"R 0.00"},{"v":0,"d":"R 0.00"},{"v":0,"d":"R 0.00"},null,1,null,0,null,{"$f":"VLOOKUP(AF$13,'Option X3'!$D$6:$E$20,2,0)","v":0},0,0,{"v":0,"d":"R 0.00"},{"v":0,"d":"R 0.00"},{"v":0,"d":"R 0.00"},null,1,null,0,null,{"$f":"VLOOKUP(AQ$13,'Option X3'!$D$6:$E$20,2,0)","v":0},0,0,{"v":0,"d":"R 0.00"},{"v":0,"d":"R 0.00"},{"v":0,"d":"R 0.00"},null,1,null,0,null,{"$f":"VLOOKUP(BB$13,'Option X3'!$D$6:$E$20,2,0)","v":0},0,0,{"v":0,"d":"R 0.00"},{"v":0,"d":"R 0.00"},{"v":0,"d":"R 0.00"},null,1,null,0,null,{"$f":"VLOOKUP(BM$13,'Option X3'!$D$6:$E$20,2,0)","v":0},0,0,{"v":0,"d":"R 0.00"},{"v":0,"d":"R 0.00"},{"v":0,"d":"R 0.00"},null,1,null,0,null,{"$f":"VLOOKUP(BX$13,'Option X3'!$D$6:$E$20,2,0)","v":0},0,0,{"v":0,"d":"R 0.00"},{"v":0,"d":"R 0.00"},{"v":0,"d":"R 0.00"},null,1,null,0,null,{"$f":"VLOOKUP(CI$13,'Option X3'!$D$6:$E$20,2,0)","v":0},0,0,{"v":0,"d":"R 0.00"},{"v":0,"d":"R 0.00"},{"v":0,"d":"R 0.00"},null,1,null,0,null,{"$f":"VLOOKUP(CT$13,'Option X3'!$D$6:$E$20,2,0)","v":0},0,0,{"v":0,"d":"R 0.00"},{"v":0,"d":"R 0.00"},{"v":0,"d":"R 0.00"}]
[17,{"$nulls":4},1,null,0,null,{"$f":"VLOOKUP(J$13,'Option X3'!$D$6:$E$20,2,0)","v":0},0,0,{"v":0,"d":"R 0.00"},{"v":0,"d":"R 0.00"},{"v":0,"d":"R 0.00"},null,1,null,0,null,{"$f":"VLOOKUP(U$13,'Option X3'!$D$6:$E$20,2,0)","v":0},0,0,{"v":0,"d":"R 0.00"},{"v":0,"d":"R 0.00"},{"v":0,"d":"R 0.00"},null,1,null,0,null,{"$f":"VLOOKUP(AF$13,'Option X3'!$D$6:$E$20,2,0)","v":0},0,0,{"v":0,"d":"R 0.00"},{"v":0,"d":"R 0.00"},{"v":0,"d":"R 0.00"},null,1,null,0,null,{"$f":"VLOOKUP(AQ$13,'Option X3'!$D$6:$E$20,2,0)","v":0},0,0,{"v":0,"d":"R 0.00"},{"v":0,"d":"R 0.00"},{"v":0,"d":"R 0.00"},null,1,null,0,null,{"$f":"VLOOKUP(BB$13,'Option X3'!$D$6:$E$20,2,0)","v":0},0,0,{"v":0,"d":"R 0.00"},{"v":0,"d":"R 0.00"},{"v":0,"d":"R 0.00"},null,1,null,0,null,{"$f":"VLOOKUP(BM$13,'Option X3'!$D$6:$E$20,2,0)","v":0},0,0,{"v":0,"d":"R 0.00"},{"v":0,"d":"R 0.00"},{"v":0,"d":"R 0.00"},null,1,null,0,null,{"$f":"VLOOKUP(BX$13,'Option X3'!$D$6:$E$20,2,0)","v":0},0,0,{"v":0,"d":"R 0.00"},{"v":0,"d":"R 0.00"},{"v":0,"d":"R 0.00"},null,1,null,0,null,{"$f":"VLOOKUP(CI$13,'Option X3'!$D$6:$E$20,2,0)","v":0},0,0,{"v":0,"d":"R 0.00"},{"v":0,"d":"R 0.00"},{"v":0,"d":"R 0.00"},null,1,null,0,null,{"$f":"VLOOKUP(CT$13,'Option X3'!$D$6:$E$20,2,0)","v":0},0,0,{"v":0,"d":"R 0.00"},{"v":0,"d":"R 0.00"},{"v":0,"d":"R 0.00"}]
[18,{"$nulls":4},1,null,0,null,{"$f":"VLOOKUP(J$13,'Option X3'!$D$6:$E$20,2,0)","v":0},0,0,{"v":0,"d":"R 0.00"},{"v":0,"d":"R 0.00"},{"v":0,"d":"R 0.00"},null,1,null,0,null,{"$f":"VLOOKUP(U$13,'Option X3'!$D$6:$E$20,2,0)","v":0},0,0,{"v":0,"d":"R 0.00"},{"v":0,"d":"R 0.00"},{"v":0,"d":"R 0.00"},null,1,null,0,null,{"$f":"VLOOKUP(AF$13,'Option X3'!$D$6:$E$20,2,0)","v":0},0,0,{"v":0,"d":"R 0.00"},{"v":0,"d":"R 0.00"},{"v":0,"d":"R 0.00"},null,1,null,0,null,{"$f":"VLOOKUP(AQ$13,'Option X3'!$D$6:$E$20,2,0)","v":0},0,0,{"v":0,"d":"R 0.00"},{"v":0,"d":"R 0.00"},{"v":0,"d":"R 0.00"},null,1,null,0,null,{"$f":"VLOOKUP(BB$13,'Option X3'!$D$6:$E$20,2,0)","v":0},0,0,{"v":0,"d":"R 0.00"},{"v":0,"d":"R 0.00"},{"v":0,"d":"R 0.00"},null,1,null,0,null,{"$f":"VLOOKUP(BM$13,'Option X3'!$D$6:$E$20,2,0)","v":0},0,0,{"v":0,"d":"R 0.00"},{"v":0,"d":"R 0.00"},{"v":0,"d":"R 0.00"},null,1,null,0,null,{"$f":"VLOOKUP(BX$13,'Option X3'!$D$6:$E$20,2,0)","v":0},0,0,{"v":0,"d":"R 0.00"},{"v":0,"d":"R 0.00"},{"v":0,"d":"R 0.00"},null,1,null,0,null,{"$f":"VLOOKUP(CI$13,'Option X3'!$D$6:$E$20,2,0)","v":0},0,0,{"v":0,"d":"R 0.00"},{"v":0,"d":"R 0.00"},{"v":0,"d":"R 0.00"},null,1,null,0,null,{"$f":"VLOOKUP(CT$13,'Option X3'!$D$6:$E$20,2,0)","v":0},0,0,{"v":0,"d":"R 0.00"},{"v":0,"d":"R 0.00"},{"v":0,"d":"R 0.00"}]
[19,{"$nulls":4},1,null,0,null,{"$f":"VLOOKUP(J$13,'Option X3'!$D$6:$E$20,2,0)","v":0},0,0,{"v":0,"d":"R 0.00"},{"v":0,"d":"R 0.00"},{"v":0,"d":"R 0.00"},null,1,null,0,null,{"$f":"VLOOKUP(U$13,'Option X3'!$D$6:$E$20,2,0)","v":0},0,0,{"v":0,"d":"R 0.00"},{"v":0,"d":"R 0.00"},{"v":0,"d":"R 0.00"},null,1,null,0,null,{"$f":"VLOOKUP(AF$13,'Option X3'!$D$6:$E$20,2,0)","v":0},0,0,{"v":0,"d":"R 0.00"},{"v":0,"d":"R 0.00"},{"v":0,"d":"R 0.00"},null,1,null,0,null,{"$f":"VLOOKUP(AQ$13,'Option X3'!$D$6:$E$20,2,0)","v":0},0,0,{"v":0,"d":"R 0.00"},{"v":0,"d":"R 0.00"},{"v":0,"d":"R 0.00"},null,1,null,0,null,{"$f":"VLOOKUP(BB$13,'Option X3'!$D$6:$E$20,2,0)","v":0},0,0,{"v":0,"d":"R 0.00"},{"v":0,"d":"R 0.00"},{"v":0,"d":"R 0.00"},null,1,null,0,null,{"$f":"VLOOKUP(BM$13,'Option X3'!$D$6:$E$20,2,0)","v":0},0,0,{"v":0,"d":"R 0.00"},{"v":0,"d":"R 0.00"},{"v":0,"d":"R 0.00"},null,1,null,0,null,{"$f":"VLOOKUP(BX$13,'Option X3'!$D$6:$E$20,2,0)","v":0},0,0,{"v":0,"d":"R 0.00"},{"v":0,"d":"R 0.00"},{"v":0,"d":"R 0.00"},null,1,null,0,null,{"$f":"VLOOKUP(CI$13,'Option X3'!$D$6:$E$20,2,0)","v":0},0,0,{"v":0,"d":"R 0.00"},{"v":0,"d":"R 0.00"},{"v":0,"d":"R 0.00"},null,1,null,0,null,{"$f":"VLOOKUP(CT$13,'Option X3'!$D$6:$E$20,2,0)","v":0},0,0,{"v":0,"d":"R 0.00"},{"v":0,"d":"R 0.00"},{"v":0,"d":"R 0.00"}]
[20,{"$nulls":4},1,null,0,null,{"$f":"VLOOKUP(J$13,'Option X3'!$D$6:$E$20,2,0)","v":0},0,0,{"v":0,"d":"R 0.00"},{"v":0,"d":"R 0.00"},{"v":0,"d":"R 0.00"},null,1,null,0,null,{"$f":"VLOOKUP(U$13,'Option X3'!$D$6:$E$20,2,0)","v":0},0,0,{"v":0,"d":"R 0.00"},{"v":0,"d":"R 0.00"},{"v":0,"d":"R 0.00"},null,1,null,0,null,{"$f":"VLOOKUP(AF$13,'Option X3'!$D$6:$E$20,2,0)","v":0},0,0,{"v":0,"d":"R 0.00"},{"v":0,"d":"R 0.00"},{"v":0,"d":"R 0.00"},null,1,null,0,null,{"$f":"VLOOKUP(AQ$13,'Option X3'!$D$6:$E$20,2,0)","v":0},0,0,{"v":0,"d":"R 0.00"},{"v":0,"d":"R 0.00"},{"v":0,"d":"R 0.00"},null,1,null,0,null,{"$f":"VLOOKUP(BB$13,'Option X3'!$D$6:$E$20,2,0)","v":0},0,0,{"v":0,"d":"R 0.00"},{"v":0,"d":"R 0.00"},{"v":0,"d":"R 0.00"},null,1,null,0,null,{"$f":"VLOOKUP(BM$13,'Option X3'!$D$6:$E$20,2,0)","v":0},0,0,{"v":0,"d":"R 0.00"},{"v":0,"d":"R 0.00"},{"v":0,"d":"R 0.00"},null,1,null,0,null,{"$f":"VLOOKUP(BX$13,'Option X3'!$D$6:$E$20,2,0)","v":0},0,0,{"v":0,"d":"R 0.00"},{"v":0,"d":"R 0.00"},{"v":0,"d":"R 0.00"},null,1,null,0,null,{"$f":"VLOOKUP(CI$13,'Option X3'!$D$6:$E$20,2,0)","v":0},0,0,{"v":0,"d":"R 0.00"},{"v":0,"d":"R 0.00"},{"v":0,"d":"R 0.00"},null,1,null,0,null,{"$f":"VLOOKUP(CT$13,'Option X3'!$D$6:$E$20,2,0)","v":0},0,0,{"v":0,"d":"R 0.00"},{"v":0,"d":"R 0.00"},{"v":0,"d":"R 0.00"}]
[21,{"$nulls":4},1,null,0,null,{"$f":"VLOOKUP(J$13,'Option X3'!$D$6:$E$20,2,0)","v":0},0,0,{"v":0,"d":"R 0.00"},{"v":0,"d":"R 0.00"},{"v":0,"d":"R 0.00"},null,1,null,0,null,{"$f":"VLOOKUP(U$13,'Option X3'!$D$6:$E$20,2,0)","v":0},0,0,{"v":0,"d":"R 0.00"},{"v":0,"d":"R 0.00"},{"v":0,"d":"R 0.00"},null,1,null,0,null,{"$f":"VLOOKUP(AF$13,'Option X3'!$D$6:$E$20,2,0)","v":0},0,0,{"v":0,"d":"R 0.00"},{"v":0,"d":"R 0.00"},{"v":0,"d":"R 0.00"},null,1,null,0,null,{"$f":"VLOOKUP(AQ$13,'Option X3'!$D$6:$E$20,2,0)","v":0},0,0,{"v":0,"d":"R 0.00"},{"v":0,"d":"R 0.00"},{"v":0,"d":"R 0.00"},null,1,null,0,null,{"$f":"VLOOKUP(BB$13,'Option X3'!$D$6:$E$20,2,0)","v":0},0,0,{"v":0,"d":"R 0.00"},{"v":0,"d":"R 0.00"},{"v":0,"d":"R 0.00"},null,1,null,0,null,{"$f":"VLOOKUP(BM$13,'Option X3'!$D$6:$E$20,2,0)","v":0},0,0,{"v":0,"d":"R 0.00"},{"v":0,"d":"R 0.00"},{"v":0,"d":"R 0.00"},null,1,null,0,null,{"$f":"VLOOKUP(BX$13,'Option X3'!$D$6:$E$20,2,0)","v":0},0,0,{"v":0,"d":"R 0.00"},{"v":0,"d":"R 0.00"},{"v":0,"d":"R 0.00"},null,1,null,0,null,{"$f":"VLOOKUP(CI$13,'Option X3'!$D$6:$E$20,2,0)","v":0},0,0,{"v":0,"d":"R 0.00"},{"v":0,"d":"R 0.00"},{"v":0,"d":"R 0.00"},null,1,null,0,null,{"$f":"VLOOKUP(CT$13,'Option X3'!$D$6:$E$20,2,0)","v":0},0,0,{"v":0,"d":"R 0.00"},{"v":0,"d":"R 0.00"},{"v":0,"d":"R 0.00"}]
[22,{"$nulls":4},1,null,0,null,{"$f":"VLOOKUP(J$13,'Option X3'!$D$6:$E$20,2,0)","v":0},0,0,{"v":0,"d":"R 0.00"},{"v":0,"d":"R 0.00"},{"v":0,"d":"R 0.00"},null,1,null,0,null,{"$f":"VLOOKUP(U$13,'Option X3'!$D$6:$E$20,2,0)","v":0},0,0,{"v":0,"d":"R 0.00"},{"v":0,"d":"R 0.00"},{"v":0,"d":"R 0.00"},null,1,null,0,null,{"$f":"VLOOKUP(AF$13,'Option X3'!$D$6:$E$20,2,0)","v":0},0,0,{"v":0,"d":"R 0.00"},{"v":0,"d":"R 0.00"},{"v":0,"d":"R 0.00"},null,1,null,0,null,{"$f":"VLOOKUP(AQ$13,'Option X3'!$D$6:$E$20,2,0)","v":0},0,0,{"v":0,"d":"R 0.00"},{"v":0,"d":"R 0.00"},{"v":0,"d":"R 0.00"},null,1,null,0,null,{"$f":"VLOOKUP(BB$13,'Option X3'!$D$6:$E$20,2,0)","v":0},0,0,{"v":0,"d":"R 0.00"},{"v":0,"d":"R 0.00"},{"v":0,"d":"R 0.00"},null,1,null,0,null,{"$f":"VLOOKUP(BM$13,'Option X3'!$D$6:$E$20,2,0)","v":0},0,0,{"v":0,"d":"R 0.00"},{"v":0,"d":"R 0.00"},{"v":0,"d":"R 0.00"},null,1,null,0,null,{"$f":"VLOOKUP(BX$13,'Option X3'!$D$6:$E$20,2,0)","v":0},0,0,{"v":0,"d":"R 0.00"},{"v":0,"d":"R 0.00"},{"v":0,"d":"R 0.00"},null,1,null,0,null,{"$f":"VLOOKUP(CI$13,'Option X3'!$D$6:$E$20,2,0)","v":0},0,0,{"v":0,"d":"R 0.00"},{"v":0,"d":"R 0.00"},{"v":0,"d":"R 0.00"},null,1,null,0,null,{"$f":"VLOOKUP(CT$13,'Option X3'!$D$6:$E$20,2,0)","v":0},0,0,{"v":0,"d":"R 0.00"},{"v":0,"d":"R 0.00"},{"v":0,"d":"R 0.00"}]
[23,{"$nulls":4},1,null,{"$f":"F40*G40","v":0},null,{"$f":"VLOOKUP(J$13,'Option X3'!$D$6:$E$20,2,0)","v":0},{"$f":"F40*I40","v":0},{"$f":"J40*K40","v":0},{"$f":"H40+L40","v":{"v":0,"d":"R 0.00"}},{"$f":"0.15*M40","v":{"v":0,"d":"R 0.00"}},{"$f":"SUM(M40:N40)","v":{"v":0,"d":"R 0.00"}},null,1,null,{"$f":"Q40*R40","v":0},null,{"$f":"VLOOKUP(U$13,'Option X3'!$D$6:$E$20,2,0)","v":0},{"$f":"Q40*T40","v":0},{"$f":"U40*V40","v":0},{"$f":"S40+W40","v":{"v":0,"d":"R 0.00"}},{"$f":"0.15*X40","v":{"v":0,"d":"R 0.00"}},{"$f":"SUM(X40:Y40)","v":{"v":0,"d":"R 0.00"}},null,1,null,{"$f":"AB40*AC40","v":0},null,{"$f":"VLOOKUP(AF$13,'Option X3'!$D$6:$E$20,2,0)","v":0},{"$f":"AB40*AE40","v":0},{"$f":"AF40*AG40","v":0},{"$f":"AD40+AH40","v":{"v":0,"d":"R 0.00"}},{"$f":"0.15*AI40","v":{"v":0,"d":"R 0.00"}},{"$f":"SUM(AI40:AJ40)","v":{"v":0,"d":"R 0.00"}},null,1,null,{"$f":"AM40*AN40","v":0},null,{"$f":"VLOOKUP(AQ$13,'Option X3'!$D$6:$E$20,2,0)","v":0},{"$f":"AM40*AP40","v":0},{"$f":"AQ40*AR40","v":0},{"$f":"AO40+AS40","v":{"v":0,"d":"R 0.00"}},{"$f":"0.15*AT40","v":{"v":0,"d":"R 0.00"}},{"$f":"SUM(AT40:AU40)","v":{"v":0,"d":"R 0.00"}},null,1,null,{"$f":"AX40*AY40","v":0},null,{"$f":"VLOOKUP(BB$13,'Option X3'!$D$6:$E$20,2,0)","v":0},{"$f":"AX40*BA40","v":0},{"$f":"BB40*BC40","v":0},{"$f":"AZ40+BD40","v":{"v":0,"d":"R 0.00"}},{"$f":"0.15*BE40","v":{"v":0,"d":"R 0.00"}},{"$f":"SUM(BE40:BF40)","v":{"v":0,"d":"R 0.00"}},null,{"$f":"Q40","v":1},null,{"$f":"BI40*BJ40","v":0},null,{"$f":"VLOOKUP(BM$13,'Option X3'!$D$6:$E$20,2,0)","v":0},{"$f":"BI40*BL40","v":0},{"$f":"BM40*BN40","v":0},{"$f":"BK40+BO40","v":{"v":0,"d":"R 0.00"}},{"$f":"0.15*BP40","v":{"v":0,"d":"R 0.00"}},{"$f":"SUM(BP40:BQ40)","v":{"v":0,"d":"R 0.00"}},null,{"$f":"AB40","v":1},null,{"$f":"BT40*BU40","v":0},null,{"$f":"VLOOKUP(BX$13,'Option X3'!$D$6:$E$20,2,0)","v":0},{"$f":"BT40*BW40","v":0},{"$f":"BX40*BY40","v":0},{"$f":"BV40+BZ40","v":{"v":0,"d":"R 0.00"}},{"$f":"0.15*CA40","v":{"v":0,"d":"R 0.00"}},{"$f":"SUM(CA40:CB40)","v":{"v":0,"d":"R 0.00"}},null,{"$f":"AM40","v":1},null,{"$f":"CE40*CF40","v":0},null,{"$f":"VLOOKUP(CI$13,'Option X3'!$D$6:$E$20,2,0)","v":0},{"$f":"CE40*CH40","v":0},{"$f":"CI40*CJ40","v":0},{"$f":"CG40+CK40","v":{"v":0,"d":"R 0.00"}},{"$f":"0.15*CL40","v":{"v":0,"d":"R 0.00"}},{"$f":"SUM(CL40:CM40)","v":{"v":0,"d":"R 0.00"}},null,{"$f":"AX40","v":1},null,{"$f":"CP40*CQ40","v":0},null,{"$f":"VLOOKUP(CT$13,'Option X3'!$D$6:$E$20,2,0)","v":0},{"$f":"CP40*CS40","v":0},{"$f":"CT40*CU40","v":0},{"$f":"CR40+CV40","v":{"v":0,"d":"R 0.00"}},{"$f":"0.15*CW40","v":{"v":0,"d":"R 0.00"}},{"$f":"SUM(CW40:CX40)","v":{"v":0,"d":"R 0.00"}}]
[24,{"$nulls":4},1,null,0,null,{"$f":"VLOOKUP(J$13,'Option X3'!$D$6:$E$20,2,0)","v":0},0,0,{"v":0,"d":"R 0.00"},{"v":0,"d":"R 0.00"},{"v":0,"d":"R 0.00"},null,1,null,0,null,{"$f":"VLOOKUP(U$13,'Option X3'!$D$6:$E$20,2,0)","v":0},0,0,{"v":0,"d":"R 0.00"},{"v":0,"d":"R 0.00"},{"v":0,"d":"R 0.00"},null,1,null,0,null,{"$f":"VLOOKUP(AF$13,'Option X3'!$D$6:$E$20,2,0)","v":0},0,0,{"v":0,"d":"R 0.00"},{"v":0,"d":"R 0.00"},{"v":0,"d":"R 0.00"},null,1,null,0,null,{"$f":"VLOOKUP(AQ$13,'Option X3'!$D$6:$E$20,2,0)","v":0},0,0,{"v":0,"d":"R 0.00"},{"v":0,"d":"R 0.00"},{"v":0,"d":"R 0.00"},null,1,null,0,null,{"$f":"VLOOKUP(BB$13,'Option X3'!$D$6:$E$20,2,0)","v":0},0,0,{"v":0,"d":"R 0.00"},{"v":0,"d":"R 0.00"},{"v":0,"d":"R 0.00"},null,1,null,0,null,{"$f":"VLOOKUP(BM$13,'Option X3'!$D$6:$E$20,2,0)","v":0},0,0,{"v":0,"d":"R 0.00"},{"v":0,"d":"R 0.00"},{"v":0,"d":"R 0.00"},null,1,null,0,null,{"$f":"VLOOKUP(BX$13,'Option X3'!$D$6:$E$20,2,0)","v":0},0,0,{"v":0,"d":"R 0.00"},{"v":0,"d":"R 0.00"},{"v":0,"d":"R 0.00"},null,1,null,0,null,{"$f":"VLOOKUP(CI$13,'Option X3'!$D$6:$E$20,2,0)","v":0},0,0,{"v":0,"d":"R 0.00"},{"v":0,"d":"R 0.00"},{"v":0,"d":"R 0.00"},null,1,null,0,null,{"$f":"VLOOKUP(CT$13,'Option X3'!$D$6:$E$20,2,0)","v":0},0,0,{"v":0,"d":"R 0.00"},{"v":0,"d":"R 0.00"},{"v":0,"d":"R 0.00"}]
[25,{"$nulls":4},1,null,0,null,{"$f":"VLOOKUP(J$13,'Option X3'!$D$6:$E$20,2,0)","v":0},0,0,{"v":0,"d":"R 0.00"},{"v":0,"d":"R 0.00"},{"v":0,"d":"R 0.00"},null,1,null,0,null,{"$f":"VLOOKUP(U$13,'Option X3'!$D$6:$E$20,2,0)","v":0},0,0,{"v":0,"d":"R 0.00"},{"v":0,"d":"R 0.00"},{"v":0,"d":"R 0.00"},null,1,null,0,null,{"$f":"VLOOKUP(AF$13,'Option X3'!$D$6:$E$20,2,0)","v":0},0,0,{"v":0,"d":"R 0.00"},{"v":0,"d":"R 0.00"},{"v":0,"d":"R 0.00"},null,1,null,0,null,{"$f":"VLOOKUP(AQ$13,'Option X3'!$D$6:$E$20,2,0)","v":0},0,0,{"v":0,"d":"R 0.00"},{"v":0,"d":"R 0.00"},{"v":0,"d":"R 0.00"},null,1,null,0,null,{"$f":"VLOOKUP(BB$13,'Option X3'!$D$6:$E$20,2,0)","v":0},0,0,{"v":0,"d":"R 0.00"},{"v":0,"d":"R 0.00"},{"v":0,"d":"R 0.00"},null,1,null,0,null,{"$f":"VLOOKUP(BM$13,'Option X3'!$D$6:$E$20,2,0)","v":0},0,0,{"v":0,"d":"R 0.00"},{"v":0,"d":"R 0.00"},{"v":0,"d":"R 0.00"},null,1,null,0,null,{"$f":"VLOOKUP(BX$13,'Option X3'!$D$6:$E$20,2,0)","v":0},0,0,{"v":0,"d":"R 0.00"},{"v":0,"d":"R 0.00"},{"v":0,"d":"R 0.00"},null,1,null,0,null,{"$f":"VLOOKUP(CI$13,'Option X3'!$D$6:$E$20,2,0)","v":0},0,0,{"v":0,"d":"R 0.00"},{"v":0,"d":"R 0.00"},{"v":0,"d":"R 0.00"},null,1,null,0,null,{"$f":"VLOOKUP(CT$13,'Option X3'!$D$6:$E$20,2,0)","v":0},0,0,{"v":0,"d":"R 0.00"},{"v":0,"d":"R 0.00"},{"v":0,"d":"R 0.00"}]
[26,{"$nulls":4},1,null,0,null,{"$f":"VLOOKUP(J$13,'Option X3'!$D$6:$E$20,2,0)","v":0},0,0,{"v":0,"d":"R 0.00"},{"v":0,"d":"R 0.00"},{"v":0,"d":"R 0.00"},null,1,null,0,null,{"$f":"VLOOKUP(U$13,'Option X3'!$D$6:$E$20,2,0)","v":0},0,0,{"v":0,"d":"R 0.00"},{"v":0,"d":"R 0.00"},{"v":0,"d":"R 0.00"},null,1,null,0,null,{"$f":"VLOOKUP(AF$13,'Option X3'!$D$6:$E$20,2,0)","v":0},0,0,{"v":0,"d":"R 0.00"},{"v":0,"d":"R 0.00"},{"v":0,"d":"R 0.00"},null,1,null,0,null,{"$f":"VLOOKUP(AQ$13,'Option X3'!$D$6:$E$20,2,0)","v":0},0,0,{"v":0,"d":"R 0.00"},{"v":0,"d":"R 0.00"},{"v":0,"d":"R 0.00"},null,1,null,0,null,{"$f":"VLOOKUP(BB$13,'Option X3'!$D$6:$E$20,2,0)","v":0},0,0,{"v":0,"d":"R 0.00"},{"v":0,"d":"R 0.00"},{"v":0,"d":"R 0.00"},null,1,null,0,null,{"$f":"VLOOKUP(BM$13,'Option X3'!$D$6:$E$20,2,0)","v":0},0,0,{"v":0,"d":"R 0.00"},{"v":0,"d":"R 0.00"},{"v":0,"d":"R 0.00"},null,1,null,0,null,{"$f":"VLOOKUP(BX$13,'Option X3'!$D$6:$E$20,2,0)","v":0},0,0,{"v":0,"d":"R 0.00"},{"v":0,"d":"R 0.00"},{"v":0,"d":"R 0.00"},null,1,null,0,null,{"$f":"VLOOKUP(CI$13,'Option X3'!$D$6:$E$20,2,0)","v":0},0,0,{"v":0,"d":"R 0.00"},{"v":0,"d":"R 0.00"},{"v":0,"d":"R 0.00"},null,1,null,0,null,{"$f":"VLOOKUP(CT$13,'Option X3'!$D$6:$E$20,2,0)","v":0},0,0,{"v":0,"d":"R 0.00"},{"v":0,"d":"R 0.00"},{"v":0,"d":"R 0.00"}]
[27,{"$nulls":4},1,null,0,null,{"$f":"VLOOKUP(J$13,'Option X3'!$D$6:$E$20,2,0)","v":0},0,0,{"v":0,"d":"R 0.00"},{"v":0,"d":"R 0.00"},{"v":0,"d":"R 0.00"},null,1,null,0,null,{"$f":"VLOOKUP(U$13,'Option X3'!$D$6:$E$20,2,0)","v":0},0,0,{"v":0,"d":"R 0.00"},{"v":0,"d":"R 0.00"},{"v":0,"d":"R 0.00"},null,1,null,0,null,{"$f":"VLOOKUP(AF$13,'Option X3'!$D$6:$E$20,2,0)","v":0},0,0,{"v":0,"d":"R 0.00"},{"v":0,"d":"R 0.00"},{"v":0,"d":"R 0.00"},null,1,null,0,null,{"$f":"VLOOKUP(AQ$13,'Option X3'!$D$6:$E$20,2,0)","v":0},0,0,{"v":0,"d":"R 0.00"},{"v":0,"d":"R 0.00"},{"v":0,"d":"R 0.00"},null,1,null,0,null,{"$f":"VLOOKUP(BB$13,'Option X3'!$D$6:$E$20,2,0)","v":0},0,0,{"v":0,"d":"R 0.00"},{"v":0,"d":"R 0.00"},{"v":0,"d":"R 0.00"},null,1,null,0,null,{"$f":"VLOOKUP(BM$13,'Option X3'!$D$6:$E$20,2,0)","v":0},0,0,{"v":0,"d":"R 0.00"},{"v":0,"d":"R 0.00"},{"v":0,"d":"R 0.00"},null,1,null,0,null,{"$f":"VLOOKUP(BX$13,'Option X3'!$D$6:$E$20,2,0)","v":0},0,0,{"v":0,"d":"R 0.00"},{"v":0,"d":"R 0.00"},{"v":0,"d":"R 0.00"},null,1,null,0,null,{"$f":"VLOOKUP(CI$13,'Option X3'!$D$6:$E$20,2,0)","v":0},0,0,{"v":0,"d":"R 0.00"},{"v":0,"d":"R 0.00"},{"v":0,"d":"R 0.00"},null,1,null,0,null,{"$f":"VLOOKUP(CT$13,'Option X3'!$D$6:$E$20,2,0)","v":0},0,0,{"v":0,"d":"R 0.00"},{"v":0,"d":"R 0.00"},{"v":0,"d":"R 0.00"}]
[28,{"$nulls":4},1,null,0,null,{"$f":"VLOOKUP(J$13,'Option X3'!$D$6:$E$20,2,0)","v":0},0,0,{"v":0,"d":"R 0.00"},{"v":0,"d":"R 0.00"},{"v":0,"d":"R 0.00"},null,1,null,0,null,{"$f":"VLOOKUP(U$13,'Option X3'!$D$6:$E$20,2,0)","v":0},0,0,{"v":0,"d":"R 0.00"},{"v":0,"d":"R 0.00"},{"v":0,"d":"R 0.00"},null,1,null,0,null,{"$f":"VLOOKUP(AF$13,'Option X3'!$D$6:$E$20,2,0)","v":0},0,0,{"v":0,"d":"R 0.00"},{"v":0,"d":"R 0.00"},{"v":0,"d":"R 0.00"},null,1,null,0,null,{"$f":"VLOOKUP(AQ$13,'Option X3'!$D$6:$E$20,2,0)","v":0},0,0,{"v":0,"d":"R 0.00"},{"v":0,"d":"R 0.00"},{"v":0,"d":"R 0.00"},null,1,null,0,null,{"$f":"VLOOKUP(BB$13,'Option X3'!$D$6:$E$20,2,0)","v":0},0,0,{"v":0,"d":"R 0.00"},{"v":0,"d":"R 0.00"},{"v":0,"d":"R 0.00"},null,1,null,0,null,{"$f":"VLOOKUP(BM$13,'Option X3'!$D$6:$E$20,2,0)","v":0},0,0,{"v":0,"d":"R 0.00"},{"v":0,"d":"R 0.00"},{"v":0,"d":"R 0.00"},null,1,null,0,null,{"$f":"VLOOKUP(BX$13,'Option X3'!$D$6:$E$20,2,0)","v":0},0,0,{"v":0,"d":"R 0.00"},{"v":0,"d":"R 0.00"},{"v":0,"d":"R 0.00"},null,1,null,0,null,{"$f":"VLOOKUP(CI$13,'Option X3'!$D$6:$E$20,2,0)","v":0},0,0,{"v":0,"d":"R 0.00"},{"v":0,"d":"R 0.00"},{"v":0,"d":"R 0.00"},null,1,null,0,null,{"$f":"VLOOKUP(CT$13,'Option X3'!$D$6:$E$20,2,0)","v":0},0,0,{"v":0,"d":"R 0.00"},{"v":0,"d":"R 0.00"},{"v":0,"d":"R 0.00"}]
[29,{"$nulls":4},1,null,0,null,{"$f":"VLOOKUP(J$13,'Option X3'!$D$6:$E$20,2,0)","v":0},0,0,{"v":0,"d":"R 0.00"},{"v":0,"d":"R 0.00"},{"v":0,"d":"R 0.00"},null,1,null,0,null,{"$f":"VLOOKUP(U$13,'Option X3'!$D$6:$E$20,2,0)","v":0},0,0,{"v":0,"d":"R 0.00"},{"v":0,"d":"R 0.00"},{"v":0,"d":"R 0.00"},null,1,null,0,null,{"$f":"VLOOKUP(AF$13,'Option X3'!$D$6:$E$20,2,0)","v":0},0,0,{"v":0,"d":"R 0.00"},{"v":0,"d":"R 0.00"},{"v":0,"d":"R 0.00"},null,1,null,0,null,{"$f":"VLOOKUP(AQ$13,'Option X3'!$D$6:$E$20,2,0)","v":0},0,0,{"v":0,"d":"R 0.00"},{"v":0,"d":"R 0.00"},{"v":0,"d":"R 0.00"},null,1,null,0,null,{"$f":"VLOOKUP(BB$13,'Option X3'!$D$6:$E$20,2,0)","v":0},0,0,{"v":0,"d":"R 0.00"},{"v":0,"d":"R 0.00"},{"v":0,"d":"R 0.00"},null,1,null,0,null,{"$f":"VLOOKUP(BM$13,'Option X3'!$D$6:$E$20,2,0)","v":0},0,0,{"v":0,"d":"R 0.00"},{"v":0,"d":"R 0.00"},{"v":0,"d":"R 0.00"},null,1,null,0,null,{"$f":"VLOOKUP(BX$13,'Option X3'!$D$6:$E$20,2,0)","v":0},0,0,{"v":0,"d":"R 0.00"},{"v":0,"d":"R 0.00"},{"v":0,"d":"R 0.00"},null,1,null,0,null,{"$f":"VLOOKUP(CI$13,'Option X3'!$D$6:$E$20,2,0)","v":0},0,0,{"v":0,"d":"R 0.00"},{"v":0,"d":"R 0.00"},{"v":0,"d":"R 0.00"},null,1,null,0,null,{"$f":"VLOOKUP(CT$13,'Option X3'!$D$6:$E$20,2,0)","v":0},0,0,{"v":0,"d":"R 0.00"},{"v":0,"d":"R 0.00"},{"v":0,"d":"R 0.00"}]
[30,{"$nulls":4},1,null,0,null,{"$f":"VLOOKUP(J$13,'Option X3'!$D$6:$E$20,2,0)","v":0},0,0,{"v":0,"d":"R 0.00"},{"v":0,"d":"R 0.00"},{"v":0,"d":"R 0.00"},null,1,null,0,null,{"$f":"VLOOKUP(U$13,'Option X3'!$D$6:$E$20,2,0)","v":0},0,0,{"v":0,"d":"R 0.00"},{"v":0,"d":"R 0.00"},{"v":0,"d":"R 0.00"},null,1,null,0,null,{"$f":"VLOOKUP(AF$13,'Option X3'!$D$6:$E$20,2,0)","v":0},0,0,{"v":0,"d":"R 0.00"},{"v":0,"d":"R 0.00"},{"v":0,"d":"R 0.00"},null,1,null,0,null,{"$f":"VLOOKUP(AQ$13,'Option X3'!$D$6:$E$20,2,0)","v":0},0,0,{"v":0,"d":"R 0.00"},{"v":0,"d":"R 0.00"},{"v":0,"d":"R 0.00"},null,1,null,0,null,{"$f":"VLOOKUP(BB$13,'Option X3'!$D$6:$E$20,2,0)","v":0},0,0,{"v":0,"d":"R 0.00"},{"v":0,"d":"R 0.00"},{"v":0,"d":"R 0.00"},null,1,null,0,null,{"$f":"VLOOKUP(BM$13,'Option X3'!$D$6:$E$20,2,0)","v":0},0,0,{"v":0,"d":"R 0.00"},{"v":0,"d":"R 0.00"},{"v":0,"d":"R 0.00"},null,1,null,0,null,{"$f":"VLOOKUP(BX$13,'Option X3'!$D$6:$E$20,2,0)","v":0},0,0,{"v":0,"d":"R 0.00"},{"v":0,"d":"R 0.00"},{"v":0,"d":"R 0.00"},null,1,null,0,null,{"$f":"VLOOKUP(CI$13,'Option X3'!$D$6:$E$20,2,0)","v":0},0,0,{"v":0,"d":"R 0.00"},{"v":0,"d":"R 0.00"},{"v":0,"d":"R 0.00"},null,1,null,0,null,{"$f":"VLOOKUP(CT$13,'Option X3'!$D$6:$E$20,2,0)","v":0},0,0,{"v":0,"d":"R 0.00"},{"v":0,"d":"R 0.00"},{"v":0,"d":"R 0.00"}]
[31,{"$nulls":4},1,null,0,null,{"$f":"VLOOKUP(J$13,'Option X3'!$D$6:$E$20,2,0)","v":0},0,0,{"v":0,"d":"R 0.00"},{"v":0,"d":"R 0.00"},{"v":0,"d":"R 0.00"},null,1,null,0,null,{"$f":"VLOOKUP(U$13,'Option X3'!$D$6:$E$20,2,0)","v":0},0,0,{"v":0,"d":"R 0.00"},{"v":0,"d":"R 0.00"},{"v":0,"d":"R 0.00"},null,1,null,0,null,{"$f":"VLOOKUP(AF$13,'Option X3'!$D$6:$E$20,2,0)","v":0},0,0,{"v":0,"d":"R 0.00"},{"v":0,"d":"R 0.00"},{"v":0,"d":"R 0.00"},null,1,null,0,null,{"$f":"VLOOKUP(AQ$13,'Option X3'!$D$6:$E$20,2,0)","v":0},0,0,{"v":0,"d":"R 0.00"},{"v":0,"d":"R 0.00"},{"v":0,"d":"R 0.00"},null,1,null,0,null,{"$f":"VLOOKUP(BB$13,'Option X3'!$D$6:$E$20,2,0)","v":0},0,0,{"v":0,"d":"R 0.00"},{"v":0,"d":"R 0.00"},{"v":0,"d":"R 0.00"},null,1,null,0,null,{"$f":"VLOOKUP(BM$13,'Option X3'!$D$6:$E$20,2,0)","v":0},0,0,{"v":0,"d":"R 0.00"},{"v":0,"d":"R 0.00"},{"v":0,"d":"R 0.00"},null,1,null,0,null,{"$f":"VLOOKUP(BX$13,'Option X3'!$D$6:$E$20,2,0)","v":0},0,0,{"v":0,"d":"R 0.00"},{"v":0,"d":"R 0.00"},{"v":0,"d":"R 0.00"},null,1,null,0,null,{"$f":"VLOOKUP(CI$13,'Option X3'!$D$6:$E$20,2,0)","v":0},0,0,{"v":0,"d":"R 0.00"},{"v":0,"d":"R 0.00"},{"v":0,"d":"R 0.00"},null,1,null,0,null,{"$f":"VLOOKUP(CT$13,'Option X3'!$D$6:$E$20,2,0)","v":0},0,0,{"v":0,"d":"R 0.00"},{"v":0,"d":"R 0.00"},{"v":0,"d":"R 0.00"}]
[32,{"$nulls":4},1,null,0,null,{"$f":"VLOOKUP(J$13,'Option X3'!$D$6:$E$20,2,0)","v":0},0,0,{"v":0,"d":"R 0.00"},{"v":0,"d":"R 0.00"},{"v":0,"d":"R 0.00"},null,1,null,0,null,{"$f":"VLOOKUP(U$13,'Option X3'!$D$6:$E$20,2,0)","v":0},0,0,{"v":0,"d":"R 0.00"},{"v":0,"d":"R 0.00"},{"v":0,"d":"R 0.00"},null,1,null,0,null,{"$f":"VLOOKUP(AF$13,'Option X3'!$D$6:$E$20,2,0)","v":0},0,0,{"v":0,"d":"R 0.00"},{"v":0,"d":"R 0.00"},{"v":0,"d":"R 0.00"},null,1,null,0,null,{"$f":"VLOOKUP(AQ$13,'Option X3'!$D$6:$E$20,2,0)","v":0},0,0,{"v":0,"d":"R 0.00"},{"v":0,"d":"R 0.00"},{"v":0,"d":"R 0.00"},null,1,null,0,null,{"$f":"VLOOKUP(BB$13,'Option X3'!$D$6:$E$20,2,0)","v":0},0,0,{"v":0,"d":"R 0.00"},{"v":0,"d":"R 0.00"},{"v":0,"d":"R 0.00"},null,1,null,0,null,{"$f":"VLOOKUP(BM$13,'Option X3'!$D$6:$E$20,2,0)","v":0},0,0,{"v":0,"d":"R 0.00"},{"v":0,"d":"R 0.00"},{"v":0,"d":"R 0.00"},null,1,null,0,null,{"$f":"VLOOKUP(BX$13,'Option X3'!$D$6:$E$20,2,0)","v":0},0,0,{"v":0,"d":"R 0.00"},{"v":0,"d":"R 0.00"},{"v":0,"d":"R 0.00"},null,1,null,0,null,{"$f":"VLOOKUP(CI$13,'Option X3'!$D$6:$E$20,2,0)","v":0},0,0,{"v":0,"d":"R 0.00"},{"v":0,"d":"R 0.00"},{"v":0,"d":"R 0.00"},null,1,null,0,null,{"$f":"VLOOKUP(CT$13,'Option X3'!$D$6:$E$20,2,0)","v":0},0,0,{"v":0,"d":"R 0.00"},{"v":0,"d":"R 0.00"},{"v":0,"d":"R 0.00"}]
[33,{"$nulls":4},1,null,0,null,{"$f":"VLOOKUP(J$13,'Option X3'!$D$6:$E$20,2,0)","v":0},0,0,{"v":0,"d":"R 0.00"},{"v":0,"d":"R 0.00"},{"v":0,"d":"R 0.00"},null,1,null,0,null,{"$f":"VLOOKUP(U$13,'Option X3'!$D$6:$E$20,2,0)","v":0},0,0,{"v":0,"d":"R 0.00"},{"v":0,"d":"R 0.00"},{"v":0,"d":"R 0.00"},null,1,null,0,null,{"$f":"VLOOKUP(AF$13,'Option X3'!$D$6:$E$20,2,0)","v":0},0,0,{"v":0,"d":"R 0.00"},{"v":0,"d":"R 0.00"},{"v":0,"d":"R 0.00"},null,1,null,0,null,{"$f":"VLOOKUP(AQ$13,'Option X3'!$D$6:$E$20,2,0)","v":0},0,0,{"v":0,"d":"R 0.00"},{"v":0,"d":"R 0.00"},{"v":0,"d":"R 0.00"},null,1,null,0,null,{"$f":"VLOOKUP(BB$13,'Option X3'!$D$6:$E$20,2,0)","v":0},0,0,{"v":0,"d":"R 0.00"},{"v":0,"d":"R 0.00"},{"v":0,"d":"R 0.00"},null,1,null,0,null,{"$f":"VLOOKUP(BM$13,'Option X3'!$D$6:$E$20,2,0)","v":0},0,0,{"v":0,"d":"R 0.00"},{"v":0,"d":"R 0.00"},{"v":0,"d":"R 0.00"},null,1,null,0,null,{"$f":"VLOOKUP(BX$13,'Option X3'!$D$6:$E$20,2,0)","v":0},0,0,{"v":0,"d":"R 0.00"},{"v":0,"d":"R 0.00"},{"v":0,"d":"R 0.00"},null,1,null,0,null,{"$f":"VLOOKUP(CI$13,'Option X3'!$D$6:$E$20,2,0)","v":0},0,0,{"v":0,"d":"R 0.00"},{"v":0,"d":"R 0.00"},{"v":0,"d":"R 0.00"},null,1,null,0,null,{"$f":"VLOOKUP(CT$13,'Option X3'!$D$6:$E$20,2,0)","v":0},0,0,{"v":0,"d":"R 0.00"},{"v":0,"d":"R 0.00"},{"v":0,"d":"R 0.00"}]
[34,{"$nulls":4},1,null,0,null,{"$f":"VLOOKUP(J$13,'Option X3'!$D$6:$E$20,2,0)","v":0},0,0,{"v":0,"d":"R 0.00"},{"v":0,"d":"R 0.00"},{"v":0,"d":"R 0.00"},null,1,null,0,null,{"$f":"VLOOKUP(U$13,'Option X3'!$D$6:$E$20,2,0)","v":0},0,0,{"v":0,"d":"R 0.00"},{"v":0,"d":"R 0.00"},{"v":0,"d":"R 0.00"},null,1,null,0,null,{"$f":"VLOOKUP(AF$13,'Option X3'!$D$6:$E$20,2,0)","v":0},0,0,{"v":0,"d":"R 0.00"},{"v":0,"d":"R 0.00"},{"v":0,"d":"R 0.00"},null,1,null,0,null,{"$f":"VLOOKUP(AQ$13,'Option X3'!$D$6:$E$20,2,0)","v":0},0,0,{"v":0,"d":"R 0.00"},{"v":0,"d":"R 0.00"},{"v":0,"d":"R 0.00"},null,1,null,0,null,{"$f":"VLOOKUP(BB$13,'Option X3'!$D$6:$E$20,2,0)","v":0},0,0,{"v":0,"d":"R 0.00"},{"v":0,"d":"R 0.00"},{"v":0,"d":"R 0.00"},null,1,null,0,null,{"$f":"VLOOKUP(BM$13,'Option X3'!$D$6:$E$20,2,0)","v":0},0,0,{"v":0,"d":"R 0.00"},{"v":0,"d":"R 0.00"},{"v":0,"d":"R 0.00"},null,1,null,0,null,{"$f":"VLOOKUP(BX$13,'Option X3'!$D$6:$E$20,2,0)","v":0},0,0,{"v":0,"d":"R 0.00"},{"v":0,"d":"R 0.00"},{"v":0,"d":"R 0.00"},null,1,null,0,null,{"$f":"VLOOKUP(CI$13,'Option X3'!$D$6:$E$20,2,0)","v":0},0,0,{"v":0,"d":"R 0.00"},{"v":0,"d":"R 0.00"},{"v":0,"d":"R 0.00"},null,1,null,0,null,{"$f":"VLOOKUP(CT$13,'Option X3'!$D$6:$E$20,2,0)","v":0},0,0,{"v":0,"d":"R 0.00"},{"v":0,"d":"R 0.00"},{"v":0,"d":"R 0.00"}]
[35,{"$nulls":4},1,null,0,null,{"$f":"VLOOKUP(J$13,'Option X3'!$D$6:$E$20,2,0)","v":0},0,0,{"v":0,"d":"R 0.00"},{"v":0,"d":"R 0.00"},{"v":0,"d":"R 0.00"},null,1,null,0,null,{"$f":"VLOOKUP(U$13,'Option X3'!$D$6:$E$20,2,0)","v":0},0,0,{"v":0,"d":"R 0.00"},{"v":0,"d":"R 0.00"},{"v":0,"d":"R 0.00"},null,1,null,0,null,{"$f":"VLOOKUP(AF$13,'Option X3'!$D$6:$E$20,2,0)","v":0},0,0,{"v":0,"d":"R 0.00"},{"v":0,"d":"R 0.00"},{"v":0,"d":"R 0.00"},null,1,null,0,null,{"$f":"VLOOKUP(AQ$13,'Option X3'!$D$6:$E$20,2,0)","v":0},0,0,{"v":0,"d":"R 0.00"},{"v":0,"d":"R 0.00"},{"v":0,"d":"R 0.00"},null,1,null,0,null,{"$f":"VLOOKUP(BB$13,'Option X3'!$D$6:$E$20,2,0)","v":0},0,0,{"v":0,"d":"R 0.00"},{"v":0,"d":"R 0.00"},{"v":0,"d":"R 0.00"},null,1,null,0,null,{"$f":"VLOOKUP(BM$13,'Option X3'!$D$6:$E$20,2,0)","v":0},0,0,{"v":0,"d":"R 0.00"},{"v":0,"d":"R 0.00"},{"v":0,"d":"R 0.00"},null,1,null,0,null,{"$f":"VLOOKUP(BX$13,'Option X3'!$D$6:$E$20,2,0)","v":0},0,0,{"v":0,"d":"R 0.00"},{"v":0,"d":"R 0.00"},{"v":0,"d":"R 0.00"},null,1,null,0,null,{"$f":"VLOOKUP(CI$13,'Option X3'!$D$6:$E$20,2,0)","v":0},0,0,{"v":0,"d":"R 0.00"},{"v":0,"d":"R 0.00"},{"v":0,"d":"R 0.00"},null,1,null,0,null,{"$f":"VLOOKUP(CT$13,'Option X3'!$D$6:$E$20,2,0)","v":0},0,0,{"v":0,"d":"R 0.00"},{"v":0,"d":"R 0.00"},{"v":0,"d":"R 0.00"}]
[36,{"$nulls":4},1,null,0,null,{"$f":"VLOOKUP(J$13,'Option X3'!$D$6:$E$20,2,0)","v":0},0,0,{"v":0,"d":"R 0.00"},{"v":0,"d":"R 0.00"},{"v":0,"d":"R 0.00"},null,1,null,0,null,{"$f":"VLOOKUP(U$13,'Option X3'!$D$6:$E$20,2,0)","v":0},0,0,{"v":0,"d":"R 0.00"},{"v":0,"d":"R 0.00"},{"v":0,"d":"R 0.00"},null,1,null,0,null,{"$f":"VLOOKUP(AF$13,'Option X3'!$D$6:$E$20,2,0)","v":0},0,0,{"v":0,"d":"R 0.00"},{"v":0,"d":"R 0.00"},{"v":0,"d":"R 0.00"},null,1,null,0,null,{"$f":"VLOOKUP(AQ$13,'Option X3'!$D$6:$E$20,2,0)","v":0},0,0,{"v":0,"d":"R 0.00"},{"v":0,"d":"R 0.00"},{"v":0,"d":"R 0.00"},null,1,null,0,null,{"$f":"VLOOKUP(BB$13,'Option X3'!$D$6:$E$20,2,0)","v":0},0,0,{"v":0,"d":"R 0.00"},{"v":0,"d":"R 0.00"},{"v":0,"d":"R 0.00"},null,1,null,0,null,{"$f":"VLOOKUP(BM$13,'Option X3'!$D$6:$E$20,2,0)","v":0},0,0,{"v":0,"d":"R 0.00"},{"v":0,"d":"R 0.00"},{"v":0,"d":"R 0.00"},null,1,null,0,null,{"$f":"VLOOKUP(BX$13,'Option X3'!$D$6:$E$20,2,0)","v":0},0,0,{"v":0,"d":"R 0.00"},{"v":0,"d":"R 0.00"},{"v":0,"d":"R 0.00"},null,1,null,0,null,{"$f":"VLOOKUP(CI$13,'Option X3'!$D$6:$E$20,2,0)","v":0},0,0,{"v":0,"d":"R 0.00"},{"v":0,"d":"R 0.00"},{"v":0,"d":"R 0.00"},null,1,null,0,null,{"$f":"VLOOKUP(CT$13,'Option X3'!$D$6:$E$20,2,0)","v":0},0,0,{"v":0,"d":"R 0.00"},{"v":0,"d":"R 0.00"},{"v":0,"d":"R 0.00"}]
[37,{"$nulls":4},1,null,0,null,{"$f":"VLOOKUP(J$13,'Option X3'!$D$6:$E$20,2,0)","v":0},0,0,{"v":0,"d":"R 0.00"},{"v":0,"d":"R 0.00"},{"v":0,"d":"R 0.00"},null,1,null,0,null,{"$f":"VLOOKUP(U$13,'Option X3'!$D$6:$E$20,2,0)","v":0},0,0,{"v":0,"d":"R 0.00"},{"v":0,"d":"R 0.00"},{"v":0,"d":"R 0.00"},null,1,null,0,null,{"$f":"VLOOKUP(AF$13,'Option X3'!$D$6:$E$20,2,0)","v":0},0,0,{"v":0,"d":"R 0.00"},{"v":0,"d":"R 0.00"},{"v":0,"d":"R 0.00"},null,1,null,0,null,{"$f":"VLOOKUP(AQ$13,'Option X3'!$D$6:$E$20,2,0)","v":0},0,0,{"v":0,"d":"R 0.00"},{"v":0,"d":"R 0.00"},{"v":0,"d":"R 0.00"},null,1,null,0,null,{"$f":"VLOOKUP(BB$13,'Option X3'!$D$6:$E$20,2,0)","v":0},0,0,{"v":0,"d":"R 0.00"},{"v":0,"d":"R 0.00"},{"v":0,"d":"R 0.00"},null,1,null,0,null,{"$f":"VLOOKUP(BM$13,'Option X3'!$D$6:$E$20,2,0)","v":0},0,0,{"v":0,"d":"R 0.00"},{"v":0,"d":"R 0.00"},{"v":0,"d":"R 0.00"},null,1,null,0,null,{"$f":"VLOOKUP(BX$13,'Option X3'!$D$6:$E$20,2,0)","v":0},0,0,{"v":0,"d":"R 0.00"},{"v":0,"d":"R 0.00"},{"v":0,"d":"R 0.00"},null,1,null,0,null,{"$f":"VLOOKUP(CI$13,'Option X3'!$D$6:$E$20,2,0)","v":0},0,0,{"v":0,"d":"R 0.00"},{"v":0,"d":"R 0.00"},{"v":0,"d":"R 0.00"},null,1,null,0,null,{"$f":"VLOOKUP(CT$13,'Option X3'!$D$6:$E$20,2,0)","v":0},0,0,{"v":0,"d":"R 0.00"},{"v":0,"d":"R 0.00"},{"v":0,"d":"R 0.00"}]
[38,{"$nulls":4},1,null,0,null,{"$f":"VLOOKUP(J$13,'Option X3'!$D$6:$E$20,2,0)","v":0},0,0,{"v":0,"d":"R 0.00"},{"v":0,"d":"R 0.00"},{"v":0,"d":"R 0.00"},null,1,null,0,null,{"$f":"VLOOKUP(U$13,'Option X3'!$D$6:$E$20,2,0)","v":0},0,0,{"v":0,"d":"R 0.00"},{"v":0,"d":"R 0.00"},{"v":0,"d":"R 0.00"},null,1,null,0,null,{"$f":"VLOOKUP(AF$13,'Option X3'!$D$6:$E$20,2,0)","v":0},0,0,{"v":0,"d":"R 0.00"},{"v":0,"d":"R 0.00"},{"v":0,"d":"R 0.00"},null,1,null,0,null,{"$f":"VLOOKUP(AQ$13,'Option X3'!$D$6:$E$20,2,0)","v":0},0,0,{"v":0,"d":"R 0.00"},{"v":0,"d":"R 0.00"},{"v":0,"d":"R 0.00"},null,1,null,0,null,{"$f":"VLOOKUP(BB$13,'Option X3'!$D$6:$E$20,2,0)","v":0},0,0,{"v":0,"d":"R 0.00"},{"v":0,"d":"R 0.00"},{"v":0,"d":"R 0.00"},null,1,null,0,null,{"$f":"VLOOKUP(BM$13,'Option X3'!$D$6:$E$20,2,0)","v":0},0,0,{"v":0,"d":"R 0.00"},{"v":0,"d":"R 0.00"},{"v":0,"d":"R 0.00"},null,1,null,0,null,{"$f":"VLOOKUP(BX$13,'Option X3'!$D$6:$E$20,2,0)","v":0},0,0,{"v":0,"d":"R 0.00"},{"v":0,"d":"R 0.00"},{"v":0,"d":"R 0.00"},null,1,null,0,null,{"$f":"VLOOKUP(CI$13,'Option X3'!$D$6:$E$20,2,0)","v":0},0,0,{"v":0,"d":"R 0.00"},{"v":0,"d":"R 0.00"},{"v":0,"d":"R 0.00"},null,1,null,0,null,{"$f":"VLOOKUP(CT$13,'Option X3'!$D$6:$E$20,2,0)","v":0},0,0,{"v":0,"d":"R 0.00"},{"v":0,"d":"R 0.00"},{"v":0,"d":"R 0.00"}]
[39,{"$nulls":4},1,null,0,null,{"$f":"VLOOKUP(J$13,'Option X3'!$D$6:$E$20,2,0)","v":0},0,0,{"v":0,"d":"R 0.00"},{"v":0,"d":"R 0.00"},{"v":0,"d":"R 0.00"},null,1,null,0,null,{"$f":"VLOOKUP(U$13,'Option X3'!$D$6:$E$20,2,0)","v":0},0,0,{"v":0,"d":"R 0.00"},{"v":0,"d":"R 0.00"},{"v":0,"d":"R 0.00"},null,1,null,0,null,{"$f":"VLOOKUP(AF$13,'Option X3'!$D$6:$E$20,2,0)","v":0},0,0,{"v":0,"d":"R 0.00"},{"v":0,"d":"R 0.00"},{"v":0,"d":"R 0.00"},null,1,null,0,null,{"$f":"VLOOKUP(AQ$13,'Option X3'!$D$6:$E$20,2,0)","v":0},0,0,{"v":0,"d":"R 0.00"},{"v":0,"d":"R 0.00"},{"v":0,"d":"R 0.00"},null,1,null,0,null,{"$f":"VLOOKUP(BB$13,'Option X3'!$D$6:$E$20,2,0)","v":0},0,0,{"v":0,"d":"R 0.00"},{"v":0,"d":"R 0.00"},{"v":0,"d":"R 0.00"},null,1,null,0,null,{"$f":"VLOOKUP(BM$13,'Option X3'!$D$6:$E$20,2,0)","v":0},0,0,{"v":0,"d":"R 0.00"},{"v":0,"d":"R 0.00"},{"v":0,"d":"R 0.00"},null,1,null,0,null,{"$f":"VLOOKUP(BX$13,'Option X3'!$D$6:$E$20,2,0)","v":0},0,0,{"v":0,"d":"R 0.00"},{"v":0,"d":"R 0.00"},{"v":0,"d":"R 0.00"},null,1,null,0,null,{"$f":"VLOOKUP(CI$13,'Option X3'!$D$6:$E$20,2,0)","v":0},0,0,{"v":0,"d":"R 0.00"},{"v":0,"d":"R 0.00"},{"v":0,"d":"R 0.00"},null,1,null,0,null,{"$f":"VLOOKUP(CT$13,'Option X3'!$D$6:$E$20,2,0)","v":0},0,0,{"v":0,"d":"R 0.00"},{"v":0,"d":"R 0.00"},{"v":0,"d":"R 0.00"}]
[40,{"$nulls":4},1,null,0,null,{"$f":"VLOOKUP(J$13,'Option X3'!$D$6:$E$20,2,0)","v":0},0,0,{"v":0,"d":"R 0.00"},{"v":0,"d":"R 0.00"},{"v":0,"d":"R 0.00"},null,1,null,0,null,{"$f":"VLOOKUP(U$13,'Option X3'!$D$6:$E$20,2,0)","v":0},0,0,{"v":0,"d":"R 0.00"},{"v":0,"d":"R 0.00"},{"v":0,"d":"R 0.00"},null,1,null,0,null,{"$f":"VLOOKUP(AF$13,'Option X3'!$D$6:$E$20,2,0)","v":0},0,0,{"v":0,"d":"R 0.00"},{"v":0,"d":"R 0.00"},{"v":0,"d":"R 0.00"},null,1,null,0,null,{"$f":"VLOOKUP(AQ$13,'Option X3'!$D$6:$E$20,2,0)","v":0},0,0,{"v":0,"d":"R 0.00"},{"v":0,"d":"R 0.00"},{"v":0,"d":"R 0.00"},null,1,null,0,null,{"$f":"VLOOKUP(BB$13,'Option X3'!$D$6:$E$20,2,0)","v":0},0,0,{"v":0,"d":"R 0.00"},{"v":0,"d":"R 0.00"},{"v":0,"d":"R 0.00"},null,1,null,0,null,{"$f":"VLOOKUP(BM$13,'Option X3'!$D$6:$E$20,2,0)","v":0},0,0,{"v":0,"d":"R 0.00"},{"v":0,"d":"R 0.00"},{"v":0,"d":"R 0.00"},null,1,null,0,null,{"$f":"VLOOKUP(BX$13,'Option X3'!$D$6:$E$20,2,0)","v":0},0,0,{"v":0,"d":"R 0.00"},{"v":0,"d":"R 0.00"},{"v":0,"d":"R 0.00"},null,1,null,0,null,{"$f":"VLOOKUP(CI$13,'Option X3'!$D$6:$E$20,2,0)","v":0},0,0,{"v":0,"d":"R 0.00"},{"v":0,"d":"R 0.00"},{"v":0,"d":"R 0.00"},null,1,null,0,null,{"$f":"VLOOKUP(CT$13,'Option X3'!$D$6:$E$20,2,0)","v":0},0,0,{"v":0,"d":"R 0.00"},{"v":0,"d":"R 0.00"},{"v":0,"d":"R 0.00"}]
[41,{"$nulls":4},1,null,0,null,{"$f":"VLOOKUP(J$13,'Option X3'!$D$6:$E$20,2,0)","v":0},0,0,{"v":0,"d":"R 0.00"},{"v":0,"d":"R 0.00"},{"v":0,"d":"R 0.00"},null,1,null,0,null,{"$f":"VLOOKUP(U$13,'Option X3'!$D$6:$E$20,2,0)","v":0},0,0,{"v":0,"d":"R 0.00"},{"v":0,"d":"R 0.00"},{"v":0,"d":"R 0.00"},null,1,null,0,null,{"$f":"VLOOKUP(AF$13,'Option X3'!$D$6:$E$20,2,0)","v":0},0,0,{"v":0,"d":"R 0.00"},{"v":0,"d":"R 0.00"},{"v":0,"d":"R 0.00"},null,1,null,0,null,{"$f":"VLOOKUP(AQ$13,'Option X3'!$D$6:$E$20,2,0)","v":0},0,0,{"v":0,"d":"R 0.00"},{"v":0,"d":"R 0.00"},{"v":0,"d":"R 0.00"},null,1,null,0,null,{"$f":"VLOOKUP(BB$13,'Option X3'!$D$6:$E$20,2,0)","v":0},0,0,{"v":0,"d":"R 0.00"},{"v":0,"d":"R 0.00"},{"v":0,"d":"R 0.00"},null,1,null,0,null,{"$f":"VLOOKUP(BM$13,'Option X3'!$D$6:$E$20,2,0)","v":0},0,0,{"v":0,"d":"R 0.00"},{"v":0,"d":"R 0.00"},{"v":0,"d":"R 0.00"},null,1,null,0,null,{"$f":"VLOOKUP(BX$13,'Option X3'!$D$6:$E$20,2,0)","v":0},0,0,{"v":0,"d":"R 0.00"},{"v":0,"d":"R 0.00"},{"v":0,"d":"R 0.00"},null,1,null,0,null,{"$f":"VLOOKUP(CI$13,'Option X3'!$D$6:$E$20,2,0)","v":0},0,0,{"v":0,"d":"R 0.00"},{"v":0,"d":"R 0.00"},{"v":0,"d":"R 0.00"},null,1,null,0,null,{"$f":"VLOOKUP(CT$13,'Option X3'!$D$6:$E$20,2,0)","v":0},0,0,{"v":0,"d":"R 0.00"},{"v":0,"d":"R 0.00"},{"v":0,"d":"R 0.00"}]
[42,{"$nulls":4},1,null,0,null,{"$f":"VLOOKUP(J$13,'Option X3'!$D$6:$E$20,2,0)","v":0},0,0,{"v":0,"d":"R 0.00"},{"v":0,"d":"R 0.00"},{"v":0,"d":"R 0.00"},null,1,null,0,null,{"$f":"VLOOKUP(U$13,'Option X3'!$D$6:$E$20,2,0)","v":0},0,0,{"v":0,"d":"R 0.00"},{"v":0,"d":"R 0.00"},{"v":0,"d":"R 0.00"},null,1,null,0,null,{"$f":"VLOOKUP(AF$13,'Option X3'!$D$6:$E$20,2,0)","v":0},0,0,{"v":0,"d":"R 0.00"},{"v":0,"d":"R 0.00"},{"v":0,"d":"R 0.00"},null,1,null,0,null,{"$f":"VLOOKUP(AQ$13,'Option X3'!$D$6:$E$20,2,0)","v":0},0,0,{"v":0,"d":"R 0.00"},{"v":0,"d":"R 0.00"},{"v":0,"d":"R 0.00"},null,1,null,0,null,{"$f":"VLOOKUP(BB$13,'Option X3'!$D$6:$E$20,2,0)","v":0},0,0,{"v":0,"d":"R 0.00"},{"v":0,"d":"R 0.00"},{"v":0,"d":"R 0.00"},null,1,null,0,null,{"$f":"VLOOKUP(BM$13,'Option X3'!$D$6:$E$20,2,0)","v":0},0,0,{"v":0,"d":"R 0.00"},{"v":0,"d":"R 0.00"},{"v":0,"d":"R 0.00"},null,1,null,0,null,{"$f":"VLOOKUP(BX$13,'Option X3'!$D$6:$E$20,2,0)","v":0},0,0,{"v":0,"d":"R 0.00"},{"v":0,"d":"R 0.00"},{"v":0,"d":"R 0.00"},null,1,null,0,null,{"$f":"VLOOKUP(CI$13,'Option X3'!$D$6:$E$20,2,0)","v":0},0,0,{"v":0,"d":"R 0.00"},{"v":0,"d":"R 0.00"},{"v":0,"d":"R 0.00"},null,1,null,0,null,{"$f":"VLOOKUP(CT$13,'Option X3'!$D$6:$E$20,2,0)","v":0},0,0,{"v":0,"d":"R 0.00"},{"v":0,"d":"R 0.00"},{"v":0,"d":"R 0.00"}]
[43,{"$nulls":4},1,null,0,null,{"$f":"VLOOKUP(J$13,'Option X3'!$D$6:$E$20,2,0)","v":0},0,0,{"v":0,"d":"R 0.00"},{"v":0,"d":"R 0.00"},{"v":0,"d":"R 0.00"},null,1,null,0,null,{"$f":"VLOOKUP(U$13,'Option X3'!$D$6:$E$20,2,0)","v":0},0,0,{"v":0,"d":"R 0.00"},{"v":0,"d":"R 0.00"},{"v":0,"d":"R 0.00"},null,1,null,0,null,{"$f":"VLOOKUP(AF$13,'Option X3'!$D$6:$E$20,2,0)","v":0},0,0,{"v":0,"d":"R 0.00"},{"v":0,"d":"R 0.00"},{"v":0,"d":"R 0.00"},null,1,null,0,null,{"$f":"VLOOKUP(AQ$13,'Option X3'!$D$6:$E$20,2,0)","v":0},0,0,{"v":0,"d":"R 0.00"},{"v":0,"d":"R 0.00"},{"v":0,"d":"R 0.00"},null,1,null,0,null,{"$f":"VLOOKUP(BB$13,'Option X3'!$D$6:$E$20,2,0)","v":0},0,0,{"v":0,"d":"R 0.00"},{"v":0,"d":"R 0.00"},{"v":0,"d":"R 0.00"},null,1,null,0,null,{"$f":"VLOOKUP(BM$13,'Option X3'!$D$6:$E$20,2,0)","v":0},0,0,{"v":0,"d":"R 0.00"},{"v":0,"d":"R 0.00"},{"v":0,"d":"R 0.00"},null,1,null,0,null,{"$f":"VLOOKUP(BX$13,'Option X3'!$D$6:$E$20,2,0)","v":0},0,0,{"v":0,"d":"R 0.00"},{"v":0,"d":"R 0.00"},{"v":0,"d":"R 0.00"},null,1,null,0,null,{"$f":"VLOOKUP(CI$13,'Option X3'!$D$6:$E$20,2,0)","v":0},0,0,{"v":0,"d":"R 0.00"},{"v":0,"d":"R 0.00"},{"v":0,"d":"R 0.00"},null,1,null,0,null,{"$f":"VLOOKUP(CT$13,'Option X3'!$D$6:$E$20,2,0)","v":0},0,0,{"v":0,"d":"R 0.00"},{"v":0,"d":"R 0.00"},{"v":0,"d":"R 0.00"}]

{"sheet":"Option X3","index":9,"n_rows":21,"n_cols":7,"rows_kept":21,"merged":[[1,1,1,3],[1,4,1,6],[2,1,2,3],[2,4,2,6],[3,1,3,3],[3,4,3,6],[4,1,4,6],[20,1,20,6]]}
[]
[null,{"$f":"[10]Summary!C3","v":"ENQUIRY No"},null,null,{"$f":"'Cover Sheet'!C3","v":"E1270DXWC_"}]
[null,{"$f":"[10]Summary!C4","v":"COMMODITY"},null,null,{"$f":"'Cover Sheet'!C4","v":"FLAT PLATE, GEL, VALVE REGULATED LEAD ACID (VRLA) BATTERIES"}]
[null,{"$f":"[10]Summary!C5","v":"SUPPLIER"},null,null,{"$f":"IF('Cover Sheet'!C5=\"\",\"\",'Cover Sheet'!C5)","v":""}]
[null,"MULTIPLE CURRENCIES - SECONDARY OPTION X3"]
[null,"No","Currency Description","Code","Foreign Exchange Currency 1,00 =","Date Published","Source"]
[null,1,"Austrailian Dollar","AUD"]
[null,{"$f":"B7+1","v":2},"Canadian Dollar","CAD"]
[null,3,"Swiss Franc","CHF"]
[null,4,"Danish Krone","DKK"]
[null,5,"European Currency","EUR"]
[null,6,"British Pound","GBP"]
[null,7,"Hong Kong Dollar","HKD"]
[null,8,"Japanese Yen","JPY"]
[null,9,"Norwegian Krone","NOK"]
[null,10,"New Zealand Dollar","NZD"]
[null,11,"Swedish Krone","SEK"]
[null,12,"Singapore Dollar","SGD"]
[null,{"$f":"+B18+1","v":13},"United States Dollars","USD"]
[null,14,"South African Rand","ZAR",{"v":1,"d":"R 1.000000"}]
[null,"Note:  Above is the list for which Foreign Exchange Cover can be obtained. Should   your tender be in  currency not indicated on this list, kindly contact the Eskom Commercial Department who will liaise with Eskom Treasury for sanction to use that currency."]

{"sheet":"Option X1","index":10,"n_rows":108,"n_cols":15,"rows_kept":108,"merged":[[1,1,1,2],[1,3,1,5],[2,1,2,2],[2,3,2,5],[3,1,3,2],[3,3,3,5],[4,1,4,5],[6,2,6,5],[7,2,7,5],[8,2,8,5],[9,2,9,5],[10,2,10,5],[11,2,11,5],[12,2,12,5],[13,2,13,5],[14,2,14,5],[15,2,15,5],[16,2,16,5],[20,2,26,2],[29,2,35,2],[38,2,44,2],[47,2,53,2],[56,2,62,2],[65,2,71,2],[74,2,80,2],[83,2,89,2],[92,2,98,2],[101,2,107,2]]}
[]
[null,"ENQUIRY No",null,{"$f":"'Cover Sheet'!C3","v":"E1270DXWC_"}]
[null,"COMMODITY",null,{"$f":"'Cover Sheet'!C4","v":"FLAT PLATE, GEL, VALVE REGULATED LEAD ACID (VRLA) BATTERIES"}]
[null,"SUPPLIER",null,{"$f":"IF('Cover Sheet'!C5=\"\",\"\",'Cover Sheet'!C5)","v":""}]
[null,"PRICE ADJUSTMENT FOR INFLATION - SECONDARY OPTION X1"]
[null,"No","Description of Formula"]
[null,"Fixed","Firm and Fixed"]
[null,"01",{"$f":"C21","v":"Description of formula 1"}]
[null,"02",{"$f":"C30","v":"Description of formula 2"}]
[null,"03",{"$f":"C39","v":"Description of formula 3"}]
[null,"04",{"$f":"C48","v":"Description of formula 4"}]
[null,"05",{"$f":"C57","v":"Description of formula 5"}]
[null,"06",{"$f":"C66","v":"Description of formula 6"}]
[null,"07",{"$f":"C75","v":"Description of formula 7"}]
[null,"08",{"$f":"C84","v":"Description of formula 8"}]
[null,"09",{"$f":"C93","v":"Description of formula 9"}]
[null,"010",{"$f":"C102","v":"Description of formula 10"}]
[]
[]
[null,"CPA No","Description","Index","Proportion / Coefficient / Weight / Base reference price","Scope of Index (eg Labour)","Title/Definition : Linked to the index, e.g., Table C3, All hourly paid employees.  Must be completely defined","Source of Index ","Base month if not Base Date as defined ","Base index","Formula Currency Code","Currency Code","Exchange Rate Currency 1,00 =","Historical Data  (Yes/No)","Internet address"]
[null,"01","Description of formula 1","a",null,null,"Table of indices","Source of indices","1 Month before tender close","Index in the base month","Currency","N/A","Rate",null,"Provide the website address"]
[null,"01",null,"b"]
[null,"01",null,"c"]
[null,"01",null,"d"]
[null,"01",null,"e"]
[null,"01",null,"f",{"v":0.15,"d":"0.150"},"Fixed Non-adjustable (0.15 minimum)"]
[null,"01",null,null,{"$f":"SUM(E21:E26)","v":{"v":0.15,"d":"0.150"}},"Total (1.00)"]
[]
[null,"CPA No","Description","Index","Proportion / Coefficient / Weight / Base reference price","Scope of Index (eg Labour)","Title/Definition : Linked to the index, e.g., Table C3, All hourly paid employees.  Must be completely defined","Source of Index ((indices prepared by (e.g. SEIFSA, StatsSA, LME)","Base month if not Base Date as defined ","Base index","Formula Currency Code","Currency Code","Exchange Rate Currency 1,00 =","Historical Data  (Yes/No)","Internet address"]
[null,"02","Description of formula 2","a",null,null,"Table of indices","Source of indices","1 Month before tender close","Index in the base month","Currency","N/A","Rate",null,"Provide the website address"]
[null,"02",{"$f":"C30","v":"Description of formula 2"},"b"]
[null,"02","Description of formula 2","c"]
[null,"02","Description of formula 2","d"]
[null,"02","Description of formula 2","e"]
[null,"02","Description of formula 2","f",{"v":0.15,"d":"0.150"},"Fixed Non-adjustable (0.15 minimum)"]
[null,"02","Description of formula 2",null,{"$f":"SUM(E30:E35)","v":{"v":0.15,"d":"0.150"}},"Total (1.00)"]
[]
[null,"CPA No","Description","Index","Proportion / Coefficient / Weight / Base reference price","Scope of Index (eg Labour)","Title/Definition : Linked to the index, e.g., Table C3, All hourly paid employees.  Must be completely defined","Source of Index ((indices prepared by (e.g. SEIFSA, StatsSA, LME)","Base month if not Base Date as defined ","Base index","Formula Currency Code","Currency Code","Exchange Rate Currency 1,00 =","Historical Data  (Yes/No)","Internet address"]
[null,"03","Description of formula 3","a",null,null,"Table of indices","Source of indices","1 Month before tender close","Index in the base month","Currency","N/A","Rate",null,"Provide the website address"]
[null,"03",{"$f":"C39","v":"Description of formula 3"},"b"]
[null,"03","Description of formula 3","c"]
[null,"03","Description of formula 3","d"]
[null,"03","Description of formula 3","e"]
[null,"03","Description of formula 3","f",{"v":0.15,"d":"0.150"},"Fixed Non-adjustable (0.15 minimum)"]
[null,"03","Description of formula 3",null,{"$f":"SUM(E39:E44)","v":{"v":0.15,"d":"0.150"}},"Total (1.00)"]
[]
[null,"CPA No","Description","Index","Proportion / Coefficient / Weight / Base reference price","Scope of Index (eg Labour)","Title/Definition : Linked to the index, e.g., Table C3, All hourly paid employees.  Must be completely defined","Source of Index ((indices prepared by (e.g. SEIFSA, StatsSA, LME)","Base month if not Base Date as defined ","Base index","Formula Currency Code","Currency Code","Exchange Rate Currency 1,00 =","Historical Data  (Yes/No)","Internet address"]
[null,"04","Description of formula 4","a",null,null,"Table of indices","Source of indices","1 Month before tender close","Index in the base month","Currency","N/A","Rate",null,"Provide the website address"]
[null,"04",{"$f":"C48","v":"Description of formula 4"},"b"]
[null,"04","Description of formula 4","c"]
[null,"04","Description of formula 4","d"]
[null,"04","Description of formula 4","e"]
[null,"04","Description of formula 4","f",{"v":0.15,"d":"0.150"},"Fixed Non-adjustable (0.15 minimum)"]
[null,"04","Description of formula 4",null,{"$f":"SUM(E48:E53)","v":{"v":0.15,"d":"0.150"}},"Total (1.00)"]
[]
[null,"CPA No","Description","Index","Proportion / Coefficient / Weight / Base reference price","Scope of Index (eg Labour)","Title/Definition : Linked to the index, e.g., Table C3, All hourly paid employees.  Must be completely defined","Source of Index ((indices prepared by (e.g. SEIFSA, StatsSA, LME)","Base month if not Base Date as defined ","Base index","Formula Currency Code","Currency Code","Exchange Rate Currency 1,00 =","Historical Data  (Yes/No)","Internet address"]
[null,"05","Description of formula 5","a",null,null,"Table of indices","Source of indices","1 Month before tender close","Index in the base month","Currency","N/A","Rate",null,"Provide the website address"]
[null,"05",{"$f":"C57","v":"Description of formula 5"},"b"]
[null,"05","Description of formula 5","c"]
[null,"05","Description of formula 5","d"]
[null,"05","Description of formula 5","e"]
[null,"05","Description of formula 5","f",{"v":0.15,"d":"0.150"},"Fixed Non-adjustable (0.15 minimum)"]
[null,"05","Description of formula 5",null,{"$f":"SUM(E57:E62)","v":{"v":0.15,"d":"0.150"}},"Total (1.00)"]
[]
[null,"CPA No","Description","Index","Proportion / Coefficient / Weight / Base reference price","Scope of Index (eg Labour)","Title/Definition : Linked to the index, e.g., Table C3, All hourly paid employees.  Must be completely defined","Source of Index ((indices prepared by (e.g. SEIFSA, StatsSA, LME)","Base month if not Base Date as defined ","Base index","Formula Currency Code","Currency Code","Exchange Rate Currency 1,00 =","Historical Data  (Yes/No)","Internet address"]
[null,"06","Description of formula 6","a",null,null,"Table of indices","Source of indices","1 Month before tender close","Index in the base month","Currency","N/A","Rate",null,"Provide the website address"]
[null,"06",{"$f":"C66","v":"Description of formula 6"},"b"]
[null,"06","Description of formula 6","c"]
[null,"06","Description of formula 6","d"]
[null,"06","Description of formula 6","e"]
[null,"06","Description of formula 6","f",{"v":0.15,"d":"0.150"},"Fixed Non-adjustable (0.15 minimum)"]
[null,"06","Description of formula 6",null,{"$f":"SUM(E66:E71)","v":{"v":0.15,"d":"0.150"}},"Total (1.00)"]
[]
[null,"CPA No","Description","Index","Proportion / Coefficient / Weight / Base reference price","Scope of Index (eg Labour)","Title/Definition : Linked to the index, e.g., Table C3, All hourly paid employees.  Must be completely defined","Source of Index ((indices prepared by (e.g. SEIFSA, StatsSA, LME)","Base month if not Base Date as defined ","Base index","Formula Currency Code","Currency Code","Exchange Rate Currency 1,00 =","Historical Data  (Yes/No)","Internet address"]
[null,"07","Description of formula 7","a",null,null,"Table of indices","Source of indices","1 Month before tender close","Index in the base month","Currency","N/A","Rate",null,"Provide the website address"]
[null,"07",{"$f":"C75","v":"Description of formula 7"},"b"]
[null,"07","Description of formula 7","c"]
[null,"07","Description of formula 7","d"]
[null,"07","Description of formula 7","e"]
[null,"07","Description of formula 7","f",{"v":0.15,"d":"0.150"},"Fixed Non-adjustable (0.15 minimum)"]
[null,"07","Description of formula 7",null,{"$f":"SUM(E75:E80)","v":{"v":0.15,"d":"0.150"}},"Total (1.00)"]
[]
[null,"CPA No","Description","Index","Proportion / Coefficient / Weight / Base reference price","Scope of Index (eg Labour)","Title/Definition : Linked to the index, e.g., Table C3, All hourly paid employees.  Must be completely defined","Source of Index ((indices prepared by (e.g. SEIFSA, StatsSA, LME)","Base month if not Base Date as defined ","Base index","Formula Currency Code","Currency Code","Exchange Rate Currency 1,00 =","Historical Data  (Yes/No)","Internet address"]
[null,"08","Description of formula 8","a",null,null,"Table of indices","Source of indices","1 Month before tender close","Index in the base month","Currency","N/A","Rate",null,"Provide the website address"]
[null,"08",{"$f":"C84","v":"Description of formula 8"},"b"]
[null,"08","Description of formula 8","c"]
[null,"08","Description of formula 8","d"]
[null,"08","Description of formula 8","e"]
[null,"08","Description of formula 8","f",{"v":0.15,"d":"0.150"},"Fixed Non-adjustable (0.15 minimum)"]
[null,"08","Description of formula 8",null,{"$f":"SUM(E84:E89)","v":{"v":0.15,"d":"0.150"}},"Total (1.00)"]
[]
[null,"CPA No","Description","Index","Proportion / Coefficient / Weight / Base reference price","Scope of Index (eg Labour)","Title/Definition : Linked to the index, e.g., Table C3, All hourly paid employees.  Must be completely defined","Source of Index ((indices prepared by (e.g. SEIFSA, StatsSA, LME)","Base month if not Base Date as defined ","Base index","Formula Currency Code","Currency Code","Exchange Rate Currency 1,00 =","Historical Data  (Yes/No)","Internet address"]
[null,"09","Description of formula 9","a",null,null,"Table of indices","Source of indices","1 Month before tender close","Index in the base month","Currency","N/A","Rate",null,"Provide the website address"]
[null,"09",{"$f":"C93","v":"Description of formula 9"},"b"]
[null,"09","Description of formula 9","c"]
[null,"09","Description of formula 9","d"]
[null,"09","Description of formula 9","e"]
[null,"09","Description of formula 9","f",{"v":0.15,"d":"0.150"},"Fixed Non-adjustable (0.15 minimum)"]
[null,"09","Description of formula 9",null,{"$f":"SUM(E93:E98)","v":{"v":0.15,"d":"0.150"}},"Total (1.00)"]
[]
[null,"CPA No","Description","Index","Proportion / Coefficient / Weight / Base reference price","Scope of Index (eg Labour)","Title/Definition : Linked to the index, e.g., Table C3, All hourly paid employees.  Must be completely defined","Source of Index ((indices prepared by (e.g. SEIFSA, StatsSA, LME)","Base month if not Base Date as defined ","Base index","Formula Currency Code","Currency Code","Exchange Rate Currency 1,00 =","Historical Data  (Yes/No)","Internet address"]
[null,{"$f":"B93+1","v":{"v":10,"d":"010"}},"Description of formula 10","a",null,null,"Table of indices","Source of indices","1 Month before tender close","Index in the base month","Currency","N/A","Rate",null,"Provide the website address"]
[null,{"$f":"B102","v":{"v":10,"d":"010"}},"Description of formula 10","b"]
[null,{"v":10,"d":"010"},"Description of formula 10","c"]
[null,{"v":10,"d":"010"},"Description of formula 10","d"]
[null,{"v":10,"d":"010"},"Description of formula 10","e"]
[null,{"v":10,"d":"010"},"Description of formula 10","f",{"v":0.15,"d":"0.150"},"Fixed Non-adjustable (0.15 minimum)"]
[null,{"v":10,"d":"010"},"Description of formula 10",null,{"$f":"SUM(E102:E107)","v":{"v":0.15,"d":"0.150"}},"Total (1.00)"]

{"sheet":"Indices","index":11,"n_rows":33,"n_cols":5,"rows_kept":33,"merged":[[10,3,19,3],[10,4,12,4],[12,5,13,5],[13,4,19,4],[14,5,15,5],[15,0,18,0],[16,5,17,5],[18,5,19,5],[20,0,20,4],[21,0,21,4]]}
[{"$f":"'[11]C2.2.0 Cover Page'!A12","v":"OFFER CATEGORY : E.g.  \"MAIN\", or \"ALTERNATIVE 3\", etc."}]
[]
[]
["PRESCRIBED INDICES"]
["Note :"]
["It is important that these indices are considered with the requirements in Spares and Tools and Maintenance and repairs,Training and IP"]
["Please go through the Eskom CPA strategy document attached."]
["LOCAL CPA INDICES","Latest"]
[]
["Labour","Commodities","Processed material","Transport","Others"]
["Labour general ","Steel:","Mechanical Engineering Material","\n\nSEIFSA, L2, road freight costs ","Consumer Price Index\n\nStatsSA, P0141\nTable A – Consumer Price Index: \nMain indices\n\nAll items( CPI Headline)\n(*Variable Name: CPS 00000)\n\n\nOR\n\nSEIFSA\nD Consumer Price Index (CPI)\n"]
["SEIFSA, C3, Actual Labour Costs, Hourly- Paid Employees","  StatsSA P0142.1\nTable 2 - PPI for intermediate manufactured goods\n \nBasic iron and steel\n(*Variable Name: PPD35100).\n","SEIFSA, G, Mechanical Engineering Materials"]
[null,"Copper:","Electrical Engineering Material"]
[null,"SEIFSA,  F, Copper Metric Ton",null,null,"Production Price Index  (PPI)\nStatsSA  P0142.1,  Table A – Key figures\n **Final manufactured goods\n(*Variable Name PPC3000) \nor\n**Intermediate manufactured goods\n(*Variable Name  PPD3000)\nOR\n\nSEIFSA,,  Table U                                                 **Final Manufactured Goods\nor\n**Intermediate  Manufactured Goods\n"]
["Labour general","Aluminium:-","SEIFSA, G, Electrical Engineering Material"]
["\n\n\nSEIFSA, C3 (a), Actual Labour Cost (field force) where subsistence allowance is paid","SEIFSA, R, "]
[null,"Zinc:-","Building and Construction Material"]
[null,"SEIFSA, F, Zinc","SEIFSA, G, Building and Construction Material"]
[null,"Lead:-"]
[null,"\nSEIFSA ,F, Lead"]
["*The Variable Numbers are indicate above for ease of finding the appropriate indices in the web pages of StatsSA’s “Inter Active Data” (e.g. index figures in Excel files)   "]
["**The use of Final or Intermediate Manufactured Goods depends on the nature of the cost component in the CPA formula"]
[]
[]
["FOREIGN CPA INDICES"]
[]
["Labour","Commodities","Processed material","Transport","Others"]
["National Statistical Institute,","MEPS,","National Statistical Institute,","National Statistical Institute,","National Statistical Institute,"]
["Country-specific general labour index","Country-specific general steel index","Country-specific mechanical engineering material","Country-specific general transport cost index","Country-specific CPI (Headline)"]
[null,"LME, Copper","National Statistical Institute,"]
[null,"LME, aluminium","Country-specific electrical engineering material",null,"National Statistical Institute,"]
[null,"LME, zinc","National Statistical Institute,",null,"Country-specific PPI"]
[null,"LME, lead","Country-specific building and construction material"]

{"sheet":"TOTAL PRICE_Flat Plate, Gel","index":12,"n_rows":31,"n_cols":15,"rows_kept":31,"merged":[[1,1,1,3],[1,10,1,15],[2,1,2,3],[3,1,3,3],[3,10,3,15],[5,0,5,3],[30,1,30,6]]}
[{"$nulls":5},"Cost","Column #",null,null,"Notes:","1) Custom battery banks qty's standardised to closest standard bank size"]
["ENQUIRY NO",{"$f":"'Cover Sheet'!C3","v":"E1270DXWC_"},{"$nulls":3},"Equipment",{"$f":"SUM(C10:E26)","v":0},"1+2+3",null,null,"2) Distance for travelling is assumed to 1000km (roundtrip)"]
["COMMODITY",{"$f":"'Cover Sheet'!C4","v":"FLAT PLATE, GEL, VALVE REGULATED LEAD ACID (VRLA) BATTERIES"},{"$nulls":3},"Services without Discharge Test",{"$f":"SUM(F10:L26)","v":0},"4+5+7+8+9+10",null,null,"3) Distance for transport is assumed to 500km (one way)",null,null,500,"km"]
["SUPPLIER",{"$f":"IF('Cover Sheet'!C5=\"\",\"\",'Cover Sheet'!C5)","v":""},{"$nulls":3},"Services with Discharge Test",{"$f":"SUM(F10:K26)+SUM(N10:N26)","v":0},"4+5+7+8+9+12"]
[]
["SUMMARY OF PRICES EXCLUDING VAT"]
[{"$nulls":3},"DRST",null,null,0,{"$f":"G7+13","v":13},{"$f":"H7+13","v":26},39,52]
["Column #",null,1,2,3,4,5,6,7,8,9,10,11,12,13]
["Required Capacity [Ah]","Offered Ah","Wet Cells","Linking Sets","Battery Cabinets","Decommissioning","Installation","Commissioning without Discharge","Commissioning with Discharge","Transport","Travelling","Subsistence (Wet Charged) - Commissioning without Discharge Test","Total cost - Commissioning without Discharge Test","Subsistence (Wet Charged) - Commissioning with Discharge Test","Total cost - Commissioning with Discharge Test"]
[{"$f":"'02-Flat Plate, Gel'!B16","v":"12V/7.8Ah"},{"$f":"'02-Flat Plate, Gel'!C16","v":0},{"$f":"VLOOKUP($A10,LP_Table,12,0)","v":0},{"$f":"SUM(VLOOKUP($A10,LP_Table,23,0),VLOOKUP($A10,LP_Table,34,0),VLOOKUP($A10,LP_Table,45,0),VLOOKUP($A10,LP_Table,56,0))","v":0},{"$f":"SUM(VLOOKUP($A10,LP_Table,67,0),VLOOKUP($A10,LP_Table,78,0),VLOOKUP($A10,LP_Table,89,0),VLOOKUP($A10,LP_Table,100,0))","v":0},{"$f":"IF($B10<='03-Labour_Subs_Travel'!$C$20,('02-Flat Plate, Gel'!Q16*'03-Labour_Subs_Travel'!E42)+('02-Flat Plate, Gel'!$AB16*'03-Labour_Subs_Travel'!E$44)+('02-Flat Plate, Gel'!$AM16*'03-Labour_Subs_Travel'!E$46)+('02-Flat Plate, Gel'!$AX16*'03-Labour_Subs_Travel'!E$48),('02-Flat Plate, Gel'!Q16*'03-Labour_Subs_Travel'!E43)+('02-Flat Plate, Gel'!$AB16*'03-Labour_Subs_Travel'!E$45)+('02-Flat Plate, Gel'!$AM16*'03-Labour_Subs_Travel'!E$47)+('02-Flat Plate, Gel'!$AX16*'03-Labour_Subs_Travel'!E$49))","v":0},{"$f":"IF($B10<='03-Labour_Subs_Travel'!$C$20,('02-Flat Plate, Gel'!Q16*'03-Labour_Subs_Travel'!F$42)+('02-Flat Plate, Gel'!$AB16*'03-Labour_Subs_Travel'!F$44)+('02-Flat Plate, Gel'!$AM16*'03-Labour_Subs_Travel'!F$46)+('02-Flat Plate, Gel'!$AX16*'03-Labour_Subs_Travel'!F$48),('02-Flat Plate, Gel'!Q16*'03-Labour_Subs_Travel'!F$43)+('02-Flat Plate, Gel'!$AB16*'03-Labour_Subs_Travel'!F$45)+('02-Flat Plate, Gel'!$AM16*'03-Labour_Subs_Travel'!F$47)+('02-Flat Plate, Gel'!$AX16*'03-Labour_Subs_Travel'!F$49))","v":0},{"$f":"IF($B10<='03-Labour_Subs_Travel'!$C$20,('02-Flat Plate, Gel'!$Q16*'03-Labour_Subs_Travel'!G$42)+('02-Flat Plate, Gel'!$AB16*'03-Labour_Subs_Travel'!G$44)+('02-Flat Plate, Gel'!$AM16*'03-Labour_Subs_Travel'!G$46)+('02-Flat Plate, Gel'!$AX16*'03-Labour_Subs_Travel'!G$48),('02-Flat Plate, Gel'!$Q16*'03-Labour_Subs_Travel'!G$43)+('02-Flat Plate, Gel'!$AB16*'03-Labour_Subs_Travel'!G$45)+('02-Flat Plate, Gel'!$AM16*'03-Labour_Subs_Travel'!G$47)+('02-Flat Plate, Gel'!$AX16*'03-Labour_Subs_Travel'!G$49))","v":0},{"$f":"IF($B10<='03-Labour_Subs_Travel'!$C$20,('02-Flat Plate, Gel'!$Q16*'03-Labour_Subs_Travel'!H$42)+('02-Flat Plate, Gel'!$AB16*'03-Labour_Subs_Travel'!H$44)+('02-Flat Plate, Gel'!$AM16*'03-Labour_Subs_Travel'!H$46)+('02-Flat Plate, Gel'!$AX16*'03-Labour_Subs_Travel'!H$48),('02-Flat Plate, Gel'!$Q16*'03-Labour_Subs_Travel'!H$43)+('02-Flat Plate, Gel'!$AB16*'03-Labour_Subs_Travel'!H$45)+('02-Flat Plate, Gel'!$AM16*'03-Labour_Subs_Travel'!H$47)+('02-Flat Plate, Gel'!$AX16*'03-Labour_Subs_Travel'!H$49))","v":0},{"$f":"('02-Flat Plate, Gel'!Q16*INDEX(TransportTable,MATCH(IF($N$3<100,100,$N$3),Distance,1),MATCH(IF(Num_30*VLOOKUP($A10,LP_Table,4,0)<1000,1000,Num_30*VLOOKUP($A10,LP_Table,4,0)),WeightRange,1)))+('02-Flat Plate, Gel'!AB16*INDEX(TransportTable,MATCH(IF($N$3<100,100,$N$3),Distance,1),MATCH(IF(Num_48*VLOOKUP($A10,LP_Table,4,0)<1000,1000,Num_48*VLOOKUP($A10,LP_Table,4,0)),WeightRange,1)))+('02-Flat Plate, Gel'!AM16*INDEX(TransportTable,MATCH(IF($N$3<100,100,$N$3),Distance,1),MATCH(IF(Num_110*VLOOKUP($A10,LP_Table,4,0)<1000,1000,Num_110*VLOOKUP($A10,LP_Table,4,0)),WeightRange,1)))+('02-Flat Plate, Gel'!AX16*INDEX(TransportTable,MATCH(IF($N$3<100,100,$N$3),Distance,1),MATCH(IF(Num_220*VLOOKUP($A10,LP_Table,4,0)<1000,1000,Num_220*VLOOKUP($A10,LP_Table,4,0)),WeightRange,1)))","v":0},{"$f":"2*$N$3*'03-Labour_Subs_Travel'!$C$35*('02-Flat Plate, Gel'!Q16+'02-Flat Plate, Gel'!AB16+'02-Flat Plate, Gel'!AM16+'02-Flat Plate, Gel'!AX16)","v":0},{"$f":"IF($B10<='03-Labour_Subs_Travel'!$C$20,('02-Flat Plate, Gel'!Q16*'03-Labour_Subs_Travel'!$I$42)+('02-Flat Plate, Gel'!AB16*'03-Labour_Subs_Travel'!$I$44)+('02-Flat Plate, Gel'!AM16*'03-Labour_Subs_Travel'!$I$46)+('02-Flat Plate, Gel'!AX16*'03-Labour_Subs_Travel'!$I$48),('02-Flat Plate, Gel'!Q16*'03-Labour_Subs_Travel'!$I$43)+('02-Flat Plate, Gel'!AB16*'03-Labour_Subs_Travel'!$I$45)+('02-Flat Plate, Gel'!AM16*'03-Labour_Subs_Travel'!$I$47)+('02-Flat Plate, Gel'!AX16*'03-Labour_Subs_Travel'!$I$49))","v":0},{"$f":"SUM(C10:L10)","v":0},{"$f":"IF($B10<='03-Labour_Subs_Travel'!$C$20,('02-Flat Plate, Gel'!Q16*'03-Labour_Subs_Travel'!$J$42)+('02-Flat Plate, Gel'!AB16*'03-Labour_Subs_Travel'!$J$44)+('02-Flat Plate, Gel'!AM16*'03-Labour_Subs_Travel'!$J$46)+('02-Flat Plate, Gel'!AX16*'03-Labour_Subs_Travel'!$J$48),('02-Flat Plate, Gel'!Q16*'03-Labour_Subs_Travel'!$J$43)+('02-Flat Plate, Gel'!AB16*'03-Labour_Subs_Travel'!$J$45)+('02-Flat Plate, Gel'!AM16*'03-Labour_Subs_Travel'!$J$47)+('02-Flat Plate, Gel'!AX16*'03-Labour_Subs_Travel'!$J$49))","v":0},{"$f":"SUM(C10:K10)+N10","v":0}]
[{"$f":"'02-Flat Plate, Gel'!B17","v":"24V/7.8Ah"},{"$f":"'02-Flat Plate, Gel'!C17","v":0},0,0,0,{"$f":"IF($B11<='03-Labour_Subs_Travel'!$C$20,('02-Flat Plate, Gel'!Q17*'03-Labour_Subs_Travel'!E43)+('02-Flat Plate, Gel'!$AB17*'03-Labour_Subs_Travel'!E$44)+('02-Flat Plate, Gel'!$AM17*'03-Labour_Subs_Travel'!E$46)+('02-Flat Plate, Gel'!$AX17*'03-Labour_Subs_Travel'!E$48),('02-Flat Plate, Gel'!Q17*'03-Labour_Subs_Travel'!E44)+('02-Flat Plate, Gel'!$AB17*'03-Labour_Subs_Travel'!E$45)+('02-Flat Plate, Gel'!$AM17*'03-Labour_Subs_Travel'!E$47)+('02-Flat Plate, Gel'!$AX17*'03-Labour_Subs_Travel'!E$49))","v":0},{"$f":"IF($B11<='03-Labour_Subs_Travel'!$C$20,('02-Flat Plate, Gel'!Q17*'03-Labour_Subs_Travel'!F$42)+('02-Flat Plate, Gel'!$AB17*'03-Labour_Subs_Travel'!F$44)+('02-Flat Plate, Gel'!$AM17*'03-Labour_Subs_Travel'!F$46)+('02-Flat Plate, Gel'!$AX17*'03-Labour_Subs_Travel'!F$48),('02-Flat Plate, Gel'!Q17*'03-Labour_Subs_Travel'!F$43)+('02-Flat Plate, Gel'!$AB17*'03-Labour_Subs_Travel'!F$45)+('02-Flat Plate, Gel'!$AM17*'03-Labour_Subs_Travel'!F$47)+('02-Flat Plate, Gel'!$AX17*'03-Labour_Subs_Travel'!F$49))","v":0},{"$f":"IF($B11<='03-Labour_Subs_Travel'!$C$20,('02-Flat Plate, Gel'!$Q17*'03-Labour_Subs_Travel'!G$42)+('02-Flat Plate, Gel'!$AB17*'03-Labour_Subs_Travel'!G$44)+('02-Flat Plate, Gel'!$AM17*'03-Labour_Subs_Travel'!G$46)+('02-Flat Plate, Gel'!$AX17*'03-Labour_Subs_Travel'!G$48),('02-Flat Plate, Gel'!$Q17*'03-Labour_Subs_Travel'!G$43)+('02-Flat Plate, Gel'!$AB17*'03-Labour_Subs_Travel'!G$45)+('02-Flat Plate, Gel'!$AM17*'03-Labour_Subs_Travel'!G$47)+('02-Flat Plate, Gel'!$AX17*'03-Labour_Subs_Travel'!G$49))","v":0},{"$f":"IF($B11<='03-Labour_Subs_Travel'!$C$20,('02-Flat Plate, Gel'!$Q17*'03-Labour_Subs_Travel'!H$42)+('02-Flat Plate, Gel'!$AB17*'03-Labour_Subs_Travel'!H$44)+('02-Flat Plate, Gel'!$AM17*'03-Labour_Subs_Travel'!H$46)+('02-Flat Plate, Gel'!$AX17*'03-Labour_Subs_Travel'!H$48),('02-Flat Plate, Gel'!$Q17*'03-Labour_Subs_Travel'!H$43)+('02-Flat Plate, Gel'!$AB17*'03-Labour_Subs_Travel'!H$45)+('02-Flat Plate, Gel'!$AM17*'03-Labour_Subs_Travel'!H$47)+('02-Flat Plate, Gel'!$AX17*'03-Labour_Subs_Travel'!H$49))","v":0},{"$f":"('02-Flat Plate, Gel'!Q17*INDEX(TransportTable,MATCH(IF($N$3<100,100,$N$3),Distance,1),MATCH(IF(Num_30*VLOOKUP($A11,LP_Table,4,0)<1000,1000,Num_48*VLOOKUP($A11,LP_Table,4,0)),WeightRange,1)))+('02-Flat Plate, Gel'!AB17*INDEX(TransportTable,MATCH(IF($N$3<100,100,$N$3),Distance,1),MATCH(IF(Num_48*VLOOKUP($A11,LP_Table,4,0)<1000,1000,Num_48*VLOOKUP($A11,LP_Table,4,0)),WeightRange,1)))+('02-Flat Plate, Gel'!AM17*INDEX(TransportTable,MATCH(IF($N$3<100,100,$N$3),Distance,1),MATCH(IF(Num_110*VLOOKUP($A11,LP_Table,4,0)<1000,1000,Num_110*VLOOKUP($A11,LP_Table,4,0)),WeightRange,1)))+('02-Flat Plate, Gel'!AX17*INDEX(TransportTable,MATCH(IF($N$3<100,100,$N$3),Distance,1),MATCH(IF(Num_220*VLOOKUP($A11,LP_Table,4,0)<1000,1000,Num_220*VLOOKUP($A11,LP_Table,4,0)),WeightRange,1)))","v":0},{"$f":"2*$N$3*'03-Labour_Subs_Travel'!$C$35*('02-Flat Plate, Gel'!Q17+'02-Flat Plate, Gel'!AB17+'02-Flat Plate, Gel'!AM17+'02-Flat Plate, Gel'!AX17)","v":0},{"$f":"IF($B11<='03-Labour_Subs_Travel'!$C$20,('02-Flat Plate, Gel'!Q17*'03-Labour_Subs_Travel'!$I$42)+('02-Flat Plate, Gel'!AB17*'03-Labour_Subs_Travel'!$I$44)+('02-Flat Plate, Gel'!AM17*'03-Labour_Subs_Travel'!$I$46)+('02-Flat Plate, Gel'!AX17*'03-Labour_Subs_Travel'!$I$48),('02-Flat Plate, Gel'!Q17*'03-Labour_Subs_Travel'!$I$43)+('02-Flat Plate, Gel'!AB17*'03-Labour_Subs_Travel'!$I$45)+('02-Flat Plate, Gel'!AM17*'03-Labour_Subs_Travel'!$I$47)+('02-Flat Plate, Gel'!AX17*'03-Labour_Subs_Travel'!$I$49))","v":0},0,{"$f":"IF($B11<='03-Labour_Subs_Travel'!$C$20,('02-Flat Plate, Gel'!AB17*'03-Labour_Subs_Travel'!$J$44)+('02-Flat Plate, Gel'!AM17*'03-Labour_Subs_Travel'!$J$46)+('02-Flat Plate, Gel'!AX17*'03-Labour_Subs_Travel'!$J$48),('02-Flat Plate, Gel'!AB17*'03-Labour_Subs_Travel'!$J$45)+('02-Flat Plate, Gel'!AM17*'03-Labour_Subs_Travel'!$J$47)+('02-Flat Plate, Gel'!AX17*'03-Labour_Subs_Travel'!$J$49))","v":0},0]
[{"$f":"'02-Flat Plate, Gel'!B18","v":"12V/12Ah"},{"$f":"'02-Flat Plate, Gel'!C18","v":0},0,0,0,{"$f":"IF($B12<='03-Labour_Subs_Travel'!$C$20,('02-Flat Plate, Gel'!Q18*'03-Labour_Subs_Travel'!E44)+('02-Flat Plate, Gel'!$AB18*'03-Labour_Subs_Travel'!E$44)+('02-Flat Plate, Gel'!$AM18*'03-Labour_Subs_Travel'!E$46)+('02-Flat Plate, Gel'!$AX18*'03-Labour_Subs_Travel'!E$48),('02-Flat Plate, Gel'!Q18*'03-Labour_Subs_Travel'!E45)+('02-Flat Plate, Gel'!$AB18*'03-Labour_Subs_Travel'!E$45)+('02-Flat Plate, Gel'!$AM18*'03-Labour_Subs_Travel'!E$47)+('02-Flat Plate, Gel'!$AX18*'03-Labour_Subs_Travel'!E$49))","v":0},{"$f":"IF($B12<='03-Labour_Subs_Travel'!$C$20,('02-Flat Plate, Gel'!Q18*'03-Labour_Subs_Travel'!F$42)+('02-Flat Plate, Gel'!$AB18*'03-Labour_Subs_Travel'!F$44)+('02-Flat Plate, Gel'!$AM18*'03-Labour_Subs_Travel'!F$46)+('02-Flat Plate, Gel'!$AX18*'03-Labour_Subs_Travel'!F$48),('02-Flat Plate, Gel'!Q18*'03-Labour_Subs_Travel'!F$43)+('02-Flat Plate, Gel'!$AB18*'03-Labour_Subs_Travel'!F$45)+('02-Flat Plate, Gel'!$AM18*'03-Labour_Subs_Travel'!F$47)+('02-Flat Plate, Gel'!$AX18*'03-Labour_Subs_Travel'!F$49))","v":0},{"$f":"IF($B12<='03-Labour_Subs_Travel'!$C$20,('02-Flat Plate, Gel'!$Q18*'03-Labour_Subs_Travel'!G$42)+('02-Flat Plate, Gel'!$AB18*'03-Labour_Subs_Travel'!G$44)+('02-Flat Plate, Gel'!$AM18*'03-Labour_Subs_Travel'!G$46)+('02-Flat Plate, Gel'!$AX18*'03-Labour_Subs_Travel'!G$48),('02-Flat Plate, Gel'!$Q18*'03-Labour_Subs_Travel'!G$43)+('02-Flat Plate, Gel'!$AB18*'03-Labour_Subs_Travel'!G$45)+('02-Flat Plate, Gel'!$AM18*'03-Labour_Subs_Travel'!G$47)+('02-Flat Plate, Gel'!$AX18*'03-Labour_Subs_Travel'!G$49))","v":0},{"$f":"IF($B12<='03-Labour_Subs_Travel'!$C$20,('02-Flat Plate, Gel'!$Q18*'03-Labour_Subs_Travel'!H$42)+('02-Flat Plate, Gel'!$AB18*'03-Labour_Subs_Travel'!H$44)+('02-Flat Plate, Gel'!$AM18*'03-Labour_Subs_Travel'!H$46)+('02-Flat Plate, Gel'!$AX18*'03-Labour_Subs_Travel'!H$48),('02-Flat Plate, Gel'!$Q18*'03-Labour_Subs_Travel'!H$43)+('02-Flat Plate, Gel'!$AB18*'03-Labour_Subs_Travel'!H$45)+('02-Flat Plate, Gel'!$AM18*'03-Labour_Subs_Travel'!H$47)+('02-Flat Plate, Gel'!$AX18*'03-Labour_Subs_Travel'!H$49))","v":0},{"$f":"('02-Flat Plate, Gel'!Q18*INDEX(TransportTable,MATCH(IF($N$3<100,100,$N$3),Distance,1),MATCH(IF(Num_30*VLOOKUP($A12,LP_Table,4,0)<1000,1000,Num_48*VLOOKUP($A12,LP_Table,4,0)),WeightRange,1)))+('02-Flat Plate, Gel'!AB18*INDEX(TransportTable,MATCH(IF($N$3<100,100,$N$3),Distance,1),MATCH(IF(Num_48*VLOOKUP($A12,LP_Table,4,0)<1000,1000,Num_48*VLOOKUP($A12,LP_Table,4,0)),WeightRange,1)))+('02-Flat Plate, Gel'!AM18*INDEX(TransportTable,MATCH(IF($N$3<100,100,$N$3),Distance,1),MATCH(IF(Num_110*VLOOKUP($A12,LP_Table,4,0)<1000,1000,Num_110*VLOOKUP($A12,LP_Table,4,0)),WeightRange,1)))+('02-Flat Plate, Gel'!AX18*INDEX(TransportTable,MATCH(IF($N$3<100,100,$N$3),Distance,1),MATCH(IF(Num_220*VLOOKUP($A12,LP_Table,4,0)<1000,1000,Num_220*VLOOKUP($A12,LP_Table,4,0)),WeightRange,1)))","v":0},{"$f":"2*$N$3*'03-Labour_Subs_Travel'!$C$35*('02-Flat Plate, Gel'!Q18+'02-Flat Plate, Gel'!AB18+'02-Flat Plate, Gel'!AM18+'02-Flat Plate, Gel'!AX18)","v":0},{"$f":"IF($B12<='03-Labour_Subs_Travel'!$C$20,('02-Flat Plate, Gel'!Q18*'03-Labour_Subs_Travel'!$I$42)+('02-Flat Plate, Gel'!AB18*'03-Labour_Subs_Travel'!$I$44)+('02-Flat Plate, Gel'!AM18*'03-Labour_Subs_Travel'!$I$46)+('02-Flat Plate, Gel'!AX18*'03-Labour_Subs_Travel'!$I$48),('02-Flat Plate, Gel'!Q18*'03-Labour_Subs_Travel'!$I$43)+('02-Flat Plate, Gel'!AB18*'03-Labour_Subs_Travel'!$I$45)+('02-Flat Plate, Gel'!AM18*'03-Labour_Subs_Travel'!$I$47)+('02-Flat Plate, Gel'!AX18*'03-Labour_Subs_Travel'!$I$49))","v":0},0,{"$f":"IF($B12<='03-Labour_Subs_Travel'!$C$20,('02-Flat Plate, Gel'!AB18*'03-Labour_Subs_Travel'!$J$44)+('02-Flat Plate, Gel'!AM18*'03-Labour_Subs_Travel'!$J$46)+('02-Flat Plate, Gel'!AX18*'03-Labour_Subs_Travel'!$J$48),('02-Flat Plate, Gel'!AB18*'03-Labour_Subs_Travel'!$J$45)+('02-Flat Plate, Gel'!AM18*'03-Labour_Subs_Travel'!$J$47)+('02-Flat Plate, Gel'!AX18*'03-Labour_Subs_Travel'!$J$49))","v":0},0]
[{"$f":"'02-Flat Plate, Gel'!B19","v":"24V/13.2Ah"},{"$f":"'02-Flat Plate, Gel'!C19","v":0},0,0,0,{"$f":"IF($B13<='03-Labour_Subs_Travel'!$C$20,('02-Flat Plate, Gel'!Q19*'03-Labour_Subs_Travel'!E45)+('02-Flat Plate, Gel'!$AB19*'03-Labour_Subs_Travel'!E$44)+('02-Flat Plate, Gel'!$AM19*'03-Labour_Subs_Travel'!E$46)+('02-Flat Plate, Gel'!$AX19*'03-Labour_Subs_Travel'!E$48),('02-Flat Plate, Gel'!Q19*'03-Labour_Subs_Travel'!E46)+('02-Flat Plate, Gel'!$AB19*'03-Labour_Subs_Travel'!E$45)+('02-Flat Plate, Gel'!$AM19*'03-Labour_Subs_Travel'!E$47)+('02-Flat Plate, Gel'!$AX19*'03-Labour_Subs_Travel'!E$49))","v":0},{"$f":"IF($B13<='03-Labour_Subs_Travel'!$C$20,('02-Flat Plate, Gel'!Q19*'03-Labour_Subs_Travel'!F$42)+('02-Flat Plate, Gel'!$AB19*'03-Labour_Subs_Travel'!F$44)+('02-Flat Plate, Gel'!$AM19*'03-Labour_Subs_Travel'!F$46)+('02-Flat Plate, Gel'!$AX19*'03-Labour_Subs_Travel'!F$48),('02-Flat Plate, Gel'!Q19*'03-Labour_Subs_Travel'!F$43)+('02-Flat Plate, Gel'!$AB19*'03-Labour_Subs_Travel'!F$45)+('02-Flat Plate, Gel'!$AM19*'03-Labour_Subs_Travel'!F$47)+('02-Flat Plate, Gel'!$AX19*'03-Labour_Subs_Travel'!F$49))","v":0},{"$f":"IF($B13<='03-Labour_Subs_Travel'!$C$20,('02-Flat Plate, Gel'!$Q19*'03-Labour_Subs_Travel'!G$42)+('02-Flat Plate, Gel'!$AB19*'03-Labour_Subs_Travel'!G$44)+('02-Flat Plate, Gel'!$AM19*'03-Labour_Subs_Travel'!G$46)+('02-Flat Plate, Gel'!$AX19*'03-Labour_Subs_Travel'!G$48),('02-Flat Plate, Gel'!$Q19*'03-Labour_Subs_Travel'!G$43)+('02-Flat Plate, Gel'!$AB19*'03-Labour_Subs_Travel'!G$45)+('02-Flat Plate, Gel'!$AM19*'03-Labour_Subs_Travel'!G$47)+('02-Flat Plate, Gel'!$AX19*'03-Labour_Subs_Travel'!G$49))","v":0},{"$f":"IF($B13<='03-Labour_Subs_Travel'!$C$20,('02-Flat Plate, Gel'!$Q19*'03-Labour_Subs_Travel'!H$42)+('02-Flat Plate, Gel'!$AB19*'03-Labour_Subs_Travel'!H$44)+('02-Flat Plate, Gel'!$AM19*'03-Labour_Subs_Travel'!H$46)+('02-Flat Plate, Gel'!$AX19*'03-Labour_Subs_Travel'!H$48),('02-Flat Plate, Gel'!$Q19*'03-Labour_Subs_Travel'!H$43)+('02-Flat Plate, Gel'!$AB19*'03-Labour_Subs_Travel'!H$45)+('02-Flat Plate, Gel'!$AM19*'03-Labour_Subs_Travel'!H$47)+('02-Flat Plate, Gel'!$AX19*'03-Labour_Subs_Travel'!H$49))","v":0},{"$f":"('02-Flat Plate, Gel'!Q19*INDEX(TransportTable,MATCH(IF($N$3<100,100,$N$3),Distance,1),MATCH(IF(Num_30*VLOOKUP($A13,LP_Table,4,0)<1000,1000,Num_48*VLOOKUP($A13,LP_Table,4,0)),WeightRange,1)))+('02-Flat Plate, Gel'!AB19*INDEX(TransportTable,MATCH(IF($N$3<100,100,$N$3),Distance,1),MATCH(IF(Num_48*VLOOKUP($A13,LP_Table,4,0)<1000,1000,Num_48*VLOOKUP($A13,LP_Table,4,0)),WeightRange,1)))+('02-Flat Plate, Gel'!AM19*INDEX(TransportTable,MATCH(IF($N$3<100,100,$N$3),Distance,1),MATCH(IF(Num_110*VLOOKUP($A13,LP_Table,4,0)<1000,1000,Num_110*VLOOKUP($A13,LP_Table,4,0)),WeightRange,1)))+('02-Flat Plate, Gel'!AX19*INDEX(TransportTable,MATCH(IF($N$3<100,100,$N$3),Distance,1),MATCH(IF(Num_220*VLOOKUP($A13,LP_Table,4,0)<1000,1000,Num_220*VLOOKUP($A13,LP_Table,4,0)),WeightRange,1)))","v":0},{"$f":"2*$N$3*'03-Labour_Subs_Travel'!$C$35*('02-Flat Plate, Gel'!Q19+'02-Flat Plate, Gel'!AB19+'02-Flat Plate, Gel'!AM19+'02-Flat Plate, Gel'!AX19)","v":0},{"$f":"IF($B13<='03-Labour_Subs_Travel'!$C$20,('02-Flat Plate, Gel'!Q19*'03-Labour_Subs_Travel'!$I$42)+('02-Flat Plate, Gel'!AB19*'03-Labour_Subs_Travel'!$I$44)+('02-Flat Plate, Gel'!AM19*'03-Labour_Subs_Travel'!$I$46)+('02-Flat Plate, Gel'!AX19*'03-Labour_Subs_Travel'!$I$48),('02-Flat Plate, Gel'!Q19*'03-Labour_Subs_Travel'!$I$43)+('02-Flat Plate, Gel'!AB19*'03-Labour_Subs_Travel'!$I$45)+('02-Flat Plate, Gel'!AM19*'03-Labour_Subs_Travel'!$I$47)+('02-Flat Plate, Gel'!AX19*'03-Labour_Subs_Travel'!$I$49))","v":0},0,{"$f":"IF($B13<='03-Labour_Subs_Travel'!$C$20,('02-Flat Plate, Gel'!AB19*'03-Labour_Subs_Travel'!$J$44)+('02-Flat Plate, Gel'!AM19*'03-Labour_Subs_Travel'!$J$46)+('02-Flat Plate, Gel'!AX19*'03-Labour_Subs_Travel'!$J$48),('02-Flat Plate, Gel'!AB19*'03-Labour_Subs_Travel'!$J$45)+('02-Flat Plate, Gel'!AM19*'03-Labour_Subs_Travel'!$J$47)+('02-Flat Plate, Gel'!AX19*'03-Labour_Subs_Travel'!$J$49))","v":0},0]
[{"$f":"'02-Flat Plate, Gel'!B20","v":"12V/18Ah"},{"$f":"'02-Flat Plate, Gel'!C20","v":0},0,0,0,{"$f":"IF($B14<='03-Labour_Subs_Travel'!$C$20,('02-Flat Plate, Gel'!Q20*'03-Labour_Subs_Travel'!E46)+('02-Flat Plate, Gel'!$AB20*'03-Labour_Subs_Travel'!E$44)+('02-Flat Plate, Gel'!$AM20*'03-Labour_Subs_Travel'!E$46)+('02-Flat Plate, Gel'!$AX20*'03-Labour_Subs_Travel'!E$48),('02-Flat Plate, Gel'!Q20*'03-Labour_Subs_Travel'!E47)+('02-Flat Plate, Gel'!$AB20*'03-Labour_Subs_Travel'!E$45)+('02-Flat Plate, Gel'!$AM20*'03-Labour_Subs_Travel'!E$47)+('02-Flat Plate, Gel'!$AX20*'03-Labour_Subs_Travel'!E$49))","v":0},{"$f":"IF($B14<='03-Labour_Subs_Travel'!$C$20,('02-Flat Plate, Gel'!Q20*'03-Labour_Subs_Travel'!F$42)+('02-Flat Plate, Gel'!$AB20*'03-Labour_Subs_Travel'!F$44)+('02-Flat Plate, Gel'!$AM20*'03-Labour_Subs_Travel'!F$46)+('02-Flat Plate, Gel'!$AX20*'03-Labour_Subs_Travel'!F$48),('02-Flat Plate, Gel'!Q20*'03-Labour_Subs_Travel'!F$43)+('02-Flat Plate, Gel'!$AB20*'03-Labour_Subs_Travel'!F$45)+('02-Flat Plate, Gel'!$AM20*'03-Labour_Subs_Travel'!F$47)+('02-Flat Plate, Gel'!$AX20*'03-Labour_Subs_Travel'!F$49))","v":0},{"$f":"IF($B14<='03-Labour_Subs_Travel'!$C$20,('02-Flat Plate, Gel'!$Q20*'03-Labour_Subs_Travel'!G$42)+('02-Flat Plate, Gel'!$AB20*'03-Labour_Subs_Travel'!G$44)+('02-Flat Plate, Gel'!$AM20*'03-Labour_Subs_Travel'!G$46)+('02-Flat Plate, Gel'!$AX20*'03-Labour_Subs_Travel'!G$48),('02-Flat Plate, Gel'!$Q20*'03-Labour_Subs_Travel'!G$43)+('02-Flat Plate, Gel'!$AB20*'03-Labour_Subs_Travel'!G$45)+('02-Flat Plate, Gel'!$AM20*'03-Labour_Subs_Travel'!G$47)+('02-Flat Plate, Gel'!$AX20*'03-Labour_Subs_Travel'!G$49))","v":0},{"$f":"IF($B14<='03-Labour_Subs_Travel'!$C$20,('02-Flat Plate, Gel'!$Q20*'03-Labour_Subs_Travel'!H$42)+('02-Flat Plate, Gel'!$AB20*'03-Labour_Subs_Travel'!H$44)+('02-Flat Plate, Gel'!$AM20*'03-Labour_Subs_Travel'!H$46)+('02-Flat Plate, Gel'!$AX20*'03-Labour_Subs_Travel'!H$48),('02-Flat Plate, Gel'!$Q20*'03-Labour_Subs_Travel'!H$43)+('02-Flat Plate, Gel'!$AB20*'03-Labour_Subs_Travel'!H$45)+('02-Flat Plate, Gel'!$AM20*'03-Labour_Subs_Travel'!H$47)+('02-Flat Plate, Gel'!$AX20*'03-Labour_Subs_Travel'!H$49))","v":0},{"$f":"('02-Flat Plate, Gel'!Q20*INDEX(TransportTable,MATCH(IF($N$3<100,100,$N$3),Distance,1),MATCH(IF(Num_30*VLOOKUP($A14,LP_Table,4,0)<1000,1000,Num_48*VLOOKUP($A14,LP_Table,4,0)),WeightRange,1)))+('02-Flat Plate, Gel'!AB20*INDEX(TransportTable,MATCH(IF($N$3<100,100,$N$3),Distance,1),MATCH(IF(Num_48*VLOOKUP($A14,LP_Table,4,0)<1000,1000,Num_48*VLOOKUP($A14,LP_Table,4,0)),WeightRange,1)))+('02-Flat Plate, Gel'!AM20*INDEX(TransportTable,MATCH(IF($N$3<100,100,$N$3),Distance,1),MATCH(IF(Num_110*VLOOKUP($A14,LP_Table,4,0)<1000,1000,Num_110*VLOOKUP($A14,LP_Table,4,0)),WeightRange,1)))+('02-Flat Plate, Gel'!AX20*INDEX(TransportTable,MATCH(IF($N$3<100,100,$N$3),Distance,1),MATCH(IF(Num_220*VLOOKUP($A14,LP_Table,4,0)<1000,1000,Num_220*VLOOKUP($A14,LP_Table,4,0)),WeightRange,1)))","v":0},{"$f":"2*$N$3*'03-Labour_Subs_Travel'!$C$35*('02-Flat Plate, Gel'!Q20+'02-Flat Plate, Gel'!AB20+'02-Flat Plate, Gel'!AM20+'02-Flat Plate, Gel'!AX20)","v":0},{"$f":"IF($B14<='03-Labour_Subs_Travel'!$C$20,('02-Flat Plate, Gel'!Q20*'03-Labour_Subs_Travel'!$I$42)+('02-Flat Plate, Gel'!AB20*'03-Labour_Subs_Travel'!$I$44)+('02-Flat Plate, Gel'!AM20*'03-Labour_Subs_Travel'!$I$46)+('02-Flat Plate, Gel'!AX20*'03-Labour_Subs_Travel'!$I$48),('02-Flat Plate, Gel'!Q20*'03-Labour_Subs_Travel'!$I$43)+('02-Flat Plate, Gel'!AB20*'03-Labour_Subs_Travel'!$I$45)+('02-Flat Plate, Gel'!AM20*'03-Labour_Subs_Travel'!$I$47)+('02-Flat Plate, Gel'!AX20*'03-Labour_Subs_Travel'!$I$49))","v":0},0,{"$f":"IF($B14<='03-Labour_Subs_Travel'!$C$20,('02-Flat Plate, Gel'!AB20*'03-Labour_Subs_Travel'!$J$44)+('02-Flat Plate, Gel'!AM20*'03-Labour_Subs_Travel'!$J$46)+('02-Flat Plate, Gel'!AX20*'03-Labour_Subs_Travel'!$J$48),('02-Flat Plate, Gel'!AB20*'03-Labour_Subs_Travel'!$J$45)+('02-Flat Plate, Gel'!AM20*'03-Labour_Subs_Travel'!$J$47)+('02-Flat Plate, Gel'!AX20*'03-Labour_Subs_Travel'!$J$49))","v":0},0]
[{"$f":"'02-Flat Plate, Gel'!B21","v":"24V/18Ah"},{"$f":"'02-Flat Plate, Gel'!C21","v":0},0,0,0,{"$f":"IF($B15<='03-Labour_Subs_Travel'!$C$20,('02-Flat Plate, Gel'!Q21*'03-Labour_Subs_Travel'!E47)+('02-Flat Plate, Gel'!$AB21*'03-Labour_Subs_Travel'!E$44)+('02-Flat Plate, Gel'!$AM21*'03-Labour_Subs_Travel'!E$46)+('02-Flat Plate, Gel'!$AX21*'03-Labour_Subs_Travel'!E$48),('02-Flat Plate, Gel'!Q21*'03-Labour_Subs_Travel'!E48)+('02-Flat Plate, Gel'!$AB21*'03-Labour_Subs_Travel'!E$45)+('02-Flat Plate, Gel'!$AM21*'03-Labour_Subs_Travel'!E$47)+('02-Flat Plate, Gel'!$AX21*'03-Labour_Subs_Travel'!E$49))","v":0},{"$f":"IF($B15<='03-Labour_Subs_Travel'!$C$20,('02-Flat Plate, Gel'!Q21*'03-Labour_Subs_Travel'!F$42)+('02-Flat Plate, Gel'!$AB21*'03-Labour_Subs_Travel'!F$44)+('02-Flat Plate, Gel'!$AM21*'03-Labour_Subs_Travel'!F$46)+('02-Flat Plate, Gel'!$AX21*'03-Labour_Subs_Travel'!F$48),('02-Flat Plate, Gel'!Q21*'03-Labour_Subs_Travel'!F$43)+('02-Flat Plate, Gel'!$AB21*'03-Labour_Subs_Travel'!F$45)+('02-Flat Plate, Gel'!$AM21*'03-Labour_Subs_Travel'!F$47)+('02-Flat Plate, Gel'!$AX21*'03-Labour_Subs_Travel'!F$49))","v":0},{"$f":"IF($B15<='03-Labour_Subs_Travel'!$C$20,('02-Flat Plate, Gel'!$Q21*'03-Labour_Subs_Travel'!G$42)+('02-Flat Plate, Gel'!$AB21*'03-Labour_Subs_Travel'!G$44)+('02-Flat Plate, Gel'!$AM21*'03-Labour_Subs_Travel'!G$46)+('02-Flat Plate, Gel'!$AX21*'03-Labour_Subs_Travel'!G$48),('02-Flat Plate, Gel'!$Q21*'03-Labour_Subs_Travel'!G$43)+('02-Flat Plate, Gel'!$AB21*'03-Labour_Subs_Travel'!G$45)+('02-Flat Plate, Gel'!$AM21*'03-Labour_Subs_Travel'!G$47)+('02-Flat Plate, Gel'!$AX21*'03-Labour_Subs_Travel'!G$49))","v":0},{"$f":"IF($B15<='03-Labour_Subs_Travel'!$C$20,('02-Flat Plate, Gel'!$Q21*'03-Labour_Subs_Travel'!H$42)+('02-Flat Plate, Gel'!$AB21*'03-Labour_Subs_Travel'!H$44)+('02-Flat Plate, Gel'!$AM21*'03-Labour_Subs_Travel'!H$46)+('02-Flat Plate, Gel'!$AX21*'03-Labour_Subs_Travel'!H$48),('02-Flat Plate, Gel'!$Q21*'03-Labour_Subs_Travel'!H$43)+('02-Flat Plate, Gel'!$AB21*'03-Labour_Subs_Travel'!H$45)+('02-Flat Plate, Gel'!$AM21*'03-Labour_Subs_Travel'!H$47)+('02-Flat Plate, Gel'!$AX21*'03-Labour_Subs_Travel'!H$49))","v":0},{"$f":"('02-Flat Plate, Gel'!Q21*INDEX(TransportTable,MATCH(IF($N$3<100,100,$N$3),Distance,1),MATCH(IF(Num_30*VLOOKUP($A15,LP_Table,4,0)<1000,1000,Num_48*VLOOKUP($A15,LP_Table,4,0)),WeightRange,1)))+('02-Flat Plate, Gel'!AB21*INDEX(TransportTable,MATCH(IF($N$3<100,100,$N$3),Distance,1),MATCH(IF(Num_48*VLOOKUP($A15,LP_Table,4,0)<1000,1000,Num_48*VLOOKUP($A15,LP_Table,4,0)),WeightRange,1)))+('02-Flat Plate, Gel'!AM21*INDEX(TransportTable,MATCH(IF($N$3<100,100,$N$3),Distance,1),MATCH(IF(Num_110*VLOOKUP($A15,LP_Table,4,0)<1000,1000,Num_110*VLOOKUP($A15,LP_Table,4,0)),WeightRange,1)))+('02-Flat Plate, Gel'!AX21*INDEX(TransportTable,MATCH(IF($N$3<100,100,$N$3),Distance,1),MATCH(IF(Num_220*VLOOKUP($A15,LP_Table,4,0)<1000,1000,Num_220*VLOOKUP($A15,LP_Table,4,0)),WeightRange,1)))","v":0},{"$f":"2*$N$3*'03-Labour_Subs_Travel'!$C$35*('02-Flat Plate, Gel'!Q21+'02-Flat Plate, Gel'!AB21+'02-Flat Plate, Gel'!AM21+'02-Flat Plate, Gel'!AX21)","v":0},{"$f":"IF($B15<='03-Labour_Subs_Travel'!$C$20,('02-Flat Plate, Gel'!Q21*'03-Labour_Subs_Travel'!$I$42)+('02-Flat Plate, Gel'!AB21*'03-Labour_Subs_Travel'!$I$44)+('02-Flat Plate, Gel'!AM21*'03-Labour_Subs_Travel'!$I$46)+('02-Flat Plate, Gel'!AX21*'03-Labour_Subs_Travel'!$I$48),('02-Flat Plate, Gel'!Q21*'03-Labour_Subs_Travel'!$I$43)+('02-Flat Plate, Gel'!AB21*'03-Labour_Subs_Travel'!$I$45)+('02-Flat Plate, Gel'!AM21*'03-Labour_Subs_Travel'!$I$47)+('02-Flat Plate, Gel'!AX21*'03-Labour_Subs_Travel'!$I$49))","v":0},0,{"$f":"IF($B15<='03-Labour_Subs_Travel'!$C$20,('02-Flat Plate, Gel'!AB21*'03-Labour_Subs_Travel'!$J$44)+('02-Flat Plate, Gel'!AM21*'03-Labour_Subs_Travel'!$J$46)+('02-Flat Plate, Gel'!AX21*'03-Labour_Subs_Travel'!$J$48),('02-Flat Plate, Gel'!AB21*'03-Labour_Subs_Travel'!$J$45)+('02-Flat Plate, Gel'!AM21*'03-Labour_Subs_Travel'!$J$47)+('02-Flat Plate, Gel'!AX21*'03-Labour_Subs_Travel'!$J$49))","v":0},0]
[{"$f":"'02-Flat Plate, Gel'!B22","v":"12V/26Ah"},{"$f":"'02-Flat Plate, Gel'!C22","v":0},0,0,0,{"$f":"IF($B16<='03-Labour_Subs_Travel'!$C$20,('02-Flat Plate, Gel'!Q22*'03-Labour_Subs_Travel'!E48)+('02-Flat Plate, Gel'!$AB22*'03-Labour_Subs_Travel'!E$44)+('02-Flat Plate, Gel'!$AM22*'03-Labour_Subs_Travel'!E$46)+('02-Flat Plate, Gel'!$AX22*'03-Labour_Subs_Travel'!E$48),('02-Flat Plate, Gel'!Q22*'03-Labour_Subs_Travel'!E49)+('02-Flat Plate, Gel'!$AB22*'03-Labour_Subs_Travel'!E$45)+('02-Flat Plate, Gel'!$AM22*'03-Labour_Subs_Travel'!E$47)+('02-Flat Plate, Gel'!$AX22*'03-Labour_Subs_Travel'!E$49))","v":0},{"$f":"IF($B16<='03-Labour_Subs_Travel'!$C$20,('02-Flat Plate, Gel'!Q22*'03-Labour_Subs_Travel'!F$42)+('02-Flat Plate, Gel'!$AB22*'03-Labour_Subs_Travel'!F$44)+('02-Flat Plate, Gel'!$AM22*'03-Labour_Subs_Travel'!F$46)+('02-Flat Plate, Gel'!$AX22*'03-Labour_Subs_Travel'!F$48),('02-Flat Plate, Gel'!Q22*'03-Labour_Subs_Travel'!F$43)+('02-Flat Plate, Gel'!$AB22*'03-Labour_Subs_Travel'!F$45)+('02-Flat Plate, Gel'!$AM22*'03-Labour_Subs_Travel'!F$47)+('02-Flat Plate, Gel'!$AX22*'03-Labour_Subs_Travel'!F$49))","v":0},{"$f":"IF($B16<='03-Labour_Subs_Travel'!$C$20,('02-Flat Plate, Gel'!$Q22*'03-Labour_Subs_Travel'!G$42)+('02-Flat Plate, Gel'!$AB22*'03-Labour_Subs_Travel'!G$44)+('02-Flat Plate, Gel'!$AM22*'03-Labour_Subs_Travel'!G$46)+('02-Flat Plate, Gel'!$AX22*'03-Labour_Subs_Travel'!G$48),('02-Flat Plate, Gel'!$Q22*'03-Labour_Subs_Travel'!G$43)+('02-Flat Plate, Gel'!$AB22*'03-Labour_Subs_Travel'!G$45)+('02-Flat Plate, Gel'!$AM22*'03-Labour_Subs_Travel'!G$47)+('02-Flat Plate, Gel'!$AX22*'03-Labour_Subs_Travel'!G$49))","v":0},{"$f":"IF($B16<='03-Labour_Subs_Travel'!$C$20,('02-Flat Plate, Gel'!$Q22*'03-Labour_Subs_Travel'!H$42)+('02-Flat Plate, Gel'!$AB22*'03-Labour_Subs_Travel'!H$44)+('02-Flat Plate, Gel'!$AM22*'03-Labour_Subs_Travel'!H$46)+('02-Flat Plate, Gel'!$AX22*'03-Labour_Subs_Travel'!H$48),('02-Flat Plate, Gel'!$Q22*'03-Labour_Subs_Travel'!H$43)+('02-Flat Plate, Gel'!$AB22*'03-Labour_Subs_Travel'!H$45)+('02-Flat Plate, Gel'!$AM22*'03-Labour_Subs_Travel'!H$47)+('02-Flat Plate, Gel'!$AX22*'03-Labour_Subs_Travel'!H$49))","v":0},{"$f":"('02-Flat Plate, Gel'!Q22*INDEX(TransportTable,MATCH(IF($N$3<100,100,$N$3),Distance,1),MATCH(IF(Num_30*VLOOKUP($A16,LP_Table,4,0)<1000,1000,Num_48*VLOOKUP($A16,LP_Table,4,0)),WeightRange,1)))+('02-Flat Plate, Gel'!AB22*INDEX(TransportTable,MATCH(IF($N$3<100,100,$N$3),Distance,1),MATCH(IF(Num_48*VLOOKUP($A16,LP_Table,4,0)<1000,1000,Num_48*VLOOKUP($A16,LP_Table,4,0)),WeightRange,1)))+('02-Flat Plate, Gel'!AM22*INDEX(TransportTable,MATCH(IF($N$3<100,100,$N$3),Distance,1),MATCH(IF(Num_110*VLOOKUP($A16,LP_Table,4,0)<1000,1000,Num_110*VLOOKUP($A16,LP_Table,4,0)),WeightRange,1)))+('02-Flat Plate, Gel'!AX22*INDEX(TransportTable,MATCH(IF($N$3<100,100,$N$3),Distance,1),MATCH(IF(Num_220*VLOOKUP($A16,LP_Table,4,0)<1000,1000,Num_220*VLOOKUP($A16,LP_Table,4,0)),WeightRange,1)))","v":0},{"$f":"2*$N$3*'03-Labour_Subs_Travel'!$C$35*('02-Flat Plate, Gel'!Q22+'02-Flat Plate, Gel'!AB22+'02-Flat Plate, Gel'!AM22+'02-Flat Plate, Gel'!AX22)","v":0},{"$f":"IF($B16<='03-Labour_Subs_Travel'!$C$20,('02-Flat Plate, Gel'!Q22*'03-Labour_Subs_Travel'!$I$42)+('02-Flat Plate, Gel'!AB22*'03-Labour_Subs_Travel'!$I$44)+('02-Flat Plate, Gel'!AM22*'03-Labour_Subs_Travel'!$I$46)+('02-Flat Plate, Gel'!AX22*'03-Labour_Subs_Travel'!$I$48),('02-Flat Plate, Gel'!Q22*'03-Labour_Subs_Travel'!$I$43)+('02-Flat Plate, Gel'!AB22*'03-Labour_Subs_Travel'!$I$45)+('02-Flat Plate, Gel'!AM22*'03-Labour_Subs_Travel'!$I$47)+('02-Flat Plate, Gel'!AX22*'03-Labour_Subs_Travel'!$I$49))","v":0},0,{"$f":"IF($B16<='03-Labour_Subs_Travel'!$C$20,('02-Flat Plate, Gel'!AB22*'03-Labour_Subs_Travel'!$J$44)+('02-Flat Plate, Gel'!AM22*'03-Labour_Subs_Travel'!$J$46)+('02-Flat Plate, Gel'!AX22*'03-Labour_Subs_Travel'!$J$48),('02-Flat Plate, Gel'!AB22*'03-Labour_Subs_Travel'!$J$45)+('02-Flat Plate, Gel'!AM22*'03-Labour_Subs_Travel'!$J$47)+('02-Flat Plate, Gel'!AX22*'03-Labour_Subs_Travel'!$J$49))","v":0},0]
[{"$f":"'02-Flat Plate, Gel'!B23","v":50},{"$f":"'02-Flat Plate, Gel'!C23","v":0},0,0,0,{"$f":"IF($B17<='03-Labour_Subs_Travel'!$C$20,('02-Flat Plate, Gel'!Q23*'03-Labour_Subs_Travel'!E49)+('02-Flat Plate, Gel'!$AB23*'03-Labour_Subs_Travel'!E$44)+('02-Flat Plate, Gel'!$AM23*'03-Labour_Subs_Travel'!E$46)+('02-Flat Plate, Gel'!$AX23*'03-Labour_Subs_Travel'!E$48),('02-Flat Plate, Gel'!Q23*'03-Labour_Subs_Travel'!E50)+('02-Flat Plate, Gel'!$AB23*'03-Labour_Subs_Travel'!E$45)+('02-Flat Plate, Gel'!$AM23*'03-Labour_Subs_Travel'!E$47)+('02-Flat Plate, Gel'!$AX23*'03-Labour_Subs_Travel'!E$49))","v":0},{"$f":"IF($B17<='03-Labour_Subs_Travel'!$C$20,('02-Flat Plate, Gel'!Q23*'03-Labour_Subs_Travel'!F$42)+('02-Flat Plate, Gel'!$AB23*'03-Labour_Subs_Travel'!F$44)+('02-Flat Plate, Gel'!$AM23*'03-Labour_Subs_Travel'!F$46)+('02-Flat Plate, Gel'!$AX23*'03-Labour_Subs_Travel'!F$48),('02-Flat Plate, Gel'!Q23*'03-Labour_Subs_Travel'!F$43)+('02-Flat Plate, Gel'!$AB23*'03-Labour_Subs_Travel'!F$45)+('02-Flat Plate, Gel'!$AM23*'03-Labour_Subs_Travel'!F$47)+('02-Flat Plate, Gel'!$AX23*'03-Labour_Subs_Travel'!F$49))","v":0},{"$f":"IF($B17<='03-Labour_Subs_Travel'!$C$20,('02-Flat Plate, Gel'!$Q23*'03-Labour_Subs_Travel'!G$42)+('02-Flat Plate, Gel'!$AB23*'03-Labour_Subs_Travel'!G$44)+('02-Flat Plate, Gel'!$AM23*'03-Labour_Subs_Travel'!G$46)+('02-Flat Plate, Gel'!$AX23*'03-Labour_Subs_Travel'!G$48),('02-Flat Plate, Gel'!$Q23*'03-Labour_Subs_Travel'!G$43)+('02-Flat Plate, Gel'!$AB23*'03-Labour_Subs_Travel'!G$45)+('02-Flat Plate, Gel'!$AM23*'03-Labour_Subs_Travel'!G$47)+('02-Flat Plate, Gel'!$AX23*'03-Labour_Subs_Travel'!G$49))","v":0},{"$f":"IF($B17<='03-Labour_Subs_Travel'!$C$20,('02-Flat Plate, Gel'!$Q23*'03-Labour_Subs_Travel'!H$42)+('02-Flat Plate, Gel'!$AB23*'03-Labour_Subs_Travel'!H$44)+('02-Flat Plate, Gel'!$AM23*'03-Labour_Subs_Travel'!H$46)+('02-Flat Plate, Gel'!$AX23*'03-Labour_Subs_Travel'!H$48),('02-Flat Plate, Gel'!$Q23*'03-Labour_Subs_Travel'!H$43)+('02-Flat Plate, Gel'!$AB23*'03-Labour_Subs_Travel'!H$45)+('02-Flat Plate, Gel'!$AM23*'03-Labour_Subs_Travel'!H$47)+('02-Flat Plate, Gel'!$AX23*'03-Labour_Subs_Travel'!H$49))","v":0},{"$f":"('02-Flat Plate, Gel'!Q23*INDEX(TransportTable,MATCH(IF($N$3<100,100,$N$3),Distance,1),MATCH(IF(Num_30*VLOOKUP($A17,LP_Table,4,0)<1000,1000,Num_48*VLOOKUP($A17,LP_Table,4,0)),WeightRange,1)))+('02-Flat Plate, Gel'!AB23*INDEX(TransportTable,MATCH(IF($N$3<100,100,$N$3),Distance,1),MATCH(IF(Num_48*VLOOKUP($A17,LP_Table,4,0)<1000,1000,Num_48*VLOOKUP($A17,LP_Table,4,0)),WeightRange,1)))+('02-Flat Plate, Gel'!AM23*INDEX(TransportTable,MATCH(IF($N$3<100,100,$N$3),Distance,1),MATCH(IF(Num_110*VLOOKUP($A17,LP_Table,4,0)<1000,1000,Num_110*VLOOKUP($A17,LP_Table,4,0)),WeightRange,1)))+('02-Flat Plate, Gel'!AX23*INDEX(TransportTable,MATCH(IF($N$3<100,100,$N$3),Distance,1),MATCH(IF(Num_220*VLOOKUP($A17,LP_Table,4,0)<1000,1000,Num_220*VLOOKUP($A17,LP_Table,4,0)),WeightRange,1)))","v":0},{"$f":"2*$N$3*'03-Labour_Subs_Travel'!$C$35*('02-Flat Plate, Gel'!Q23+'02-Flat Plate, Gel'!AB23+'02-Flat Plate, Gel'!AM23+'02-Flat Plate, Gel'!AX23)","v":0},{"$f":"IF($B17<='03-Labour_Subs_Travel'!$C$20,('02-Flat Plate, Gel'!Q23*'03-Labour_Subs_Travel'!$I$42)+('02-Flat Plate, Gel'!AB23*'03-Labour_Subs_Travel'!$I$44)+('02-Flat Plate, Gel'!AM23*'03-Labour_Subs_Travel'!$I$46)+('02-Flat Plate, Gel'!AX23*'03-Labour_Subs_Travel'!$I$48),('02-Flat Plate, Gel'!Q23*'03-Labour_Subs_Travel'!$I$43)+('02-Flat Plate, Gel'!AB23*'03-Labour_Subs_Travel'!$I$45)+('02-Flat Plate, Gel'!AM23*'03-Labour_Subs_Travel'!$I$47)+('02-Flat Plate, Gel'!AX23*'03-Labour_Subs_Travel'!$I$49))","v":0},0,{"$f":"IF($B17<='03-Labour_Subs_Travel'!$C$20,('02-Flat Plate, Gel'!AB23*'03-Labour_Subs_Travel'!$J$44)+('02-Flat Plate, Gel'!AM23*'03-Labour_Subs_Travel'!$J$46)+('02-Flat Plate, Gel'!AX23*'03-Labour_Subs_Travel'!$J$48),('02-Flat Plate, Gel'!AB23*'03-Labour_Subs_Travel'!$J$45)+('02-Flat Plate, Gel'!AM23*'03-Labour_Subs_Travel'!$J$47)+('02-Flat Plate, Gel'!AX23*'03-Labour_Subs_Travel'!$J$49))","v":0},0]
[{"$f":"'02-Flat Plate, Gel'!B24","v":100},{"$f":"'02-Flat Plate, Gel'!C24","v":0},0,0,0,{"$f":"IF($B18<='03-Labour_Subs_Travel'!$C$20,('02-Flat Plate, Gel'!Q24*'03-Labour_Subs_Travel'!E50)+('02-Flat Plate, Gel'!$AB24*'03-Labour_Subs_Travel'!E$44)+('02-Flat Plate, Gel'!$AM24*'03-Labour_Subs_Travel'!E$46)+('02-Flat Plate, Gel'!$AX24*'03-Labour_Subs_Travel'!E$48),('02-Flat Plate, Gel'!Q24*'03-Labour_Subs_Travel'!E51)+('02-Flat Plate, Gel'!$AB24*'03-Labour_Subs_Travel'!E$45)+('02-Flat Plate, Gel'!$AM24*'03-Labour_Subs_Travel'!E$47)+('02-Flat Plate, Gel'!$AX24*'03-Labour_Subs_Travel'!E$49))","v":0},{"$f":"IF($B18<='03-Labour_Subs_Travel'!$C$20,('02-Flat Plate, Gel'!Q24*'03-Labour_Subs_Travel'!F$42)+('02-Flat Plate, Gel'!$AB24*'03-Labour_Subs_Travel'!F$44)+('02-Flat Plate, Gel'!$AM24*'03-Labour_Subs_Travel'!F$46)+('02-Flat Plate, Gel'!$AX24*'03-Labour_Subs_Travel'!F$48),('02-Flat Plate, Gel'!Q24*'03-Labour_Subs_Travel'!F$43)+('02-Flat Plate, Gel'!$AB24*'03-Labour_Subs_Travel'!F$45)+('02-Flat Plate, Gel'!$AM24*'03-Labour_Subs_Travel'!F$47)+('02-Flat Plate, Gel'!$AX24*'03-Labour_Subs_Travel'!F$49))","v":0},{"$f":"IF($B18<='03-Labour_Subs_Travel'!$C$20,('02-Flat Plate, Gel'!$Q24*'03-Labour_Subs_Travel'!G$42)+('02-Flat Plate, Gel'!$AB24*'03-Labour_Subs_Travel'!G$44)+('02-Flat Plate, Gel'!$AM24*'03-Labour_Subs_Travel'!G$46)+('02-Flat Plate, Gel'!$AX24*'03-Labour_Subs_Travel'!G$48),('02-Flat Plate, Gel'!$Q24*'03-Labour_Subs_Travel'!G$43)+('02-Flat Plate, Gel'!$AB24*'03-Labour_Subs_Travel'!G$45)+('02-Flat Plate, Gel'!$AM24*'03-Labour_Subs_Travel'!G$47)+('02-Flat Plate, Gel'!$AX24*'03-Labour_Subs_Travel'!G$49))","v":0},{"$f":"IF($B18<='03-Labour_Subs_Travel'!$C$20,('02-Flat Plate, Gel'!$Q24*'03-Labour_Subs_Travel'!H$42)+('02-Flat Plate, Gel'!$AB24*'03-Labour_Subs_Travel'!H$44)+('02-Flat Plate, Gel'!$AM24*'03-Labour_Subs_Travel'!H$46)+('02-Flat Plate, Gel'!$AX24*'03-Labour_Subs_Travel'!H$48),('02-Flat Plate, Gel'!$Q24*'03-Labour_Subs_Travel'!H$43)+('02-Flat Plate, Gel'!$AB24*'03-Labour_Subs_Travel'!H$45)+('02-Flat Plate, Gel'!$AM24*'03-Labour_Subs_Travel'!H$47)+('02-Flat Plate, Gel'!$AX24*'03-Labour_Subs_Travel'!H$49))","v":0},{"$f":"('02-Flat Plate, Gel'!Q24*INDEX(TransportTable,MATCH(IF($N$3<100,100,$N$3),Distance,1),MATCH(IF(Num_30*VLOOKUP($A18,LP_Table,4,0)<1000,1000,Num_48*VLOOKUP($A18,LP_Table,4,0)),WeightRange,1)))+('02-Flat Plate, Gel'!AB24*INDEX(TransportTable,MATCH(IF($N$3<100,100,$N$3),Distance,1),MATCH(IF(Num_48*VLOOKUP($A18,LP_Table,4,0)<1000,1000,Num_48*VLOOKUP($A18,LP_Table,4,0)),WeightRange,1)))+('02-Flat Plate, Gel'!AM24*INDEX(TransportTable,MATCH(IF($N$3<100,100,$N$3),Distance,1),MATCH(IF(Num_110*VLOOKUP($A18,LP_Table,4,0)<1000,1000,Num_110*VLOOKUP($A18,LP_Table,4,0)),WeightRange,1)))+('02-Flat Plate, Gel'!AX24*INDEX(TransportTable,MATCH(IF($N$3<100,100,$N$3),Distance,1),MATCH(IF(Num_220*VLOOKUP($A18,LP_Table,4,0)<1000,1000,Num_220*VLOOKUP($A18,LP_Table,4,0)),WeightRange,1)))","v":0},{"$f":"2*$N$3*'03-Labour_Subs_Travel'!$C$35*('02-Flat Plate, Gel'!Q24+'02-Flat Plate, Gel'!AB24+'02-Flat Plate, Gel'!AM24+'02-Flat Plate, Gel'!AX24)","v":0},{"$f":"IF($B18<='03-Labour_Subs_Travel'!$C$20,('02-Flat Plate, Gel'!Q24*'03-Labour_Subs_Travel'!$I$42)+('02-Flat Plate, Gel'!AB24*'03-Labour_Subs_Travel'!$I$44)+('02-Flat Plate, Gel'!AM24*'03-Labour_Subs_Travel'!$I$46)+('02-Flat Plate, Gel'!AX24*'03-Labour_Subs_Travel'!$I$48),('02-Flat Plate, Gel'!Q24*'03-Labour_Subs_Travel'!$I$43)+('02-Flat Plate, Gel'!AB24*'03-Labour_Subs_Travel'!$I$45)+('02-Flat Plate, Gel'!AM24*'03-Labour_Subs_Travel'!$I$47)+('02-Flat Plate, Gel'!AX24*'03-Labour_Subs_Travel'!$I$49))","v":0},0,{"$f":"IF($B18<='03-Labour_Subs_Travel'!$C$20,('02-Flat Plate, Gel'!AB24*'03-Labour_Subs_Travel'!$J$44)+('02-Flat Plate, Gel'!AM24*'03-Labour_Subs_Travel'!$J$46)+('02-Flat Plate, Gel'!AX24*'03-Labour_Subs_Travel'!$J$48),('02-Flat Plate, Gel'!AB24*'03-Labour_Subs_Travel'!$J$45)+('02-Flat Plate, Gel'!AM24*'03-Labour_Subs_Travel'!$J$47)+('02-Flat Plate, Gel'!AX24*'03-Labour_Subs_Travel'!$J$49))","v":0},0]
[{"$f":"'02-Flat Plate, Gel'!B25","v":150},{"$f":"'02-Flat Plate, Gel'!C25","v":0},0,0,0,{"$f":"IF($B19<='03-Labour_Subs_Travel'!$C$20,('02-Flat Plate, Gel'!Q25*'03-Labour_Subs_Travel'!E51)+('02-Flat Plate, Gel'!$AB25*'03-Labour_Subs_Travel'!E$44)+('02-Flat Plate, Gel'!$AM25*'03-Labour_Subs_Travel'!E$46)+('02-Flat Plate, Gel'!$AX25*'03-Labour_Subs_Travel'!E$48),('02-Flat Plate, Gel'!Q25*'03-Labour_Subs_Travel'!E52)+('02-Flat Plate, Gel'!$AB25*'03-Labour_Subs_Travel'!E$45)+('02-Flat Plate, Gel'!$AM25*'03-Labour_Subs_Travel'!E$47)+('02-Flat Plate, Gel'!$AX25*'03-Labour_Subs_Travel'!E$49))","v":0},{"$f":"IF($B19<='03-Labour_Subs_Travel'!$C$20,('02-Flat Plate, Gel'!Q25*'03-Labour_Subs_Travel'!F$42)+('02-Flat Plate, Gel'!$AB25*'03-Labour_Subs_Travel'!F$44)+('02-Flat Plate, Gel'!$AM25*'03-Labour_Subs_Travel'!F$46)+('02-Flat Plate, Gel'!$AX25*'03-Labour_Subs_Travel'!F$48),('02-Flat Plate, Gel'!Q25*'03-Labour_Subs_Travel'!F$43)+('02-Flat Plate, Gel'!$AB25*'03-Labour_Subs_Travel'!F$45)+('02-Flat Plate, Gel'!$AM25*'03-Labour_Subs_Travel'!F$47)+('02-Flat Plate, Gel'!$AX25*'03-Labour_Subs_Travel'!F$49))","v":0},{"$f":"IF($B19<='03-Labour_Subs_Travel'!$C$20,('02-Flat Plate, Gel'!$Q25*'03-Labour_Subs_Travel'!G$42)+('02-Flat Plate, Gel'!$AB25*'03-Labour_Subs_Travel'!G$44)+('02-Flat Plate, Gel'!$AM25*'03-Labour_Subs_Travel'!G$46)+('02-Flat Plate, Gel'!$AX25*'03-Labour_Subs_Travel'!G$48),('02-Flat Plate, Gel'!$Q25*'03-Labour_Subs_Travel'!G$43)+('02-Flat Plate, Gel'!$AB25*'03-Labour_Subs_Travel'!G$45)+('02-Flat Plate, Gel'!$AM25*'03-Labour_Subs_Travel'!G$47)+('02-Flat Plate, Gel'!$AX25*'03-Labour_Subs_Travel'!G$49))","v":0},{"$f":"IF($B19<='03-Labour_Subs_Travel'!$C$20,('02-Flat Plate, Gel'!$Q25*'03-Labour_Subs_Travel'!H$42)+('02-Flat Plate, Gel'!$AB25*'03-Labour_Subs_Travel'!H$44)+('02-Flat Plate, Gel'!$AM25*'03-Labour_Subs_Travel'!H$46)+('02-Flat Plate, Gel'!$AX25*'03-Labour_Subs_Travel'!H$48),('02-Flat Plate, Gel'!$Q25*'03-Labour_Subs_Travel'!H$43)+('02-Flat Plate, Gel'!$AB25*'03-Labour_Subs_Travel'!H$45)+('02-Flat Plate, Gel'!$AM25*'03-Labour_Subs_Travel'!H$47)+('02-Flat Plate, Gel'!$AX25*'03-Labour_Subs_Travel'!H$49))","v":0},{"$f":"('02-Flat Plate, Gel'!Q25*INDEX(TransportTable,MATCH(IF($N$3<100,100,$N$3),Distance,1),MATCH(IF(Num_30*VLOOKUP($A19,LP_Table,4,0)<1000,1000,Num_48*VLOOKUP($A19,LP_Table,4,0)),WeightRange,1)))+('02-Flat Plate, Gel'!AB25*INDEX(TransportTable,MATCH(IF($N$3<100,100,$N$3),Distance,1),MATCH(IF(Num_48*VLOOKUP($A19,LP_Table,4,0)<1000,1000,Num_48*VLOOKUP($A19,LP_Table,4,0)),WeightRange,1)))+('02-Flat Plate, Gel'!AM25*INDEX(TransportTable,MATCH(IF($N$3<100,100,$N$3),Distance,1),MATCH(IF(Num_110*VLOOKUP($A19,LP_Table,4,0)<1000,1000,Num_110*VLOOKUP($A19,LP_Table,4,0)),WeightRange,1)))+('02-Flat Plate, Gel'!AX25*INDEX(TransportTable,MATCH(IF($N$3<100,100,$N$3),Distance,1),MATCH(IF(Num_220*VLOOKUP($A19,LP_Table,4,0)<1000,1000,Num_220*VLOOKUP($A19,LP_Table,4,0)),WeightRange,1)))","v":0},{"$f":"2*$N$3*'03-Labour_Subs_Travel'!$C$35*('02-Flat Plate, Gel'!Q25+'02-Flat Plate, Gel'!AB25+'02-Flat Plate, Gel'!AM25+'02-Flat Plate, Gel'!AX25)","v":0},{"$f":"IF($B19<='03-Labour_Subs_Travel'!$C$20,('02-Flat Plate, Gel'!Q25*'03-Labour_Subs_Travel'!$I$42)+('02-Flat Plate, Gel'!AB25*'03-Labour_Subs_Travel'!$I$44)+('02-Flat Plate, Gel'!AM25*'03-Labour_Subs_Travel'!$I$46)+('02-Flat Plate, Gel'!AX25*'03-Labour_Subs_Travel'!$I$48),('02-Flat Plate, Gel'!Q25*'03-Labour_Subs_Travel'!$I$43)+('02-Flat Plate, Gel'!AB25*'03-Labour_Subs_Travel'!$I$45)+('02-Flat Plate, Gel'!AM25*'03-Labour_Subs_Travel'!$I$47)+('02-Flat Plate, Gel'!AX25*'03-Labour_Subs_Travel'!$I$49))","v":0},0,{"$f":"IF($B19<='03-Labour_Subs_Travel'!$C$20,('02-Flat Plate, Gel'!AB25*'03-Labour_Subs_Travel'!$J$44)+('02-Flat Plate, Gel'!AM25*'03-Labour_Subs_Travel'!$J$46)+('02-Flat Plate, Gel'!AX25*'03-Labour_Subs_Travel'!$J$48),('02-Flat Plate, Gel'!AB25*'03-Labour_Subs_Travel'!$J$45)+('02-Flat Plate, Gel'!AM25*'03-Labour_Subs_Travel'!$J$47)+('02-Flat Plate, Gel'!AX25*'03-Labour_Subs_Travel'!$J$49))","v":0},0]
[{"$f":"'02-Flat Plate, Gel'!B26","v":200},{"$f":"'02-Flat Plate, Gel'!C26","v":0},0,0,0,{"$f":"IF($B20<='03-Labour_Subs_Travel'!$C$20,('02-Flat Plate, Gel'!Q26*'03-Labour_Subs_Travel'!E52)+('02-Flat Plate, Gel'!$AB26*'03-Labour_Subs_Travel'!E$44)+('02-Flat Plate, Gel'!$AM26*'03-Labour_Subs_Travel'!E$46)+('02-Flat Plate, Gel'!$AX26*'03-Labour_Subs_Travel'!E$48),('02-Flat Plate, Gel'!Q26*'03-Labour_Subs_Travel'!E53)+('02-Flat Plate, Gel'!$AB26*'03-Labour_Subs_Travel'!E$45)+('02-Flat Plate, Gel'!$AM26*'03-Labour_Subs_Travel'!E$47)+('02-Flat Plate, Gel'!$AX26*'03-Labour_Subs_Travel'!E$49))","v":0},{"$f":"IF($B20<='03-Labour_Subs_Travel'!$C$20,('02-Flat Plate, Gel'!Q26*'03-Labour_Subs_Travel'!F$42)+('02-Flat Plate, Gel'!$AB26*'03-Labour_Subs_Travel'!F$44)+('02-Flat Plate, Gel'!$AM26*'03-Labour_Subs_Travel'!F$46)+('02-Flat Plate, Gel'!$AX26*'03-Labour_Subs_Travel'!F$48),('02-Flat Plate, Gel'!Q26*'03-Labour_Subs_Travel'!F$43)+('02-Flat Plate, Gel'!$AB26*'03-Labour_Subs_Travel'!F$45)+('02-Flat Plate, Gel'!$AM26*'03-Labour_Subs_Travel'!F$47)+('02-Flat Plate, Gel'!$AX26*'03-Labour_Subs_Travel'!F$49))","v":0},{"$f":"IF($B20<='03-Labour_Subs_Travel'!$C$20,('02-Flat Plate, Gel'!$Q26*'03-Labour_Subs_Travel'!G$42)+('02-Flat Plate, Gel'!$AB26*'03-Labour_Subs_Travel'!G$44)+('02-Flat Plate, Gel'!$AM26*'03-Labour_Subs_Travel'!G$46)+('02-Flat Plate, Gel'!$AX26*'03-Labour_Subs_Travel'!G$48),('02-Flat Plate, Gel'!$Q26*'03-Labour_Subs_Travel'!G$43)+('02-Flat Plate, Gel'!$AB26*'03-Labour_Subs_Travel'!G$45)+('02-Flat Plate, Gel'!$AM26*'03-Labour_Subs_Travel'!G$47)+('02-Flat Plate, Gel'!$AX26*'03-Labour_Subs_Travel'!G$49))","v":0},{"$f":"IF($B20<='03-Labour_Subs_Travel'!$C$20,('02-Flat Plate, Gel'!$Q26*'03-Labour_Subs_Travel'!H$42)+('02-Flat Plate, Gel'!$AB26*'03-Labour_Subs_Travel'!H$44)+('02-Flat Plate, Gel'!$AM26*'03-Labour_Subs_Travel'!H$46)+('02-Flat Plate, Gel'!$AX26*'03-Labour_Subs_Travel'!H$48),('02-Flat Plate, Gel'!$Q26*'03-Labour_Subs_Travel'!H$43)+('02-Flat Plate, Gel'!$AB26*'03-Labour_Subs_Travel'!H$45)+('02-Flat Plate, Gel'!$AM26*'03-Labour_Subs_Travel'!H$47)+('02-Flat Plate, Gel'!$AX26*'03-Labour_Subs_Travel'!H$49))","v":0},{"$f":"('02-Flat Plate, Gel'!Q26*INDEX(TransportTable,MATCH(IF($N$3<100,100,$N$3),Distance,1),MATCH(IF(Num_30*VLOOKUP($A20,LP_Table,4,0)<1000,1000,Num_48*VLOOKUP($A20,LP_Table,4,0)),WeightRange,1)))+('02-Flat Plate, Gel'!AB26*INDEX(TransportTable,MATCH(IF($N$3<100,100,$N$3),Distance,1),MATCH(IF(Num_48*VLOOKUP($A20,LP_Table,4,0)<1000,1000,Num_48*VLOOKUP($A20,LP_Table,4,0)),WeightRange,1)))+('02-Flat Plate, Gel'!AM26*INDEX(TransportTable,MATCH(IF($N$3<100,100,$N$3),Distance,1),MATCH(IF(Num_110*VLOOKUP($A20,LP_Table,4,0)<1000,1000,Num_110*VLOOKUP($A20,LP_Table,4,0)),WeightRange,1)))+('02-Flat Plate, Gel'!AX26*INDEX(TransportTable,MATCH(IF($N$3<100,100,$N$3),Distance,1),MATCH(IF(Num_220*VLOOKUP($A20,LP_Table,4,0)<1000,1000,Num_220*VLOOKUP($A20,LP_Table,4,0)),WeightRange,1)))","v":0},{"$f":"2*$N$3*'03-Labour_Subs_Travel'!$C$35*('02-Flat Plate, Gel'!Q26+'02-Flat Plate, Gel'!AB26+'02-Flat Plate, Gel'!AM26+'02-Flat Plate, Gel'!AX26)","v":0},{"$f":"IF($B20<='03-Labour_Subs_Travel'!$C$20,('02-Flat Plate, Gel'!Q26*'03-Labour_Subs_Travel'!$I$42)+('02-Flat Plate, Gel'!AB26*'03-Labour_Subs_Travel'!$I$44)+('02-Flat Plate, Gel'!AM26*'03-Labour_Subs_Travel'!$I$46)+('02-Flat Plate, Gel'!AX26*'03-Labour_Subs_Travel'!$I$48),('02-Flat Plate, Gel'!Q26*'03-Labour_Subs_Travel'!$I$43)+('02-Flat Plate, Gel'!AB26*'03-Labour_Subs_Travel'!$I$45)+('02-Flat Plate, Gel'!AM26*'03-Labour_Subs_Travel'!$I$47)+('02-Flat Plate, Gel'!AX26*'03-Labour_Subs_Travel'!$I$49))","v":0},0,{"$f":"IF($B20<='03-Labour_Subs_Travel'!$C$20,('02-Flat Plate, Gel'!AB26*'03-Labour_Subs_Travel'!$J$44)+('02-Flat Plate, Gel'!AM26*'03-Labour_Subs_Travel'!$J$46)+('02-Flat Plate, Gel'!AX26*'03-Labour_Subs_Travel'!$J$48),('02-Flat Plate, Gel'!AB26*'03-Labour_Subs_Travel'!$J$45)+('02-Flat Plate, Gel'!AM26*'03-Labour_Subs_Travel'!$J$47)+('02-Flat Plate, Gel'!AX26*'03-Labour_Subs_Travel'!$J$49))","v":0},0]
[{"$f":"'02-Flat Plate, Gel'!B27","v":250},{"$f":"'02-Flat Plate, Gel'!C27","v":0},0,0,0,{"$f":"IF($B21<='03-Labour_Subs_Travel'!$C$20,('02-Flat Plate, Gel'!Q27*'03-Labour_Subs_Travel'!E53)+('02-Flat Plate, Gel'!$AB27*'03-Labour_Subs_Travel'!E$44)+('02-Flat Plate, Gel'!$AM27*'03-Labour_Subs_Travel'!E$46)+('02-Flat Plate, Gel'!$AX27*'03-Labour_Subs_Travel'!E$48),('02-Flat Plate, Gel'!Q27*'03-Labour_Subs_Travel'!E54)+('02-Flat Plate, Gel'!$AB27*'03-Labour_Subs_Travel'!E$45)+('02-Flat Plate, Gel'!$AM27*'03-Labour_Subs_Travel'!E$47)+('02-Flat Plate, Gel'!$AX27*'03-Labour_Subs_Travel'!E$49))","v":0},{"$f":"IF($B21<='03-Labour_Subs_Travel'!$C$20,('02-Flat Plate, Gel'!Q27*'03-Labour_Subs_Travel'!F$42)+('02-Flat Plate, Gel'!$AB27*'03-Labour_Subs_Travel'!F$44)+('02-Flat Plate, Gel'!$AM27*'03-Labour_Subs_Travel'!F$46)+('02-Flat Plate, Gel'!$AX27*'03-Labour_Subs_Travel'!F$48),('02-Flat Plate, Gel'!Q27*'03-Labour_Subs_Travel'!F$43)+('02-Flat Plate, Gel'!$AB27*'03-Labour_Subs_Travel'!F$45)+('02-Flat Plate, Gel'!$AM27*'03-Labour_Subs_Travel'!F$47)+('02-Flat Plate, Gel'!$AX27*'03-Labour_Subs_Travel'!F$49))","v":0},{"$f":"IF($B21<='03-Labour_Subs_Travel'!$C$20,('02-Flat Plate, Gel'!$Q27*'03-Labour_Subs_Travel'!G$42)+('02-Flat Plate, Gel'!$AB27*'03-Labour_Subs_Travel'!G$44)+('02-Flat Plate, Gel'!$AM27*'03-Labour_Subs_Travel'!G$46)+('02-Flat Plate, Gel'!$AX27*'03-Labour_Subs_Travel'!G$48),('02-Flat Plate, Gel'!$Q27*'03-Labour_Subs_Travel'!G$43)+('02-Flat Plate, Gel'!$AB27*'03-Labour_Subs_Travel'!G$45)+('02-Flat Plate, Gel'!$AM27*'03-Labour_Subs_Travel'!G$47)+('02-Flat Plate, Gel'!$AX27*'03-Labour_Subs_Travel'!G$49))","v":0},{"$f":"IF($B21<='03-Labour_Subs_Travel'!$C$20,('02-Flat Plate, Gel'!$Q27*'03-Labour_Subs_Travel'!H$42)+('02-Flat Plate, Gel'!$AB27*'03-Labour_Subs_Travel'!H$44)+('02-Flat Plate, Gel'!$AM27*'03-Labour_Subs_Travel'!H$46)+('02-Flat Plate, Gel'!$AX27*'03-Labour_Subs_Travel'!H$48),('02-Flat Plate, Gel'!$Q27*'03-Labour_Subs_Travel'!H$43)+('02-Flat Plate, Gel'!$AB27*'03-Labour_Subs_Travel'!H$45)+('02-Flat Plate, Gel'!$AM27*'03-Labour_Subs_Travel'!H$47)+('02-Flat Plate, Gel'!$AX27*'03-Labour_Subs_Travel'!H$49))","v":0},{"$f":"('02-Flat Plate, Gel'!Q27*INDEX(TransportTable,MATCH(IF($N$3<100,100,$N$3),Distance,1),MATCH(IF(Num_30*VLOOKUP($A21,LP_Table,4,0)<1000,1000,Num_48*VLOOKUP($A21,LP_Table,4,0)),WeightRange,1)))+('02-Flat Plate, Gel'!AB27*INDEX(TransportTable,MATCH(IF($N$3<100,100,$N$3),Distance,1),MATCH(IF(Num_48*VLOOKUP($A21,LP_Table,4,0)<1000,1000,Num_48*VLOOKUP($A21,LP_Table,4,0)),WeightRange,1)))+('02-Flat Plate, Gel'!AM27*INDEX(TransportTable,MATCH(IF($N$3<100,100,$N$3),Distance,1),MATCH(IF(Num_110*VLOOKUP($A21,LP_Table,4,0)<1000,1000,Num_110*VLOOKUP($A21,LP_Table,4,0)),WeightRange,1)))+('02-Flat Plate, Gel'!AX27*INDEX(TransportTable,MATCH(IF($N$3<100,100,$N$3),Distance,1),MATCH(IF(Num_220*VLOOKUP($A21,LP_Table,4,0)<1000,1000,Num_220*VLOOKUP($A21,LP_Table,4,0)),WeightRange,1)))","v":0},{"$f":"2*$N$3*'03-Labour_Subs_Travel'!$C$35*('02-Flat Plate, Gel'!Q27+'02-Flat Plate, Gel'!AB27+'02-Flat Plate, Gel'!AM27+'02-Flat Plate, Gel'!AX27)","v":0},{"$f":"IF($B21<='03-Labour_Subs_Travel'!$C$20,('02-Flat Plate, Gel'!Q27*'03-Labour_Subs_Travel'!$I$42)+('02-Flat Plate, Gel'!AB27*'03-Labour_Subs_Travel'!$I$44)+('02-Flat Plate, Gel'!AM27*'03-Labour_Subs_Travel'!$I$46)+('02-Flat Plate, Gel'!AX27*'03-Labour_Subs_Travel'!$I$48),('02-Flat Plate, Gel'!Q27*'03-Labour_Subs_Travel'!$I$43)+('02-Flat Plate, Gel'!AB27*'03-Labour_Subs_Travel'!$I$45)+('02-Flat Plate, Gel'!AM27*'03-Labour_Subs_Travel'!$I$47)+('02-Flat Plate, Gel'!AX27*'03-Labour_Subs_Travel'!$I$49))","v":0},0,{"$f":"IF($B21<='03-Labour_Subs_Travel'!$C$20,('02-Flat Plate, Gel'!AB27*'03-Labour_Subs_Travel'!$J$44)+('02-Flat Plate, Gel'!AM27*'03-Labour_Subs_Travel'!$J$46)+('02-Flat Plate, Gel'!AX27*'03-Labour_Subs_Travel'!$J$48),('02-Flat Plate, Gel'!AB27*'03-Labour_Subs_Travel'!$J$45)+('02-Flat Plate, Gel'!AM27*'03-Labour_Subs_Travel'!$J$47)+('02-Flat Plate, Gel'!AX27*'03-Labour_Subs_Travel'!$J$49))","v":0},0]
[{"$f":"'02-Flat Plate, Gel'!B28","v":300},{"$f":"'02-Flat Plate, Gel'!C28","v":0},0,0,0,{"$f":"IF($B22<='03-Labour_Subs_Travel'!$C$20,('02-Flat Plate, Gel'!Q28*'03-Labour_Subs_Travel'!E54)+('02-Flat Plate, Gel'!$AB28*'03-Labour_Subs_Travel'!E$44)+('02-Flat Plate, Gel'!$AM28*'03-Labour_Subs_Travel'!E$46)+('02-Flat Plate, Gel'!$AX28*'03-Labour_Subs_Travel'!E$48),('02-Flat Plate, Gel'!Q28*'03-Labour_Subs_Travel'!E55)+('02-Flat Plate, Gel'!$AB28*'03-Labour_Subs_Travel'!E$45)+('02-Flat Plate, Gel'!$AM28*'03-Labour_Subs_Travel'!E$47)+('02-Flat Plate, Gel'!$AX28*'03-Labour_Subs_Travel'!E$49))","v":0},{"$f":"IF($B22<='03-Labour_Subs_Travel'!$C$20,('02-Flat Plate, Gel'!Q28*'03-Labour_Subs_Travel'!F$42)+('02-Flat Plate, Gel'!$AB28*'03-Labour_Subs_Travel'!F$44)+('02-Flat Plate, Gel'!$AM28*'03-Labour_Subs_Travel'!F$46)+('02-Flat Plate, Gel'!$AX28*'03-Labour_Subs_Travel'!F$48),('02-Flat Plate, Gel'!Q28*'03-Labour_Subs_Travel'!F$43)+('02-Flat Plate, Gel'!$AB28*'03-Labour_Subs_Travel'!F$45)+('02-Flat Plate, Gel'!$AM28*'03-Labour_Subs_Travel'!F$47)+('02-Flat Plate, Gel'!$AX28*'03-Labour_Subs_Travel'!F$49))","v":0},{"$f":"IF($B22<='03-Labour_Subs_Travel'!$C$20,('02-Flat Plate, Gel'!$Q28*'03-Labour_Subs_Travel'!G$42)+('02-Flat Plate, Gel'!$AB28*'03-Labour_Subs_Travel'!G$44)+('02-Flat Plate, Gel'!$AM28*'03-Labour_Subs_Travel'!G$46)+('02-Flat Plate, Gel'!$AX28*'03-Labour_Subs_Travel'!G$48),('02-Flat Plate, Gel'!$Q28*'03-Labour_Subs_Travel'!G$43)+('02-Flat Plate, Gel'!$AB28*'03-Labour_Subs_Travel'!G$45)+('02-Flat Plate, Gel'!$AM28*'03-Labour_Subs_Travel'!G$47)+('02-Flat Plate, Gel'!$AX28*'03-Labour_Subs_Travel'!G$49))","v":0},{"$f":"IF($B22<='03-Labour_Subs_Travel'!$C$20,('02-Flat Plate, Gel'!$Q28*'03-Labour_Subs_Travel'!H$42)+('02-Flat Plate, Gel'!$AB28*'03-Labour_Subs_Travel'!H$44)+('02-Flat Plate, Gel'!$AM28*'03-Labour_Subs_Travel'!H$46)+('02-Flat Plate, Gel'!$AX28*'03-Labour_Subs_Travel'!H$48),('02-Flat Plate, Gel'!$Q28*'03-Labour_Subs_Travel'!H$43)+('02-Flat Plate, Gel'!$AB28*'03-Labour_Subs_Travel'!H$45)+('02-Flat Plate, Gel'!$AM28*'03-Labour_Subs_Travel'!H$47)+('02-Flat Plate, Gel'!$AX28*'03-Labour_Subs_Travel'!H$49))","v":0},{"$f":"('02-Flat Plate, Gel'!Q28*INDEX(TransportTable,MATCH(IF($N$3<100,100,$N$3),Distance,1),MATCH(IF(Num_30*VLOOKUP($A22,LP_Table,4,0)<1000,1000,Num_48*VLOOKUP($A22,LP_Table,4,0)),WeightRange,1)))+('02-Flat Plate, Gel'!AB28*INDEX(TransportTable,MATCH(IF($N$3<100,100,$N$3),Distance,1),MATCH(IF(Num_48*VLOOKUP($A22,LP_Table,4,0)<1000,1000,Num_48*VLOOKUP($A22,LP_Table,4,0)),WeightRange,1)))+('02-Flat Plate, Gel'!AM28*INDEX(TransportTable,MATCH(IF($N$3<100,100,$N$3),Distance,1),MATCH(IF(Num_110*VLOOKUP($A22,LP_Table,4,0)<1000,1000,Num_110*VLOOKUP($A22,LP_Table,4,0)),WeightRange,1)))+('02-Flat Plate, Gel'!AX28*INDEX(TransportTable,MATCH(IF($N$3<100,100,$N$3),Distance,1),MATCH(IF(Num_220*VLOOKUP($A22,LP_Table,4,0)<1000,1000,Num_220*VLOOKUP($A22,LP_Table,4,0)),WeightRange,1)))","v":0},{"$f":"2*$N$3*'03-Labour_Subs_Travel'!$C$35*('02-Flat Plate, Gel'!Q28+'02-Flat Plate, Gel'!AB28+'02-Flat Plate, Gel'!AM28+'02-Flat Plate, Gel'!AX28)","v":0},{"$f":"IF($B22<='03-Labour_Subs_Travel'!$C$20,('02-Flat Plate, Gel'!Q28*'03-Labour_Subs_Travel'!$I$42)+('02-Flat Plate, Gel'!AB28*'03-Labour_Subs_Travel'!$I$44)+('02-Flat Plate, Gel'!AM28*'03-Labour_Subs_Travel'!$I$46)+('02-Flat Plate, Gel'!AX28*'03-Labour_Subs_Travel'!$I$48),('02-Flat Plate, Gel'!Q28*'03-Labour_Subs_Travel'!$I$43)+('02-Flat Plate, Gel'!AB28*'03-Labour_Subs_Travel'!$I$45)+('02-Flat Plate, Gel'!AM28*'03-Labour_Subs_Travel'!$I$47)+('02-Flat Plate, Gel'!AX28*'03-Labour_Subs_Travel'!$I$49))","v":0},0,{"$f":"IF($B22<='03-Labour_Subs_Travel'!$C$20,('02-Flat Plate, Gel'!AB28*'03-Labour_Subs_Travel'!$J$44)+('02-Flat Plate, Gel'!AM28*'03-Labour_Subs_Travel'!$J$46)+('02-Flat Plate, Gel'!AX28*'03-Labour_Subs_Travel'!$J$48),('02-Flat Plate, Gel'!AB28*'03-Labour_Subs_Travel'!$J$45)+('02-Flat Plate, Gel'!AM28*'03-Labour_Subs_Travel'!$J$47)+('02-Flat Plate, Gel'!AX28*'03-Labour_Subs_Travel'!$J$49))","v":0},0]
[{"$f":"'02-Flat Plate, Gel'!B29","v":350},{"$f":"'02-Flat Plate, Gel'!C29","v":0},0,0,0,{"$f":"IF($B23<='03-Labour_Subs_Travel'!$C$20,('02-Flat Plate, Gel'!Q29*'03-Labour_Subs_Travel'!E55)+('02-Flat Plate, Gel'!$AB29*'03-Labour_Subs_Travel'!E$44)+('02-Flat Plate, Gel'!$AM29*'03-Labour_Subs_Travel'!E$46)+('02-Flat Plate, Gel'!$AX29*'03-Labour_Subs_Travel'!E$48),('02-Flat Plate, Gel'!Q29*'03-Labour_Subs_Travel'!E56)+('02-Flat Plate, Gel'!$AB29*'03-Labour_Subs_Travel'!E$45)+('02-Flat Plate, Gel'!$AM29*'03-Labour_Subs_Travel'!E$47)+('02-Flat Plate, Gel'!$AX29*'03-Labour_Subs_Travel'!E$49))","v":0},{"$f":"IF($B23<='03-Labour_Subs_Travel'!$C$20,('02-Flat Plate, Gel'!Q29*'03-Labour_Subs_Travel'!F$42)+('02-Flat Plate, Gel'!$AB29*'03-Labour_Subs_Travel'!F$44)+('02-Flat Plate, Gel'!$AM29*'03-Labour_Subs_Travel'!F$46)+('02-Flat Plate, Gel'!$AX29*'03-Labour_Subs_Travel'!F$48),('02-Flat Plate, Gel'!Q29*'03-Labour_Subs_Travel'!F$43)+('02-Flat Plate, Gel'!$AB29*'03-Labour_Subs_Travel'!F$45)+('02-Flat Plate, Gel'!$AM29*'03-Labour_Subs_Travel'!F$47)+('02-Flat Plate, Gel'!$AX29*'03-Labour_Subs_Travel'!F$49))","v":0},{"$f":"IF($B23<='03-Labour_Subs_Travel'!$C$20,('02-Flat Plate, Gel'!$Q29*'03-Labour_Subs_Travel'!G$42)+('02-Flat Plate, Gel'!$AB29*'03-Labour_Subs_Travel'!G$44)+('02-Flat Plate, Gel'!$AM29*'03-Labour_Subs_Travel'!G$46)+('02-Flat Plate, Gel'!$AX29*'03-Labour_Subs_Travel'!G$48),('02-Flat Plate, Gel'!$Q29*'03-Labour_Subs_Travel'!G$43)+('02-Flat Plate, Gel'!$AB29*'03-Labour_Subs_Travel'!G$45)+('02-Flat Plate, Gel'!$AM29*'03-Labour_Subs_Travel'!G$47)+('02-Flat Plate, Gel'!$AX29*'03-Labour_Subs_Travel'!G$49))","v":0},{"$f":"IF($B23<='03-Labour_Subs_Travel'!$C$20,('02-Flat Plate, Gel'!$Q29*'03-Labour_Subs_Travel'!H$42)+('02-Flat Plate, Gel'!$AB29*'03-Labour_Subs_Travel'!H$44)+('02-Flat Plate, Gel'!$AM29*'03-Labour_Subs_Travel'!H$46)+('02-Flat Plate, Gel'!$AX29*'03-Labour_Subs_Travel'!H$48),('02-Flat Plate, Gel'!$Q29*'03-Labour_Subs_Travel'!H$43)+('02-Flat Plate, Gel'!$AB29*'03-Labour_Subs_Travel'!H$45)+('02-Flat Plate, Gel'!$AM29*'03-Labour_Subs_Travel'!H$47)+('02-Flat Plate, Gel'!$AX29*'03-Labour_Subs_Travel'!H$49))","v":0},{"$f":"('02-Flat Plate, Gel'!Q29*INDEX(TransportTable,MATCH(IF($N$3<100,100,$N$3),Distance,1),MATCH(IF(Num_30*VLOOKUP($A23,LP_Table,4,0)<1000,1000,Num_48*VLOOKUP($A23,LP_Table,4,0)),WeightRange,1)))+('02-Flat Plate, Gel'!AB29*INDEX(TransportTable,MATCH(IF($N$3<100,100,$N$3),Distance,1),MATCH(IF(Num_48*VLOOKUP($A23,LP_Table,4,0)<1000,1000,Num_48*VLOOKUP($A23,LP_Table,4,0)),WeightRange,1)))+('02-Flat Plate, Gel'!AM29*INDEX(TransportTable,MATCH(IF($N$3<100,100,$N$3),Distance,1),MATCH(IF(Num_110*VLOOKUP($A23,LP_Table,4,0)<1000,1000,Num_110*VLOOKUP($A23,LP_Table,4,0)),WeightRange,1)))+('02-Flat Plate, Gel'!AX29*INDEX(TransportTable,MATCH(IF($N$3<100,100,$N$3),Distance,1),MATCH(IF(Num_220*VLOOKUP($A23,LP_Table,4,0)<1000,1000,Num_220*VLOOKUP($A23,LP_Table,4,0)),WeightRange,1)))","v":0},{"$f":"2*$N$3*'03-Labour_Subs_Travel'!$C$35*('02-Flat Plate, Gel'!Q29+'02-Flat Plate, Gel'!AB29+'02-Flat Plate, Gel'!AM29+'02-Flat Plate, Gel'!AX29)","v":0},{"$f":"IF($B23<='03-Labour_Subs_Travel'!$C$20,('02-Flat Plate, Gel'!Q29*'03-Labour_Subs_Travel'!$I$42)+('02-Flat Plate, Gel'!AB29*'03-Labour_Subs_Travel'!$I$44)+('02-Flat Plate, Gel'!AM29*'03-Labour_Subs_Travel'!$I$46)+('02-Flat Plate, Gel'!AX29*'03-Labour_Subs_Travel'!$I$48),('02-Flat Plate, Gel'!Q29*'03-Labour_Subs_Travel'!$I$43)+('02-Flat Plate, Gel'!AB29*'03-Labour_Subs_Travel'!$I$45)+('02-Flat Plate, Gel'!AM29*'03-Labour_Subs_Travel'!$I$47)+('02-Flat Plate, Gel'!AX29*'03-Labour_Subs_Travel'!$I$49))","v":0},0,{"$f":"IF($B23<='03-Labour_Subs_Travel'!$C$20,('02-Flat Plate, Gel'!AB29*'03-Labour_Subs_Travel'!$J$44)+('02-Flat Plate, Gel'!AM29*'03-Labour_Subs_Travel'!$J$46)+('02-Flat Plate, Gel'!AX29*'03-Labour_Subs_Travel'!$J$48),('02-Flat Plate, Gel'!AB29*'03-Labour_Subs_Travel'!$J$45)+('02-Flat Plate, Gel'!AM29*'03-Labour_Subs_Travel'!$J$47)+('02-Flat Plate, Gel'!AX29*'03-Labour_Subs_Travel'!$J$49))","v":0},0]
[{"$f":"'02-Flat Plate, Gel'!B30","v":400},{"$f":"'02-Flat Plate, Gel'!C30","v":0},0,0,0,{"$f":"IF($B24<='03-Labour_Subs_Travel'!$C$20,('02-Flat Plate, Gel'!Q30*'03-Labour_Subs_Travel'!E56)+('02-Flat Plate, Gel'!$AB30*'03-Labour_Subs_Travel'!E$44)+('02-Flat Plate, Gel'!$AM30*'03-Labour_Subs_Travel'!E$46)+('02-Flat Plate, Gel'!$AX30*'03-Labour_Subs_Travel'!E$48),('02-Flat Plate, Gel'!Q30*'03-Labour_Subs_Travel'!E57)+('02-Flat Plate, Gel'!$AB30*'03-Labour_Subs_Travel'!E$45)+('02-Flat Plate, Gel'!$AM30*'03-Labour_Subs_Travel'!E$47)+('02-Flat Plate, Gel'!$AX30*'03-Labour_Subs_Travel'!E$49))","v":0},{"$f":"IF($B24<='03-Labour_Subs_Travel'!$C$20,('02-Flat Plate, Gel'!Q30*'03-Labour_Subs_Travel'!F$42)+('02-Flat Plate, Gel'!$AB30*'03-Labour_Subs_Travel'!F$44)+('02-Flat Plate, Gel'!$AM30*'03-Labour_Subs_Travel'!F$46)+('02-Flat Plate, Gel'!$AX30*'03-Labour_Subs_Travel'!F$48),('02-Flat Plate, Gel'!Q30*'03-Labour_Subs_Travel'!F$43)+('02-Flat Plate, Gel'!$AB30*'03-Labour_Subs_Travel'!F$45)+('02-Flat Plate, Gel'!$AM30*'03-Labour_Subs_Travel'!F$47)+('02-Flat Plate, Gel'!$AX30*'03-Labour_Subs_Travel'!F$49))","v":0},{"$f":"IF($B24<='03-Labour_Subs_Travel'!$C$20,('02-Flat Plate, Gel'!$Q30*'03-Labour_Subs_Travel'!G$42)+('02-Flat Plate, Gel'!$AB30*'03-Labour_Subs_Travel'!G$44)+('02-Flat Plate, Gel'!$AM30*'03-Labour_Subs_Travel'!G$46)+('02-Flat Plate, Gel'!$AX30*'03-Labour_Subs_Travel'!G$48),('02-Flat Plate, Gel'!$Q30*'03-Labour_Subs_Travel'!G$43)+('02-Flat Plate, Gel'!$AB30*'03-Labour_Subs_Travel'!G$45)+('02-Flat Plate, Gel'!$AM30*'03-Labour_Subs_Travel'!G$47)+('02-Flat Plate, Gel'!$AX30*'03-Labour_Subs_Travel'!G$49))","v":0},{"$f":"IF($B24<='03-Labour_Subs_Travel'!$C$20,('02-Flat Plate, Gel'!$Q30*'03-Labour_Subs_Travel'!H$42)+('02-Flat Plate, Gel'!$AB30*'03-Labour_Subs_Travel'!H$44)+('02-Flat Plate, Gel'!$AM30*'03-Labour_Subs_Travel'!H$46)+('02-Flat Plate, Gel'!$AX30*'03-Labour_Subs_Travel'!H$48),('02-Flat Plate, Gel'!$Q30*'03-Labour_Subs_Travel'!H$43)+('02-Flat Plate, Gel'!$AB30*'03-Labour_Subs_Travel'!H$45)+('02-Flat Plate, Gel'!$AM30*'03-Labour_Subs_Travel'!H$47)+('02-Flat Plate, Gel'!$AX30*'03-Labour_Subs_Travel'!H$49))","v":0},{"$f":"('02-Flat Plate, Gel'!Q30*INDEX(TransportTable,MATCH(IF($N$3<100,100,$N$3),Distance,1),MATCH(IF(Num_30*VLOOKUP($A24,LP_Table,4,0)<1000,1000,Num_48*VLOOKUP($A24,LP_Table,4,0)),WeightRange,1)))+('02-Flat Plate, Gel'!AB30*INDEX(TransportTable,MATCH(IF($N$3<100,100,$N$3),Distance,1),MATCH(IF(Num_48*VLOOKUP($A24,LP_Table,4,0)<1000,1000,Num_48*VLOOKUP($A24,LP_Table,4,0)),WeightRange,1)))+('02-Flat Plate, Gel'!AM30*INDEX(TransportTable,MATCH(IF($N$3<100,100,$N$3),Distance,1),MATCH(IF(Num_110*VLOOKUP($A24,LP_Table,4,0)<1000,1000,Num_110*VLOOKUP($A24,LP_Table,4,0)),WeightRange,1)))+('02-Flat Plate, Gel'!AX30*INDEX(TransportTable,MATCH(IF($N$3<100,100,$N$3),Distance,1),MATCH(IF(Num_220*VLOOKUP($A24,LP_Table,4,0)<1000,1000,Num_220*VLOOKUP($A24,LP_Table,4,0)),WeightRange,1)))","v":0},{"$f":"2*$N$3*'03-Labour_Subs_Travel'!$C$35*('02-Flat Plate, Gel'!Q30+'02-Flat Plate, Gel'!AB30+'02-Flat Plate, Gel'!AM30+'02-Flat Plate, Gel'!AX30)","v":0},{"$f":"IF($B24<='03-Labour_Subs_Travel'!$C$20,('02-Flat Plate, Gel'!Q30*'03-Labour_Subs_Travel'!$I$42)+('02-Flat Plate, Gel'!AB30*'03-Labour_Subs_Travel'!$I$44)+('02-Flat Plate, Gel'!AM30*'03-Labour_Subs_Travel'!$I$46)+('02-Flat Plate, Gel'!AX30*'03-Labour_Subs_Travel'!$I$48),('02-Flat Plate, Gel'!Q30*'03-Labour_Subs_Travel'!$I$43)+('02-Flat Plate, Gel'!AB30*'03-Labour_Subs_Travel'!$I$45)+('02-Flat Plate, Gel'!AM30*'03-Labour_Subs_Travel'!$I$47)+('02-Flat Plate, Gel'!AX30*'03-Labour_Subs_Travel'!$I$49))","v":0},0,{"$f":"IF($B24<='03-Labour_Subs_Travel'!$C$20,('02-Flat Plate, Gel'!AB30*'03-Labour_Subs_Travel'!$J$44)+('02-Flat Plate, Gel'!AM30*'03-Labour_Subs_Travel'!$J$46)+('02-Flat Plate, Gel'!AX30*'03-Labour_Subs_Travel'!$J$48),('02-Flat Plate, Gel'!AB30*'03-Labour_Subs_Travel'!$J$45)+('02-Flat Plate, Gel'!AM30*'03-Labour_Subs_Travel'!$J$47)+('02-Flat Plate, Gel'!AX30*'03-Labour_Subs_Travel'!$J$49))","v":0},0]
[{"$f":"'02-Flat Plate, Gel'!B31","v":450},{"$f":"'02-Flat Plate, Gel'!C31","v":0},0,0,0,{"$f":"IF($B25<='03-Labour_Subs_Travel'!$C$20,('02-Flat Plate, Gel'!Q31*'03-Labour_Subs_Travel'!E57)+('02-Flat Plate, Gel'!$AB31*'03-Labour_Subs_Travel'!E$44)+('02-Flat Plate, Gel'!$AM31*'03-Labour_Subs_Travel'!E$46)+('02-Flat Plate, Gel'!$AX31*'03-Labour_Subs_Travel'!E$48),('02-Flat Plate, Gel'!Q31*'03-Labour_Subs_Travel'!E58)+('02-Flat Plate, Gel'!$AB31*'03-Labour_Subs_Travel'!E$45)+('02-Flat Plate, Gel'!$AM31*'03-Labour_Subs_Travel'!E$47)+('02-Flat Plate, Gel'!$AX31*'03-Labour_Subs_Travel'!E$49))","v":0},{"$f":"IF($B25<='03-Labour_Subs_Travel'!$C$20,('02-Flat Plate, Gel'!Q31*'03-Labour_Subs_Travel'!F$42)+('02-Flat Plate, Gel'!$AB31*'03-Labour_Subs_Travel'!F$44)+('02-Flat Plate, Gel'!$AM31*'03-Labour_Subs_Travel'!F$46)+('02-Flat Plate, Gel'!$AX31*'03-Labour_Subs_Travel'!F$48),('02-Flat Plate, Gel'!Q31*'03-Labour_Subs_Travel'!F$43)+('02-Flat Plate, Gel'!$AB31*'03-Labour_Subs_Travel'!F$45)+('02-Flat Plate, Gel'!$AM31*'03-Labour_Subs_Travel'!F$47)+('02-Flat Plate, Gel'!$AX31*'03-Labour_Subs_Travel'!F$49))","v":0},{"$f":"IF($B25<='03-Labour_Subs_Travel'!$C$20,('02-Flat Plate, Gel'!$Q31*'03-Labour_Subs_Travel'!G$42)+('02-Flat Plate, Gel'!$AB31*'03-Labour_Subs_Travel'!G$44)+('02-Flat Plate, Gel'!$AM31*'03-Labour_Subs_Travel'!G$46)+('02-Flat Plate, Gel'!$AX31*'03-Labour_Subs_Travel'!G$48),('02-Flat Plate, Gel'!$Q31*'03-Labour_Subs_Travel'!G$43)+('02-Flat Plate, Gel'!$AB31*'03-Labour_Subs_Travel'!G$45)+('02-Flat Plate, Gel'!$AM31*'03-Labour_Subs_Travel'!G$47)+('02-Flat Plate, Gel'!$AX31*'03-Labour_Subs_Travel'!G$49))","v":0},{"$f":"IF($B25<='03-Labour_Subs_Travel'!$C$20,('02-Flat Plate, Gel'!$Q31*'03-Labour_Subs_Travel'!H$42)+('02-Flat Plate, Gel'!$AB31*'03-Labour_Subs_Travel'!H$44)+('02-Flat Plate, Gel'!$AM31*'03-Labour_Subs_Travel'!H$46)+('02-Flat Plate, Gel'!$AX31*'03-Labour_Subs_Travel'!H$48),('02-Flat Plate, Gel'!$Q31*'03-Labour_Subs_Travel'!H$43)+('02-Flat Plate, Gel'!$AB31*'03-Labour_Subs_Travel'!H$45)+('02-Flat Plate, Gel'!$AM31*'03-Labour_Subs_Travel'!H$47)+('02-Flat Plate, Gel'!$AX31*'03-Labour_Subs_Travel'!H$49))","v":0},{"$f":"('02-Flat Plate, Gel'!Q31*INDEX(TransportTable,MATCH(IF($N$3<100,100,$N$3),Distance,1),MATCH(IF(Num_30*VLOOKUP($A25,LP_Table,4,0)<1000,1000,Num_48*VLOOKUP($A25,LP_Table,4,0)),WeightRange,1)))+('02-Flat Plate, Gel'!AB31*INDEX(TransportTable,MATCH(IF($N$3<100,100,$N$3),Distance,1),MATCH(IF(Num_48*VLOOKUP($A25,LP_Table,4,0)<1000,1000,Num_48*VLOOKUP($A25,LP_Table,4,0)),WeightRange,1)))+('02-Flat Plate, Gel'!AM31*INDEX(TransportTable,MATCH(IF($N$3<100,100,$N$3),Distance,1),MATCH(IF(Num_110*VLOOKUP($A25,LP_Table,4,0)<1000,1000,Num_110*VLOOKUP($A25,LP_Table,4,0)),WeightRange,1)))+('02-Flat Plate, Gel'!AX31*INDEX(TransportTable,MATCH(IF($N$3<100,100,$N$3),Distance,1),MATCH(IF(Num_220*VLOOKUP($A25,LP_Table,4,0)<1000,1000,Num_220*VLOOKUP($A25,LP_Table,4,0)),WeightRange,1)))","v":0},{"$f":"2*$N$3*'03-Labour_Subs_Travel'!$C$35*('02-Flat Plate, Gel'!Q31+'02-Flat Plate, Gel'!AB31+'02-Flat Plate, Gel'!AM31+'02-Flat Plate, Gel'!AX31)","v":0},{"$f":"IF($B25<='03-Labour_Subs_Travel'!$C$20,('02-Flat Plate, Gel'!Q31*'03-Labour_Subs_Travel'!$I$42)+('02-Flat Plate, Gel'!AB31*'03-Labour_Subs_Travel'!$I$44)+('02-Flat Plate, Gel'!AM31*'03-Labour_Subs_Travel'!$I$46)+('02-Flat Plate, Gel'!AX31*'03-Labour_Subs_Travel'!$I$48),('02-Flat Plate, Gel'!Q31*'03-Labour_Subs_Travel'!$I$43)+('02-Flat Plate, Gel'!AB31*'03-Labour_Subs_Travel'!$I$45)+('02-Flat Plate, Gel'!AM31*'03-Labour_Subs_Travel'!$I$47)+('02-Flat Plate, Gel'!AX31*'03-Labour_Subs_Travel'!$I$49))","v":0},0,{"$f":"IF($B25<='03-Labour_Subs_Travel'!$C$20,('02-Flat Plate, Gel'!AB31*'03-Labour_Subs_Travel'!$J$44)+('02-Flat Plate, Gel'!AM31*'03-Labour_Subs_Travel'!$J$46)+('02-Flat Plate, Gel'!AX31*'03-Labour_Subs_Travel'!$J$48),('02-Flat Plate, Gel'!AB31*'03-Labour_Subs_Travel'!$J$45)+('02-Flat Plate, Gel'!AM31*'03-Labour_Subs_Travel'!$J$47)+('02-Flat Plate, Gel'!AX31*'03-Labour_Subs_Travel'!$J$49))","v":0},0]
[{"$f":"'02-Flat Plate, Gel'!B32","v":500},{"$f":"'02-Flat Plate, Gel'!C32","v":0},0,0,0,{"$f":"IF($B26<='03-Labour_Subs_Travel'!$C$20,('02-Flat Plate, Gel'!Q32*'03-Labour_Subs_Travel'!E58)+('02-Flat Plate, Gel'!$AB32*'03-Labour_Subs_Travel'!E$44)+('02-Flat Plate, Gel'!$AM32*'03-Labour_Subs_Travel'!E$46)+('02-Flat Plate, Gel'!$AX32*'03-Labour_Subs_Travel'!E$48),('02-Flat Plate, Gel'!Q32*'03-Labour_Subs_Travel'!E59)+('02-Flat Plate, Gel'!$AB32*'03-Labour_Subs_Travel'!E$45)+('02-Flat Plate, Gel'!$AM32*'03-Labour_Subs_Travel'!E$47)+('02-Flat Plate, Gel'!$AX32*'03-Labour_Subs_Travel'!E$49))","v":0},{"$f":"IF($B26<='03-Labour_Subs_Travel'!$C$20,('02-Flat Plate, Gel'!Q32*'03-Labour_Subs_Travel'!F$42)+('02-Flat Plate, Gel'!$AB32*'03-Labour_Subs_Travel'!F$44)+('02-Flat Plate, Gel'!$AM32*'03-Labour_Subs_Travel'!F$46)+('02-Flat Plate, Gel'!$AX32*'03-Labour_Subs_Travel'!F$48),('02-Flat Plate, Gel'!Q32*'03-Labour_Subs_Travel'!F$43)+('02-Flat Plate, Gel'!$AB32*'03-Labour_Subs_Travel'!F$45)+('02-Flat Plate, Gel'!$AM32*'03-Labour_Subs_Travel'!F$47)+('02-Flat Plate, Gel'!$AX32*'03-Labour_Subs_Travel'!F$49))","v":0},{"$f":"IF($B26<='03-Labour_Subs_Travel'!$C$20,('02-Flat Plate, Gel'!$Q32*'03-Labour_Subs_Travel'!G$42)+('02-Flat Plate, Gel'!$AB32*'03-Labour_Subs_Travel'!G$44)+('02-Flat Plate, Gel'!$AM32*'03-Labour_Subs_Travel'!G$46)+('02-Flat Plate, Gel'!$AX32*'03-Labour_Subs_Travel'!G$48),('02-Flat Plate, Gel'!$Q32*'03-Labour_Subs_Travel'!G$43)+('02-Flat Plate, Gel'!$AB32*'03-Labour_Subs_Travel'!G$45)+('02-Flat Plate, Gel'!$AM32*'03-Labour_Subs_Travel'!G$47)+('02-Flat Plate, Gel'!$AX32*'03-Labour_Subs_Travel'!G$49))","v":0},{"$f":"IF($B26<='03-Labour_Subs_Travel'!$C$20,('02-Flat Plate, Gel'!$Q32*'03-Labour_Subs_Travel'!H$42)+('02-Flat Plate, Gel'!$AB32*'03-Labour_Subs_Travel'!H$44)+('02-Flat Plate, Gel'!$AM32*'03-Labour_Subs_Travel'!H$46)+('02-Flat Plate, Gel'!$AX32*'03-Labour_Subs_Travel'!H$48),('02-Flat Plate, Gel'!$Q32*'03-Labour_Subs_Travel'!H$43)+('02-Flat Plate, Gel'!$AB32*'03-Labour_Subs_Travel'!H$45)+('02-Flat Plate, Gel'!$AM32*'03-Labour_Subs_Travel'!H$47)+('02-Flat Plate, Gel'!$AX32*'03-Labour_Subs_Travel'!H$49))","v":0},{"$f":"('02-Flat Plate, Gel'!Q32*INDEX(TransportTable,MATCH(IF($N$3<100,100,$N$3),Distance,1),MATCH(IF(Num_30*VLOOKUP($A26,LP_Table,4,0)<1000,1000,Num_48*VLOOKUP($A26,LP_Table,4,0)),WeightRange,1)))+('02-Flat Plate, Gel'!AB32*INDEX(TransportTable,MATCH(IF($N$3<100,100,$N$3),Distance,1),MATCH(IF(Num_48*VLOOKUP($A26,LP_Table,4,0)<1000,1000,Num_48*VLOOKUP($A26,LP_Table,4,0)),WeightRange,1)))+('02-Flat Plate, Gel'!AM32*INDEX(TransportTable,MATCH(IF($N$3<100,100,$N$3),Distance,1),MATCH(IF(Num_110*VLOOKUP($A26,LP_Table,4,0)<1000,1000,Num_110*VLOOKUP($A26,LP_Table,4,0)),WeightRange,1)))+('02-Flat Plate, Gel'!AX32*INDEX(TransportTable,MATCH(IF($N$3<100,100,$N$3),Distance,1),MATCH(IF(Num_220*VLOOKUP($A26,LP_Table,4,0)<1000,1000,Num_220*VLOOKUP($A26,LP_Table,4,0)),WeightRange,1)))","v":0},{"$f":"2*$N$3*'03-Labour_Subs_Travel'!$C$35*('02-Flat Plate, Gel'!Q32+'02-Flat Plate, Gel'!AB32+'02-Flat Plate, Gel'!AM32+'02-Flat Plate, Gel'!AX32)","v":0},{"$f":"IF($B26<='03-Labour_Subs_Travel'!$C$20,('02-Flat Plate, Gel'!Q32*'03-Labour_Subs_Travel'!$I$42)+('02-Flat Plate, Gel'!AB32*'03-Labour_Subs_Travel'!$I$44)+('02-Flat Plate, Gel'!AM32*'03-Labour_Subs_Travel'!$I$46)+('02-Flat Plate, Gel'!AX32*'03-Labour_Subs_Travel'!$I$48),('02-Flat Plate, Gel'!Q32*'03-Labour_Subs_Travel'!$I$43)+('02-Flat Plate, Gel'!AB32*'03-Labour_Subs_Travel'!$I$45)+('02-Flat Plate, Gel'!AM32*'03-Labour_Subs_Travel'!$I$47)+('02-Flat Plate, Gel'!AX32*'03-Labour_Subs_Travel'!$I$49))","v":0},0,{"$f":"IF($B26<='03-Labour_Subs_Travel'!$C$20,('02-Flat Plate, Gel'!AB32*'03-Labour_Subs_Travel'!$J$44)+('02-Flat Plate, Gel'!AM32*'03-Labour_Subs_Travel'!$J$46)+('02-Flat Plate, Gel'!AX32*'03-Labour_Subs_Travel'!$J$48),('02-Flat Plate, Gel'!AB32*'03-Labour_Subs_Travel'!$J$45)+('02-Flat Plate, Gel'!AM32*'03-Labour_Subs_Travel'!$J$47)+('02-Flat Plate, Gel'!AX32*'03-Labour_Subs_Travel'!$J$49))","v":0},0]
[null,null,{"$f":"SUM(C10:C26)","v":0},0,0,0,0,0,0,0,0,0,0,0,0]
[]
[]
[null,"Decommissioning Costs = Sum of Y=48,110,220 (No. of YV Banks x Hourly Labour Rate x No. of Hours)"]
[null,"Tripper pack will be installed by Eskom"]

{"sheet":"Forecasts","index":13,"n_rows":23,"n_cols":16,"rows_kept":23,"merged":[[0,0,0,1],[1,4,1,12]]}
["DC : Valve Regulated Lead Acid Batteries",{"$nulls":3},"Rate =","R",12,"/Ah"]
[{"$nulls":4},"Item Quantity/OU"]
["Item No","Item Description","C10 Rating [Ah]","SAP Number","ECOU","FSOU","GOU","KZNOU","LOU","MOU","NCOU","NWOU","WCOU","48V","110V","220V"]
[{"$f":"'[12]1.VLA Total'!A4","v":1},{"$f":"\"2V, Flat Plate, Valve Regulated, Lead Acid, Gel Cell, C10 = \"&C4&\"Ah\"","v":"2V, Flat Plate, Valve Regulated, Lead Acid, Gel Cell, C10 = 50Ah"},50,null,0,0,0,600,0,0,0,0,0,{"$f":"SUM(E4:M4)/24","v":25}]
[{"$f":"'[12]1.VLA Total'!A5","v":2},{"$f":"\"2V, Flat Plate, Valve Regulated, Lead Acid, Gel Cell, C10 = \"&C5&\"Ah\"","v":"2V, Flat Plate, Valve Regulated, Lead Acid, Gel Cell, C10 = 100Ah"},100,null,0,0,0,{"$f":"2100-1587","v":513},0,0,0,0,0,null,{"$f":"H5/60","v":8.55}]
[{"$f":"'[12]1.VLA Total'!A6","v":3},"2V, Flat Plate, Valve Regulated, Lead Acid, Gel Cell, C10 = 150Ah",150,null,448,0,0,{"$f":"2100-1587","v":513},0,0,0,0,0,{"$f":"E6/28","v":16},{"$f":"H6/60","v":8.55}]
[{"$f":"'[12]1.VLA Total'!A7","v":4},"2V, Flat Plate, Valve Regulated, Lead Acid, Gel Cell, C10 = 200Ah",200,null,0,0,0,0,0,0,12,0,0,3]
[{"$f":"'[12]1.VLA Total'!A8","v":5},"2V, Flat Plate, Valve Regulated, Lead Acid, Gel Cell, C10 = 250Ah",250,null,24,0,0,0,0,0,0,0,0,1]
[{"$f":"'[12]1.VLA Total'!A9","v":6},"2V, Flat Plate, Valve Regulated, Lead Acid, Gel Cell, C10 = 300Ah",300,null,510,0,0,0,150,0,0,630,0,{"$f":"SUM(E14:M14)/25","v":262}]
[{"$f":"'[12]1.VLA Total'!A10","v":7},"2V, Flat Plate, Valve Regulated, Lead Acid, Gel Cell, C10 = 350Ah",350,null,24,0,0,0,0,0,0,0,0,1]
[{"$f":"'[12]1.VLA Total'!A11","v":8},"2V, Flat Plate, Valve Regulated, Lead Acid, Gel Cell, C10 = 400Ah",400,null,24,0,0,0,0,0,0,0,0,1]
[{"$f":"'[12]1.VLA Total'!A12","v":9},"2V, Flat Plate, Valve Regulated, Lead Acid, Gel Cell, C10 = 450Ah",450,null,24,0,0,0,0,0,0,0,0,1]
[{"$f":"'[12]1.VLA Total'!A13","v":10},"2V, Flat Plate, Valve Regulated, Lead Acid, Gel Cell, C10 = 500Ah",500,null,24,0,0,0,0,0,0,0,0,1]
[{"$nulls":4},958,0,0,4800,150,0,12,630,0]
[]
[null,"12V/7.8Ah",2760]
[null,"24V/7.8Ah",11928]
[null,"12V/12Ah",1920]
[null,"24V/13.2Ah",3725]
[null,"12V/18Ah",3532]
[null,"24V/18Ah",{"$f":"1284+54","v":1338}]
[null,"12V/26Ah",2072]
[null,null,{"$f":"SUM(C16:C22)","v":27275}]