{"text_format":"1","workbook":"xlsx","n_sheets":28,"sheets":["Response Guidelines","Summary","PSST-System Requirements","PSST-Power System Analysis","PSST -Network Modelling & Repre","PSST-Results and Reporting","PSST-Information Exchange","PSST-Self help &Technical Ref","PSST-Protection Functions & Ana","PSST-Power Quality& Harmonic An","PSST-Additional Power Systems A","PSST-Reliability Analysis Funct","PSST-Optimal Power Flow","PSST-Stability Analysis Func","PSST-Scripting, Automation& Ext","PSMT","Non-Functional","Technical","Security","PSST-Demo ","PSMT-Demo","Priority","PSST-Abbreviation & Definitions","PSMT-Abbreviation & Definitions","Resources","Demonstration","Priority Ratings","Concerns and Recommendations"],"not_rendered":{"charts":0,"images":3,"macros":1,"external_links":1,"defined_names":68,"comments":0,"pivot_tables":0},"unopened":[],"bounds":{"document_bytes":16777216,"sheet_cells":100000,"rows_first":2000,"rows_last":500,"rows_between":2000,"halvings":0,"cell_chars":16384,"cell_head_chars":4096},"cells_cut":0,"cells_raw":0,"read":"whole","date_system":"1900"}

{"sheet":"Response Guidelines","index":0,"n_rows":36,"n_cols":2,"rows_kept":36,"cut":false,"hidden":false,"merged":[]}
[]
["Guidelines to complete the Technical Evaluation Questionaire for The PSST and PSMT Replacement"]
[1,"Gatekeepers"]
[null,"On the Evaluation Summary worksheet, there is a section pertaining to Gatekeepers. Complete the  criteria questionsfirst to determine whether to continue with the remainder of the evaluation requirements."]
[null,"When answering YES , provide a motivation for the answer and list document(s), section(s), page(s), paragraph(s) etc. that provides evidence of the YES answer."]
[2,"Complete ALL the Sheets/Tabs at the bottom of the book. There are Eighteen (18) Tabs including:"]
[null,"Functional (PSST-System Requirements )"]
[null,"Functional (PSST-Power System Analysis)"]
[null,"Functional (PSST-Network Modelling & Representation)"]
[null,"Functional (PSST-Results and Reporting)"]
[null,"Functional (PSST-Information Exchange)"]
[null,"Functional (PSST-Self-help and Technical References ) "]
[null,"Functional (PSST- Protection Functions & Analysis)"]
[null,"Functional (PSST- Power Quality and Harmonic Analysis)"]
[null,"Functional (PSST-Additional Power Systems Analysis Functionality )"]
[null,"Functional PSST- Reliability Analysis Functions)"]
[null,"Functional (PSST-Optimal Power Flow)"]
[null,"Functional (PSST-Stability Analysis Functions)"]
[null,"Functional (PSST-Scripting, Automation and External Interfaces Functionality)"]
[null,"Functional (Protection Settings Management Tool (PSMT))"]
[null,"Non-Functional"]
[null,"Technical"]
[null,"Security"]
[null,"Demo Tab: This tab indicates the requirements that the selected vendors need to demo. Applicable to Vendors who pass the RFP Threshold."]
[null,"a. All tenderers that pass the RFP threshold, shall do a product demo of the proposed product to Eskom.  This is mandatory. "]
[null,"b. Refer to the Evaluation Summary worksheet for details on the threshold determining a qualified tenderer."]
[null,"c. Eskom Evaluators will complete the Demonstration worksheet during the demo session conducted by the qualified tenderer."]
[3,"Please read the details in the Criterion, Functional Requirement,  Requirement and Evaluation Criterion  Question Description colum headings to determine what is required"]
[4,"Then complete the following  2 columns:"]
[null,"1. Vendor Compliance: Select the most appropriate response from the drop down list, as indicated below:"]
[null,"5 - Compliant\n4 - Compliant with Associated Qualifications \n2 - None Compliant\n0 - Non- Responsive "]
[null,"2. Vendor Response: Vendor to indicate any applicable response feedback based on Compliance selected"]
[null,"Please ensure that you complete ALL the requirements per Sheet"]
[5,"Reference Information"]
[null,"a. Provides a description on the priority ratings used in the Evaluation workbook."]
[null,"b. Provides information on the definitions and abbreviations used in the Evaluation workbook."]

{"sheet":"Summary","index":1,"n_rows":53,"n_cols":14,"rows_kept":53,"cut":false,"hidden":false,"merged":[[5,7,5,12],[32,7,32,9],[31,7,31,9],[29,7,29,8],[12,7,28,7],[12,11,28,11],[30,7,30,9],[30,12,32,12],[32,10,32,11],[13,12,16,12],[10,0,10,3],[18,12,28,12],[18,0,18,3],[6,7,6,12],[8,7,8,12],[7,0,7,3],[8,0,8,3],[9,0,9,3],[19,0,19,3],[17,0,17,3],[27,0,27,3],[16,0,16,3],[0,0,0,3],[15,0,15,3],[14,0,14,4],[11,8,11,9],[0,4,0,14],[1,4,1,14],[2,4,2,14],[5,0,5,3],[4,7,4,13],[3,4,3,11],[1,0,1,3],[2,0,2,3],[3,0,3,3],[11,0,11,3],[7,7,7,13],[6,0,6,3]]}
["PSST and PSMT "]
[{"$f":"Technical!A2","v":"CORP xxxx Tender"}]
[{"$f":"Technical!A3","v":"Tenderer:"}]
[{"$f":"Technical!$A$4","v":"Evaluated by:"}]
[null,null,null,null,null,null,null,"Notes regarding Table Below"]
["Important Notes: ",null,null,null,null,null,null,"The total for the RFP (Paper Exercise) evaluation is 100%.      |     The threshold for the RFP is: ",null,null,null,null,null,0.8]
["1. Please indicate location of answers to the criteria and where required answer yes or no. To be included in Comments tab per sheet.",null,null,null,null,null,null,"The Demo will count 100%.                                                             |  The threshold for the Demo is: ",null,null,null,null,null,0.8]
["2. The qualified solution service provider shall do a product demo of the proposed product to be presented to Eskom.  This is mandatory. ",null,null,null,null,null,null,"Weighting for Final score: 50% of the RFP will be added to 50% of the final demo(PSST & PSMT) to get the final score "]
["3. \"Tenderer(s) to take note of the following key instructions - Please follow the structure of the technical evaluation sheet provided when responding to this enquiry.",null,null,null,null,null,null,"The threshold for the Final score (RFP + Demo) is :",null,null,null,null,null,0.8]
["4.  DO NOT just give YES/NO kind of response to the questions which require more details and information. Vendor to indicate how the capability is achieved with solution. Provide evidence to support i.e. supporting documents, page, section etc.(This should be the general requirement/response guidelines). To be indicated in the comments section per tab"]
["5. Provide full information to your answer(s) in line with the details of the question(s) in point.\" "]
["6. If any of these criteria in the Gatekeepers are not met, the tenderer will be disqualified.",null,null,null,null,null,null,"Stage","Weighting",null,"Total","Total RFP\nThreshold = 80%","Final Score\nRFP + Demo"]
[null,null,null,null,null,null,null,null,"Functional (PSST-System Requirements )",0.05,{"$f":"J13*B29","v":0},{"$f":"SUM(K13:K29)","v":0},"50% RFP "]
["Evaluation on Elimination Criteria   ",null,null,null,null,null,null,null,"Functional (PSST-Power System Analysis)",0.05,0,null,{"$f":"L13*0.5","v":0}]
["If any of these criteria are not met, the tenderer will be disqualified.",null,null,null,null,null,null,null,"Functional (PSST-Network Modelling & Representation)",0.05,0]
["Criteria (Gate Keepers)",null,null,null,"Criteria Met?\nSelect from drop-down list","Motivate YES answers AND list supporting document(s), section(s), page(s), paragraph(s) CV's, Certificates, Reference letters etc.",null,null,"Functional (PSST-Results and Reporting)",0.05,0]
[" Does the vendor have an off-the-shelf system?  Tenderer or via joint venture partner does have prior or past experience  in implementation of a  Solution to enable Eskom to create , simulate to maintain the Eskom electrical system( as per Electricity Regulation Act) for huge and complex organisations such as enterprises, holding companies and  utilities. The vendor must have experience in implementing this proposed product at '3' or more organisations.\nEvidence required: Provide name(s) of the  registered companies, together with contact persons & details, where the solution was implemented. Three \"3\" or more references ",null,null,null,null,null,null,null,"Functional (PSST-Information Exchange)",0.05,0]
[null,null,null,null,null,null,null,null,"Functional (PSST-Self-help and Technical References ) ",0.05,0,null,"50% Demo"]
[null,null,null,null,null,null,null,null,"Functional (PSST- Protection Functions & Analysis)",0.05,0,null,{"$f":"K33*0.5","v":0}]
[null,null,null,null,null,null,null,null,"Functional ( PSST-Power Quality and Harmonic Analysis)",0.05,0]
[null,null,null,null,null,null,null,null,"Functional (PSST-Additional Power Systems Analysis Functionality )",0.05,0]
[null,null,null,null,null,null,null,null,"Functional (PSST- Reliability Analysis Functions)",0.05,0]
[null,null,null,null,null,null,null,null,"Functional ( Optimal Power Flow)",0.05,0]
[null,null,null,null,null,null,null,null,"Functional (PSST- Stability Analysis Functions)",0.05,0]
[null,null,null,null,null,null,null,null,"Functional ( Scripting, Automation and External Interfaces Functionality)",0.05,0]
[null,null,null,null,null,null,null,null,"Functional (Protection Settings Management Tool (PSMT))",0.15,0]
[null,null,null,null,null,null,null,null,"Non-Functional",0.05,0]
[null,null,null,null,null,null,null,null,"Technical",0.1,0]
["Functional (PSST-System Requirements )",{"$f":"'PSST-System Requirements'!N19","v":0},null,null,null,null,null,null,"Security",0.05,0]
["Functional (PSST-Power System Analysis)",{"$f":"'PSST-Power System Analysis'!N63","v":0},null,null,null,null,null,"Total Weighting (RFP)",null,{"$f":"SUM(J13:J29)","v":1},null,null,"Final Score\nRFP + Demo"]
["Functional (PSST-Network Modelling & Representation)",{"$f":"'PSST -Network Modelling & Repre'!N81","v":0},null,null,null,null,null,"PSST-Demo Score",null,null,{"$f":"B46","v":0},{"$f":"K31*0.5","v":0},{"$f":"M14+M19","v":0}]
["Functional (PSST-Results and Reporting)",{"$f":"'PSST-Results and Reporting'!N20","v":0},null,null,null,null,null,"PSMT-Demo Score",null,null,{"$f":"B47","v":0},{"$f":"K32*0.5","v":0}]
["Functional (PSST-Information Exchange)",{"$f":"'PSST-Information Exchange'!N20","v":0},null,null,null,null,null,"Final Demo Score","FINAL DEMO",null,{"$f":"L31+L32","v":0}]
["Functional (PSST-Self-help and Technical References) ",{"$f":"'PSST-Self help &Technical Ref'!N13","v":0}]
["Functional ( Protection Functions & Analysis)",{"$f":"'PSST-Protection Functions & Ana'!N41","v":0}]
["Functional ( PSST-Power Quality and Harmonic Analysis)",{"$f":"'PSST-Power Quality& Harmonic An'!N30","v":0}]
["Functional (PSST-Additional Power Systems Analysis Functionality)",{"$f":"'PSST-Additional Power Systems A'!N54","v":0}]
["Functional ( PSST-Reliability Analysis Functions)",{"$f":"'PSST-Reliability Analysis Funct'!N28","v":0}]
["Functional ( PSST-Optimal Power Flow)",{"$f":"'PSST-Optimal Power Flow'!N15","v":0}]
["Functional (PSST- Stability Analysis Functions)",{"$f":"'PSST-Stability Analysis Func'!N73","v":0}]
["Functional ( PSST-Scripting, Automation and  External Interfaces Functionality)",{"$f":"'PSST-Scripting, Automation& Ext'!N22","v":0}]
["Functional ( Protection Settings Management Tool (PSMT))",{"$f":"PSMT!N75","v":0}]
["Non-Functional",{"$f":"'Non-Functional'!M27","v":0}]
["Technical",{"$f":"Technical!M41","v":0}]
["Security",{"$f":"Security!M23","v":0}]
["PSST-Demo",{"$f":"'PSST-Demo '!N31","v":0}]
["PSMT-Demo",{"$f":"'PSMT-Demo'!N31","v":0}]
[]
[]
[]
[null,0]
[null,0.5]
[null,1]

{"sheet":"PSST-System Requirements","index":2,"n_rows":38,"n_cols":15,"rows_kept":38,"cut":false,"hidden":false,"merged":[[6,14,7,14],[0,0,0,2],[1,0,1,2],[2,0,2,2],[3,0,3,2],[5,0,5,2],[4,0,4,2]]}
["Power System Simulation Tool  Functional: PSST-System Requirements BRS1.1"]
["CORP xxxx Tender",null,null,null,null,null,null,null,null,null,null,null,"Scoring (Sliding scale)"]
["Tenderer:",null,null,null,null,null,null,null,null,null,null,null,"100% - Fully compliant"]
["Evaluated by:",null,null,null,null,null,null,null,null,null,null,null,"50%-Partially compliant"]
[null,null,null,null,null,null,null,null,null,null,null,null,"0%-Non compliance"]
["Evaluation Criteria"]
[null,null,null,null,null,null,"Tenderer Compliance\nTenderer to select compliance to  requirement from the drop-down list provided.","Vendor to indicate any applicable comments based on Compliance","Priority\nRequirement priority as determined by Eskom","Weight\n(agreed by evaluation team members)",null,"Score\n(determined by each evaluation team member during evaluation. Will be averaged for final scores)","Score",null,"Comments (Internal) for scorer"]
["ID","Type","Criterion","Functional Requirement","Requirement description","Evaluation Criterion / Question","Vendor Compliance","Comments","Priority Description","Priority\n","Weighted Question","Scoring","Answer\n(0,50,100%)","Weighted Answer"]
[1,"Meeting the Scope of Work Required","How well has the Tenderer described how scope requirements will be met?  Do they understand what needs to be done?  List concerns in Comments.","System","The solution should be able to do Data write-ups with\ncurrent Business systems.","Indicate if the solution :\n- Is an Out-of-the-box functionality\n- Requires configuration?\n- Requires customisation?",null,null,"Show stopper",{"$f":"IF(I9='Priority Ratings'!$C$21,'Priority Ratings'!$B$21, IF(I9='Priority Ratings'!$C$22,'Priority Ratings'!$B$22,IF(I9='Priority Ratings'!$C$23,'Priority Ratings'!$B$23,IF(I9='Priority Ratings'!$C$24,'Priority Ratings'!$B$24,IF(I9='Priority Ratings'!$C$25,'Priority Ratings'!$B$25,IF(I9='Priority Ratings'!$C$26,'Priority Ratings'!$B$26,IF(I9='Priority Ratings'!$C$27,'Priority Ratings'!$B$27,\"No Rating\")))))))","v":6},{"$f":"J9/J$19","v":0.13043478260869565},"100%: Fully comply with requirement (Out of the box function with minor re-configuration) \n50%:   Partially comply, will require major configuration.\n0%:     No compliance/require development and/or customisation.",0,{"$f":"K9*M9","v":0}]
[2,"Meeting the Scope of Work Required","How well has the Tenderer described how scope requirements will be met?  Do they understand what needs to be done?  List concerns in Comments.","System","The system should also have the functionality to allow users to perform backups of their entire database, and the ability to restore these backups as and when required.","Indicate if the solution :\n- Is an Out-of-the-box functionality\n- Requires configuration?\n- Requires customisation?",null,null,"Show stopper",{"$f":"IF(I10='Priority Ratings'!$C$21,'Priority Ratings'!$B$21, IF(I10='Priority Ratings'!$C$22,'Priority Ratings'!$B$22,IF(I10='Priority Ratings'!$C$23,'Priority Ratings'!$B$23,IF(I10='Priority Ratings'!$C$24,'Priority Ratings'!$B$24,IF(I10='Priority Ratings'!$C$25,'Priority Ratings'!$B$25,IF(I10='Priority Ratings'!$C$26,'Priority Ratings'!$B$26,IF(I10='Priority Ratings'!$C$27,'Priority Ratings'!$B$27,\"No Rating\")))))))","v":6},0.13043478260869565,"100%: Fully comply with requirement (Out of the box function with minor re-configuration) \n50%:   Partially comply, will require major configuration.\n0%:     No compliance/require development and/or customisation.",0,{"$f":"K10*M10","v":0}]
[3,"Meeting the Scope of Work Required","How well has the Tenderer described how scope requirements will be met?  Do they understand what needs to be done?  List concerns in Comments.","System","The system needs to ensure that all modelling, network\nchanges etc., are recorded and stored as and when they are done and should not be lost if the operating system or software crashes while one is working on a model.","Indicate if the solution :\n- Is an Out-of-the-box functionality\n- Requires configuration?\n- Requires customisation?",null,null,"Critical",{"$f":"IF(I11='Priority Ratings'!$C$21,'Priority Ratings'!$B$21, IF(I11='Priority Ratings'!$C$22,'Priority Ratings'!$B$22,IF(I11='Priority Ratings'!$C$23,'Priority Ratings'!$B$23,IF(I11='Priority Ratings'!$C$24,'Priority Ratings'!$B$24,IF(I11='Priority Ratings'!$C$25,'Priority Ratings'!$B$25,IF(I11='Priority Ratings'!$C$26,'Priority Ratings'!$B$26,IF(I11='Priority Ratings'!$C$27,'Priority Ratings'!$B$27,\"No Rating\")))))))","v":5},0.10869565217391304,"100%: Fully comply with requirement (Out of the box function with minor re-configuration) \n50%:   Partially comply, will require major configuration.\n0%:     No compliance/require development and/or customisation.",0,0]
[4,"Meeting the Scope of Work Required","How well has the Tenderer described how scope requirements will be met?  Do they understand what needs to be done?  List concerns in Comments.","System","Strict user access control to the system and its associated data.","Indicate if the solution :\n- Is an Out-of-the-box functionality\n- Requires configuration?\n- Requires customisation?",null,null,"Critical",{"$f":"IF(I12='Priority Ratings'!$C$21,'Priority Ratings'!$B$21, IF(I12='Priority Ratings'!$C$22,'Priority Ratings'!$B$22,IF(I12='Priority Ratings'!$C$23,'Priority Ratings'!$B$23,IF(I12='Priority Ratings'!$C$24,'Priority Ratings'!$B$24,IF(I12='Priority Ratings'!$C$25,'Priority Ratings'!$B$25,IF(I12='Priority Ratings'!$C$26,'Priority Ratings'!$B$26,IF(I12='Priority Ratings'!$C$27,'Priority Ratings'!$B$27,\"No Rating\")))))))","v":5},0.10869565217391304,"100%: Fully comply with requirement (Out of the box function with minor re-configuration) \n50%:   Partially comply, will require major configuration.\n0%:     No compliance/require development and/or customisation.",0,0]
[5,"Meeting the Scope of Work Required","How well has the Tenderer described how scope requirements will be met?  Do they understand what needs to be done?  List concerns in Comments.","System","The system must be fully accessible via Web services.","Indicate if the solution :\n- Is an Out-of-the-box functionality\n- Requires configuration?\n- Requires customisation?",null,null,"Very important",{"$f":"IF(I13='Priority Ratings'!$C$21,'Priority Ratings'!$B$21, IF(I13='Priority Ratings'!$C$22,'Priority Ratings'!$B$22,IF(I13='Priority Ratings'!$C$23,'Priority Ratings'!$B$23,IF(I13='Priority Ratings'!$C$24,'Priority Ratings'!$B$24,IF(I13='Priority Ratings'!$C$25,'Priority Ratings'!$B$25,IF(I13='Priority Ratings'!$C$26,'Priority Ratings'!$B$26,IF(I13='Priority Ratings'!$C$27,'Priority Ratings'!$B$27,\"No Rating\")))))))","v":4},8.6956521739130432E-2,"100%: Fully comply with requirement (Out of the box function with minor re-configuration) \n50%:   Partially comply, will require major configuration.\n0%:     No compliance/require development and/or customisation.",0,0]
[6,"Meeting the Scope of Work Required","How well has the Tenderer described how scope requirements will be met?  Do they understand what needs to be done?  List concerns in Comments.","System","Capability to provide Enterprise licence and allow Group IT System Administrator to release and re assign licences as per business requirements and application usage.","Indicate if the solution :\n- Is an Out-of-the-box functionality\n- Requires configuration?\n- Requires customisation?",null,null,"Show stopper",{"$f":"IF(I14='Priority Ratings'!$C$21,'Priority Ratings'!$B$21, IF(I14='Priority Ratings'!$C$22,'Priority Ratings'!$B$22,IF(I14='Priority Ratings'!$C$23,'Priority Ratings'!$B$23,IF(I14='Priority Ratings'!$C$24,'Priority Ratings'!$B$24,IF(I14='Priority Ratings'!$C$25,'Priority Ratings'!$B$25,IF(I14='Priority Ratings'!$C$26,'Priority Ratings'!$B$26,IF(I14='Priority Ratings'!$C$27,'Priority Ratings'!$B$27,\"No Rating\")))))))","v":6},0.13043478260869565,"100%: Fully comply with requirement (Out of the box function with minor re-configuration) \n50%:   Partially comply, will require major configuration.\n0%:     No compliance/require development and/or customisation.",0,0]
[7,"Meeting the Scope of Work Required","How well has the Tenderer described how scope requirements will be met?  Do they understand what needs to be done?  List concerns in Comments.","System","In general, the system and all algorithms should support multi-thread parallel computing to resolve complex assessments efficiently.","Indicate if the solution :\n- Is an Out-of-the-box functionality\n- Requires configuration?\n- Requires customisation?",null,null,"Critical",{"$f":"IF(I15='Priority Ratings'!$C$21,'Priority Ratings'!$B$21, IF(I15='Priority Ratings'!$C$22,'Priority Ratings'!$B$22,IF(I15='Priority Ratings'!$C$23,'Priority Ratings'!$B$23,IF(I15='Priority Ratings'!$C$24,'Priority Ratings'!$B$24,IF(I15='Priority Ratings'!$C$25,'Priority Ratings'!$B$25,IF(I15='Priority Ratings'!$C$26,'Priority Ratings'!$B$26,IF(I15='Priority Ratings'!$C$27,'Priority Ratings'!$B$27,\"No Rating\")))))))","v":5},0.10869565217391304,"100%: Fully comply with requirement (Out of the box function with minor re-configuration) \n50%:   Partially comply, will require major configuration.\n0%:     No compliance/require development and/or customisation.",0,0]
[8,"Meeting the Scope of Work Required","How well has the Tenderer described how scope requirements will be met?  Do they understand what needs to be done?  List concerns in Comments.","System","User profiles with customisable toolbars, dialogs, and context menus","Indicate if the solution :\n- Is an Out-of-the-box functionality\n- Requires configuration?\n- Requires customisation?",null,null,"Very important",{"$f":"IF(I16='Priority Ratings'!$C$21,'Priority Ratings'!$B$21, IF(I16='Priority Ratings'!$C$22,'Priority Ratings'!$B$22,IF(I16='Priority Ratings'!$C$23,'Priority Ratings'!$B$23,IF(I16='Priority Ratings'!$C$24,'Priority Ratings'!$B$24,IF(I16='Priority Ratings'!$C$25,'Priority Ratings'!$B$25,IF(I16='Priority Ratings'!$C$26,'Priority Ratings'!$B$26,IF(I16='Priority Ratings'!$C$27,'Priority Ratings'!$B$27,\"No Rating\")))))))","v":4},8.6956521739130432E-2,"100%: Fully comply with requirement (Out of the box function with minor re-configuration) \n50%:   Partially comply, will require major configuration.\n0%:     No compliance/require development and/or customisation.",0,0]
[9,"Meeting the Scope of Work Required","How well has the Tenderer described how scope requirements will be met?  Do they understand what needs to be done?  List concerns in Comments.","System","Fully compatible with other 32-bit applications run in a\nWindows 64-bit environments","Indicate if the solution :\n- Is an Out-of-the-box functionality\n- Requires configuration?\n- Requires customisation?",null,null,"Critical",{"$f":"IF(I17='Priority Ratings'!$C$21,'Priority Ratings'!$B$21, IF(I17='Priority Ratings'!$C$22,'Priority Ratings'!$B$22,IF(I17='Priority Ratings'!$C$23,'Priority Ratings'!$B$23,IF(I17='Priority Ratings'!$C$24,'Priority Ratings'!$B$24,IF(I17='Priority Ratings'!$C$25,'Priority Ratings'!$B$25,IF(I17='Priority Ratings'!$C$26,'Priority Ratings'!$B$26,IF(I17='Priority Ratings'!$C$27,'Priority Ratings'!$B$27,\"No Rating\")))))))","v":5},0.10869565217391304,"100%: Fully comply with requirement (Out of the box function with minor re-configuration) \n50%:   Partially comply, will require major configuration.\n0%:     No compliance/require development and/or customisation.",0,0]
[]
[null,null,null,null,null,null,null,"Totals",null,{"$f":"SUM(J9:J17)","v":46},{"$f":"SUM(K9:K17)","v":1},null,null,{"$f":"SUM(N9:N17)","v":0}]
[]
[]
[]
[]
[]
[]
[]
[]
[]
[]
[]
[]
[]
[]
[]
[]
[null,"Y"]
[null,"P"]
[null,"N"]

{"sheet":"PSST-Power System Analysis","index":3,"n_rows":63,"n_cols":15,"rows_kept":63,"cut":false,"hidden":false,"merged":[[0,0,0,2],[5,0,5,2],[4,0,4,2],[6,14,7,14],[3,0,3,2],[2,0,2,2],[1,0,1,2]]}
["Power System Simulation Tool Functional: PSST-Power System Analysis   BRS2.1 BRS 3.1 BRS4.1 BRS12.1 BRS13.1"]
["CORP xxxx Tender",null,null,null,null,null,null,null,null,null,null,null,"Scoring (Sliding scale)"]
["Tenderer:",null,null,null,null,null,null,null,null,null,null,null,"100% - Fully compliant"]
["Evaluated by:",null,null,null,null,null,null,null,null,null,null,null,"50%-Partially compliant"]
[null,null,null,null,null,null,null,null,null,null,null,null,"0%-Non compliance"]
["Evaluation Criteria"]
[null,null,null,null,null,null,"Vendor Compliance\nFull Compliance - Y\nPartial Compliance - P\nNon Compliance - N","Vendor to indicate any applicable comments based on Compliance","Priority\nRequirement priority as determined by Eskom","Weight\n(agreed by evaluation team members)",null,"Score\n(determined by each evaluation team member during evaluation. Will be averaged for final scores)","Score",null,"Comments (Internal) for scorer"]
["ID","Type","Criterion","Functional Requirement","Requirement description","Evaluation Criterion / Question","Vendor Compliance","Comments","Priority Description","Priority\n","Weighted Question","Scoring","Answer\n(0,50,100%)","Weighted Answer"]
[1,"Meeting the Scope of Work Required","How well has the Tenderer described how scope requirements will be met?  Do they understand what needs to be done?  List concerns in Comments.","Load Flow Analysis","Balanced and unbalanced load flow for coupled AC\nand DC grids","Indicate if the solution :\n- Is an Out-of-the-box functionality\n- Requires configuration?\n- Requires customisation?",null,null,"Show stopper",{"$f":"IF(I9='Priority Ratings'!$C$21,'Priority Ratings'!$B$21, IF(I9='Priority Ratings'!$C$22,'Priority Ratings'!$B$22,IF(I9='Priority Ratings'!$C$23,'Priority Ratings'!$B$23,IF(I9='Priority Ratings'!$C$24,'Priority Ratings'!$B$24,IF(I9='Priority Ratings'!$C$25,'Priority Ratings'!$B$25,IF(I9='Priority Ratings'!$C$26,'Priority Ratings'!$B$26,IF(I9='Priority Ratings'!$C$27,'Priority Ratings'!$B$27,\"No Rating\")))))))","v":6},{"$f":"J9/J$63","v":2.197802197802198E-2},"100%: Fully comply with requirement (Out of the box function with minor re-configuration) \n50%:   Partially comply, will require major configuration.\n0%:     No compliance/require development and/or customisation.",0,{"$f":"K9*M9","v":0}]
[2,"Meeting the Scope of Work Required","How well has the Tenderer described how scope requirements will be met?  Do they understand what needs to be done?  List concerns in Comments.","Load Flow Analysis","Active/reactive power and voltage regulation options, such as SVC, phase shifting transformers and tap controllers.","Indicate if the solution :\n- Is an Out-of-the-box functionality\n- Requires configuration?\n- Requires customisation?",null,null,"Show stopper",{"$f":"IF(I10='Priority Ratings'!$C$21,'Priority Ratings'!$B$21, IF(I10='Priority Ratings'!$C$22,'Priority Ratings'!$B$22,IF(I10='Priority Ratings'!$C$23,'Priority Ratings'!$B$23,IF(I10='Priority Ratings'!$C$24,'Priority Ratings'!$B$24,IF(I10='Priority Ratings'!$C$25,'Priority Ratings'!$B$25,IF(I10='Priority Ratings'!$C$26,'Priority Ratings'!$B$26,IF(I10='Priority Ratings'!$C$27,'Priority Ratings'!$B$27,\"No Rating\")))))))","v":6},2.197802197802198E-2,"100%: Fully comply with requirement (Out of the box function with minor re-configuration) \n50%:   Partially comply, will require major configuration.\n0%:     No compliance/require development and/or customisation.",0,{"$f":"K10*M10","v":0}]
[3,"Meeting the Scope of Work Required","How well has the Tenderer described how scope requirements will be met?  Do they understand what needs to be done?  List concerns in Comments.","Load Flow Analysis","Should be able to modify number of iterations allowed and max number of tap and shunt steps allowed per iteration.","Indicate if the solution :\n- Is an Out-of-the-box functionality\n- Requires configuration?\n- Requires customisation?",null,null,"Very important",{"$f":"IF(I11='Priority Ratings'!$C$21,'Priority Ratings'!$B$21, IF(I11='Priority Ratings'!$C$22,'Priority Ratings'!$B$22,IF(I11='Priority Ratings'!$C$23,'Priority Ratings'!$B$23,IF(I11='Priority Ratings'!$C$24,'Priority Ratings'!$B$24,IF(I11='Priority Ratings'!$C$25,'Priority Ratings'!$B$25,IF(I11='Priority Ratings'!$C$26,'Priority Ratings'!$B$26,IF(I11='Priority Ratings'!$C$27,'Priority Ratings'!$B$27,\"No Rating\")))))))","v":4},1.4652014652014652E-2,"100%: Fully comply with requirement (Out of the box function with minor re-configuration) \n50%:   Partially comply, will require major configuration.\n0%:     No compliance/require development and/or customisation.",0,0]
[4,"Meeting the Scope of Work Required","How well has the Tenderer described how scope requirements will be met?  Do they understand what needs to be done?  List concerns in Comments.","Load Flow Analysis","Have the ability to modify the load flow settings and se tup\n\"Study Cases\" where these settings are remembered and can easily be restored.","Indicate if the solution :\n- Is an Out-of-the-box functionality\n- Requires configuration?\n- Requires customisation?",null,null,"Show stopper",{"$f":"IF(I12='Priority Ratings'!$C$21,'Priority Ratings'!$B$21, IF(I12='Priority Ratings'!$C$22,'Priority Ratings'!$B$22,IF(I12='Priority Ratings'!$C$23,'Priority Ratings'!$B$23,IF(I12='Priority Ratings'!$C$24,'Priority Ratings'!$B$24,IF(I12='Priority Ratings'!$C$25,'Priority Ratings'!$B$25,IF(I12='Priority Ratings'!$C$26,'Priority Ratings'!$B$26,IF(I12='Priority Ratings'!$C$27,'Priority Ratings'!$B$27,\"No Rating\")))))))","v":6},2.197802197802198E-2,"100%: Fully comply with requirement (Out of the box function with minor re-configuration) \n50%:   Partially comply, will require major configuration.\n0%:     No compliance/require development and/or customisation.",0,0]
[5,"Meeting the Scope of Work Required","How well has the Tenderer described how scope requirements will be met?  Do they understand what needs to be done?  List concerns in Comments.","Load Flow Analysis","Have the ability to switch between current equations and power equations for Newton-Raphson analysis","Indicate if the solution :\n- Is an Out-of-the-box functionality\n- Requires configuration?\n- Requires customisation?",null,null,"Critical",{"$f":"IF(I13='Priority Ratings'!$C$21,'Priority Ratings'!$B$21, IF(I13='Priority Ratings'!$C$22,'Priority Ratings'!$B$22,IF(I13='Priority Ratings'!$C$23,'Priority Ratings'!$B$23,IF(I13='Priority Ratings'!$C$24,'Priority Ratings'!$B$24,IF(I13='Priority Ratings'!$C$25,'Priority Ratings'!$B$25,IF(I13='Priority Ratings'!$C$26,'Priority Ratings'!$B$26,IF(I13='Priority Ratings'!$C$27,'Priority Ratings'!$B$27,\"No Rating\")))))))","v":5},1.8315018315018316E-2,"100%: Fully comply with requirement (Out of the box function with minor re-configuration) \n50%:   Partially comply, will require major configuration.\n0%:     No compliance/require development and/or customisation.",0,0]
[6,"Meeting the Scope of Work Required","How well has the Tenderer described how scope requirements will be met?  Do they understand what needs to be done?  List concerns in Comments.","Load Flow Analysis","Station- and network control features, including Q(U)-,\ncosphi(P)-, Q(P)-, and droop characteristics","Indicate if the solution :\n- Is an Out-of-the-box functionality\n- Requires configuration?\n- Requires customisation?",null,null,"Critical",{"$f":"IF(I14='Priority Ratings'!$C$21,'Priority Ratings'!$B$21, IF(I14='Priority Ratings'!$C$22,'Priority Ratings'!$B$22,IF(I14='Priority Ratings'!$C$23,'Priority Ratings'!$B$23,IF(I14='Priority Ratings'!$C$24,'Priority Ratings'!$B$24,IF(I14='Priority Ratings'!$C$25,'Priority Ratings'!$B$25,IF(I14='Priority Ratings'!$C$26,'Priority Ratings'!$B$26,IF(I14='Priority Ratings'!$C$27,'Priority Ratings'!$B$27,\"No Rating\")))))))","v":5},1.8315018315018316E-2,"100%: Fully comply with requirement (Out of the box function with minor re-configuration) \n50%:   Partially comply, will require major configuration.\n0%:     No compliance/require development and/or customisation.",0,0]
[7,"Meeting the Scope of Work Required","How well has the Tenderer described how scope requirements will be met?  Do they understand what needs to be done?  List concerns in Comments.","Load Flow Analysis","Local and remote busbar voltage control options","Indicate if the solution :\n- Is an Out-of-the-box functionality\n- Requires configuration?\n- Requires customisation?",null,null,"Show stopper",{"$f":"IF(I15='Priority Ratings'!$C$21,'Priority Ratings'!$B$21, IF(I15='Priority Ratings'!$C$22,'Priority Ratings'!$B$22,IF(I15='Priority Ratings'!$C$23,'Priority Ratings'!$B$23,IF(I15='Priority Ratings'!$C$24,'Priority Ratings'!$B$24,IF(I15='Priority Ratings'!$C$25,'Priority Ratings'!$B$25,IF(I15='Priority Ratings'!$C$26,'Priority Ratings'!$B$26,IF(I15='Priority Ratings'!$C$27,'Priority Ratings'!$B$27,\"No Rating\")))))))","v":6},2.197802197802198E-2,"100%: Fully comply with requirement (Out of the box function with minor re-configuration) \n50%:   Partially comply, will require major configuration.\n0%:     No compliance/require development and/or customisation.",0,0]
[8,"Meeting the Scope of Work Required","How well has the Tenderer described how scope requirements will be met?  Do they understand what needs to be done?  List concerns in Comments.","Load Flow Analysis","Secondary and primary control, inertial response, and the ability to set the slack/reference bus for load flow analysis","Indicate if the solution :\n- Is an Out-of-the-box functionality\n- Requires configuration?\n- Requires customisation?",null,null,"Show stopper",{"$f":"IF(I16='Priority Ratings'!$C$21,'Priority Ratings'!$B$21, IF(I16='Priority Ratings'!$C$22,'Priority Ratings'!$B$22,IF(I16='Priority Ratings'!$C$23,'Priority Ratings'!$B$23,IF(I16='Priority Ratings'!$C$24,'Priority Ratings'!$B$24,IF(I16='Priority Ratings'!$C$25,'Priority Ratings'!$B$25,IF(I16='Priority Ratings'!$C$26,'Priority Ratings'!$B$26,IF(I16='Priority Ratings'!$C$27,'Priority Ratings'!$B$27,\"No Rating\")))))))","v":6},2.197802197802198E-2,"100%: Fully comply with requirement (Out of the box function with minor re-configuration) \n50%:   Partially comply, will require major configuration.\n0%:     No compliance/require development and/or customisation.",0,0]
[9,"Meeting the Scope of Work Required","How well has the Tenderer described how scope requirements will be met?  Do they understand what needs to be done?  List concerns in Comments.","Load Flow Analysis","Distributed slack busbar load and/or generation, including interchange schedules","Indicate if the solution :\n- Is an Out-of-the-box functionality\n- Requires configuration?\n- Requires customisation?",null,null,"Critical",{"$f":"IF(I17='Priority Ratings'!$C$21,'Priority Ratings'!$B$21, IF(I17='Priority Ratings'!$C$22,'Priority Ratings'!$B$22,IF(I17='Priority Ratings'!$C$23,'Priority Ratings'!$B$23,IF(I17='Priority Ratings'!$C$24,'Priority Ratings'!$B$24,IF(I17='Priority Ratings'!$C$25,'Priority Ratings'!$B$25,IF(I17='Priority Ratings'!$C$26,'Priority Ratings'!$B$26,IF(I17='Priority Ratings'!$C$27,'Priority Ratings'!$B$27,\"No Rating\")))))))","v":5},1.8315018315018316E-2,"100%: Fully comply with requirement (Out of the box function with minor re-configuration) \n50%:   Partially comply, will require major configuration.\n0%:     No compliance/require development and/or customisation.",0,0]
[10,"Meeting the Scope of Work Required","How well has the Tenderer described how scope requirements will be met?  Do they understand what needs to be done?  List concerns in Comments.","Load Flow Analysis","Consideration of active and reactive power limits, including (voltagedependent) generator capability curves","Indicate if the solution :\n- Is an Out-of-the-box functionality\n- Requires configuration?\n- Requires customisation?",null,null,"Show stopper",{"$f":"IF(I18='Priority Ratings'!$C$21,'Priority Ratings'!$B$21, IF(I18='Priority Ratings'!$C$22,'Priority Ratings'!$B$22,IF(I18='Priority Ratings'!$C$23,'Priority Ratings'!$B$23,IF(I18='Priority Ratings'!$C$24,'Priority Ratings'!$B$24,IF(I18='Priority Ratings'!$C$25,'Priority Ratings'!$B$25,IF(I18='Priority Ratings'!$C$26,'Priority Ratings'!$B$26,IF(I18='Priority Ratings'!$C$27,'Priority Ratings'!$B$27,\"No Rating\")))))))","v":6},2.197802197802198E-2,"100%: Fully comply with requirement (Out of the box function with minor re-configuration) \n50%:   Partially comply, will require major configuration.\n0%:     No compliance/require development and/or customisation.",0,0]
[11,"Meeting the Scope of Work Required","How well has the Tenderer described how scope requirements will be met?  Do they understand what needs to be done?  List concerns in Comments.","Load Flow Analysis","Provide accurate modelling of induction machines\n(Motor starting function)","Indicate if the solution :\n- Is an Out-of-the-box functionality\n- Requires configuration?\n- Requires customisation?",null,null,"Critical",{"$f":"IF(I19='Priority Ratings'!$C$21,'Priority Ratings'!$B$21, IF(I19='Priority Ratings'!$C$22,'Priority Ratings'!$B$22,IF(I19='Priority Ratings'!$C$23,'Priority Ratings'!$B$23,IF(I19='Priority Ratings'!$C$24,'Priority Ratings'!$B$24,IF(I19='Priority Ratings'!$C$25,'Priority Ratings'!$B$25,IF(I19='Priority Ratings'!$C$26,'Priority Ratings'!$B$26,IF(I19='Priority Ratings'!$C$27,'Priority Ratings'!$B$27,\"No Rating\")))))))","v":5},1.8315018315018316E-2,"100%: Fully comply with requirement (Out of the box function with minor re-configuration) \n50%:   Partially comply, will require major configuration.\n0%:     No compliance/require development and/or customisation.",0,0]
[12,"Meeting the Scope of Work Required","How well has the Tenderer described how scope requirements will be met?  Do they understand what needs to be done?  List concerns in Comments.","Load Flow Analysis","Voltage dependent load models that support constant current, constant impedance, and constant power loads with the ability to mix them together (i.e., 20% constant current, 30% constant impedance etc.) Should also be able to\nspecify custom exponent for constant impedance (e.g.,\n1.5 instead of 2).","Indicate if the solution :\n- Is an Out-of-the-box functionality\n- Requires configuration?\n- Requires customisation?",null,null,"Show stopper",{"$f":"IF(I20='Priority Ratings'!$C$21,'Priority Ratings'!$B$21, IF(I20='Priority Ratings'!$C$22,'Priority Ratings'!$B$22,IF(I20='Priority Ratings'!$C$23,'Priority Ratings'!$B$23,IF(I20='Priority Ratings'!$C$24,'Priority Ratings'!$B$24,IF(I20='Priority Ratings'!$C$25,'Priority Ratings'!$B$25,IF(I20='Priority Ratings'!$C$26,'Priority Ratings'!$B$26,IF(I20='Priority Ratings'!$C$27,'Priority Ratings'!$B$27,\"No Rating\")))))))","v":6},2.197802197802198E-2,"100%: Fully comply with requirement (Out of the box function with minor re-configuration) \n50%:   Partially comply, will require major configuration.\n0%:     No compliance/require development and/or customisation.",0,0]
[13,"Meeting the Scope of Work Required","How well has the Tenderer described how scope requirements will be met?  Do they understand what needs to be done?  List concerns in Comments.","Load Flow Analysis","support frequency dependent load models","Indicate if the solution :\n- Is an Out-of-the-box functionality\n- Requires configuration?\n- Requires customisation?",null,null,"Show stopper",{"$f":"IF(I21='Priority Ratings'!$C$21,'Priority Ratings'!$B$21, IF(I21='Priority Ratings'!$C$22,'Priority Ratings'!$B$22,IF(I21='Priority Ratings'!$C$23,'Priority Ratings'!$B$23,IF(I21='Priority Ratings'!$C$24,'Priority Ratings'!$B$24,IF(I21='Priority Ratings'!$C$25,'Priority Ratings'!$B$25,IF(I21='Priority Ratings'!$C$26,'Priority Ratings'!$B$26,IF(I21='Priority Ratings'!$C$27,'Priority Ratings'!$B$27,\"No Rating\")))))))","v":6},2.197802197802198E-2,"100%: Fully comply with requirement (Out of the box function with minor re-configuration) \n50%:   Partially comply, will require major configuration.\n0%:     No compliance/require development and/or customisation.",0,0]
[14,"Meeting the Scope of Work Required","How well has the Tenderer described how scope requirements will be met?  Do they understand what needs to be done?  List concerns in Comments.","Load Flow Analysis","Support Traction load models (Train Load models)","Indicate if the solution :\n- Is an Out-of-the-box functionality\n- Requires configuration?\n- Requires customisation?",null,null,"Show stopper",{"$f":"IF(I22='Priority Ratings'!$C$21,'Priority Ratings'!$B$21, IF(I22='Priority Ratings'!$C$22,'Priority Ratings'!$B$22,IF(I22='Priority Ratings'!$C$23,'Priority Ratings'!$B$23,IF(I22='Priority Ratings'!$C$24,'Priority Ratings'!$B$24,IF(I22='Priority Ratings'!$C$25,'Priority Ratings'!$B$25,IF(I22='Priority Ratings'!$C$26,'Priority Ratings'!$B$26,IF(I22='Priority Ratings'!$C$27,'Priority Ratings'!$B$27,\"No Rating\")))))))","v":6},2.197802197802198E-2,"100%: Fully comply with requirement (Out of the box function with minor re-configuration) \n50%:   Partially comply, will require major configuration.\n0%:     No compliance/require development and/or customisation.",0,0]
[15,"Meeting the Scope of Work Required","How well has the Tenderer described how scope requirements will be met?  Do they understand what needs to be done?  List concerns in Comments.","Load Flow Analysis","User-definable load flow controller models","Indicate if the solution :\n- Is an Out-of-the-box functionality\n- Requires configuration?\n- Requires customisation?",null,null,"Critical",{"$f":"IF(I23='Priority Ratings'!$C$21,'Priority Ratings'!$B$21, IF(I23='Priority Ratings'!$C$22,'Priority Ratings'!$B$22,IF(I23='Priority Ratings'!$C$23,'Priority Ratings'!$B$23,IF(I23='Priority Ratings'!$C$24,'Priority Ratings'!$B$24,IF(I23='Priority Ratings'!$C$25,'Priority Ratings'!$B$25,IF(I23='Priority Ratings'!$C$26,'Priority Ratings'!$B$26,IF(I23='Priority Ratings'!$C$27,'Priority Ratings'!$B$27,\"No Rating\")))))))","v":5},1.8315018315018316E-2,"100%: Fully comply with requirement (Out of the box function with minor re-configuration) \n50%:   Partially comply, will require major configuration.\n0%:     No compliance/require development and/or customisation.",0,0]
[16,"Meeting the Scope of Work Required","How well has the Tenderer described how scope requirements will be met?  Do they understand what needs to be done?  List concerns in Comments.","Load Flow Analysis","Simple load/generation scaling, as well as automated feeder load scaling (balanced and unbalanced) at area or\naggregated Zone level","Indicate if the solution :\n- Is an Out-of-the-box functionality\n- Requires configuration?\n- Requires customisation?",null,null,"Critical",{"$f":"IF(I24='Priority Ratings'!$C$21,'Priority Ratings'!$B$21, IF(I24='Priority Ratings'!$C$22,'Priority Ratings'!$B$22,IF(I24='Priority Ratings'!$C$23,'Priority Ratings'!$B$23,IF(I24='Priority Ratings'!$C$24,'Priority Ratings'!$B$24,IF(I24='Priority Ratings'!$C$25,'Priority Ratings'!$B$25,IF(I24='Priority Ratings'!$C$26,'Priority Ratings'!$B$26,IF(I24='Priority Ratings'!$C$27,'Priority Ratings'!$B$27,\"No Rating\")))))))","v":5},1.8315018315018316E-2,"100%: Fully comply with requirement (Out of the box function with minor re-configuration) \n50%:   Partially comply, will require major configuration.\n0%:     No compliance/require development and/or customisation.",0,0]
[17,"Meeting the Scope of Work Required","How well has the Tenderer described how scope requirements will be met?  Do they understand what needs to be done?  List concerns in Comments.","Load Flow Analysis","Consideration of temperature dependency","Indicate if the solution :\n- Is an Out-of-the-box functionality\n- Requires configuration?\n- Requires customisation?",null,null,"Critical",{"$f":"IF(I25='Priority Ratings'!$C$21,'Priority Ratings'!$B$21, IF(I25='Priority Ratings'!$C$22,'Priority Ratings'!$B$22,IF(I25='Priority Ratings'!$C$23,'Priority Ratings'!$B$23,IF(I25='Priority Ratings'!$C$24,'Priority Ratings'!$B$24,IF(I25='Priority Ratings'!$C$25,'Priority Ratings'!$B$25,IF(I25='Priority Ratings'!$C$26,'Priority Ratings'!$B$26,IF(I25='Priority Ratings'!$C$27,'Priority Ratings'!$B$27,\"No Rating\")))))))","v":5},1.8315018315018316E-2,"100%: Fully comply with requirement (Out of the box function with minor re-configuration) \n50%:   Partially comply, will require major configuration.\n0%:     No compliance/require development and/or customisation.",0,0]
[18,"Meeting the Scope of Work Required","How well has the Tenderer described how scope requirements will be met?  Do they understand what needs to be done?  List concerns in Comments.","Load Flow Analysis","Probabilistic load flow analysis","Indicate if the solution :\n- Is an Out-of-the-box functionality\n- Requires configuration?\n- Requires customisation?",null,null,"Very important",{"$f":"IF(I26='Priority Ratings'!$C$21,'Priority Ratings'!$B$21, IF(I26='Priority Ratings'!$C$22,'Priority Ratings'!$B$22,IF(I26='Priority Ratings'!$C$23,'Priority Ratings'!$B$23,IF(I26='Priority Ratings'!$C$24,'Priority Ratings'!$B$24,IF(I26='Priority Ratings'!$C$25,'Priority Ratings'!$B$25,IF(I26='Priority Ratings'!$C$26,'Priority Ratings'!$B$26,IF(I26='Priority Ratings'!$C$27,'Priority Ratings'!$B$27,\"No Rating\")))))))","v":4},1.4652014652014652E-2,"100%: Fully comply with requirement (Out of the box function with minor re-configuration) \n50%:   Partially comply, will require major configuration.\n0%:     No compliance/require development and/or customisation.",0,0]
[19,"Meeting the Scope of Work Required","How well has the Tenderer described how scope requirements will be met?  Do they understand what needs to be done?  List concerns in Comments.","Short- Circuit / Fault\nlevel studies","Support of IEC 60909 (including 2016 edition), IEEE 141/ANSI C37 and\nIEC 61363 norms and methods","Indicate if the solution :\n- Is an Out-of-the-box functionality\n- Requires configuration?\n- Requires customisation?",null,null,"Show stopper",{"$f":"IF(I27='Priority Ratings'!$C$21,'Priority Ratings'!$B$21, IF(I27='Priority Ratings'!$C$22,'Priority Ratings'!$B$22,IF(I27='Priority Ratings'!$C$23,'Priority Ratings'!$B$23,IF(I27='Priority Ratings'!$C$24,'Priority Ratings'!$B$24,IF(I27='Priority Ratings'!$C$25,'Priority Ratings'!$B$25,IF(I27='Priority Ratings'!$C$26,'Priority Ratings'!$B$26,IF(I27='Priority Ratings'!$C$27,'Priority Ratings'!$B$27,\"No Rating\")))))))","v":6},2.197802197802198E-2,"100%: Fully comply with requirement (Out of the box function with minor re-configuration) \n50%:   Partially comply, will require major configuration.\n0%:     No compliance/require development and/or customisation.",0,0]
[20,"Meeting the Scope of Work Required","How well has the Tenderer described how scope requirements will be met?  Do they understand what needs to be done?  List concerns in Comments.","Short- Circuit / Fault\nlevel studies","Complete superposition method, including dynamic voltage support of generators connected via power electronics and to specify that the method allows the user to calculate pre-fault voltage to be used from a load flow","Indicate if the solution :\n- Is an Out-of-the-box functionality\n- Requires configuration?\n- Requires customisation?",null,null,"Critical",{"$f":"IF(I28='Priority Ratings'!$C$21,'Priority Ratings'!$B$21, IF(I28='Priority Ratings'!$C$22,'Priority Ratings'!$B$22,IF(I28='Priority Ratings'!$C$23,'Priority Ratings'!$B$23,IF(I28='Priority Ratings'!$C$24,'Priority Ratings'!$B$24,IF(I28='Priority Ratings'!$C$25,'Priority Ratings'!$B$25,IF(I28='Priority Ratings'!$C$26,'Priority Ratings'!$B$26,IF(I28='Priority Ratings'!$C$27,'Priority Ratings'!$B$27,\"No Rating\")))))))","v":5},1.8315018315018316E-2,"100%: Fully comply with requirement (Out of the box function with minor re-configuration) \n50%:   Partially comply, will require major configuration.\n0%:     No compliance/require development and/or customisation.",0,0]
[21,"Meeting the Scope of Work Required","How well has the Tenderer described how scope requirements will be met?  Do they understand what needs to be done?  List concerns in Comments.","Short- Circuit / Fault\nlevel studies","Ability to specify fault impedance","Indicate if the solution :\n- Is an Out-of-the-box functionality\n- Requires configuration?\n- Requires customisation?",null,null,"Critical",{"$f":"IF(I29='Priority Ratings'!$C$21,'Priority Ratings'!$B$21, IF(I29='Priority Ratings'!$C$22,'Priority Ratings'!$B$22,IF(I29='Priority Ratings'!$C$23,'Priority Ratings'!$B$23,IF(I29='Priority Ratings'!$C$24,'Priority Ratings'!$B$24,IF(I29='Priority Ratings'!$C$25,'Priority Ratings'!$B$25,IF(I29='Priority Ratings'!$C$26,'Priority Ratings'!$B$26,IF(I29='Priority Ratings'!$C$27,'Priority Ratings'!$B$27,\"No Rating\")))))))","v":5},1.8315018315018316E-2,"100%: Fully comply with requirement (Out of the box function with minor re-configuration) \n50%:   Partially comply, will require major configuration.\n0%:     No compliance/require development and/or customisation.",0,0]
[22,"Meeting the Scope of Work Required","How well has the Tenderer described how scope requirements will be met?  Do they understand what needs to be done?  List concerns in Comments.","Short- Circuit / Fault\nlevel studies","Specify all fault types that should be supported (e.g., 3-phase balanced, 3-phase unbalanced, single phase to ground, single phase to neutral etc.)","Indicate if the solution :\n- Is an Out-of-the-box functionality\n- Requires configuration?\n- Requires customisation?",null,null,"Show stopper",{"$f":"IF(I30='Priority Ratings'!$C$21,'Priority Ratings'!$B$21, IF(I30='Priority Ratings'!$C$22,'Priority Ratings'!$B$22,IF(I30='Priority Ratings'!$C$23,'Priority Ratings'!$B$23,IF(I30='Priority Ratings'!$C$24,'Priority Ratings'!$B$24,IF(I30='Priority Ratings'!$C$25,'Priority Ratings'!$B$25,IF(I30='Priority Ratings'!$C$26,'Priority Ratings'!$B$26,IF(I30='Priority Ratings'!$C$27,'Priority Ratings'!$B$27,\"No Rating\")))))))","v":6},2.197802197802198E-2,"100%: Fully comply with requirement (Out of the box function with minor re-configuration) \n50%:   Partially comply, will require major configuration.\n0%:     No compliance/require development and/or customisation.",0,0]
[23,"Meeting the Scope of Work Required","How well has the Tenderer described how scope requirements will be met?  Do they understand what needs to be done?  List concerns in Comments.","Short- Circuit / Fault\nlevel studies","Calculate fault levels at all terminals and busbars or at a user's selection of terminals","Indicate if the solution :\n- Is an Out-of-the-box functionality\n- Requires configuration?\n- Requires customisation?",null,null,"Critical",{"$f":"IF(I31='Priority Ratings'!$C$21,'Priority Ratings'!$B$21, IF(I31='Priority Ratings'!$C$22,'Priority Ratings'!$B$22,IF(I31='Priority Ratings'!$C$23,'Priority Ratings'!$B$23,IF(I31='Priority Ratings'!$C$24,'Priority Ratings'!$B$24,IF(I31='Priority Ratings'!$C$25,'Priority Ratings'!$B$25,IF(I31='Priority Ratings'!$C$26,'Priority Ratings'!$B$26,IF(I31='Priority Ratings'!$C$27,'Priority Ratings'!$B$27,\"No Rating\")))))))","v":5},1.8315018315018316E-2,"100%: Fully comply with requirement (Out of the box function with minor re-configuration) \n50%:   Partially comply, will require major configuration.\n0%:     No compliance/require development and/or customisation.",0,0]
[24,"Meeting the Scope of Work Required","How well has the Tenderer described how scope requirements will be met?  Do they understand what needs to be done?  List concerns in Comments.","Short- Circuit / Fault\nlevel studies","Fast multiple fault analysis of any kind of fault including\nsingle-phase interruption, inter-circuit faults, short circuit sweep along lines, customizable short-circuit sweep diagrams, etc.","Indicate if the solution :\n- Is an Out-of-the-box functionality\n- Requires configuration?\n- Requires customisation?",null,null,"Critical",{"$f":"IF(I32='Priority Ratings'!$C$21,'Priority Ratings'!$B$21, IF(I32='Priority Ratings'!$C$22,'Priority Ratings'!$B$22,IF(I32='Priority Ratings'!$C$23,'Priority Ratings'!$B$23,IF(I32='Priority Ratings'!$C$24,'Priority Ratings'!$B$24,IF(I32='Priority Ratings'!$C$25,'Priority Ratings'!$B$25,IF(I32='Priority Ratings'!$C$26,'Priority Ratings'!$B$26,IF(I32='Priority Ratings'!$C$27,'Priority Ratings'!$B$27,\"No Rating\")))))))","v":5},1.8315018315018316E-2,"100%: Fully comply with requirement (Out of the box function with minor re-configuration) \n50%:   Partially comply, will require major configuration.\n0%:     No compliance/require development and/or customisation.",0,0]
[25,"Meeting the Scope of Work Required","How well has the Tenderer described how scope requirements will be met?  Do they understand what needs to be done?  List concerns in Comments.","Comprehensive Medium Voltage/Low Voltage\n(MV/LV) Network Analysis","Voltage profile plots for single and multiple feeders","Indicate if the solution :\n- Is an Out-of-the-box functionality\n- Requires configuration?\n- Requires customisation?",null,null,"Critical",{"$f":"IF(I33='Priority Ratings'!$C$21,'Priority Ratings'!$B$21, IF(I33='Priority Ratings'!$C$22,'Priority Ratings'!$B$22,IF(I33='Priority Ratings'!$C$23,'Priority Ratings'!$B$23,IF(I33='Priority Ratings'!$C$24,'Priority Ratings'!$B$24,IF(I33='Priority Ratings'!$C$25,'Priority Ratings'!$B$25,IF(I33='Priority Ratings'!$C$26,'Priority Ratings'!$B$26,IF(I33='Priority Ratings'!$C$27,'Priority Ratings'!$B$27,\"No Rating\")))))))","v":5},1.8315018315018316E-2,"100%: Fully comply with requirement (Out of the box function with minor re-configuration) \n50%:   Partially comply, will require major configuration.\n0%:     No compliance/require development and/or customisation.",0,0]
[26,"Meeting the Scope of Work Required","How well has the Tenderer described how scope requirements will be met?  Do they understand what needs to be done?  List concerns in Comments.","Comprehensive Medium Voltage/Low Voltage\n(MV/LV) Network Analysis","Feeder definition and analysis tools incl. feeder load scaling for simple & meshed feeders. It should have the ability to scale feeders per phase and according to two criteria (The first set point looking at active power contribution specified in Amp, Mega Volt Amp MVA or Megawatts, and the second set point looking at reactive power contribution specified in\nMega Volt Amps (Reactive) MVAR or cosphi)","Indicate if the solution :\n- Is an Out-of-the-box functionality\n- Requires configuration?\n- Requires customisation?",null,null,"Critical",{"$f":"IF(I34='Priority Ratings'!$C$21,'Priority Ratings'!$B$21, IF(I34='Priority Ratings'!$C$22,'Priority Ratings'!$B$22,IF(I34='Priority Ratings'!$C$23,'Priority Ratings'!$B$23,IF(I34='Priority Ratings'!$C$24,'Priority Ratings'!$B$24,IF(I34='Priority Ratings'!$C$25,'Priority Ratings'!$B$25,IF(I34='Priority Ratings'!$C$26,'Priority Ratings'!$B$26,IF(I34='Priority Ratings'!$C$27,'Priority Ratings'!$B$27,\"No Rating\")))))))","v":5},1.8315018315018316E-2,"100%: Fully comply with requirement (Out of the box function with minor re-configuration) \n50%:   Partially comply, will require major configuration.\n0%:     No compliance/require development and/or customisation.",0,0]
[27,"Meeting the Scope of Work Required","How well has the Tenderer described how scope requirements will be met?  Do they understand what needs to be done?  List concerns in Comments.","Comprehensive Medium Voltage/Low Voltage\n(MV/LV) Network Analysis","Automated schematic visualization and adaptation to the feeder topology and supported by both a geospatial\nand single-line overview.","Indicate if the solution :\n- Is an Out-of-the-box functionality\n- Requires configuration?\n- Requires customisation?",null,null,"Critical",{"$f":"IF(I35='Priority Ratings'!$C$21,'Priority Ratings'!$B$21, IF(I35='Priority Ratings'!$C$22,'Priority Ratings'!$B$22,IF(I35='Priority Ratings'!$C$23,'Priority Ratings'!$B$23,IF(I35='Priority Ratings'!$C$24,'Priority Ratings'!$B$24,IF(I35='Priority Ratings'!$C$25,'Priority Ratings'!$B$25,IF(I35='Priority Ratings'!$C$26,'Priority Ratings'!$B$26,IF(I35='Priority Ratings'!$C$27,'Priority Ratings'!$B$27,\"No Rating\")))))))","v":5},1.8315018315018316E-2,"100%: Fully comply with requirement (Out of the box function with minor re-configuration) \n50%:   Partially comply, will require major configuration.\n0%:     No compliance/require development and/or customisation.",0,0]
[28,"Meeting the Scope of Work Required","How well has the Tenderer described how scope requirements will be met?  Do they understand what needs to be done?  List concerns in Comments.","Comprehensive Medium Voltage/Low Voltage\n(MV/LV) Network Analysis","Radial feeder tools incl. voltage and phase technology change tools.","Indicate if the solution :\n- Is an Out-of-the-box functionality\n- Requires configuration?\n- Requires customisation?",null,null,"Very important",{"$f":"IF(I36='Priority Ratings'!$C$21,'Priority Ratings'!$B$21, IF(I36='Priority Ratings'!$C$22,'Priority Ratings'!$B$22,IF(I36='Priority Ratings'!$C$23,'Priority Ratings'!$B$23,IF(I36='Priority Ratings'!$C$24,'Priority Ratings'!$B$24,IF(I36='Priority Ratings'!$C$25,'Priority Ratings'!$B$25,IF(I36='Priority Ratings'!$C$26,'Priority Ratings'!$B$26,IF(I36='Priority Ratings'!$C$27,'Priority Ratings'!$B$27,\"No Rating\")))))))","v":4},1.4652014652014652E-2,"100%: Fully comply with requirement (Out of the box function with minor re-configuration) \n50%:   Partially comply, will require major configuration.\n0%:     No compliance/require development and/or customisation.",0,0]
[29,"Meeting the Scope of Work Required","How well has the Tenderer described how scope requirements will be met?  Do they understand what needs to be done?  List concerns in Comments.","Comprehensive Medium Voltage/Low Voltage\n(MV/LV) Network Analysis","Backbone calculation determining the main connections between meshed feeders","Indicate if the solution :\n- Is an Out-of-the-box functionality\n- Requires configuration?\n- Requires customisation?",null,null,"Very important",{"$f":"IF(I37='Priority Ratings'!$C$21,'Priority Ratings'!$B$21, IF(I37='Priority Ratings'!$C$22,'Priority Ratings'!$B$22,IF(I37='Priority Ratings'!$C$23,'Priority Ratings'!$B$23,IF(I37='Priority Ratings'!$C$24,'Priority Ratings'!$B$24,IF(I37='Priority Ratings'!$C$25,'Priority Ratings'!$B$25,IF(I37='Priority Ratings'!$C$26,'Priority Ratings'!$B$26,IF(I37='Priority Ratings'!$C$27,'Priority Ratings'!$B$27,\"No Rating\")))))))","v":4},1.4652014652014652E-2,"100%: Fully comply with requirement (Out of the box function with minor re-configuration) \n50%:   Partially comply, will require major configuration.\n0%:     No compliance/require development and/or customisation.",0,0]
[30,"Meeting the Scope of Work Required","How well has the Tenderer described how scope requirements will be met?  Do they understand what needs to be done?  List concerns in Comments.","Comprehensive Medium Voltage/Low Voltage\n(MV/LV) Network Analysis","LV network analysis functions","Indicate if the solution :\n- Is an Out-of-the-box functionality\n- Requires configuration?\n- Requires customisation?",null,null,"Important",{"$f":"IF(I38='Priority Ratings'!$C$21,'Priority Ratings'!$B$21, IF(I38='Priority Ratings'!$C$22,'Priority Ratings'!$B$22,IF(I38='Priority Ratings'!$C$23,'Priority Ratings'!$B$23,IF(I38='Priority Ratings'!$C$24,'Priority Ratings'!$B$24,IF(I38='Priority Ratings'!$C$25,'Priority Ratings'!$B$25,IF(I38='Priority Ratings'!$C$26,'Priority Ratings'!$B$26,IF(I38='Priority Ratings'!$C$27,'Priority Ratings'!$B$27,\"No Rating\")))))))","v":3},1.098901098901099E-2,"100%: Fully comply with requirement (Out of the box function with minor re-configuration) \n50%:   Partially comply, will require major configuration.\n0%:     No compliance/require development and/or customisation.",0,0]
[31,"Meeting the Scope of Work Required","How well has the Tenderer described how scope requirements will be met?  Do they understand what needs to be done?  List concerns in Comments.","Comprehensive Medium Voltage/Low Voltage\n(MV/LV) Network Analysis","Stochastic load and generation modelling","Indicate if the solution :\n- Is an Out-of-the-box functionality\n- Requires configuration?\n- Requires customisation?",null,null,"Very important",{"$f":"IF(I39='Priority Ratings'!$C$21,'Priority Ratings'!$B$21, IF(I39='Priority Ratings'!$C$22,'Priority Ratings'!$B$22,IF(I39='Priority Ratings'!$C$23,'Priority Ratings'!$B$23,IF(I39='Priority Ratings'!$C$24,'Priority Ratings'!$B$24,IF(I39='Priority Ratings'!$C$25,'Priority Ratings'!$B$25,IF(I39='Priority Ratings'!$C$26,'Priority Ratings'!$B$26,IF(I39='Priority Ratings'!$C$27,'Priority Ratings'!$B$27,\"No Rating\")))))))","v":4},1.4652014652014652E-2,"100%: Fully comply with requirement (Out of the box function with minor re-configuration) \n50%:   Partially comply, will require major configuration.\n0%:     No compliance/require development and/or customisation.",0,0]
[32,"Meeting the Scope of Work Required","How well has the Tenderer described how scope requirements will be met?  Do they understand what needs to be done?  List concerns in Comments.","Contingency Analysis","Contingency analysis should be able to be executed using any of the following load flow methods i.e., AC balanced, AC unbalanced, DC and AC linearised etc.","Indicate if the solution :\n- Is an Out-of-the-box functionality\n- Requires configuration?\n- Requires customisation?",null,null,"Show stopper",{"$f":"IF(I40='Priority Ratings'!$C$21,'Priority Ratings'!$B$21, IF(I40='Priority Ratings'!$C$22,'Priority Ratings'!$B$22,IF(I40='Priority Ratings'!$C$23,'Priority Ratings'!$B$23,IF(I40='Priority Ratings'!$C$24,'Priority Ratings'!$B$24,IF(I40='Priority Ratings'!$C$25,'Priority Ratings'!$B$25,IF(I40='Priority Ratings'!$C$26,'Priority Ratings'!$B$26,IF(I40='Priority Ratings'!$C$27,'Priority Ratings'!$B$27,\"No Rating\")))))))","v":6},2.197802197802198E-2,"100%: Fully comply with requirement (Out of the box function with minor re-configuration) \n50%:   Partially comply, will require major configuration.\n0%:     No compliance/require development and/or customisation.",0,0]
[33,"Meeting the Scope of Work Required","How well has the Tenderer described how scope requirements will be met?  Do they understand what needs to be done?  List concerns in Comments.","Contingency Analysis","Fast contingency screening with recalculation of critical\ncases using AC method.","Indicate if the solution :\n- Is an Out-of-the-box functionality\n- Requires configuration?\n- Requires customisation?",null,null,"Critical",{"$f":"IF(I41='Priority Ratings'!$C$21,'Priority Ratings'!$B$21, IF(I41='Priority Ratings'!$C$22,'Priority Ratings'!$B$22,IF(I41='Priority Ratings'!$C$23,'Priority Ratings'!$B$23,IF(I41='Priority Ratings'!$C$24,'Priority Ratings'!$B$24,IF(I41='Priority Ratings'!$C$25,'Priority Ratings'!$B$25,IF(I41='Priority Ratings'!$C$26,'Priority Ratings'!$B$26,IF(I41='Priority Ratings'!$C$27,'Priority Ratings'!$B$27,\"No Rating\")))))))","v":5},1.8315018315018316E-2,"100%: Fully comply with requirement (Out of the box function with minor re-configuration) \n50%:   Partially comply, will require major configuration.\n0%:     No compliance/require development and/or customisation.",0,0]
[34,"Meeting the Scope of Work Required","How well has the Tenderer described how scope requirements will be met?  Do they understand what needs to be done?  List concerns in Comments.","Contingency Analysis","Single and multiple phase consideration.","Indicate if the solution :\n- Is an Out-of-the-box functionality\n- Requires configuration?\n- Requires customisation?",null,null,"Critical",{"$f":"IF(I42='Priority Ratings'!$C$21,'Priority Ratings'!$B$21, IF(I42='Priority Ratings'!$C$22,'Priority Ratings'!$B$22,IF(I42='Priority Ratings'!$C$23,'Priority Ratings'!$B$23,IF(I42='Priority Ratings'!$C$24,'Priority Ratings'!$B$24,IF(I42='Priority Ratings'!$C$25,'Priority Ratings'!$B$25,IF(I42='Priority Ratings'!$C$26,'Priority Ratings'!$B$26,IF(I42='Priority Ratings'!$C$27,'Priority Ratings'!$B$27,\"No Rating\")))))))","v":5},1.8315018315018316E-2,"100%: Fully comply with requirement (Out of the box function with minor re-configuration) \n50%:   Partially comply, will require major configuration.\n0%:     No compliance/require development and/or customisation.",0,0]
[35,"Meeting the Scope of Work Required","How well has the Tenderer described how scope requirements will be met?  Do they understand what needs to be done?  List concerns in Comments.","Contingency Analysis","Automatic time sweep contingency analysis over\nspecified periods.","Indicate if the solution :\n- Is an Out-of-the-box functionality\n- Requires configuration?\n- Requires customisation?",null,null,"Critical",{"$f":"IF(I43='Priority Ratings'!$C$21,'Priority Ratings'!$B$21, IF(I43='Priority Ratings'!$C$22,'Priority Ratings'!$B$22,IF(I43='Priority Ratings'!$C$23,'Priority Ratings'!$B$23,IF(I43='Priority Ratings'!$C$24,'Priority Ratings'!$B$24,IF(I43='Priority Ratings'!$C$25,'Priority Ratings'!$B$25,IF(I43='Priority Ratings'!$C$26,'Priority Ratings'!$B$26,IF(I43='Priority Ratings'!$C$27,'Priority Ratings'!$B$27,\"No Rating\")))))))","v":5},1.8315018315018316E-2,"100%: Fully comply with requirement (Out of the box function with minor re-configuration) \n50%:   Partially comply, will require major configuration.\n0%:     No compliance/require development and/or customisation.",0,0]
[36,"Meeting the Scope of Work Required","How well has the Tenderer described how scope requirements will be met?  Do they understand what needs to be done?  List concerns in Comments.","Contingency Analysis","Parallelisation of the CPU cores for multi-thread calculations. Support of  parallelised Contingency Analysis for multiprocessor hardware.","Indicate if the solution :\n- Is an Out-of-the-box functionality\n- Requires configuration?\n- Requires customisation?",null,null,"Critical",{"$f":"IF(I44='Priority Ratings'!$C$21,'Priority Ratings'!$B$21, IF(I44='Priority Ratings'!$C$22,'Priority Ratings'!$B$22,IF(I44='Priority Ratings'!$C$23,'Priority Ratings'!$B$23,IF(I44='Priority Ratings'!$C$24,'Priority Ratings'!$B$24,IF(I44='Priority Ratings'!$C$25,'Priority Ratings'!$B$25,IF(I44='Priority Ratings'!$C$26,'Priority Ratings'!$B$26,IF(I44='Priority Ratings'!$C$27,'Priority Ratings'!$B$27,\"No Rating\")))))))","v":5},1.8315018315018316E-2,"100%: Fully comply with requirement (Out of the box function with minor re-configuration) \n50%:   Partially comply, will require major configuration.\n0%:     No compliance/require development and/or customisation.",0,0]
[37,"Meeting the Scope of Work Required","How well has the Tenderer described how scope requirements will be met?  Do they understand what needs to be done?  List concerns in Comments.","Contingency Analysis","Enhanced Fault Case management","Indicate if the solution :\n- Is an Out-of-the-box functionality\n- Requires configuration?\n- Requires customisation?",null,null,"Critical",{"$f":"IF(I45='Priority Ratings'!$C$21,'Priority Ratings'!$B$21, IF(I45='Priority Ratings'!$C$22,'Priority Ratings'!$B$22,IF(I45='Priority Ratings'!$C$23,'Priority Ratings'!$B$23,IF(I45='Priority Ratings'!$C$24,'Priority Ratings'!$B$24,IF(I45='Priority Ratings'!$C$25,'Priority Ratings'!$B$25,IF(I45='Priority Ratings'!$C$26,'Priority Ratings'!$B$26,IF(I45='Priority Ratings'!$C$27,'Priority Ratings'!$B$27,\"No Rating\")))))))","v":5},1.8315018315018316E-2,"100%: Fully comply with requirement (Out of the box function with minor re-configuration) \n50%:   Partially comply, will require major configuration.\n0%:     No compliance/require development and/or customisation.",0,0]
[38,"Meeting the Scope of Work Required","How well has the Tenderer described how scope requirements will be met?  Do they understand what needs to be done?  List concerns in Comments.","Contingency Analysis","Comprehensive spreadsheet reporting features","Indicate if the solution :\n- Is an Out-of-the-box functionality\n- Requires configuration?\n- Requires customisation?",null,null,"Critical",{"$f":"IF(I46='Priority Ratings'!$C$21,'Priority Ratings'!$B$21, IF(I46='Priority Ratings'!$C$22,'Priority Ratings'!$B$22,IF(I46='Priority Ratings'!$C$23,'Priority Ratings'!$B$23,IF(I46='Priority Ratings'!$C$24,'Priority Ratings'!$B$24,IF(I46='Priority Ratings'!$C$25,'Priority Ratings'!$B$25,IF(I46='Priority Ratings'!$C$26,'Priority Ratings'!$B$26,IF(I46='Priority Ratings'!$C$27,'Priority Ratings'!$B$27,\"No Rating\")))))))","v":5},1.8315018315018316E-2,"100%: Fully comply with requirement (Out of the box function with minor re-configuration) \n50%:   Partially comply, will require major configuration.\n0%:     No compliance/require development and/or customisation.",0,0]
[39,"Meeting the Scope of Work Required","How well has the Tenderer described how scope requirements will be met?  Do they understand what needs to be done?  List concerns in Comments.","Contingency Analysis","Graphical visualization of critical cases","Indicate if the solution :\n- Is an Out-of-the-box functionality\n- Requires configuration?\n- Requires customisation?",null,null,"Critical",{"$f":"IF(I47='Priority Ratings'!$C$21,'Priority Ratings'!$B$21, IF(I47='Priority Ratings'!$C$22,'Priority Ratings'!$B$22,IF(I47='Priority Ratings'!$C$23,'Priority Ratings'!$B$23,IF(I47='Priority Ratings'!$C$24,'Priority Ratings'!$B$24,IF(I47='Priority Ratings'!$C$25,'Priority Ratings'!$B$25,IF(I47='Priority Ratings'!$C$26,'Priority Ratings'!$B$26,IF(I47='Priority Ratings'!$C$27,'Priority Ratings'!$B$27,\"No Rating\")))))))","v":5},1.8315018315018316E-2,"100%: Fully comply with requirement (Out of the box function with minor re-configuration) \n50%:   Partially comply, will require major configuration.\n0%:     No compliance/require development and/or customisation.",0,0]
[40,"Meeting the Scope of Work Required","How well has the Tenderer described how scope requirements will be met?  Do they understand what needs to be done?  List concerns in Comments.","Contingency Analysis","Tracing and stepping over different states of individual contingency cases","Indicate if the solution :\n- Is an Out-of-the-box functionality\n- Requires configuration?\n- Requires customisation?",null,null,"Critical",{"$f":"IF(I48='Priority Ratings'!$C$21,'Priority Ratings'!$B$21, IF(I48='Priority Ratings'!$C$22,'Priority Ratings'!$B$22,IF(I48='Priority Ratings'!$C$23,'Priority Ratings'!$B$23,IF(I48='Priority Ratings'!$C$24,'Priority Ratings'!$B$24,IF(I48='Priority Ratings'!$C$25,'Priority Ratings'!$B$25,IF(I48='Priority Ratings'!$C$26,'Priority Ratings'!$B$26,IF(I48='Priority Ratings'!$C$27,'Priority Ratings'!$B$27,\"No Rating\")))))))","v":5},{"$f":"J48/J$63","v":1.8315018315018316E-2},"100%: Fully comply with requirement (Out of the box function with minor re-configuration) \n50%:   Partially comply, will require major configuration.\n0%:     No compliance/require development and/or customisation.",0,0]
[41,"Meeting the Scope of Work Required","How well has the Tenderer described how scope requirements will be met?  Do they understand what needs to be done?  List concerns in Comments.","Contingency Analysis","Tracing and stepping over different states of individual\ncontingency cases","Indicate if the solution :\n- Is an Out-of-the-box functionality\n- Requires configuration?\n- Requires customisation?",null,null,"Critical",{"$f":"IF(I49='Priority Ratings'!$C$21,'Priority Ratings'!$B$21, IF(I49='Priority Ratings'!$C$22,'Priority Ratings'!$B$22,IF(I49='Priority Ratings'!$C$23,'Priority Ratings'!$B$23,IF(I49='Priority Ratings'!$C$24,'Priority Ratings'!$B$24,IF(I49='Priority Ratings'!$C$25,'Priority Ratings'!$B$25,IF(I49='Priority Ratings'!$C$26,'Priority Ratings'!$B$26,IF(I49='Priority Ratings'!$C$27,'Priority Ratings'!$B$27,\"No Rating\")))))))","v":5},{"$f":"J49/J$63","v":1.8315018315018316E-2},"100%: Fully comply with requirement (Out of the box function with minor re-configuration) \n50%:   Partially comply, will require major configuration.\n0%:     No compliance/require development and/or customisation.",0,0]
[42,"Meeting the Scope of Work Required","How well has the Tenderer described how scope requirements will be met?  Do they understand what needs to be done?  List concerns in Comments.","Contingency Analysis","Contingency comparison mode","Indicate if the solution :\n- Is an Out-of-the-box functionality\n- Requires configuration?\n- Requires customisation?",null,null,"Critical",{"$f":"IF(I50='Priority Ratings'!$C$21,'Priority Ratings'!$B$21, IF(I50='Priority Ratings'!$C$22,'Priority Ratings'!$B$22,IF(I50='Priority Ratings'!$C$23,'Priority Ratings'!$B$23,IF(I50='Priority Ratings'!$C$24,'Priority Ratings'!$B$24,IF(I50='Priority Ratings'!$C$25,'Priority Ratings'!$B$25,IF(I50='Priority Ratings'!$C$26,'Priority Ratings'!$B$26,IF(I50='Priority Ratings'!$C$27,'Priority Ratings'!$B$27,\"No Rating\")))))))","v":5},{"$f":"J50/J$63","v":1.8315018315018316E-2},"100%: Fully comply with requirement (Out of the box function with minor re-configuration) \n50%:   Partially comply, will require major configuration.\n0%:     No compliance/require development and/or customisation.",0,0]
[43,"Meeting the Scope of Work Required","How well has the Tenderer described how scope requirements will be met?  Do they understand what needs to be done?  List concerns in Comments.","Contingency Analysis","Reloading of results","Indicate if the solution :\n- Is an Out-of-the-box functionality\n- Requires configuration?\n- Requires customisation?",null,null,"Critical",{"$f":"IF(I51='Priority Ratings'!$C$21,'Priority Ratings'!$B$21, IF(I51='Priority Ratings'!$C$22,'Priority Ratings'!$B$22,IF(I51='Priority Ratings'!$C$23,'Priority Ratings'!$B$23,IF(I51='Priority Ratings'!$C$24,'Priority Ratings'!$B$24,IF(I51='Priority Ratings'!$C$25,'Priority Ratings'!$B$25,IF(I51='Priority Ratings'!$C$26,'Priority Ratings'!$B$26,IF(I51='Priority Ratings'!$C$27,'Priority Ratings'!$B$27,\"No Rating\")))))))","v":5},{"$f":"J51/J$63","v":1.8315018315018316E-2},"100%: Fully comply with requirement (Out of the box function with minor re-configuration) \n50%:   Partially comply, will require major configuration.\n0%:     No compliance/require development and/or customisation.",0,0]
[44,"Meeting the Scope of Work Required","How well has the Tenderer described how scope requirements will be met?  Do they understand what needs to be done?  List concerns in Comments.","Quasi-Dynamic Simulation","Medium- to long-term simulations based on steady-state analysis.","Indicate if the solution :\n- Is an Out-of-the-box functionality\n- Requires configuration?\n- Requires customisation?",null,null,"Show stopper",{"$f":"IF(I52='Priority Ratings'!$C$21,'Priority Ratings'!$B$21, IF(I52='Priority Ratings'!$C$22,'Priority Ratings'!$B$22,IF(I52='Priority Ratings'!$C$23,'Priority Ratings'!$B$23,IF(I52='Priority Ratings'!$C$24,'Priority Ratings'!$B$24,IF(I52='Priority Ratings'!$C$25,'Priority Ratings'!$B$25,IF(I52='Priority Ratings'!$C$26,'Priority Ratings'!$B$26,IF(I52='Priority Ratings'!$C$27,'Priority Ratings'!$B$27,\"No Rating\")))))))","v":6},{"$f":"J52/J$63","v":2.197802197802198E-2},"100%: Fully comply with requirement (Out of the box function with minor re-configuration) \n50%:   Partially comply, will require major configuration.\n0%:     No compliance/require development and/or customisation.",0,0]
[45,"Meeting the Scope of Work Required","How well has the Tenderer described how scope requirements will be met?  Do they understand what needs to be done?  List concerns in Comments.","Quasi-Dynamic Simulation","Time and Time-Profile characteristics for simplified modelling of (recurrent) time series.","Indicate if the solution :\n- Is an Out-of-the-box functionality\n- Requires configuration?\n- Requires customisation?",null,null,"Show stopper",{"$f":"IF(I53='Priority Ratings'!$C$21,'Priority Ratings'!$B$21, IF(I53='Priority Ratings'!$C$22,'Priority Ratings'!$B$22,IF(I53='Priority Ratings'!$C$23,'Priority Ratings'!$B$23,IF(I53='Priority Ratings'!$C$24,'Priority Ratings'!$B$24,IF(I53='Priority Ratings'!$C$25,'Priority Ratings'!$B$25,IF(I53='Priority Ratings'!$C$26,'Priority Ratings'!$B$26,IF(I53='Priority Ratings'!$C$27,'Priority Ratings'!$B$27,\"No Rating\")))))))","v":6},2.197802197802198E-2,"100%: Fully comply with requirement (Out of the box function with minor re-configuration) \n50%:   Partially comply, will require major configuration.\n0%:     No compliance/require development and/or customisation.",0,0]
[46,"Meeting the Scope of Work Required","How well has the Tenderer described how scope requirements will be met?  Do they understand what needs to be done?  List concerns in Comments.","Quasi-Dynamic Simulation","Consideration of planned outages , \" Network Changes ( upgrades,, additions and deletions ) and states\".","Indicate if the solution :\n- Is an Out-of-the-box functionality\n- Requires configuration?\n- Requires customisation?",null,null,"Show stopper",{"$f":"IF(I54='Priority Ratings'!$C$21,'Priority Ratings'!$B$21, IF(I54='Priority Ratings'!$C$22,'Priority Ratings'!$B$22,IF(I54='Priority Ratings'!$C$23,'Priority Ratings'!$B$23,IF(I54='Priority Ratings'!$C$24,'Priority Ratings'!$B$24,IF(I54='Priority Ratings'!$C$25,'Priority Ratings'!$B$25,IF(I54='Priority Ratings'!$C$26,'Priority Ratings'!$B$26,IF(I54='Priority Ratings'!$C$27,'Priority Ratings'!$B$27,\"No Rating\")))))))","v":6},2.197802197802198E-2,"100%: Fully comply with requirement (Out of the box function with minor re-configuration) \n50%:   Partially comply, will require major configuration.\n0%:     No compliance/require development and/or customisation.",0,0]
[47,"Meeting the Scope of Work Required","How well has the Tenderer described how scope requirements will be met?  Do they understand what needs to be done?  List concerns in Comments.","Quasi-Dynamic Simulation","Flexible definition of simulation time range with arbitrary resolutions.","Indicate if the solution :\n- Is an Out-of-the-box functionality\n- Requires configuration?\n- Requires customisation?",null,null,"Critical",{"$f":"IF(I55='Priority Ratings'!$C$21,'Priority Ratings'!$B$21, IF(I55='Priority Ratings'!$C$22,'Priority Ratings'!$B$22,IF(I55='Priority Ratings'!$C$23,'Priority Ratings'!$B$23,IF(I55='Priority Ratings'!$C$24,'Priority Ratings'!$B$24,IF(I55='Priority Ratings'!$C$25,'Priority Ratings'!$B$25,IF(I55='Priority Ratings'!$C$26,'Priority Ratings'!$B$26,IF(I55='Priority Ratings'!$C$27,'Priority Ratings'!$B$27,\"No Rating\")))))))","v":5},1.8315018315018316E-2,"100%: Fully comply with requirement (Out of the box function with minor re-configuration) \n50%:   Partially comply, will require major configuration.\n0%:     No compliance/require development and/or customisation.",0,0]
[48,"Meeting the Scope of Work Required","How well has the Tenderer described how scope requirements will be met?  Do they understand what needs to be done?  List concerns in Comments.","Quasi-Dynamic Simulation","Simulation plots and tabular reports including statistical\nanalysis.","Indicate if the solution :\n- Is an Out-of-the-box functionality\n- Requires configuration?\n- Requires customisation?",null,null,"Critical",{"$f":"IF(I56='Priority Ratings'!$C$21,'Priority Ratings'!$B$21, IF(I56='Priority Ratings'!$C$22,'Priority Ratings'!$B$22,IF(I56='Priority Ratings'!$C$23,'Priority Ratings'!$B$23,IF(I56='Priority Ratings'!$C$24,'Priority Ratings'!$B$24,IF(I56='Priority Ratings'!$C$25,'Priority Ratings'!$B$25,IF(I56='Priority Ratings'!$C$26,'Priority Ratings'!$B$26,IF(I56='Priority Ratings'!$C$27,'Priority Ratings'!$B$27,\"No Rating\")))))))","v":5},1.8315018315018316E-2,"100%: Fully comply with requirement (Out of the box function with minor re-configuration) \n50%:   Partially comply, will require major configuration.\n0%:     No compliance/require development and/or customisation.",0,0]
[49,"Meeting the Scope of Work Required","How well has the Tenderer described how scope requirements will be met?  Do they understand what needs to be done?  List concerns in Comments.","Quasi-Dynamic Simulation","Simulation language and a platform for the design of\ndetailed user-definable models. Equipment behaviour should be able to be defined via a simulation language and building block platform for internal components and models (e.g., control system of an inverter or generator, operation of a battery system)","Indicate if the solution :\n- Is an Out-of-the-box functionality\n- Requires configuration?\n- Requires customisation?",null,null,"Very important",{"$f":"IF(I57='Priority Ratings'!$C$21,'Priority Ratings'!$B$21, IF(I57='Priority Ratings'!$C$22,'Priority Ratings'!$B$22,IF(I57='Priority Ratings'!$C$23,'Priority Ratings'!$B$23,IF(I57='Priority Ratings'!$C$24,'Priority Ratings'!$B$24,IF(I57='Priority Ratings'!$C$25,'Priority Ratings'!$B$25,IF(I57='Priority Ratings'!$C$26,'Priority Ratings'!$B$26,IF(I57='Priority Ratings'!$C$27,'Priority Ratings'!$B$27,\"No Rating\")))))))","v":4},1.4652014652014652E-2,"100%: Fully comply with requirement (Out of the box function with minor re-configuration) \n50%:   Partially comply, will require major configuration.\n0%:     No compliance/require development and/or customisation.",0,0]
[50,"Meeting the Scope of Work Required","How well has the Tenderer described how scope requirements will be met?  Do they understand what needs to be done?  List concerns in Comments.","Quasi-Dynamic Simulation","Support of parallelised simulation on multiprocessor\nhardware.","Indicate if the solution :\n- Is an Out-of-the-box functionality\n- Requires configuration?\n- Requires customisation?",null,null,"Critical",{"$f":"IF(I58='Priority Ratings'!$C$21,'Priority Ratings'!$B$21, IF(I58='Priority Ratings'!$C$22,'Priority Ratings'!$B$22,IF(I58='Priority Ratings'!$C$23,'Priority Ratings'!$B$23,IF(I58='Priority Ratings'!$C$24,'Priority Ratings'!$B$24,IF(I58='Priority Ratings'!$C$25,'Priority Ratings'!$B$25,IF(I58='Priority Ratings'!$C$26,'Priority Ratings'!$B$26,IF(I58='Priority Ratings'!$C$27,'Priority Ratings'!$B$27,\"No Rating\")))))))","v":5},1.8315018315018316E-2,"100%: Fully comply with requirement (Out of the box function with minor re-configuration) \n50%:   Partially comply, will require major configuration.\n0%:     No compliance/require development and/or customisation.",0,0]
[51,"Meeting the Scope of Work Required","How well has the Tenderer described how scope requirements will be met?  Do they understand what needs to be done?  List concerns in Comments.","Quasi-Dynamic Simulation","Reloading of results.","Indicate if the solution :\n- Is an Out-of-the-box functionality\n- Requires configuration?\n- Requires customisation?",null,null,"Critical",{"$f":"IF(I59='Priority Ratings'!$C$21,'Priority Ratings'!$B$21, IF(I59='Priority Ratings'!$C$22,'Priority Ratings'!$B$22,IF(I59='Priority Ratings'!$C$23,'Priority Ratings'!$B$23,IF(I59='Priority Ratings'!$C$24,'Priority Ratings'!$B$24,IF(I59='Priority Ratings'!$C$25,'Priority Ratings'!$B$25,IF(I59='Priority Ratings'!$C$26,'Priority Ratings'!$B$26,IF(I59='Priority Ratings'!$C$27,'Priority Ratings'!$B$27,\"No Rating\")))))))","v":5},1.8315018315018316E-2,"100%: Fully comply with requirement (Out of the box function with minor re-configuration) \n50%:   Partially comply, will require major configuration.\n0%:     No compliance/require development and/or customisation.",0,0]
[52,"Meeting the Scope of Work Required","How well has the Tenderer described how scope requirements will be met?  Do they understand what needs to be done?  List concerns in Comments.","Quasi-Dynamic Simulation","Ability to enhance the load flow convergence by means of updating the controller objects such as tap positions in between each load flow instance.","Indicate if the solution :\n- Is an Out-of-the-box functionality\n- Requires configuration?\n- Requires customisation?",null,null,"Critical",{"$f":"IF(I60='Priority Ratings'!$C$21,'Priority Ratings'!$B$21, IF(I60='Priority Ratings'!$C$22,'Priority Ratings'!$B$22,IF(I60='Priority Ratings'!$C$23,'Priority Ratings'!$B$23,IF(I60='Priority Ratings'!$C$24,'Priority Ratings'!$B$24,IF(I60='Priority Ratings'!$C$25,'Priority Ratings'!$B$25,IF(I60='Priority Ratings'!$C$26,'Priority Ratings'!$B$26,IF(I60='Priority Ratings'!$C$27,'Priority Ratings'!$B$27,\"No Rating\")))))))","v":5},1.8315018315018316E-2,"100%: Fully comply with requirement (Out of the box function with minor re-configuration) \n50%:   Partially comply, will require major configuration.\n0%:     No compliance/require development and/or customisation.",0,0]
[53,"Meeting the Scope of Work Required","How well has the Tenderer described how scope requirements will be met?  Do they understand what needs to be done?  List concerns in Comments.","Quasi-Dynamic Simulation","Support for balanced and unbalanced simulations.","Indicate if the solution :\n- Is an Out-of-the-box functionality\n- Requires configuration?\n- Requires customisation?",null,null,"Show stopper",{"$f":"IF(I61='Priority Ratings'!$C$21,'Priority Ratings'!$B$21, IF(I61='Priority Ratings'!$C$22,'Priority Ratings'!$B$22,IF(I61='Priority Ratings'!$C$23,'Priority Ratings'!$B$23,IF(I61='Priority Ratings'!$C$24,'Priority Ratings'!$B$24,IF(I61='Priority Ratings'!$C$25,'Priority Ratings'!$B$25,IF(I61='Priority Ratings'!$C$26,'Priority Ratings'!$B$26,IF(I61='Priority Ratings'!$C$27,'Priority Ratings'!$B$27,\"No Rating\")))))))","v":6},2.197802197802198E-2,"100%: Fully comply with requirement (Out of the box function with minor re-configuration) \n50%:   Partially comply, will require major configuration.\n0%:     No compliance/require development and/or customisation.",0,0]
[]
[null,null,null,null,null,null,null,"Totals",null,{"$f":"SUM(J9:J61)","v":273},{"$f":"SUM(K9:K61)","v":1.0000000000000004},null,null,{"$f":"SUM(N9:N61)","v":0}]

{"sheet":"PSST -Network Modelling & Repre","index":4,"n_rows":81,"n_cols":15,"rows_kept":81,"cut":false,"hidden":false,"merged":[[6,14,7,14],[0,0,0,2],[1,0,1,2],[2,0,2,2],[3,0,3,2],[5,0,5,2],[4,0,4,2]]}
["Power System Simulation Tool  Functional: PSST-Network Modelling & Representation  BRS5.1 BRS6.1 BRS7.1 BRS8.1"]
["CORP xxxx Tender",null,null,null,null,null,null,null,null,null,null,null,"Scoring (Sliding scale)"]
["Tenderer:",null,null,null,null,null,null,null,null,null,null,null,"100% - Fully compliant"]
["Evaluated by:",null,null,null,null,null,null,null,null,null,null,null,"50%-Partially compliant"]
[null,null,null,null,null,null,null,null,null,null,null,null,"0%-Non compliance"]
["Evaluation Criteria"]
[null,null,null,null,null,null,"Vendor Compliance\nFull Compliance - Y\nPartial Compliance - P\nNon Compliance - N","Vendor to indicate any applicable comments based on Compliance","Priority\nRequirement priority as determined by Eskom","Weight\n(agreed by evaluation team members)",null,"Score\n(determined by each evaluation team member during evaluation. Will be averaged for final scores)","Score",null,"Comments (Internal) for scorer"]
["ID","Type","Criterion","Functional Requirement","Requirement description","Evaluation Criterion / Question","Vendor Compliance","Comments","Priority Description","Priority\n","Weighted Question","Scoring","Answer\n(0,50,100%)","Weighted Answer"]
[1,"Meeting the Scope of Work Required","How well has the Tenderer described how scope requirements will be met?  Do they understand what needs to be done?  List concerns in Comments.","Power Equipment Models","Large and comprehensive Equipment Type Library, fully version-controlled with regular model updates.\n\n It should have the ability to override transformer type data with measured test data (tap-dependent impedance, losses, zerosequence impedance and support aggregated source and transformer-load models.\n\n Analysis functions need to align with benchmarked IEEE requirements.","Indicate if the solution :\n- Is an Out-of-the-box functionality\n- Requires configuration?\n- Requires customisation?",null,null,"Critical",{"$f":"IF(I9='Priority Ratings'!$C$21,'Priority Ratings'!$B$21, IF(I9='Priority Ratings'!$C$22,'Priority Ratings'!$B$22,IF(I9='Priority Ratings'!$C$23,'Priority Ratings'!$B$23,IF(I9='Priority Ratings'!$C$24,'Priority Ratings'!$B$24,IF(I9='Priority Ratings'!$C$25,'Priority Ratings'!$B$25,IF(I9='Priority Ratings'!$C$26,'Priority Ratings'!$B$26,IF(I9='Priority Ratings'!$C$27,'Priority Ratings'!$B$27,\"No Rating\")))))))","v":5},{"$f":"J9/J$81","v":1.4005602240896359E-2},"100%: Fully comply with requirement\n50%:   Partially comply will require development/ customisation\n0%:     No compliance",0,{"$f":"K9*M9","v":0}]
[2,"Meeting the Scope of Work Required","How well has the Tenderer described how scope requirements will be met?  Do they understand what needs to be done?  List concerns in Comments.","Power Equipment Models","Various synchronous and asynchronous motor/generator models.","Indicate if the solution :\n- Is an Out-of-the-box functionality\n- Requires configuration?\n- Requires customisation?",null,null,"Show stopper",{"$f":"IF(I10='Priority Ratings'!$C$21,'Priority Ratings'!$B$21, IF(I10='Priority Ratings'!$C$22,'Priority Ratings'!$B$22,IF(I10='Priority Ratings'!$C$23,'Priority Ratings'!$B$23,IF(I10='Priority Ratings'!$C$24,'Priority Ratings'!$B$24,IF(I10='Priority Ratings'!$C$25,'Priority Ratings'!$B$25,IF(I10='Priority Ratings'!$C$26,'Priority Ratings'!$B$26,IF(I10='Priority Ratings'!$C$27,'Priority Ratings'!$B$27,\"No Rating\")))))))","v":6},1.680672268907563E-2,"100%: Fully comply with requirement\n50%:   Partially comply will require development/ customisation\n0%:     No compliance",0,{"$f":"K10*M10","v":0}]
[3,"Meeting the Scope of Work Required","How well has the Tenderer described how scope requirements will be met?  Do they understand what needs to be done?  List concerns in Comments.","Power Equipment Models","Asynchronous machine parameter identification","Indicate if the solution :\n- Is an Out-of-the-box functionality\n- Requires configuration?\n- Requires customisation?",null,null,"Show stopper",{"$f":"IF(I11='Priority Ratings'!$C$21,'Priority Ratings'!$B$21, IF(I11='Priority Ratings'!$C$22,'Priority Ratings'!$B$22,IF(I11='Priority Ratings'!$C$23,'Priority Ratings'!$B$23,IF(I11='Priority Ratings'!$C$24,'Priority Ratings'!$B$24,IF(I11='Priority Ratings'!$C$25,'Priority Ratings'!$B$25,IF(I11='Priority Ratings'!$C$26,'Priority Ratings'!$B$26,IF(I11='Priority Ratings'!$C$27,'Priority Ratings'!$B$27,\"No Rating\")))))))","v":6},1.680672268907563E-2,"100%: Fully comply with requirement\n50%:   Partially comply will require development/ customisation\n0%:     No compliance",0,0]
[4,"Meeting the Scope of Work Required","How well has the Tenderer described how scope requirements will be met?  Do they understand what needs to be done?  List concerns in Comments.","Power Equipment Models","Doubly fed induction machines","Indicate if the solution :\n- Is an Out-of-the-box functionality\n- Requires configuration?\n- Requires customisation?",null,null,"Show stopper",{"$f":"IF(I12='Priority Ratings'!$C$21,'Priority Ratings'!$B$21, IF(I12='Priority Ratings'!$C$22,'Priority Ratings'!$B$22,IF(I12='Priority Ratings'!$C$23,'Priority Ratings'!$B$23,IF(I12='Priority Ratings'!$C$24,'Priority Ratings'!$B$24,IF(I12='Priority Ratings'!$C$25,'Priority Ratings'!$B$25,IF(I12='Priority Ratings'!$C$26,'Priority Ratings'!$B$26,IF(I12='Priority Ratings'!$C$27,'Priority Ratings'!$B$27,\"No Rating\")))))))","v":6},1.680672268907563E-2,"100%: Fully comply with requirement\n50%:   Partially comply will require development/ customisation\n0%:     No compliance",0,0]
[5,"Meeting the Scope of Work Required","How well has the Tenderer described how scope requirements will be met?  Do they understand what needs to be done?  List concerns in Comments.","Power Equipment Models","Static generator for modelling wind- and Photo-Voltaic (PV-generators), fuel cells, battery energy storage systems, micro-turbines, etc.","Indicate if the solution :\n- Is an Out-of-the-box functionality\n- Requires configuration?\n- Requires customisation?",null,null,"Show stopper",{"$f":"IF(I13='Priority Ratings'!$C$21,'Priority Ratings'!$B$21, IF(I13='Priority Ratings'!$C$22,'Priority Ratings'!$B$22,IF(I13='Priority Ratings'!$C$23,'Priority Ratings'!$B$23,IF(I13='Priority Ratings'!$C$24,'Priority Ratings'!$B$24,IF(I13='Priority Ratings'!$C$25,'Priority Ratings'!$B$25,IF(I13='Priority Ratings'!$C$26,'Priority Ratings'!$B$26,IF(I13='Priority Ratings'!$C$27,'Priority Ratings'!$B$27,\"No Rating\")))))))","v":6},1.680672268907563E-2,"100%: Fully comply with requirement\n50%:   Partially comply will require development/ customisation\n0%:     No compliance",0,0]
[6,"Meeting the Scope of Work Required","How well has the Tenderer described how scope requirements will be met?  Do they understand what needs to be done?  List concerns in Comments.","Power Equipment Models","Photovoltaic (PV system) with integrated power\ncalculation based on solar radiation.","Indicate if the solution :\n- Is an Out-of-the-box functionality\n- Requires configuration?\n- Requires customisation?",null,null,"Very important",{"$f":"IF(I14='Priority Ratings'!$C$21,'Priority Ratings'!$B$21, IF(I14='Priority Ratings'!$C$22,'Priority Ratings'!$B$22,IF(I14='Priority Ratings'!$C$23,'Priority Ratings'!$B$23,IF(I14='Priority Ratings'!$C$24,'Priority Ratings'!$B$24,IF(I14='Priority Ratings'!$C$25,'Priority Ratings'!$B$25,IF(I14='Priority Ratings'!$C$26,'Priority Ratings'!$B$26,IF(I14='Priority Ratings'!$C$27,'Priority Ratings'!$B$27,\"No Rating\")))))))","v":4},1.1204481792717087E-2,"100%: Fully comply with requirement\n50%:   Partially comply will require development/ customisation\n0%:     No compliance",0,0]
[7,"Meeting the Scope of Work Required","How well has the Tenderer described how scope requirements will be met?  Do they understand what needs to be done?  List concerns in Comments.","Power Equipment Models","Non-Utility grids, AC and DC voltage and current sources.","Indicate if the solution :\n- Is an Out-of-the-box functionality\n- Requires configuration?\n- Requires customisation?",null,null,"Show stopper",{"$f":"IF(I15='Priority Ratings'!$C$21,'Priority Ratings'!$B$21, IF(I15='Priority Ratings'!$C$22,'Priority Ratings'!$B$22,IF(I15='Priority Ratings'!$C$23,'Priority Ratings'!$B$23,IF(I15='Priority Ratings'!$C$24,'Priority Ratings'!$B$24,IF(I15='Priority Ratings'!$C$25,'Priority Ratings'!$B$25,IF(I15='Priority Ratings'!$C$26,'Priority Ratings'!$B$26,IF(I15='Priority Ratings'!$C$27,'Priority Ratings'!$B$27,\"No Rating\")))))))","v":6},1.680672268907563E-2,"100%: Fully comply with requirement\n50%:   Partially comply will require development/ customisation\n0%:     No compliance",0,0]
[8,"Meeting the Scope of Work Required","How well has the Tenderer described how scope requirements will be met?  Do they understand what needs to be done?  List concerns in Comments.","Power Equipment Models","Simple and complex load model, special MV and LV\nload models, including input based on yearly energy\nvalues and load profiles.","Indicate if the solution :\n- Is an Out-of-the-box functionality\n- Requires configuration?\n- Requires customisation?",null,null,"Show stopper",{"$f":"IF(I16='Priority Ratings'!$C$21,'Priority Ratings'!$B$21, IF(I16='Priority Ratings'!$C$22,'Priority Ratings'!$B$22,IF(I16='Priority Ratings'!$C$23,'Priority Ratings'!$B$23,IF(I16='Priority Ratings'!$C$24,'Priority Ratings'!$B$24,IF(I16='Priority Ratings'!$C$25,'Priority Ratings'!$B$25,IF(I16='Priority Ratings'!$C$26,'Priority Ratings'!$B$26,IF(I16='Priority Ratings'!$C$27,'Priority Ratings'!$B$27,\"No Rating\")))))))","v":6},1.680672268907563E-2,"100%: Fully comply with requirement\n50%:   Partially comply will require development/ customisation\n0%:     No compliance",0,0]
[9,"Meeting the Scope of Work Required","How well has the Tenderer described how scope requirements will be met?  Do they understand what needs to be done?  List concerns in Comments.","Power Equipment Models","Network branches Overhead Line ((OHL), cable, branches, line couplings, tower geometries, cable systems, busbar trunking systems, 2-winding transformer and auto transformer, 3-winding transformer and auto\ntransformer, 4-winding transformer and autotransformer, booster transformer, step-voltage regulator, open and closed\ndelta regulators, reactor, series capacitor, common\nimpedance, etc.).","Indicate if the solution :\n- Is an Out-of-the-box functionality\n- Requires configuration?\n- Requires customisation?",null,null,"Show stopper",{"$f":"IF(I17='Priority Ratings'!$C$21,'Priority Ratings'!$B$21, IF(I17='Priority Ratings'!$C$22,'Priority Ratings'!$B$22,IF(I17='Priority Ratings'!$C$23,'Priority Ratings'!$B$23,IF(I17='Priority Ratings'!$C$24,'Priority Ratings'!$B$24,IF(I17='Priority Ratings'!$C$25,'Priority Ratings'!$B$25,IF(I17='Priority Ratings'!$C$26,'Priority Ratings'!$B$26,IF(I17='Priority Ratings'!$C$27,'Priority Ratings'!$B$27,\"No Rating\")))))))","v":6},1.680672268907563E-2,"100%: Fully comply with requirement\n50%:   Partially comply will require development/ customisation\n0%:     No compliance",0,0]
[10,"Meeting the Scope of Work Required","How well has the Tenderer described how scope requirements will be met?  Do they understand what needs to be done?  List concerns in Comments.","Power Equipment Models","Overhead line and cable parameter calculation.","Indicate if the solution :\n- Is an Out-of-the-box functionality\n- Requires configuration?\n- Requires customisation?",null,null,"Critical",{"$f":"IF(I18='Priority Ratings'!$C$21,'Priority Ratings'!$B$21, IF(I18='Priority Ratings'!$C$22,'Priority Ratings'!$B$22,IF(I18='Priority Ratings'!$C$23,'Priority Ratings'!$B$23,IF(I18='Priority Ratings'!$C$24,'Priority Ratings'!$B$24,IF(I18='Priority Ratings'!$C$25,'Priority Ratings'!$B$25,IF(I18='Priority Ratings'!$C$26,'Priority Ratings'!$B$26,IF(I18='Priority Ratings'!$C$27,'Priority Ratings'!$B$27,\"No Rating\")))))))","v":5},1.4005602240896359E-2,"100%: Fully comply with requirement\n50%:   Partially comply will require development/ customisation\n0%:     No compliance",0,0]
[11,"Meeting the Scope of Work Required","How well has the Tenderer described how scope requirements will be met?  Do they understand what needs to be done?  List concerns in Comments.","Power Equipment Models","Controller objects such as station & secondary controller including various control methods, transformer tap controller,\nvirtual power plants, capability curves.","Indicate if the solution :\n- Is an Out-of-the-box functionality\n- Requires configuration?\n- Requires customisation?",null,null,"Show stopper",{"$f":"IF(I19='Priority Ratings'!$C$21,'Priority Ratings'!$B$21, IF(I19='Priority Ratings'!$C$22,'Priority Ratings'!$B$22,IF(I19='Priority Ratings'!$C$23,'Priority Ratings'!$B$23,IF(I19='Priority Ratings'!$C$24,'Priority Ratings'!$B$24,IF(I19='Priority Ratings'!$C$25,'Priority Ratings'!$B$25,IF(I19='Priority Ratings'!$C$26,'Priority Ratings'!$B$26,IF(I19='Priority Ratings'!$C$27,'Priority Ratings'!$B$27,\"No Rating\")))))))","v":6},1.680672268907563E-2,"100%: Fully comply with requirement\n50%:   Partially comply will require development/ customisation\n0%:     No compliance",0,0]
[12,"Meeting the Scope of Work Required","How well has the Tenderer described how scope requirements will be met?  Do they understand what needs to be done?  List concerns in Comments.","Power Equipment Models","Static var compensation (SVC), statcoms, thyristorcontrolled\nseries compensation (TCSC), shunt/filter models, and\nharmonic filters (singletuned, double- tuned, high pass).","Indicate if the solution :\n- Is an Out-of-the-box functionality\n- Requires configuration?\n- Requires customisation?",null,null,"Show stopper",{"$f":"IF(I20='Priority Ratings'!$C$21,'Priority Ratings'!$B$21, IF(I20='Priority Ratings'!$C$22,'Priority Ratings'!$B$22,IF(I20='Priority Ratings'!$C$23,'Priority Ratings'!$B$23,IF(I20='Priority Ratings'!$C$24,'Priority Ratings'!$B$24,IF(I20='Priority Ratings'!$C$25,'Priority Ratings'!$B$25,IF(I20='Priority Ratings'!$C$26,'Priority Ratings'!$B$26,IF(I20='Priority Ratings'!$C$27,'Priority Ratings'!$B$27,\"No Rating\")))))))","v":6},1.680672268907563E-2,"100%: Fully comply with requirement\n50%:   Partially comply will require development/ customisation\n0%:     No compliance",0,0]
[13,"Meeting the Scope of Work Required","How well has the Tenderer described how scope requirements will be met?  Do they understand what needs to be done?  List concerns in Comments.","Power Equipment Models","Explicit modelling of neutral wiring.","Indicate if the solution :\n- Is an Out-of-the-box functionality\n- Requires configuration?\n- Requires customisation?",null,null,"Critical",{"$f":"IF(I21='Priority Ratings'!$C$21,'Priority Ratings'!$B$21, IF(I21='Priority Ratings'!$C$22,'Priority Ratings'!$B$22,IF(I21='Priority Ratings'!$C$23,'Priority Ratings'!$B$23,IF(I21='Priority Ratings'!$C$24,'Priority Ratings'!$B$24,IF(I21='Priority Ratings'!$C$25,'Priority Ratings'!$B$25,IF(I21='Priority Ratings'!$C$26,'Priority Ratings'!$B$26,IF(I21='Priority Ratings'!$C$27,'Priority Ratings'!$B$27,\"No Rating\")))))))","v":5},1.4005602240896359E-2,"100%: Fully comply with requirement\n50%:   Partially comply will require development/ customisation\n0%:     No compliance",0,0]
[14,"Meeting the Scope of Work Required","How well has the Tenderer described how scope requirements will be met?  Do they understand what needs to be done?  List concerns in Comments.","Power Equipment Models","Protection devices with over 30 basic function blocks.","Indicate if the solution :\n- Is an Out-of-the-box functionality\n- Requires configuration?\n- Requires customisation?",null,null,"Critical",{"$f":"IF(I22='Priority Ratings'!$C$21,'Priority Ratings'!$B$21, IF(I22='Priority Ratings'!$C$22,'Priority Ratings'!$B$22,IF(I22='Priority Ratings'!$C$23,'Priority Ratings'!$B$23,IF(I22='Priority Ratings'!$C$24,'Priority Ratings'!$B$24,IF(I22='Priority Ratings'!$C$25,'Priority Ratings'!$B$25,IF(I22='Priority Ratings'!$C$26,'Priority Ratings'!$B$26,IF(I22='Priority Ratings'!$C$27,'Priority Ratings'!$B$27,\"No Rating\")))))))","v":5},1.4005602240896359E-2,"100%: Fully comply with requirement\n50%:   Partially comply will require development/ customisation\n0%:     No compliance",0,0]
[15,"Meeting the Scope of Work Required","How well has the Tenderer described how scope requirements will be met?  Do they understand what needs to be done?  List concerns in Comments.","Power Equipment Models","Protection device library (static/dynamic functions).","Indicate if the solution :\n- Is an Out-of-the-box functionality\n- Requires configuration?\n- Requires customisation?",null,null,"Show stopper",{"$f":"IF(I23='Priority Ratings'!$C$21,'Priority Ratings'!$B$21, IF(I23='Priority Ratings'!$C$22,'Priority Ratings'!$B$22,IF(I23='Priority Ratings'!$C$23,'Priority Ratings'!$B$23,IF(I23='Priority Ratings'!$C$24,'Priority Ratings'!$B$24,IF(I23='Priority Ratings'!$C$25,'Priority Ratings'!$B$25,IF(I23='Priority Ratings'!$C$26,'Priority Ratings'!$B$26,IF(I23='Priority Ratings'!$C$27,'Priority Ratings'!$B$27,\"No Rating\")))))))","v":6},1.680672268907563E-2,"100%: Fully comply with requirement\n50%:   Partially comply will require development/ customisation\n0%:     No compliance",0,0]
[16,"Meeting the Scope of Work Required","How well has the Tenderer described how scope requirements will be met?  Do they understand what needs to be done?  List concerns in Comments.","Power Equipment Models","Fourier, harmonic and impulse current sources, Fast Fourier Transform (FFT), clock, S&H, etc.","Indicate if the solution :\n- Is an Out-of-the-box functionality\n- Requires configuration?\n- Requires customisation?",null,null,"Critical",{"$f":"IF(I24='Priority Ratings'!$C$21,'Priority Ratings'!$B$21, IF(I24='Priority Ratings'!$C$22,'Priority Ratings'!$B$22,IF(I24='Priority Ratings'!$C$23,'Priority Ratings'!$B$23,IF(I24='Priority Ratings'!$C$24,'Priority Ratings'!$B$24,IF(I24='Priority Ratings'!$C$25,'Priority Ratings'!$B$25,IF(I24='Priority Ratings'!$C$26,'Priority Ratings'!$B$26,IF(I24='Priority Ratings'!$C$27,'Priority Ratings'!$B$27,\"No Rating\")))))))","v":5},1.4005602240896359E-2,"100%: Fully comply with requirement\n50%:   Partially comply will require development/ customisation\n0%:     No compliance",0,0]
[17,"Meeting the Scope of Work Required","How well has the Tenderer described how scope requirements will be met?  Do they understand what needs to be done?  List concerns in Comments.","Power Equipment Models","Composite models for ranch and node models, incl. template library for handling composite models.","Indicate if the solution :\n- Is an Out-of-the-box functionality\n- Requires configuration?\n- Requires customisation?",null,null,"Critical",{"$f":"IF(I25='Priority Ratings'!$C$21,'Priority Ratings'!$B$21, IF(I25='Priority Ratings'!$C$22,'Priority Ratings'!$B$22,IF(I25='Priority Ratings'!$C$23,'Priority Ratings'!$B$23,IF(I25='Priority Ratings'!$C$24,'Priority Ratings'!$B$24,IF(I25='Priority Ratings'!$C$25,'Priority Ratings'!$B$25,IF(I25='Priority Ratings'!$C$26,'Priority Ratings'!$B$26,IF(I25='Priority Ratings'!$C$27,'Priority Ratings'!$B$27,\"No Rating\")))))))","v":5},1.4005602240896359E-2,"100%: Fully comply with requirement\n50%:   Partially comply will require development/ customisation\n0%:     No compliance",0,0]
[18,"Meeting the Scope of Work Required","How well has the Tenderer described how scope requirements will be met?  Do they understand what needs to be done?  List concerns in Comments.","Power Equipment Models","Parameter characteristics (scaling factor, vector, matrix, files) for modelling of load profiles, wind/PV infeed, temperature dependencies, etc.","Indicate if the solution :\n- Is an Out-of-the-box functionality\n- Requires configuration?\n- Requires customisation?",null,null,"Show stopper",{"$f":"IF(I26='Priority Ratings'!$C$21,'Priority Ratings'!$B$21, IF(I26='Priority Ratings'!$C$22,'Priority Ratings'!$B$22,IF(I26='Priority Ratings'!$C$23,'Priority Ratings'!$B$23,IF(I26='Priority Ratings'!$C$24,'Priority Ratings'!$B$24,IF(I26='Priority Ratings'!$C$25,'Priority Ratings'!$B$25,IF(I26='Priority Ratings'!$C$26,'Priority Ratings'!$B$26,IF(I26='Priority Ratings'!$C$27,'Priority Ratings'!$B$27,\"No Rating\")))))))","v":6},1.680672268907563E-2,"100%: Fully comply with requirement\n50%:   Partially comply will require development/ customisation\n0%:     No compliance",0,0]
[19,"Meeting the Scope of Work Required","How well has the Tenderer described how scope requirements will be met?  Do they understand what needs to be done?  List concerns in Comments.","Power Equipment Models","Time and Time-Profile Characteristics for simplified\nmodelling of (recurrent) time series.","Indicate if the solution :\n- Is an Out-of-the-box functionality\n- Requires configuration?\n- Requires customisation?",null,null,"Critical",{"$f":"IF(I27='Priority Ratings'!$C$21,'Priority Ratings'!$B$21, IF(I27='Priority Ratings'!$C$22,'Priority Ratings'!$B$22,IF(I27='Priority Ratings'!$C$23,'Priority Ratings'!$B$23,IF(I27='Priority Ratings'!$C$24,'Priority Ratings'!$B$24,IF(I27='Priority Ratings'!$C$25,'Priority Ratings'!$B$25,IF(I27='Priority Ratings'!$C$26,'Priority Ratings'!$B$26,IF(I27='Priority Ratings'!$C$27,'Priority Ratings'!$B$27,\"No Rating\")))))))","v":5},1.4005602240896359E-2,"100%: Fully comply with requirement\n50%:   Partially comply will require development/ customisation\n0%:     No compliance",0,0]
[20,"Meeting the Scope of Work Required","How well has the Tenderer described how scope requirements will be met?  Do they understand what needs to be done?  List concerns in Comments.","Power Equipment Models","Grid organization and element grouping (zones, areas, boundaries, circuits, routes, feeders, operators, owners, etc.)","Indicate if the solution :\n- Is an Out-of-the-box functionality\n- Requires configuration?\n- Requires customisation?",null,null,"Critical",{"$f":"IF(I28='Priority Ratings'!$C$21,'Priority Ratings'!$B$21, IF(I28='Priority Ratings'!$C$22,'Priority Ratings'!$B$22,IF(I28='Priority Ratings'!$C$23,'Priority Ratings'!$B$23,IF(I28='Priority Ratings'!$C$24,'Priority Ratings'!$B$24,IF(I28='Priority Ratings'!$C$25,'Priority Ratings'!$B$25,IF(I28='Priority Ratings'!$C$26,'Priority Ratings'!$B$26,IF(I28='Priority Ratings'!$C$27,'Priority Ratings'!$B$27,\"No Rating\")))))))","v":5},1.4005602240896359E-2,"100%: Fully comply with requirement\n50%:   Partially comply will require development/ customisation\n0%:     No compliance",0,0]
[21,"Meeting the Scope of Work Required","How well has the Tenderer described how scope requirements will be met?  Do they understand what needs to be done?  List concerns in Comments.","Network Representation","Support of any kind of meshed/radial 1-, 2-, 3- and 4-wire AC and DC networks with combined AC and DC modelling for all available analysis functions.","Indicate if the solution :\n- Is an Out-of-the-box functionality\n- Requires configuration?\n- Requires customisation?",null,null,"Show stopper",{"$f":"IF(I29='Priority Ratings'!$C$21,'Priority Ratings'!$B$21, IF(I29='Priority Ratings'!$C$22,'Priority Ratings'!$B$22,IF(I29='Priority Ratings'!$C$23,'Priority Ratings'!$B$23,IF(I29='Priority Ratings'!$C$24,'Priority Ratings'!$B$24,IF(I29='Priority Ratings'!$C$25,'Priority Ratings'!$B$25,IF(I29='Priority Ratings'!$C$26,'Priority Ratings'!$B$26,IF(I29='Priority Ratings'!$C$27,'Priority Ratings'!$B$27,\"No Rating\")))))))","v":6},1.680672268907563E-2,"100%: Fully comply with requirement\n50%:   Partially comply will require development/ customisation\n0%:     No compliance",0,0]
[22,"Meeting the Scope of Work Required","How well has the Tenderer described how scope requirements will be met?  Do they understand what needs to be done?  List concerns in Comments.","Network Representation","Single-phase, two-phase, biphase and three-phase\ntechnology with/ without neutral.","Indicate if the solution :\n- Is an Out-of-the-box functionality\n- Requires configuration?\n- Requires customisation?",null,null,"Show stopper",{"$f":"IF(I30='Priority Ratings'!$C$21,'Priority Ratings'!$B$21, IF(I30='Priority Ratings'!$C$22,'Priority Ratings'!$B$22,IF(I30='Priority Ratings'!$C$23,'Priority Ratings'!$B$23,IF(I30='Priority Ratings'!$C$24,'Priority Ratings'!$B$24,IF(I30='Priority Ratings'!$C$25,'Priority Ratings'!$B$25,IF(I30='Priority Ratings'!$C$26,'Priority Ratings'!$B$26,IF(I30='Priority Ratings'!$C$27,'Priority Ratings'!$B$27,\"No Rating\")))))))","v":6},1.680672268907563E-2,"100%: Fully comply with requirement\n50%:   Partially comply will require development/ customisation\n0%:     No compliance",0,0]
[23,"Meeting the Scope of Work Required","How well has the Tenderer described how scope requirements will be met?  Do they understand what needs to be done?  List concerns in Comments.","Network Representation","Hierarchical data model including sites, substations, bays, primary and secondary equipment.","Indicate if the solution :\n- Is an Out-of-the-box functionality\n- Requires configuration?\n- Requires customisation?",null,null,"Critical",{"$f":"IF(I31='Priority Ratings'!$C$21,'Priority Ratings'!$B$21, IF(I31='Priority Ratings'!$C$22,'Priority Ratings'!$B$22,IF(I31='Priority Ratings'!$C$23,'Priority Ratings'!$B$23,IF(I31='Priority Ratings'!$C$24,'Priority Ratings'!$B$24,IF(I31='Priority Ratings'!$C$25,'Priority Ratings'!$B$25,IF(I31='Priority Ratings'!$C$26,'Priority Ratings'!$B$26,IF(I31='Priority Ratings'!$C$27,'Priority Ratings'!$B$27,\"No Rating\")))))))","v":5},1.4005602240896359E-2,"100%: Fully comply with requirement\n50%:   Partially comply will require development/ customisation\n0%:     No compliance",0,0]
[24,"Meeting the Scope of Work Required","How well has the Tenderer described how scope requirements will be met?  Do they understand what needs to be done?  List concerns in Comments.","Network Representation","Detailed primary and secondary substation models (single/double busbars w/o tie breaker, 1- 1/2 busbar, bypass busbar), extendable for user-specific busbar configurations\nincluding protection schemes.","Indicate if the solution :\n- Is an Out-of-the-box functionality\n- Requires configuration?\n- Requires customisation?",null,null,"Show stopper",{"$f":"IF(I32='Priority Ratings'!$C$21,'Priority Ratings'!$B$21, IF(I32='Priority Ratings'!$C$22,'Priority Ratings'!$B$22,IF(I32='Priority Ratings'!$C$23,'Priority Ratings'!$B$23,IF(I32='Priority Ratings'!$C$24,'Priority Ratings'!$B$24,IF(I32='Priority Ratings'!$C$25,'Priority Ratings'!$B$25,IF(I32='Priority Ratings'!$C$26,'Priority Ratings'!$B$26,IF(I32='Priority Ratings'!$C$27,'Priority Ratings'!$B$27,\"No Rating\")))))))","v":6},1.680672268907563E-2,"100%: Fully comply with requirement\n50%:   Partially comply will require development/ customisation\n0%:     No compliance",0,0]
[25,"Meeting the Scope of Work Required","How well has the Tenderer described how scope requirements will be met?  Do they understand what needs to be done?  List concerns in Comments.","Network Representation","Switches and substation equipment such as Circuit\nBreaker (CB), fuse, disconnector, load break switch, grounding switch, Neutral Earthing Compensator/ Neutral\nEarthing Resistor (NEC/NER), Current Transformer (CT), Voltage Transformer (VT), Capacitive Voltage Transformer (CVT), combined (CT/VT), etc.","Indicate if the solution :\n- Is an Out-of-the-box functionality\n- Requires configuration?\n- Requires customisation?",null,null,"Show stopper",{"$f":"IF(I33='Priority Ratings'!$C$21,'Priority Ratings'!$B$21, IF(I33='Priority Ratings'!$C$22,'Priority Ratings'!$B$22,IF(I33='Priority Ratings'!$C$23,'Priority Ratings'!$B$23,IF(I33='Priority Ratings'!$C$24,'Priority Ratings'!$B$24,IF(I33='Priority Ratings'!$C$25,'Priority Ratings'!$B$25,IF(I33='Priority Ratings'!$C$26,'Priority Ratings'!$B$26,IF(I33='Priority Ratings'!$C$27,'Priority Ratings'!$B$27,\"No Rating\")))))))","v":6},1.680672268907563E-2,"100%: Fully comply with requirement\n50%:   Partially comply will require development/ customisation\n0%:     No compliance",0,0]
[26,"Meeting the Scope of Work Required","How well has the Tenderer described how scope requirements will be met?  Do they understand what needs to be done?  List concerns in Comments.","Network Model Management","User-friendly and powerful Data and Object Manager.","Indicate if the solution :\n- Is an Out-of-the-box functionality\n- Requires configuration?\n- Requires customisation?",null,null,"Show stopper",{"$f":"IF(I34='Priority Ratings'!$C$21,'Priority Ratings'!$B$21, IF(I34='Priority Ratings'!$C$22,'Priority Ratings'!$B$22,IF(I34='Priority Ratings'!$C$23,'Priority Ratings'!$B$23,IF(I34='Priority Ratings'!$C$24,'Priority Ratings'!$B$24,IF(I34='Priority Ratings'!$C$25,'Priority Ratings'!$B$25,IF(I34='Priority Ratings'!$C$26,'Priority Ratings'!$B$26,IF(I34='Priority Ratings'!$C$27,'Priority Ratings'!$B$27,\"No Rating\")))))))","v":6},1.680672268907563E-2,"100%: Fully comply with requirement\n50%:   Partially comply will require development/ customisation\n0%:     No compliance",0,0]
[27,"Meeting the Scope of Work Required","How well has the Tenderer described how scope requirements will be met?  Do they understand what needs to be done?  List concerns in Comments.","Network Model Management","A network model manager with spreadsheets, tabular\nviews, filtering, and sorting capabilities for convenient\nmanagement of network equipment data and results.","Indicate if the solution :\n- Is an Out-of-the-box functionality\n- Requires configuration?\n- Requires customisation?",null,null,"Show stopper",{"$f":"IF(I35='Priority Ratings'!$C$21,'Priority Ratings'!$B$21, IF(I35='Priority Ratings'!$C$22,'Priority Ratings'!$B$22,IF(I35='Priority Ratings'!$C$23,'Priority Ratings'!$B$23,IF(I35='Priority Ratings'!$C$24,'Priority Ratings'!$B$24,IF(I35='Priority Ratings'!$C$25,'Priority Ratings'!$B$25,IF(I35='Priority Ratings'!$C$26,'Priority Ratings'!$B$26,IF(I35='Priority Ratings'!$C$27,'Priority Ratings'!$B$27,\"No Rating\")))))))","v":6},1.680672268907563E-2,"100%: Fully comply with requirement\n50%:   Partially comply will require development/ customisation\n0%:     No compliance",0,0]
[28,"Meeting the Scope of Work Required","How well has the Tenderer described how scope requirements will be met?  Do they understand what needs to be done?  List concerns in Comments.","Network Model Management","Flexible grouping and filter functionality.","Indicate if the solution :\n- Is an Out-of-the-box functionality\n- Requires configuration?\n- Requires customisation?",null,null,"Critical",{"$f":"IF(I36='Priority Ratings'!$C$21,'Priority Ratings'!$B$21, IF(I36='Priority Ratings'!$C$22,'Priority Ratings'!$B$22,IF(I36='Priority Ratings'!$C$23,'Priority Ratings'!$B$23,IF(I36='Priority Ratings'!$C$24,'Priority Ratings'!$B$24,IF(I36='Priority Ratings'!$C$25,'Priority Ratings'!$B$25,IF(I36='Priority Ratings'!$C$26,'Priority Ratings'!$B$26,IF(I36='Priority Ratings'!$C$27,'Priority Ratings'!$B$27,\"No Rating\")))))))","v":5},1.4005602240896359E-2,"100%: Fully comply with requirement\n50%:   Partially comply will require development/ customisation\n0%:     No compliance",0,0]
[29,"Meeting the Scope of Work Required","How well has the Tenderer described how scope requirements will be met?  Do they understand what needs to be done?  List concerns in Comments.","Network Model Management","Network reduction capability to replace portions of the\nnetwork with equivalent sources and common impedance and the ability to reduce the network size.\n\nThe capability should expand to also allow for the equivalence of load and generation models for both static, temporal, and dynamic network equivalents","Indicate if the solution :\n- Is an Out-of-the-box functionality\n- Requires configuration?\n- Requires customisation?",null,null,"Show stopper",{"$f":"IF(I37='Priority Ratings'!$C$21,'Priority Ratings'!$B$21, IF(I37='Priority Ratings'!$C$22,'Priority Ratings'!$B$22,IF(I37='Priority Ratings'!$C$23,'Priority Ratings'!$B$23,IF(I37='Priority Ratings'!$C$24,'Priority Ratings'!$B$24,IF(I37='Priority Ratings'!$C$25,'Priority Ratings'!$B$25,IF(I37='Priority Ratings'!$C$26,'Priority Ratings'!$B$26,IF(I37='Priority Ratings'!$C$27,'Priority Ratings'!$B$27,\"No Rating\")))))))","v":6},1.680672268907563E-2,"100%: Fully comply with requirement\n50%:   Partially comply will require development/ customisation\n0%:     No compliance",0,0]
[30,"Meeting the Scope of Work Required","How well has the Tenderer described how scope requirements will be met?  Do they understand what needs to be done?  List concerns in Comments.","Network Model Management","Grid Variations management with timestamped grid Expansion Stages.","Indicate if the solution :\n- Is an Out-of-the-box functionality\n- Requires configuration?\n- Requires customisation?",null,null,"Show stopper",{"$f":"IF(I38='Priority Ratings'!$C$21,'Priority Ratings'!$B$21, IF(I38='Priority Ratings'!$C$22,'Priority Ratings'!$B$22,IF(I38='Priority Ratings'!$C$23,'Priority Ratings'!$B$23,IF(I38='Priority Ratings'!$C$24,'Priority Ratings'!$B$24,IF(I38='Priority Ratings'!$C$25,'Priority Ratings'!$B$25,IF(I38='Priority Ratings'!$C$26,'Priority Ratings'!$B$26,IF(I38='Priority Ratings'!$C$27,'Priority Ratings'!$B$27,\"No Rating\")))))))","v":6},1.680672268907563E-2,"100%: Fully comply with requirement\n50%:   Partially comply will require development/ customisation\n0%:     No compliance",0,0]
[31,"Meeting the Scope of Work Required","How well has the Tenderer described how scope requirements will be met?  Do they understand what needs to be done?  List concerns in Comments.","Network Model Management","Highly flexible Study Proposal concept with definable Operation Scenarios, Variations, Grids and Triggers.","Indicate if the solution :\n- Is an Out-of-the-box functionality\n- Requires configuration?\n- Requires customisation?",null,null,"Show stopper",{"$f":"IF(I39='Priority Ratings'!$C$21,'Priority Ratings'!$B$21, IF(I39='Priority Ratings'!$C$22,'Priority Ratings'!$B$22,IF(I39='Priority Ratings'!$C$23,'Priority Ratings'!$B$23,IF(I39='Priority Ratings'!$C$24,'Priority Ratings'!$B$24,IF(I39='Priority Ratings'!$C$25,'Priority Ratings'!$B$25,IF(I39='Priority Ratings'!$C$26,'Priority Ratings'!$B$26,IF(I39='Priority Ratings'!$C$27,'Priority Ratings'!$B$27,\"No Rating\")))))))","v":6},1.680672268907563E-2,"100%: Fully comply with requirement\n50%:   Partially comply will require development/ customisation\n0%:     No compliance",0,0]
[32,"Meeting the Scope of Work Required","How well has the Tenderer described how scope requirements will be met?  Do they understand what needs to be done?  List concerns in Comments.","Network Model Management","Project Overview window with extended functionality for simplified management of Study Proposal configuration.","Indicate if the solution :\n- Is an Out-of-the-box functionality\n- Requires configuration?\n- Requires customisation?",null,null,"Critical",{"$f":"IF(I40='Priority Ratings'!$C$21,'Priority Ratings'!$B$21, IF(I40='Priority Ratings'!$C$22,'Priority Ratings'!$B$22,IF(I40='Priority Ratings'!$C$23,'Priority Ratings'!$B$23,IF(I40='Priority Ratings'!$C$24,'Priority Ratings'!$B$24,IF(I40='Priority Ratings'!$C$25,'Priority Ratings'!$B$25,IF(I40='Priority Ratings'!$C$26,'Priority Ratings'!$B$26,IF(I40='Priority Ratings'!$C$27,'Priority Ratings'!$B$27,\"No Rating\")))))))","v":5},1.4005602240896359E-2,"100%: Fully comply with requirement\n50%:   Partially comply will require development/ customisation\n0%:     No compliance",0,0]
[33,"Meeting the Scope of Work Required","How well has the Tenderer described how scope requirements will be met?  Do they understand what needs to be done?  List concerns in Comments.","Network Model Management","Data (Model) Extension concept for user customization with userdefined classes and attributes.","Indicate if the solution :\n- Is an Out-of-the-box functionality\n- Requires configuration?\n- Requires customisation?",null,null,"Very important",{"$f":"IF(I41='Priority Ratings'!$C$21,'Priority Ratings'!$B$21, IF(I41='Priority Ratings'!$C$22,'Priority Ratings'!$B$22,IF(I41='Priority Ratings'!$C$23,'Priority Ratings'!$B$23,IF(I41='Priority Ratings'!$C$24,'Priority Ratings'!$B$24,IF(I41='Priority Ratings'!$C$25,'Priority Ratings'!$B$25,IF(I41='Priority Ratings'!$C$26,'Priority Ratings'!$B$26,IF(I41='Priority Ratings'!$C$27,'Priority Ratings'!$B$27,\"No Rating\")))))))","v":4},1.1204481792717087E-2,"100%: Fully comply with requirement\n50%:   Partially comply will require development/ customisation\n0%:     No compliance",0,0]
[34,"Meeting the Scope of Work Required","How well has the Tenderer described how scope requirements will be met?  Do they understand what needs to be done?  List concerns in Comments.","Network Model Management","Flexible parameter characteristics in terms of defining characteristics e.g., time, vector and matrix, and what triggers would change the characteristic values.\n\nThis should be able to be applied to all equipment types and loads e.g., line ratings for emergency and normal loads","Indicate if the solution :\n- Is an Out-of-the-box functionality\n- Requires configuration?\n- Requires customisation?",null,null,"Show stopper",{"$f":"IF(I42='Priority Ratings'!$C$21,'Priority Ratings'!$B$21, IF(I42='Priority Ratings'!$C$22,'Priority Ratings'!$B$22,IF(I42='Priority Ratings'!$C$23,'Priority Ratings'!$B$23,IF(I42='Priority Ratings'!$C$24,'Priority Ratings'!$B$24,IF(I42='Priority Ratings'!$C$25,'Priority Ratings'!$B$25,IF(I42='Priority Ratings'!$C$26,'Priority Ratings'!$B$26,IF(I42='Priority Ratings'!$C$27,'Priority Ratings'!$B$27,\"No Rating\")))))))","v":6},1.680672268907563E-2,"100%: Fully comply with requirement\n50%:   Partially comply will require development/ customisation\n0%:     No compliance",0,0]
[35,"Meeting the Scope of Work Required","How well has the Tenderer described how scope requirements will be met?  Do they understand what needs to be done?  List concerns in Comments.","Network Model Management","Master- and Derived Projects with Merge Tools.","Indicate if the solution :\n- Is an Out-of-the-box functionality\n- Requires configuration?\n- Requires customisation?",null,null,"Very important",{"$f":"IF(I43='Priority Ratings'!$C$21,'Priority Ratings'!$B$21, IF(I43='Priority Ratings'!$C$22,'Priority Ratings'!$B$22,IF(I43='Priority Ratings'!$C$23,'Priority Ratings'!$B$23,IF(I43='Priority Ratings'!$C$24,'Priority Ratings'!$B$24,IF(I43='Priority Ratings'!$C$25,'Priority Ratings'!$B$25,IF(I43='Priority Ratings'!$C$26,'Priority Ratings'!$B$26,IF(I43='Priority Ratings'!$C$27,'Priority Ratings'!$B$27,\"No Rating\")))))))","v":4},1.1204481792717087E-2,"100%: Fully comply with requirement\n50%:   Partially comply will require development/ customisation\n0%:     No compliance",0,0]
[36,"Meeting the Scope of Work Required","How well has the Tenderer described how scope requirements will be met?  Do they understand what needs to be done?  List concerns in Comments.","Network Model Management","Project combination merging and project connection\nassistant (horizontal/vertical).","Indicate if the solution :\n- Is an Out-of-the-box functionality\n- Requires configuration?\n- Requires customisation?",null,null,"Show stopper",{"$f":"IF(I44='Priority Ratings'!$C$21,'Priority Ratings'!$B$21, IF(I44='Priority Ratings'!$C$22,'Priority Ratings'!$B$22,IF(I44='Priority Ratings'!$C$23,'Priority Ratings'!$B$23,IF(I44='Priority Ratings'!$C$24,'Priority Ratings'!$B$24,IF(I44='Priority Ratings'!$C$25,'Priority Ratings'!$B$25,IF(I44='Priority Ratings'!$C$26,'Priority Ratings'!$B$26,IF(I44='Priority Ratings'!$C$27,'Priority Ratings'!$B$27,\"No Rating\")))))))","v":6},1.680672268907563E-2,"100%: Fully comply with requirement\n50%:   Partially comply will require development/ customisation\n0%:     No compliance",0,0]
[37,"Meeting the Scope of Work Required","How well has the Tenderer described how scope requirements will be met?  Do they understand what needs to be done?  List concerns in Comments.","Network Model Management","Project versioning which allows full snapshots to be saved and to support rollback to previous versions.","Indicate if the solution :\n- Is an Out-of-the-box functionality\n- Requires configuration?\n- Requires customisation?",null,null,"Critical",{"$f":"IF(I45='Priority Ratings'!$C$21,'Priority Ratings'!$B$21, IF(I45='Priority Ratings'!$C$22,'Priority Ratings'!$B$22,IF(I45='Priority Ratings'!$C$23,'Priority Ratings'!$B$23,IF(I45='Priority Ratings'!$C$24,'Priority Ratings'!$B$24,IF(I45='Priority Ratings'!$C$25,'Priority Ratings'!$B$25,IF(I45='Priority Ratings'!$C$26,'Priority Ratings'!$B$26,IF(I45='Priority Ratings'!$C$27,'Priority Ratings'!$B$27,\"No Rating\")))))))","v":5},1.4005602240896359E-2,"100%: Fully comply with requirement\n50%:   Partially comply will require development/ customisation\n0%:     No compliance",0,0]
[38,"Meeting the Scope of Work Required","How well has the Tenderer described how scope requirements will be met?  Do they understand what needs to be done?  List concerns in Comments.","Network Model Management","Database Undo and Rollback function. Update database to store reference points during assessments.","Indicate if the solution :\n- Is an Out-of-the-box functionality\n- Requires configuration?\n- Requires customisation?",null,null,"Show stopper",{"$f":"IF(I46='Priority Ratings'!$C$21,'Priority Ratings'!$B$21, IF(I46='Priority Ratings'!$C$22,'Priority Ratings'!$B$22,IF(I46='Priority Ratings'!$C$23,'Priority Ratings'!$B$23,IF(I46='Priority Ratings'!$C$24,'Priority Ratings'!$B$24,IF(I46='Priority Ratings'!$C$25,'Priority Ratings'!$B$25,IF(I46='Priority Ratings'!$C$26,'Priority Ratings'!$B$26,IF(I46='Priority Ratings'!$C$27,'Priority Ratings'!$B$27,\"No Rating\")))))))","v":6},1.680672268907563E-2,"100%: Fully comply with requirement\n50%:   Partially comply will require development/ customisation\n0%:     No compliance",0,0]
[39,"Meeting the Scope of Work Required","How well has the Tenderer described how scope requirements will be met?  Do they understand what needs to be done?  List concerns in Comments.","Network Model Management","Multi-User database with team working functionality and support of simultaneous user sessions.","Indicate if the solution :\n- Is an Out-of-the-box functionality\n- Requires configuration?\n- Requires customisation?",null,null,"Very important",{"$f":"IF(I47='Priority Ratings'!$C$21,'Priority Ratings'!$B$21, IF(I47='Priority Ratings'!$C$22,'Priority Ratings'!$B$22,IF(I47='Priority Ratings'!$C$23,'Priority Ratings'!$B$23,IF(I47='Priority Ratings'!$C$24,'Priority Ratings'!$B$24,IF(I47='Priority Ratings'!$C$25,'Priority Ratings'!$B$25,IF(I47='Priority Ratings'!$C$26,'Priority Ratings'!$B$26,IF(I47='Priority Ratings'!$C$27,'Priority Ratings'!$B$27,\"No Rating\")))))))","v":4},1.1204481792717087E-2,"100%: Fully comply with requirement\n50%:   Partially comply will require development/ customisation\n0%:     No compliance",0,0]
[40,"Meeting the Scope of Work Required","How well has the Tenderer described how scope requirements will be met?  Do they understand what needs to be done?  List concerns in Comments.","Network Model Management","User accounting, data access and function access rights.","Indicate if the solution :\n- Is an Out-of-the-box functionality\n- Requires configuration?\n- Requires customisation?",null,null,"Critical",{"$f":"IF(I48='Priority Ratings'!$C$21,'Priority Ratings'!$B$21, IF(I48='Priority Ratings'!$C$22,'Priority Ratings'!$B$22,IF(I48='Priority Ratings'!$C$23,'Priority Ratings'!$B$23,IF(I48='Priority Ratings'!$C$24,'Priority Ratings'!$B$24,IF(I48='Priority Ratings'!$C$25,'Priority Ratings'!$B$25,IF(I48='Priority Ratings'!$C$26,'Priority Ratings'!$B$26,IF(I48='Priority Ratings'!$C$27,'Priority Ratings'!$B$27,\"No Rating\")))))))","v":5},1.4005602240896359E-2,"100%: Fully comply with requirement\n50%:   Partially comply will require development/ customisation\n0%:     No compliance",0,0]
[41,"Meeting the Scope of Work Required","How well has the Tenderer described how scope requirements will be met?  Do they understand what needs to be done?  List concerns in Comments.","Network Model Management","User authentication via administration, including password policy settings, or via external authentication services, such as Lightweight Directory Access Protocol (LDAP) or\nMicrosoft Active Directory.","Indicate if the solution :\n- Is an Out-of-the-box functionality\n- Requires configuration?\n- Requires customisation?",null,null,"Very important",{"$f":"IF(I49='Priority Ratings'!$C$21,'Priority Ratings'!$B$21, IF(I49='Priority Ratings'!$C$22,'Priority Ratings'!$B$22,IF(I49='Priority Ratings'!$C$23,'Priority Ratings'!$B$23,IF(I49='Priority Ratings'!$C$24,'Priority Ratings'!$B$24,IF(I49='Priority Ratings'!$C$25,'Priority Ratings'!$B$25,IF(I49='Priority Ratings'!$C$26,'Priority Ratings'!$B$26,IF(I49='Priority Ratings'!$C$27,'Priority Ratings'!$B$27,\"No Rating\")))))))","v":4},1.1204481792717087E-2,"100%: Fully comply with requirement\n50%:   Partially comply will require development/ customisation\n0%:     No compliance",0,0]
[42,"Meeting the Scope of Work Required","How well has the Tenderer described how scope requirements will be met?  Do they understand what needs to be done?  List concerns in Comments.","Network Model Management","Database housekeeping mechanisms via spreadsheet view or Explorer view \"editability\" via graphics, export, database.","Indicate if the solution :\n- Is an Out-of-the-box functionality\n- Requires configuration?\n- Requires customisation?",null,null,"Critical",{"$f":"IF(I50='Priority Ratings'!$C$21,'Priority Ratings'!$B$21, IF(I50='Priority Ratings'!$C$22,'Priority Ratings'!$B$22,IF(I50='Priority Ratings'!$C$23,'Priority Ratings'!$B$23,IF(I50='Priority Ratings'!$C$24,'Priority Ratings'!$B$24,IF(I50='Priority Ratings'!$C$25,'Priority Ratings'!$B$25,IF(I50='Priority Ratings'!$C$26,'Priority Ratings'!$B$26,IF(I50='Priority Ratings'!$C$27,'Priority Ratings'!$B$27,\"No Rating\")))))))","v":5},1.4005602240896359E-2,"100%: Fully comply with requirement\n50%:   Partially comply will require development/ customisation\n0%:     No compliance",0,0]
[43,"Meeting the Scope of Work Required","How well has the Tenderer described how scope requirements will be met?  Do they understand what needs to be done?  List concerns in Comments.","Network Model Management","Project archiving capability.","Indicate if the solution :\n- Is an Out-of-the-box functionality\n- Requires configuration?\n- Requires customisation?",null,null,"Very important",{"$f":"IF(I51='Priority Ratings'!$C$21,'Priority Ratings'!$B$21, IF(I51='Priority Ratings'!$C$22,'Priority Ratings'!$B$22,IF(I51='Priority Ratings'!$C$23,'Priority Ratings'!$B$23,IF(I51='Priority Ratings'!$C$24,'Priority Ratings'!$B$24,IF(I51='Priority Ratings'!$C$25,'Priority Ratings'!$B$25,IF(I51='Priority Ratings'!$C$26,'Priority Ratings'!$B$26,IF(I51='Priority Ratings'!$C$27,'Priority Ratings'!$B$27,\"No Rating\")))))))","v":4},1.1204481792717087E-2,"100%: Fully comply with requirement\n50%:   Partially comply will require development/ customisation\n0%:     No compliance",0,0]
[44,"Meeting the Scope of Work Required","How well has the Tenderer described how scope requirements will be met?  Do they understand what needs to be done?  List concerns in Comments.","Network Model Management","Offline Mode via locally cached database and possibility for\nsynchronization with multiuser database when connected to the network (Floating License).","Indicate if the solution :\n- Is an Out-of-the-box functionality\n- Requires configuration?\n- Requires customisation?",null,null,"Show stopper",{"$f":"IF(I52='Priority Ratings'!$C$21,'Priority Ratings'!$B$21, IF(I52='Priority Ratings'!$C$22,'Priority Ratings'!$B$22,IF(I52='Priority Ratings'!$C$23,'Priority Ratings'!$B$23,IF(I52='Priority Ratings'!$C$24,'Priority Ratings'!$B$24,IF(I52='Priority Ratings'!$C$25,'Priority Ratings'!$B$25,IF(I52='Priority Ratings'!$C$26,'Priority Ratings'!$B$26,IF(I52='Priority Ratings'!$C$27,'Priority Ratings'!$B$27,\"No Rating\")))))))","v":6},1.680672268907563E-2,"100%: Fully comply with requirement\n50%:   Partially comply will require development/ customisation\n0%:     No compliance",0,0]
[45,"Meeting the Scope of Work Required","How well has the Tenderer described how scope requirements will be met?  Do they understand what needs to be done?  List concerns in Comments.","Network Model Management","Flexible definition of boundaries with Boundary Definition Tool.","Indicate if the solution :\n- Is an Out-of-the-box functionality\n- Requires configuration?\n- Requires customisation?",null,null,"Critical",{"$f":"IF(I53='Priority Ratings'!$C$21,'Priority Ratings'!$B$21, IF(I53='Priority Ratings'!$C$22,'Priority Ratings'!$B$22,IF(I53='Priority Ratings'!$C$23,'Priority Ratings'!$B$23,IF(I53='Priority Ratings'!$C$24,'Priority Ratings'!$B$24,IF(I53='Priority Ratings'!$C$25,'Priority Ratings'!$B$25,IF(I53='Priority Ratings'!$C$26,'Priority Ratings'!$B$26,IF(I53='Priority Ratings'!$C$27,'Priority Ratings'!$B$27,\"No Rating\")))))))","v":5},1.4005602240896359E-2,"100%: Fully comply with requirement\n50%:   Partially comply will require development/ customisation\n0%:     No compliance",0,0]
[46,"Meeting the Scope of Work Required","How well has the Tenderer described how scope requirements will be met?  Do they understand what needs to be done?  List concerns in Comments.","Network Model Management","Calculation of (AC or DC) load flow and short-circuit\nequivalent.","Indicate if the solution :\n- Is an Out-of-the-box functionality\n- Requires configuration?\n- Requires customisation?",null,null,"Show stopper",{"$f":"IF(I54='Priority Ratings'!$C$21,'Priority Ratings'!$B$21, IF(I54='Priority Ratings'!$C$22,'Priority Ratings'!$B$22,IF(I54='Priority Ratings'!$C$23,'Priority Ratings'!$B$23,IF(I54='Priority Ratings'!$C$24,'Priority Ratings'!$B$24,IF(I54='Priority Ratings'!$C$25,'Priority Ratings'!$B$25,IF(I54='Priority Ratings'!$C$26,'Priority Ratings'!$B$26,IF(I54='Priority Ratings'!$C$27,'Priority Ratings'!$B$27,\"No Rating\")))))))","v":6},1.680672268907563E-2,"100%: Fully comply with requirement\n50%:   Partially comply will require development/ customisation\n0%:     No compliance",0,0]
[47,"Meeting the Scope of Work Required","How well has the Tenderer described how scope requirements will be met?  Do they understand what needs to be done?  List concerns in Comments.","Network Model Management","Support of load, Ward, extended Ward and Radial, Equivalent, and Independent DIMO equivalents.","Indicate if the solution :\n- Is an Out-of-the-box functionality\n- Requires configuration?\n- Requires customisation?",null,null,"Show stopper",{"$f":"IF(I55='Priority Ratings'!$C$21,'Priority Ratings'!$B$21, IF(I55='Priority Ratings'!$C$22,'Priority Ratings'!$B$22,IF(I55='Priority Ratings'!$C$23,'Priority Ratings'!$B$23,IF(I55='Priority Ratings'!$C$24,'Priority Ratings'!$B$24,IF(I55='Priority Ratings'!$C$25,'Priority Ratings'!$B$25,IF(I55='Priority Ratings'!$C$26,'Priority Ratings'!$B$26,IF(I55='Priority Ratings'!$C$27,'Priority Ratings'!$B$27,\"No Rating\")))))))","v":6},1.680672268907563E-2,"100%: Fully comply with requirement\n50%:   Partially comply will require development/ customisation\n0%:     No compliance",0,0]
[48,"Meeting the Scope of Work Required","How well has the Tenderer described how scope requirements will be met?  Do they understand what needs to be done?  List concerns in Comments.","Network Model Management","Numerous options for aggregation of non-linear elements.","Indicate if the solution :\n- Is an Out-of-the-box functionality\n- Requires configuration?\n- Requires customisation?",null,null,"Show stopper",{"$f":"IF(I56='Priority Ratings'!$C$21,'Priority Ratings'!$B$21, IF(I56='Priority Ratings'!$C$22,'Priority Ratings'!$B$22,IF(I56='Priority Ratings'!$C$23,'Priority Ratings'!$B$23,IF(I56='Priority Ratings'!$C$24,'Priority Ratings'!$B$24,IF(I56='Priority Ratings'!$C$25,'Priority Ratings'!$B$25,IF(I56='Priority Ratings'!$C$26,'Priority Ratings'!$B$26,IF(I56='Priority Ratings'!$C$27,'Priority Ratings'!$B$27,\"No Rating\")))))))","v":6},1.680672268907563E-2,"100%: Fully comply with requirement\n50%:   Partially comply will require development/ customisation\n0%:     No compliance",0,0]
[49,"Meeting the Scope of Work Required","How well has the Tenderer described how scope requirements will be met?  Do they understand what needs to be done?  List concerns in Comments.","Network Model Management","Capturing and storing of reduction for convenient\nswitching between original and equivalent grid analysis.","Indicate if the solution :\n- Is an Out-of-the-box functionality\n- Requires configuration?\n- Requires customisation?",null,null,"Very important",{"$f":"IF(I57='Priority Ratings'!$C$21,'Priority Ratings'!$B$21, IF(I57='Priority Ratings'!$C$22,'Priority Ratings'!$B$22,IF(I57='Priority Ratings'!$C$23,'Priority Ratings'!$B$23,IF(I57='Priority Ratings'!$C$24,'Priority Ratings'!$B$24,IF(I57='Priority Ratings'!$C$25,'Priority Ratings'!$B$25,IF(I57='Priority Ratings'!$C$26,'Priority Ratings'!$B$26,IF(I57='Priority Ratings'!$C$27,'Priority Ratings'!$B$27,\"No Rating\")))))))","v":4},1.1204481792717087E-2,"100%: Fully comply with requirement\n50%:   Partially comply will require development/ customisation\n0%:     No compliance",0,0]
[50,"Meeting the Scope of Work Required","How well has the Tenderer described how scope requirements will be met?  Do they understand what needs to be done?  List concerns in Comments.","Network Model Management","Functionality to create and store Operation libraries:\n- Representing the various operational states of the network for both Network Planning and Network Operations. \n- Current and Future operational data stores for short, medium, and longrange planning.","Indicate if the solution :\n- Is an Out-of-the-box functionality\n- Requires configuration?\n- Requires customisation?",null,null,"Show stopper",{"$f":"IF(I58='Priority Ratings'!$C$21,'Priority Ratings'!$B$21, IF(I58='Priority Ratings'!$C$22,'Priority Ratings'!$B$22,IF(I58='Priority Ratings'!$C$23,'Priority Ratings'!$B$23,IF(I58='Priority Ratings'!$C$24,'Priority Ratings'!$B$24,IF(I58='Priority Ratings'!$C$25,'Priority Ratings'!$B$25,IF(I58='Priority Ratings'!$C$26,'Priority Ratings'!$B$26,IF(I58='Priority Ratings'!$C$27,'Priority Ratings'!$B$27,\"No Rating\")))))))","v":6},1.680672268907563E-2,"100%: Fully comply with requirement\n50%:   Partially comply will require development/ customisation\n0%:     No compliance",0,0]
[51,"Meeting the Scope of Work Required","How well has the Tenderer described how scope requirements will be met?  Do they understand what needs to be done?  List concerns in Comments.","Network Diagrams and graphic and features","Simplified single line diagrams for schematic and design views.","Indicate if the solution :\n- Is an Out-of-the-box functionality\n- Requires configuration?\n- Requires customisation?",null,null,"Critical",{"$f":"IF(I59='Priority Ratings'!$C$21,'Priority Ratings'!$B$21, IF(I59='Priority Ratings'!$C$22,'Priority Ratings'!$B$22,IF(I59='Priority Ratings'!$C$23,'Priority Ratings'!$B$23,IF(I59='Priority Ratings'!$C$24,'Priority Ratings'!$B$24,IF(I59='Priority Ratings'!$C$25,'Priority Ratings'!$B$25,IF(I59='Priority Ratings'!$C$26,'Priority Ratings'!$B$26,IF(I59='Priority Ratings'!$C$27,'Priority Ratings'!$B$27,\"No Rating\")))))))","v":5},1.4005602240896359E-2,"100%: Fully comply with requirement\n50%:   Partially comply will require development/ customisation\n0%:     No compliance",0,0]
[52,"Meeting the Scope of Work Required","How well has the Tenderer described how scope requirements will be met?  Do they understand what needs to be done?  List concerns in Comments.","Network Diagrams and graphic and features","Detailed single line diagrams showing full switch & component model including primary and secondary equipment.","Indicate if the solution :\n- Is an Out-of-the-box functionality\n- Requires configuration?\n- Requires customisation?",null,null,"Critical",{"$f":"IF(I60='Priority Ratings'!$C$21,'Priority Ratings'!$B$21, IF(I60='Priority Ratings'!$C$22,'Priority Ratings'!$B$22,IF(I60='Priority Ratings'!$C$23,'Priority Ratings'!$B$23,IF(I60='Priority Ratings'!$C$24,'Priority Ratings'!$B$24,IF(I60='Priority Ratings'!$C$25,'Priority Ratings'!$B$25,IF(I60='Priority Ratings'!$C$26,'Priority Ratings'!$B$26,IF(I60='Priority Ratings'!$C$27,'Priority Ratings'!$B$27,\"No Rating\")))))))","v":5},1.4005602240896359E-2,"100%: Fully comply with requirement\n50%:   Partially comply will require development/ customisation\n0%:     No compliance",0,0]
[53,"Meeting the Scope of Work Required","How well has the Tenderer described how scope requirements will be met?  Do they understand what needs to be done?  List concerns in Comments.","Network Diagrams and graphic and features","Ability to import/export schematics for substations\nand overview networks (to align with SCADA and NIS).","Indicate if the solution :\n- Is an Out-of-the-box functionality\n- Requires configuration?\n- Requires customisation?",null,null,"Very important",{"$f":"IF(I61='Priority Ratings'!$C$21,'Priority Ratings'!$B$21, IF(I61='Priority Ratings'!$C$22,'Priority Ratings'!$B$22,IF(I61='Priority Ratings'!$C$23,'Priority Ratings'!$B$23,IF(I61='Priority Ratings'!$C$24,'Priority Ratings'!$B$24,IF(I61='Priority Ratings'!$C$25,'Priority Ratings'!$B$25,IF(I61='Priority Ratings'!$C$26,'Priority Ratings'!$B$26,IF(I61='Priority Ratings'!$C$27,'Priority Ratings'!$B$27,\"No Rating\")))))))","v":4},1.1204481792717087E-2,"100%: Fully comply with requirement\n50%:   Partially comply will require development/ customisation\n0%:     No compliance",0,0]
[54,"Meeting the Scope of Work Required","How well has the Tenderer described how scope requirements will be met?  Do they understand what needs to be done?  List concerns in Comments.","Network Diagrams and graphic and features","Ability to create userdefinable custom symbols\nfor devices and composite graphics.","Indicate if the solution :\n- Is an Out-of-the-box functionality\n- Requires configuration?\n- Requires customisation?",null,null,"Important",{"$f":"IF(I62='Priority Ratings'!$C$21,'Priority Ratings'!$B$21, IF(I62='Priority Ratings'!$C$22,'Priority Ratings'!$B$22,IF(I62='Priority Ratings'!$C$23,'Priority Ratings'!$B$23,IF(I62='Priority Ratings'!$C$24,'Priority Ratings'!$B$24,IF(I62='Priority Ratings'!$C$25,'Priority Ratings'!$B$25,IF(I62='Priority Ratings'!$C$26,'Priority Ratings'!$B$26,IF(I62='Priority Ratings'!$C$27,'Priority Ratings'!$B$27,\"No Rating\")))))))","v":3},8.4033613445378148E-3,"100%: Fully comply with requirement\n50%:   Partially comply will require development/ customisation\n0%:     No compliance",0,0]
[55,"Meeting the Scope of Work Required","How well has the Tenderer described how scope requirements will be met?  Do they understand what needs to be done?  List concerns in Comments.","Network Diagrams and graphic and features","Ability to draw voltage profiles for feeders.","Indicate if the solution :\n- Is an Out-of-the-box functionality\n- Requires configuration?\n- Requires customisation?",null,null,"Very important",{"$f":"IF(I63='Priority Ratings'!$C$21,'Priority Ratings'!$B$21, IF(I63='Priority Ratings'!$C$22,'Priority Ratings'!$B$22,IF(I63='Priority Ratings'!$C$23,'Priority Ratings'!$B$23,IF(I63='Priority Ratings'!$C$24,'Priority Ratings'!$B$24,IF(I63='Priority Ratings'!$C$25,'Priority Ratings'!$B$25,IF(I63='Priority Ratings'!$C$26,'Priority Ratings'!$B$26,IF(I63='Priority Ratings'!$C$27,'Priority Ratings'!$B$27,\"No Rating\")))))))","v":4},1.1204481792717087E-2,"100%: Fully comply with requirement\n50%:   Partially comply will require development/ customisation\n0%:     No compliance",0,0]
[56,"Meeting the Scope of Work Required","How well has the Tenderer described how scope requirements will be met?  Do they understand what needs to be done?  List concerns in Comments.","Network Diagrams and graphic and features","Ability to draw fault level- distance graphs  for feeder's\ngraphical representations of substations and bays.","Indicate if the solution :\n- Is an Out-of-the-box functionality\n- Requires configuration?\n- Requires customisation?",null,null,"Very important",{"$f":"IF(I64='Priority Ratings'!$C$21,'Priority Ratings'!$B$21, IF(I64='Priority Ratings'!$C$22,'Priority Ratings'!$B$22,IF(I64='Priority Ratings'!$C$23,'Priority Ratings'!$B$23,IF(I64='Priority Ratings'!$C$24,'Priority Ratings'!$B$24,IF(I64='Priority Ratings'!$C$25,'Priority Ratings'!$B$25,IF(I64='Priority Ratings'!$C$26,'Priority Ratings'!$B$26,IF(I64='Priority Ratings'!$C$27,'Priority Ratings'!$B$27,\"No Rating\")))))))","v":4},1.1204481792717087E-2,"100%: Fully comply with requirement\n50%:   Partially comply will require development/ customisation\n0%:     No compliance",0,0]
[57,"Meeting the Scope of Work Required","How well has the Tenderer described how scope requirements will be met?  Do they understand what needs to be done?  List concerns in Comments.","Network Diagrams and graphic and features","Intelligent Overview Diagrams supporting node & branch views.","Indicate if the solution :\n- Is an Out-of-the-box functionality\n- Requires configuration?\n- Requires customisation?",null,null,"Very important",{"$f":"IF(I65='Priority Ratings'!$C$21,'Priority Ratings'!$B$21, IF(I65='Priority Ratings'!$C$22,'Priority Ratings'!$B$22,IF(I65='Priority Ratings'!$C$23,'Priority Ratings'!$B$23,IF(I65='Priority Ratings'!$C$24,'Priority Ratings'!$B$24,IF(I65='Priority Ratings'!$C$25,'Priority Ratings'!$B$25,IF(I65='Priority Ratings'!$C$26,'Priority Ratings'!$B$26,IF(I65='Priority Ratings'!$C$27,'Priority Ratings'!$B$27,\"No Rating\")))))))","v":4},1.1204481792717087E-2,"100%: Fully comply with requirement\n50%:   Partially comply will require development/ customisation\n0%:     No compliance",0,0]
[58,"Meeting the Scope of Work Required","How well has the Tenderer described how scope requirements will be met?  Do they understand what needs to be done?  List concerns in Comments.","Network Diagrams and graphic and features","Geographic Diagrams Global Positioning System ((GPS)-based) with background maps.","Indicate if the solution :\n- Is an Out-of-the-box functionality\n- Requires configuration?\n- Requires customisation?",null,null,"Critical",{"$f":"IF(I66='Priority Ratings'!$C$21,'Priority Ratings'!$B$21, IF(I66='Priority Ratings'!$C$22,'Priority Ratings'!$B$22,IF(I66='Priority Ratings'!$C$23,'Priority Ratings'!$B$23,IF(I66='Priority Ratings'!$C$24,'Priority Ratings'!$B$24,IF(I66='Priority Ratings'!$C$25,'Priority Ratings'!$B$25,IF(I66='Priority Ratings'!$C$26,'Priority Ratings'!$B$26,IF(I66='Priority Ratings'!$C$27,'Priority Ratings'!$B$27,\"No Rating\")))))))","v":5},1.4005602240896359E-2,"100%: Fully comply with requirement\n50%:   Partially comply will require development/ customisation\n0%:     No compliance",0,0]
[59,"Meeting the Scope of Work Required","How well has the Tenderer described how scope requirements will be met?  Do they understand what needs to be done?  List concerns in Comments.","Network Diagrams and graphic and features","Capability to support the automatic calculation of coordinates\nand line lengths on the network.","Indicate if the solution :\n- Is an Out-of-the-box functionality\n- Requires configuration?\n- Requires customisation?",null,null,"Critical",{"$f":"IF(I67='Priority Ratings'!$C$21,'Priority Ratings'!$B$21, IF(I67='Priority Ratings'!$C$22,'Priority Ratings'!$B$22,IF(I67='Priority Ratings'!$C$23,'Priority Ratings'!$B$23,IF(I67='Priority Ratings'!$C$24,'Priority Ratings'!$B$24,IF(I67='Priority Ratings'!$C$25,'Priority Ratings'!$B$25,IF(I67='Priority Ratings'!$C$26,'Priority Ratings'!$B$26,IF(I67='Priority Ratings'!$C$27,'Priority Ratings'!$B$27,\"No Rating\")))))))","v":5},1.4005602240896359E-2,"100%: Fully comply with requirement\n50%:   Partially comply will require development/ customisation\n0%:     No compliance",0,0]
[60,"Meeting the Scope of Work Required","How well has the Tenderer described how scope requirements will be met?  Do they understand what needs to be done?  List concerns in Comments.","Network Diagrams and graphic and features","Background Maps representation automated via mapping server interface (e.g., Open Street Map, Google Maps 1, Esri\nArcGIS1).","Indicate if the solution :\n- Is an Out-of-the-box functionality\n- Requires configuration?\n- Requires customisation?",null,null,"Very important",{"$f":"IF(I68='Priority Ratings'!$C$21,'Priority Ratings'!$B$21, IF(I68='Priority Ratings'!$C$22,'Priority Ratings'!$B$22,IF(I68='Priority Ratings'!$C$23,'Priority Ratings'!$B$23,IF(I68='Priority Ratings'!$C$24,'Priority Ratings'!$B$24,IF(I68='Priority Ratings'!$C$25,'Priority Ratings'!$B$25,IF(I68='Priority Ratings'!$C$26,'Priority Ratings'!$B$26,IF(I68='Priority Ratings'!$C$27,'Priority Ratings'!$B$27,\"No Rating\")))))))","v":4},1.1204481792717087E-2,"100%: Fully comply with requirement\n50%:   Partially comply will require development/ customisation\n0%:     No compliance",0,0]
[61,"Meeting the Scope of Work Required","How well has the Tenderer described how scope requirements will be met?  Do they understand what needs to be done?  List concerns in Comments.","Network Diagrams and graphic and features","Graphic search option for network elements in diagrams, including geographic search facility with the flexibility to adjust some levels and highlighting tools.","Indicate if the solution :\n- Is an Out-of-the-box functionality\n- Requires configuration?\n- Requires customisation?",null,null,"Very important",{"$f":"IF(I69='Priority Ratings'!$C$21,'Priority Ratings'!$B$21, IF(I69='Priority Ratings'!$C$22,'Priority Ratings'!$B$22,IF(I69='Priority Ratings'!$C$23,'Priority Ratings'!$B$23,IF(I69='Priority Ratings'!$C$24,'Priority Ratings'!$B$24,IF(I69='Priority Ratings'!$C$25,'Priority Ratings'!$B$25,IF(I69='Priority Ratings'!$C$26,'Priority Ratings'!$B$26,IF(I69='Priority Ratings'!$C$27,'Priority Ratings'!$B$27,\"No Rating\")))))))","v":4},1.1204481792717087E-2,"100%: Fully comply with requirement\n50%:   Partially comply will require development/ customisation\n0%:     No compliance",0,0]
[62,"Meeting the Scope of Work Required","How well has the Tenderer described how scope requirements will be met?  Do they understand what needs to be done?  List concerns in Comments.","Network Diagrams and graphic and features","Flexible diagram layer concept with opacity settings for customizable layer combinations, including annotation layers\nfor enriched visualization options (network diagram,\nmaps, images, texts, plots, etc.)","Indicate if the solution :\n- Is an Out-of-the-box functionality\n- Requires configuration?\n- Requires customisation?",null,null,"Very important",{"$f":"IF(I70='Priority Ratings'!$C$21,'Priority Ratings'!$B$21, IF(I70='Priority Ratings'!$C$22,'Priority Ratings'!$B$22,IF(I70='Priority Ratings'!$C$23,'Priority Ratings'!$B$23,IF(I70='Priority Ratings'!$C$24,'Priority Ratings'!$B$24,IF(I70='Priority Ratings'!$C$25,'Priority Ratings'!$B$25,IF(I70='Priority Ratings'!$C$26,'Priority Ratings'!$B$26,IF(I70='Priority Ratings'!$C$27,'Priority Ratings'!$B$27,\"No Rating\")))))))","v":4},1.1204481792717087E-2,"100%: Fully comply with requirement\n50%:   Partially comply will require development/ customisation\n0%:     No compliance",0,0]
[63,"Meeting the Scope of Work Required","How well has the Tenderer described how scope requirements will be met?  Do they understand what needs to be done?  List concerns in Comments.","Network Diagrams and graphic and features","Single line diagram handling across Variations and\nExpansion Stages.","Indicate if the solution :\n- Is an Out-of-the-box functionality\n- Requires configuration?\n- Requires customisation?",null,null,"Critical",{"$f":"IF(I71='Priority Ratings'!$C$21,'Priority Ratings'!$B$21, IF(I71='Priority Ratings'!$C$22,'Priority Ratings'!$B$22,IF(I71='Priority Ratings'!$C$23,'Priority Ratings'!$B$23,IF(I71='Priority Ratings'!$C$24,'Priority Ratings'!$B$24,IF(I71='Priority Ratings'!$C$25,'Priority Ratings'!$B$25,IF(I71='Priority Ratings'!$C$26,'Priority Ratings'!$B$26,IF(I71='Priority Ratings'!$C$27,'Priority Ratings'!$B$27,\"No Rating\")))))))","v":5},1.4005602240896359E-2,"100%: Fully comply with requirement\n50%:   Partially comply will require development/ customisation\n0%:     No compliance",0,0]
[64,"Meeting the Scope of Work Required","How well has the Tenderer described how scope requirements will be met?  Do they understand what needs to be done?  List concerns in Comments.","Network Diagrams and graphic and features","Automated drawing of Site, Substation Diagrams, and network diagrams.","Indicate if the solution :\n- Is an Out-of-the-box functionality\n- Requires configuration?\n- Requires customisation?",null,null,"Critical",{"$f":"IF(I72='Priority Ratings'!$C$21,'Priority Ratings'!$B$21, IF(I72='Priority Ratings'!$C$22,'Priority Ratings'!$B$22,IF(I72='Priority Ratings'!$C$23,'Priority Ratings'!$B$23,IF(I72='Priority Ratings'!$C$24,'Priority Ratings'!$B$24,IF(I72='Priority Ratings'!$C$25,'Priority Ratings'!$B$25,IF(I72='Priority Ratings'!$C$26,'Priority Ratings'!$B$26,IF(I72='Priority Ratings'!$C$27,'Priority Ratings'!$B$27,\"No Rating\")))))))","v":5},1.4005602240896359E-2,"100%: Fully comply with requirement\n50%:   Partially comply will require development/ customisation\n0%:     No compliance",0,0]
[65,"Meeting the Scope of Work Required","How well has the Tenderer described how scope requirements will be met?  Do they understand what needs to be done?  List concerns in Comments.","Network Diagrams and graphic and features","Diagram Layout Tool for auto-drawing or assisted drawing of full or partial network, feeders, protection devices (CTs, VT, relays), branches, site, and substation diagrams as well\nas auto-expansion of diagram.","Indicate if the solution :\n- Is an Out-of-the-box functionality\n- Requires configuration?\n- Requires customisation?",null,null,"Very important",{"$f":"IF(I73='Priority Ratings'!$C$21,'Priority Ratings'!$B$21, IF(I73='Priority Ratings'!$C$22,'Priority Ratings'!$B$22,IF(I73='Priority Ratings'!$C$23,'Priority Ratings'!$B$23,IF(I73='Priority Ratings'!$C$24,'Priority Ratings'!$B$24,IF(I73='Priority Ratings'!$C$25,'Priority Ratings'!$B$25,IF(I73='Priority Ratings'!$C$26,'Priority Ratings'!$B$26,IF(I73='Priority Ratings'!$C$27,'Priority Ratings'!$B$27,\"No Rating\")))))))","v":4},1.1204481792717087E-2,"100%: Fully comply with requirement\n50%:   Partially comply will require development/ customisation\n0%:     No compliance",0,0]
[66,"Meeting the Scope of Work Required","How well has the Tenderer described how scope requirements will be met?  Do they understand what needs to be done?  List concerns in Comments.","Network Diagrams and graphic and features","Global template libraries (e.g., for substation configurations, Wind Turbine Generators, PV systems).","Indicate if the solution :\n- Is an Out-of-the-box functionality\n- Requires configuration?\n- Requires customisation?",null,null,"Very important",{"$f":"IF(I74='Priority Ratings'!$C$21,'Priority Ratings'!$B$21, IF(I74='Priority Ratings'!$C$22,'Priority Ratings'!$B$22,IF(I74='Priority Ratings'!$C$23,'Priority Ratings'!$B$23,IF(I74='Priority Ratings'!$C$24,'Priority Ratings'!$B$24,IF(I74='Priority Ratings'!$C$25,'Priority Ratings'!$B$25,IF(I74='Priority Ratings'!$C$26,'Priority Ratings'!$B$26,IF(I74='Priority Ratings'!$C$27,'Priority Ratings'!$B$27,\"No Rating\")))))))","v":4},1.1204481792717087E-2,"100%: Fully comply with requirement\n50%:   Partially comply will require development/ customisation\n0%:     No compliance",0,0]
[67,"Meeting the Scope of Work Required","How well has the Tenderer described how scope requirements will be met?  Do they understand what needs to be done?  List concerns in Comments.","Network Diagrams and graphic and features","Numerous diagram colouring and result visualization modes.","Indicate if the solution :\n- Is an Out-of-the-box functionality\n- Requires configuration?\n- Requires customisation?",null,null,"Very important",{"$f":"IF(I75='Priority Ratings'!$C$21,'Priority Ratings'!$B$21, IF(I75='Priority Ratings'!$C$22,'Priority Ratings'!$B$22,IF(I75='Priority Ratings'!$C$23,'Priority Ratings'!$B$23,IF(I75='Priority Ratings'!$C$24,'Priority Ratings'!$B$24,IF(I75='Priority Ratings'!$C$25,'Priority Ratings'!$B$25,IF(I75='Priority Ratings'!$C$26,'Priority Ratings'!$B$26,IF(I75='Priority Ratings'!$C$27,'Priority Ratings'!$B$27,\"No Rating\")))))))","v":4},1.1204481792717087E-2,"100%: Fully comply with requirement\n50%:   Partially comply will require development/ customisation\n0%:     No compliance",0,0]
[68,"Meeting the Scope of Work Required","How well has the Tenderer described how scope requirements will be met?  Do they understand what needs to be done?  List concerns in Comments.","Network Diagrams and graphic and features","Flexible Heat map background colouring scheme.","Indicate if the solution :\n- Is an Out-of-the-box functionality\n- Requires configuration?\n- Requires customisation?",null,null,"Important",{"$f":"IF(I76='Priority Ratings'!$C$21,'Priority Ratings'!$B$21, IF(I76='Priority Ratings'!$C$22,'Priority Ratings'!$B$22,IF(I76='Priority Ratings'!$C$23,'Priority Ratings'!$B$23,IF(I76='Priority Ratings'!$C$24,'Priority Ratings'!$B$24,IF(I76='Priority Ratings'!$C$25,'Priority Ratings'!$B$25,IF(I76='Priority Ratings'!$C$26,'Priority Ratings'!$B$26,IF(I76='Priority Ratings'!$C$27,'Priority Ratings'!$B$27,\"No Rating\")))))))","v":3},8.4033613445378148E-3,"100%: Fully comply with requirement\n50%:   Partially comply will require development/ customisation\n0%:     No compliance",0,0]
[69,"Meeting the Scope of Work Required","How well has the Tenderer described how scope requirements will be met?  Do they understand what needs to be done?  List concerns in Comments.","Network Diagrams and graphic and features","Detachable Navigation Pane facility.","Indicate if the solution :\n- Is an Out-of-the-box functionality\n- Requires configuration?\n- Requires customisation?",null,null,"Important",{"$f":"IF(I77='Priority Ratings'!$C$21,'Priority Ratings'!$B$21, IF(I77='Priority Ratings'!$C$22,'Priority Ratings'!$B$22,IF(I77='Priority Ratings'!$C$23,'Priority Ratings'!$B$23,IF(I77='Priority Ratings'!$C$24,'Priority Ratings'!$B$24,IF(I77='Priority Ratings'!$C$25,'Priority Ratings'!$B$25,IF(I77='Priority Ratings'!$C$26,'Priority Ratings'!$B$26,IF(I77='Priority Ratings'!$C$27,'Priority Ratings'!$B$27,\"No Rating\")))))))","v":3},8.4033613445378148E-3,"100%: Fully comply with requirement\n50%:   Partially comply will require development/ customisation\n0%:     No compliance",0,0]
[70,"Meeting the Scope of Work Required","How well has the Tenderer described how scope requirements will be met?  Do they understand what needs to be done?  List concerns in Comments.","Network Diagrams and graphic and features","View Bookmarks for quick navigation between zoom areas.","Indicate if the solution :\n- Is an Out-of-the-box functionality\n- Requires configuration?\n- Requires customisation?",null,null,"Important",{"$f":"IF(I78='Priority Ratings'!$C$21,'Priority Ratings'!$B$21, IF(I78='Priority Ratings'!$C$22,'Priority Ratings'!$B$22,IF(I78='Priority Ratings'!$C$23,'Priority Ratings'!$B$23,IF(I78='Priority Ratings'!$C$24,'Priority Ratings'!$B$24,IF(I78='Priority Ratings'!$C$25,'Priority Ratings'!$B$25,IF(I78='Priority Ratings'!$C$26,'Priority Ratings'!$B$26,IF(I78='Priority Ratings'!$C$27,'Priority Ratings'!$B$27,\"No Rating\")))))))","v":3},8.4033613445378148E-3,"100%: Fully comply with requirement\n50%:   Partially comply will require development/ customisation\n0%:     No compliance",0,0]
[71,"Meeting the Scope of Work Required","How well has the Tenderer described how scope requirements will be met?  Do they understand what needs to be done?  List concerns in Comments.","Network Diagrams and graphic and features","Diagram export and printing functionality with print area\ndefinition and print previewing.","Indicate if the solution :\n- Is an Out-of-the-box functionality\n- Requires configuration?\n- Requires customisation?",null,null,"Very important",{"$f":"IF(I79='Priority Ratings'!$C$21,'Priority Ratings'!$B$21, IF(I79='Priority Ratings'!$C$22,'Priority Ratings'!$B$22,IF(I79='Priority Ratings'!$C$23,'Priority Ratings'!$B$23,IF(I79='Priority Ratings'!$C$24,'Priority Ratings'!$B$24,IF(I79='Priority Ratings'!$C$25,'Priority Ratings'!$B$25,IF(I79='Priority Ratings'!$C$26,'Priority Ratings'!$B$26,IF(I79='Priority Ratings'!$C$27,'Priority Ratings'!$B$27,\"No Rating\")))))))","v":4},1.1204481792717087E-2,"100%: Fully comply with requirement\n50%:   Partially comply will require development/ customisation\n0%:     No compliance",0,0]
[]
[null,null,null,null,null,null,null,"Totals",null,{"$f":"SUM(J9:J79)","v":357},{"$f":"SUM(K9:K79)","v":0.99999999999999911},null,null,{"$f":"SUM(N9:N79)","v":0}]

{"sheet":"PSST-Results and Reporting","index":5,"n_rows":20,"n_cols":15,"rows_kept":20,"cut":false,"hidden":false,"merged":[[0,0,0,2],[4,0,4,2],[6,14,7,14],[5,0,5,2],[3,0,3,2],[2,0,2,2],[1,0,1,2]]}
["Power System Simulation Tool Functional: PSST-Results and Reporting BRS9.1"]
["CORP xxxx Tender",null,null,null,null,null,null,null,null,null,null,null,"Scoring (Sliding scale)"]
["Tenderer:",null,null,null,null,null,null,null,null,null,null,null,"100% - Fully compliant"]
["Evaluated by:",null,null,null,null,null,null,null,null,null,null,null,"50%-Partially compliant"]
[null,null,null,null,null,null,null,null,null,null,null,null,"0%-Non compliance"]
["Evaluation Criteria"]
[null,null,null,null,null,null,"Vendor Compliance\nFull Compliance - Y\nPartial Compliance - P\nNon Compliance - N","Vendor to indicate any applicable comments based on Compliance","Priority\nRequirement priority as determined by Eskom","Weight\n(agreed by evaluation team members)",null,"Score\n(determined by each evaluation team member during evaluation. Will be averaged for final scores)","Score",null,"Comments (Internal) for scorer"]
["ID","Type","Criterion","Functional Requirement","Requirement description","Evaluation Criterion / Question","Vendor Compliance","Comments","Priority Description","Priority\n","Weighted Question","Scoring","Answer\n(0,50,100%)","Weighted Answer"]
[1,"Meeting the Scope of Work Required","How well has the Tenderer described how scope requirements will be met?  Do they understand what needs to be done?  List concerns in Comments.","Results outcomes and reporting requirements","Comprehensive text and interactive spreadsheet reports.","Indicate if the solution :\n- Is an Out-of-the-box functionality\n- Requires configuration?\n- Requires customisation?",null,null,"Very important",{"$f":"IF(I9='Priority Ratings'!$C$21,'Priority Ratings'!$B$21, IF(I9='Priority Ratings'!$C$22,'Priority Ratings'!$B$22,IF(I9='Priority Ratings'!$C$23,'Priority Ratings'!$B$23,IF(I9='Priority Ratings'!$C$24,'Priority Ratings'!$B$24,IF(I9='Priority Ratings'!$C$25,'Priority Ratings'!$B$25,IF(I9='Priority Ratings'!$C$26,'Priority Ratings'!$B$26,IF(I9='Priority Ratings'!$C$27,'Priority Ratings'!$B$27,\"No Rating\")))))))","v":4},{"$f":"J9/J$20","v":8.5106382978723402E-2},"100%: Fully comply with requirement\n50%:   Partially comply will require development/ customisation\n0%:     No compliance",0,{"$f":"K9*M9","v":0}]
[2,"Meeting the Scope of Work Required","How well has the Tenderer described how scope requirements will be met?  Do they understand what needs to be done?  List concerns in Comments.","Results outcomes and reporting requirements","Ability to export to a spreadsheet, to tabulate result views via configurable and selectable parameter and result outputs.","Indicate if the solution :\n- Is an Out-of-the-box functionality\n- Requires configuration?\n- Requires customisation?",null,null,"Critical",{"$f":"IF(I10='Priority Ratings'!$C$21,'Priority Ratings'!$B$21, IF(I10='Priority Ratings'!$C$22,'Priority Ratings'!$B$22,IF(I10='Priority Ratings'!$C$23,'Priority Ratings'!$B$23,IF(I10='Priority Ratings'!$C$24,'Priority Ratings'!$B$24,IF(I10='Priority Ratings'!$C$25,'Priority Ratings'!$B$25,IF(I10='Priority Ratings'!$C$26,'Priority Ratings'!$B$26,IF(I10='Priority Ratings'!$C$27,'Priority Ratings'!$B$27,\"No Rating\")))))))","v":5},0.10638297872340426,"100%: Fully comply with requirement\n50%:   Partially comply will require development/ customisation\n0%:     No compliance",0,{"$f":"K10*M10","v":0}]
[3,"Meeting the Scope of Work Required","How well has the Tenderer described how scope requirements will be met?  Do they understand what needs to be done?  List concerns in Comments.","Results outcomes and reporting requirements","Flexible reporting and result visualization on network diagrams.","Indicate if the solution :\n- Is an Out-of-the-box functionality\n- Requires configuration?\n- Requires customisation?",null,null,"Critical",{"$f":"IF(I11='Priority Ratings'!$C$21,'Priority Ratings'!$B$21, IF(I11='Priority Ratings'!$C$22,'Priority Ratings'!$B$22,IF(I11='Priority Ratings'!$C$23,'Priority Ratings'!$B$23,IF(I11='Priority Ratings'!$C$24,'Priority Ratings'!$B$24,IF(I11='Priority Ratings'!$C$25,'Priority Ratings'!$B$25,IF(I11='Priority Ratings'!$C$26,'Priority Ratings'!$B$26,IF(I11='Priority Ratings'!$C$27,'Priority Ratings'!$B$27,\"No Rating\")))))))","v":5},0.10638297872340426,"100%: Fully comply with requirement\n50%:   Partially comply will require development/ customisation\n0%:     No compliance",0,0]
[4,"Meeting the Scope of Work Required","How well has the Tenderer described how scope requirements will be met?  Do they understand what needs to be done?  List concerns in Comments.","Results outcomes and reporting requirements","Interactive output window with flexible filter functionality.","Indicate if the solution :\n- Is an Out-of-the-box functionality\n- Requires configuration?\n- Requires customisation?",null,null,"Critical",{"$f":"IF(I12='Priority Ratings'!$C$21,'Priority Ratings'!$B$21, IF(I12='Priority Ratings'!$C$22,'Priority Ratings'!$B$22,IF(I12='Priority Ratings'!$C$23,'Priority Ratings'!$B$23,IF(I12='Priority Ratings'!$C$24,'Priority Ratings'!$B$24,IF(I12='Priority Ratings'!$C$25,'Priority Ratings'!$B$25,IF(I12='Priority Ratings'!$C$26,'Priority Ratings'!$B$26,IF(I12='Priority Ratings'!$C$27,'Priority Ratings'!$B$27,\"No Rating\")))))))","v":5},0.10638297872340426,"100%: Fully comply with requirement\n50%:   Partially comply will require development/ customisation\n0%:     No compliance",0,0]
[5,"Meeting the Scope of Work Required","How well has the Tenderer described how scope requirements will be met?  Do they understand what needs to be done?  List concerns in Comments.","Results outcomes and reporting requirements","Numerous interactive plots for result visualization\n(differential and time- over current protection, harmonics, stability and transients, eigenvalue analysis, etc.)","Indicate if the solution :\n- Is an Out-of-the-box functionality\n- Requires configuration?\n- Requires customisation?",null,null,"Critical",{"$f":"IF(I13='Priority Ratings'!$C$21,'Priority Ratings'!$B$21, IF(I13='Priority Ratings'!$C$22,'Priority Ratings'!$B$22,IF(I13='Priority Ratings'!$C$23,'Priority Ratings'!$B$23,IF(I13='Priority Ratings'!$C$24,'Priority Ratings'!$B$24,IF(I13='Priority Ratings'!$C$25,'Priority Ratings'!$B$25,IF(I13='Priority Ratings'!$C$26,'Priority Ratings'!$B$26,IF(I13='Priority Ratings'!$C$27,'Priority Ratings'!$B$27,\"No Rating\")))))))","v":5},0.10638297872340426,"100%: Fully comply with requirement\n50%:   Partially comply will require development/ customisation\n0%:     No compliance",0,0]
[6,"Meeting the Scope of Work Required","How well has the Tenderer described how scope requirements will be met?  Do they understand what needs to be done?  List concerns in Comments.","Results outcomes and reporting requirements","Ability to store results and call upon previous results for comparative analysis.","Indicate if the solution :\n- Is an Out-of-the-box functionality\n- Requires configuration?\n- Requires customisation?",null,null,"Critical",{"$f":"IF(I14='Priority Ratings'!$C$21,'Priority Ratings'!$B$21, IF(I14='Priority Ratings'!$C$22,'Priority Ratings'!$B$22,IF(I14='Priority Ratings'!$C$23,'Priority Ratings'!$B$23,IF(I14='Priority Ratings'!$C$24,'Priority Ratings'!$B$24,IF(I14='Priority Ratings'!$C$25,'Priority Ratings'!$B$25,IF(I14='Priority Ratings'!$C$26,'Priority Ratings'!$B$26,IF(I14='Priority Ratings'!$C$27,'Priority Ratings'!$B$27,\"No Rating\")))))))","v":5},0.10638297872340426,"100%: Fully comply with requirement\n50%:   Partially comply will require development/ customisation\n0%:     No compliance",0,0]
[7,"Meeting the Scope of Work Required","How well has the Tenderer described how scope requirements will be met?  Do they understand what needs to be done?  List concerns in Comments.","Results outcomes and reporting requirements","Easy-to-use plot navigation (e.g., scaling, zooming,\nmoving/sliding, stretching/compressing, etc.)","Indicate if the solution :\n- Is an Out-of-the-box functionality\n- Requires configuration?\n- Requires customisation?",null,null,"Critical",{"$f":"IF(I15='Priority Ratings'!$C$21,'Priority Ratings'!$B$21, IF(I15='Priority Ratings'!$C$22,'Priority Ratings'!$B$22,IF(I15='Priority Ratings'!$C$23,'Priority Ratings'!$B$23,IF(I15='Priority Ratings'!$C$24,'Priority Ratings'!$B$24,IF(I15='Priority Ratings'!$C$25,'Priority Ratings'!$B$25,IF(I15='Priority Ratings'!$C$26,'Priority Ratings'!$B$26,IF(I15='Priority Ratings'!$C$27,'Priority Ratings'!$B$27,\"No Rating\")))))))","v":5},0.10638297872340426,"100%: Fully comply with requirement\n50%:   Partially comply will require development/ customisation\n0%:     No compliance",0,0]
[8,"Meeting the Scope of Work Required","How well has the Tenderer described how scope requirements will be met?  Do they understand what needs to be done?  List concerns in Comments.","Results outcomes and reporting requirements","Dynamic colouring by means of results on all functions.","Indicate if the solution :\n- Is an Out-of-the-box functionality\n- Requires configuration?\n- Requires customisation?",null,null,"Very important",{"$f":"IF(I16='Priority Ratings'!$C$21,'Priority Ratings'!$B$21, IF(I16='Priority Ratings'!$C$22,'Priority Ratings'!$B$22,IF(I16='Priority Ratings'!$C$23,'Priority Ratings'!$B$23,IF(I16='Priority Ratings'!$C$24,'Priority Ratings'!$B$24,IF(I16='Priority Ratings'!$C$25,'Priority Ratings'!$B$25,IF(I16='Priority Ratings'!$C$26,'Priority Ratings'!$B$26,IF(I16='Priority Ratings'!$C$27,'Priority Ratings'!$B$27,\"No Rating\")))))))","v":4},8.5106382978723402E-2,"100%: Fully comply with requirement\n50%:   Partially comply will require development/ customisation\n0%:     No compliance",0,0]
[9,"Meeting the Scope of Work Required","How well has the Tenderer described how scope requirements will be met?  Do they understand what needs to be done?  List concerns in Comments.","Results outcomes and reporting requirements","Intelligent Plots with statistics functionality.","Indicate if the solution :\n- Is an Out-of-the-box functionality\n- Requires configuration?\n- Requires customisation?",null,null,"Very important",{"$f":"IF(I17='Priority Ratings'!$C$21,'Priority Ratings'!$B$21, IF(I17='Priority Ratings'!$C$22,'Priority Ratings'!$B$22,IF(I17='Priority Ratings'!$C$23,'Priority Ratings'!$B$23,IF(I17='Priority Ratings'!$C$24,'Priority Ratings'!$B$24,IF(I17='Priority Ratings'!$C$25,'Priority Ratings'!$B$25,IF(I17='Priority Ratings'!$C$26,'Priority Ratings'!$B$26,IF(I17='Priority Ratings'!$C$27,'Priority Ratings'!$B$27,\"No Rating\")))))))","v":4},8.5106382978723402E-2,"100%: Fully comply with requirement\n50%:   Partially comply will require development/ customisation\n0%:     No compliance",0,0]
[10,"Meeting the Scope of Work Required","How well has the Tenderer described how scope requirements will be met?  Do they understand what needs to be done?  List concerns in Comments.","Results outcomes and reporting requirements","Output window including icons, colours, tabs and filters for categorization and visualisation.","Indicate if the solution :\n- Is an Out-of-the-box functionality\n- Requires configuration?\n- Requires customisation?",null,null,"Critical",{"$f":"IF(I18='Priority Ratings'!$C$21,'Priority Ratings'!$B$21, IF(I18='Priority Ratings'!$C$22,'Priority Ratings'!$B$22,IF(I18='Priority Ratings'!$C$23,'Priority Ratings'!$B$23,IF(I18='Priority Ratings'!$C$24,'Priority Ratings'!$B$24,IF(I18='Priority Ratings'!$C$25,'Priority Ratings'!$B$25,IF(I18='Priority Ratings'!$C$26,'Priority Ratings'!$B$26,IF(I18='Priority Ratings'!$C$27,'Priority Ratings'!$B$27,\"No Rating\")))))))","v":5},0.10638297872340426,"100%: Fully comply with requirement\n50%:   Partially comply will require development/ customisation\n0%:     No compliance",0,0]
[]
[null,null,null,null,null,null,null,"Totals",null,{"$f":"SUM(J9:J18)","v":47},{"$f":"SUM(K9:K18)","v":1},null,null,{"$f":"SUM(N9:N18)","v":0}]

{"sheet":"PSST-Information Exchange","index":6,"n_rows":20,"n_cols":15,"rows_kept":20,"cut":false,"hidden":false,"merged":[[0,0,0,2],[4,0,4,2],[6,14,7,14],[5,0,5,2],[3,0,3,2],[2,0,2,2],[1,0,1,2]]}
["Power System Simulation Tool Functional: PSST-Information Exchange BRS10.1"]
["CORP xxxx Tender",null,null,null,null,null,null,null,null,null,null,null,"Scoring (Sliding scale)"]
["Tenderer:",null,null,null,null,null,null,null,null,null,null,null,"100% - Fully compliant"]
["Evaluated by:",null,null,null,null,null,null,null,null,null,null,null,"50%-Partially compliant"]
[null,null,null,null,null,null,null,null,null,null,null,null,"0%-Non compliance"]
["Evaluation Criteria"]
[null,null,null,null,null,null,"Vendor Compliance\nFull Compliance - Y\nPartial Compliance - P\nNon Compliance - N","Vendor to indicate any applicable comments based on Compliance","Priority\nRequirement priority as determined by Eskom","Weight\n(agreed by evaluation team members)",null,"Score\n(determined by each evaluation team member during evaluation. Will be averaged for final scores)","Score",null,"Comments (Internal) for scorer"]
["ID","Type","Criterion","Functional Requirement","Requirement description","Evaluation Criterion / Question","Vendor Compliance","Comments","Priority Description","Priority\n","Weighted Question","Scoring","Answer\n(0,50,100%)","Weighted Answer"]
[1,"Meeting the Scope of Work Required","How well has the Tenderer described how scope requirements will be met?  Do they understand what needs to be done?  List concerns in Comments.","Importing and Exporting Data","Support of various data conversion and interfacing options for bi-directional data exchange.","Indicate if the solution :\n- Is an Out-of-the-box functionality\n- Requires configuration?\n- Requires customisation?",null,null,"Critical",{"$f":"IF(I9='Priority Ratings'!$C$21,'Priority Ratings'!$B$21, IF(I9='Priority Ratings'!$C$22,'Priority Ratings'!$B$22,IF(I9='Priority Ratings'!$C$23,'Priority Ratings'!$B$23,IF(I9='Priority Ratings'!$C$24,'Priority Ratings'!$B$24,IF(I9='Priority Ratings'!$C$25,'Priority Ratings'!$B$25,IF(I9='Priority Ratings'!$C$26,'Priority Ratings'!$B$26,IF(I9='Priority Ratings'!$C$27,'Priority Ratings'!$B$27,\"No Rating\")))))))","v":5},{"$f":"J9/J$20","v":0.1},"100%: Fully comply with requirement (Out of the box function with minor re-configuration) \n50%:   Partially comply, will require major configuration.\n0%:     No compliance/require development and/or customisation.",0,{"$f":"K9*M9","v":0}]
[2,"Meeting the Scope of Work Required","How well has the Tenderer described how scope requirements will be met?  Do they understand what needs to be done?  List concerns in Comments.","Importing and Exporting Data","Ability to import/export electrical models from other common simulation packages such as (Power Factory, Retic Master,\nPSSE and other PSSA Tools).","Indicate if the solution :\n- Is an Out-of-the-box functionality\n- Requires configuration?\n- Requires customisation?",null,null,"Critical",{"$f":"IF(I10='Priority Ratings'!$C$21,'Priority Ratings'!$B$21, IF(I10='Priority Ratings'!$C$22,'Priority Ratings'!$B$22,IF(I10='Priority Ratings'!$C$23,'Priority Ratings'!$B$23,IF(I10='Priority Ratings'!$C$24,'Priority Ratings'!$B$24,IF(I10='Priority Ratings'!$C$25,'Priority Ratings'!$B$25,IF(I10='Priority Ratings'!$C$26,'Priority Ratings'!$B$26,IF(I10='Priority Ratings'!$C$27,'Priority Ratings'!$B$27,\"No Rating\")))))))","v":5},0.1,"100%: Fully comply with requirement (Out of the box function with minor re-configuration) \n50%:   Partially comply, will require major configuration.\n0%:     No compliance/require development and/or customisation.",0,{"$f":"K10*M10","v":0}]
[3,"Meeting the Scope of Work Required","How well has the Tenderer described how scope requirements will be met?  Do they understand what needs to be done?  List concerns in Comments.","Importing and Exporting Data","Ability to import/export loading data (24 hour, seasonal and yearly profiles) with the ability to apply scaling factors (24\nhour, seasonal and yearly) to those profiles.","Indicate if the solution :\n- Is an Out-of-the-box functionality\n- Requires configuration?\n- Requires customisation?",null,null,"Critical",{"$f":"IF(I11='Priority Ratings'!$C$21,'Priority Ratings'!$B$21, IF(I11='Priority Ratings'!$C$22,'Priority Ratings'!$B$22,IF(I11='Priority Ratings'!$C$23,'Priority Ratings'!$B$23,IF(I11='Priority Ratings'!$C$24,'Priority Ratings'!$B$24,IF(I11='Priority Ratings'!$C$25,'Priority Ratings'!$B$25,IF(I11='Priority Ratings'!$C$26,'Priority Ratings'!$B$26,IF(I11='Priority Ratings'!$C$27,'Priority Ratings'!$B$27,\"No Rating\")))))))","v":5},0.1,"100%: Fully comply with requirement (Out of the box function with minor re-configuration) \n50%:   Partially comply, will require major configuration.\n0%:     No compliance/require development and/or customisation.",0,0]
[4,"Meeting the Scope of Work Required","How well has the Tenderer described how scope requirements will be met?  Do they understand what needs to be done?  List concerns in Comments.","Importing and Exporting Data","Ability to import/export scripts.","Indicate if the solution :\n- Is an Out-of-the-box functionality\n- Requires configuration?\n- Requires customisation?",null,null,"Show stopper",{"$f":"IF(I12='Priority Ratings'!$C$21,'Priority Ratings'!$B$21, IF(I12='Priority Ratings'!$C$22,'Priority Ratings'!$B$22,IF(I12='Priority Ratings'!$C$23,'Priority Ratings'!$B$23,IF(I12='Priority Ratings'!$C$24,'Priority Ratings'!$B$24,IF(I12='Priority Ratings'!$C$25,'Priority Ratings'!$B$25,IF(I12='Priority Ratings'!$C$26,'Priority Ratings'!$B$26,IF(I12='Priority Ratings'!$C$27,'Priority Ratings'!$B$27,\"No Rating\")))))))","v":6},0.12,"100%: Fully comply with requirement (Out of the box function with minor re-configuration) \n50%:   Partially comply, will require major configuration.\n0%:     No compliance/require development and/or customisation.",0,0]
[5,"Meeting the Scope of Work Required","How well has the Tenderer described how scope requirements will be met?  Do they understand what needs to be done?  List concerns in Comments.","Importing and Exporting Data","Ability to import/export user settings and project settings.","Indicate if the solution :\n- Is an Out-of-the-box functionality\n- Requires configuration?\n- Requires customisation?",null,null,"Very important",{"$f":"IF(I13='Priority Ratings'!$C$21,'Priority Ratings'!$B$21, IF(I13='Priority Ratings'!$C$22,'Priority Ratings'!$B$22,IF(I13='Priority Ratings'!$C$23,'Priority Ratings'!$B$23,IF(I13='Priority Ratings'!$C$24,'Priority Ratings'!$B$24,IF(I13='Priority Ratings'!$C$25,'Priority Ratings'!$B$25,IF(I13='Priority Ratings'!$C$26,'Priority Ratings'!$B$26,IF(I13='Priority Ratings'!$C$27,'Priority Ratings'!$B$27,\"No Rating\")))))))","v":4},0.08,"100%: Fully comply with requirement (Out of the box function with minor re-configuration) \n50%:   Partially comply, will require major configuration.\n0%:     No compliance/require development and/or customisation.",0,0]
[6,"Meeting the Scope of Work Required","How well has the Tenderer described how scope requirements will be met?  Do they understand what needs to be done?  List concerns in Comments.","Importing and Exporting Data","Ability to import/export controller models.","Indicate if the solution :\n- Is an Out-of-the-box functionality\n- Requires configuration?\n- Requires customisation?",null,null,"Critical",{"$f":"IF(I14='Priority Ratings'!$C$21,'Priority Ratings'!$B$21, IF(I14='Priority Ratings'!$C$22,'Priority Ratings'!$B$22,IF(I14='Priority Ratings'!$C$23,'Priority Ratings'!$B$23,IF(I14='Priority Ratings'!$C$24,'Priority Ratings'!$B$24,IF(I14='Priority Ratings'!$C$25,'Priority Ratings'!$B$25,IF(I14='Priority Ratings'!$C$26,'Priority Ratings'!$B$26,IF(I14='Priority Ratings'!$C$27,'Priority Ratings'!$B$27,\"No Rating\")))))))","v":5},0.1,"100%: Fully comply with requirement (Out of the box function with minor re-configuration) \n50%:   Partially comply, will require major configuration.\n0%:     No compliance/require development and/or customisation.",0,0]
[7,"Meeting the Scope of Work Required","How well has the Tenderer described how scope requirements will be met?  Do they understand what needs to be done?  List concerns in Comments.","Importing and Exporting Data","Ability to import/export models and data from database and spreadsheets sources.","Indicate if the solution :\n- Is an Out-of-the-box functionality\n- Requires configuration?\n- Requires customisation?",null,null,"Critical",{"$f":"IF(I15='Priority Ratings'!$C$21,'Priority Ratings'!$B$21, IF(I15='Priority Ratings'!$C$22,'Priority Ratings'!$B$22,IF(I15='Priority Ratings'!$C$23,'Priority Ratings'!$B$23,IF(I15='Priority Ratings'!$C$24,'Priority Ratings'!$B$24,IF(I15='Priority Ratings'!$C$25,'Priority Ratings'!$B$25,IF(I15='Priority Ratings'!$C$26,'Priority Ratings'!$B$26,IF(I15='Priority Ratings'!$C$27,'Priority Ratings'!$B$27,\"No Rating\")))))))","v":5},0.1,"100%: Fully comply with requirement (Out of the box function with minor re-configuration) \n50%:   Partially comply, will require major configuration.\n0%:     No compliance/require development and/or customisation.",0,0]
[8,"Meeting the Scope of Work Required","How well has the Tenderer described how scope requirements will be met?  Do they understand what needs to be done?  List concerns in Comments.","Importing and Exporting Data","Ability import/export electrical models via database methods such as .csv, access database, xml etc.","Indicate if the solution :\n- Is an Out-of-the-box functionality\n- Requires configuration?\n- Requires customisation?",null,null,"Critical",{"$f":"IF(I16='Priority Ratings'!$C$21,'Priority Ratings'!$B$21, IF(I16='Priority Ratings'!$C$22,'Priority Ratings'!$B$22,IF(I16='Priority Ratings'!$C$23,'Priority Ratings'!$B$23,IF(I16='Priority Ratings'!$C$24,'Priority Ratings'!$B$24,IF(I16='Priority Ratings'!$C$25,'Priority Ratings'!$B$25,IF(I16='Priority Ratings'!$C$26,'Priority Ratings'!$B$26,IF(I16='Priority Ratings'!$C$27,'Priority Ratings'!$B$27,\"No Rating\")))))))","v":5},0.1,"100%: Fully comply with requirement (Out of the box function with minor re-configuration) \n50%:   Partially comply, will require major configuration.\n0%:     No compliance/require development and/or customisation.",0,0]
[9,"Meeting the Scope of Work Required","How well has the Tenderer described how scope requirements will be met?  Do they understand what needs to be done?  List concerns in Comments.","Importing and Exporting Data","Ability to import/export electrical models via Common Information Model (CIM)","Indicate if the solution :\n- Is an Out-of-the-box functionality\n- Requires configuration?\n- Requires customisation?",null,null,"Critical",{"$f":"IF(I17='Priority Ratings'!$C$21,'Priority Ratings'!$B$21, IF(I17='Priority Ratings'!$C$22,'Priority Ratings'!$B$22,IF(I17='Priority Ratings'!$C$23,'Priority Ratings'!$B$23,IF(I17='Priority Ratings'!$C$24,'Priority Ratings'!$B$24,IF(I17='Priority Ratings'!$C$25,'Priority Ratings'!$B$25,IF(I17='Priority Ratings'!$C$26,'Priority Ratings'!$B$26,IF(I17='Priority Ratings'!$C$27,'Priority Ratings'!$B$27,\"No Rating\")))))))","v":5},0.1,"100%: Fully comply with requirement (Out of the box function with minor re-configuration) \n50%:   Partially comply, will require major configuration.\n0%:     No compliance/require development and/or customisation.",0,0]
[10,"Meeting the Scope of Work Required","How well has the Tenderer described how scope requirements will be met?  Do they understand what needs to be done?  List concerns in Comments.","Importing and Exporting Data","Various interfaces for communication and data exchange with third-party systems.","Indicate if the solution :\n- Is an Out-of-the-box functionality\n- Requires configuration?\n- Requires customisation?",null,null,"Critical",{"$f":"IF(I18='Priority Ratings'!$C$21,'Priority Ratings'!$B$21, IF(I18='Priority Ratings'!$C$22,'Priority Ratings'!$B$22,IF(I18='Priority Ratings'!$C$23,'Priority Ratings'!$B$23,IF(I18='Priority Ratings'!$C$24,'Priority Ratings'!$B$24,IF(I18='Priority Ratings'!$C$25,'Priority Ratings'!$B$25,IF(I18='Priority Ratings'!$C$26,'Priority Ratings'!$B$26,IF(I18='Priority Ratings'!$C$27,'Priority Ratings'!$B$27,\"No Rating\")))))))","v":5},0.1,"100%: Fully comply with requirement (Out of the box function with minor re-configuration) \n50%:   Partially comply, will require major configuration.\n0%:     No compliance/require development and/or customisation.",0,0]
[]
[null,null,null,null,null,null,null,"Totals",null,{"$f":"SUM(J9:J18)","v":50},{"$f":"SUM(K9:K18)","v":0.99999999999999989},null,null,{"$f":"SUM(N9:N18)","v":0}]

{"sheet":"PSST-Self help &Technical Ref","index":7,"n_rows":13,"n_cols":15,"rows_kept":13,"cut":false,"hidden":false,"merged":[[0,0,0,2],[4,0,4,2],[6,14,7,14],[5,0,5,2],[3,0,3,2],[2,0,2,2],[1,0,1,2]]}
["Power System Simulation Tool Functional: PSST-Self-help and Technical References BRS11.1  "]
["CORP xxxx Tender",null,null,null,null,null,null,null,null,null,null,null,"Scoring (Sliding scale)"]
["Tenderer:",null,null,null,null,null,null,null,null,null,null,null,"100% - Fully compliant"]
["Evaluated by:",null,null,null,null,null,null,null,null,null,null,null,"50%-Partially compliant"]
[null,null,null,null,null,null,null,null,null,null,null,null,"0%-Non compliance"]
["Evaluation Criteria"]
[null,null,null,null,null,null,"Vendor Compliance\nFull Compliance - Y\nPartial Compliance - P\nNon Compliance - N","Vendor to indicate any applicable comments based on Compliance","Priority\nRequirement priority as determined by Eskom","Weight\n(agreed by evaluation team members)",null,"Score\n(determined by each evaluation team member during evaluation. Will be averaged for final scores)","Score",null,"Comments (Internal) for scorer"]
["ID","Type","Criterion","Functional Requirement","Requirement description","Evaluation Criterion / Question","Vendor Compliance","Comments","Priority Description","Priority\n","Weighted Question","Scoring","Answer\n(0,50,100%)","Weighted Answer"]
[1,"Meeting the Scope of Work Required","How well has the Tenderer described how scope requirements will be met?  Do they understand what needs to be done?  List concerns in Comments.","General Software Information","Comprehensive examples including linked demo videos.","Indicate if the solution :\n- Is an Out-of-the-box functionality\n- Requires configuration?\n- Requires customisation?",null,null,"Very important",{"$f":"IF(I9='Priority Ratings'!$C$21,'Priority Ratings'!$B$21, IF(I9='Priority Ratings'!$C$22,'Priority Ratings'!$B$22,IF(I9='Priority Ratings'!$C$23,'Priority Ratings'!$B$23,IF(I9='Priority Ratings'!$C$24,'Priority Ratings'!$B$24,IF(I9='Priority Ratings'!$C$25,'Priority Ratings'!$B$25,IF(I9='Priority Ratings'!$C$26,'Priority Ratings'!$B$26,IF(I9='Priority Ratings'!$C$27,'Priority Ratings'!$B$27,\"No Rating\")))))))","v":4},{"$f":"J9/J$13","v":0.26666666666666666},"100%: Fully comply with requirement (Out of the box function with minor re-configuration) \n50%:   Partially comply, will require major configuration.\n0%:     No compliance/require development and/or customisation.",0,{"$f":"K9*M9","v":0}]
[2,"Meeting the Scope of Work Required","How well has the Tenderer described how scope requirements will be met?  Do they understand what needs to be done?  List concerns in Comments.","General Software Information","Complete, comprehensive, and well-structured User\nManual with the following requirements:\n- Overview of functions\n- Examples of use\n- Troubleshooting\n- Overview of models and examples\n\nDescription of each menu and object parameters.","Indicate if the solution :\n- Is an Out-of-the-box functionality\n- Requires configuration?\n- Requires customisation?",null,null,"Critical",{"$f":"IF(I10='Priority Ratings'!$C$21,'Priority Ratings'!$B$21, IF(I10='Priority Ratings'!$C$22,'Priority Ratings'!$B$22,IF(I10='Priority Ratings'!$C$23,'Priority Ratings'!$B$23,IF(I10='Priority Ratings'!$C$24,'Priority Ratings'!$B$24,IF(I10='Priority Ratings'!$C$25,'Priority Ratings'!$B$25,IF(I10='Priority Ratings'!$C$26,'Priority Ratings'!$B$26,IF(I10='Priority Ratings'!$C$27,'Priority Ratings'!$B$27,\"No Rating\")))))))","v":5},{"$f":"J10/J$13","v":0.33333333333333331},"100%: Fully comply with requirement (Out of the box function with minor re-configuration) \n50%:   Partially comply, will require major configuration.\n0%:     No compliance/require development and/or customisation.",0,{"$f":"K10*M10","v":0}]
[3,"Meeting the Scope of Work Required","How well has the Tenderer described how scope requirements will be met?  Do they understand what needs to be done?  List concerns in Comments.","General Software Information","Detailed Technical References for all Power Equipment models.","Indicate if the solution :\n- Is an Out-of-the-box functionality\n- Requires configuration?\n- Requires customisation?",null,null,"Show stopper",{"$f":"IF(I11='Priority Ratings'!$C$21,'Priority Ratings'!$B$21, IF(I11='Priority Ratings'!$C$22,'Priority Ratings'!$B$22,IF(I11='Priority Ratings'!$C$23,'Priority Ratings'!$B$23,IF(I11='Priority Ratings'!$C$24,'Priority Ratings'!$B$24,IF(I11='Priority Ratings'!$C$25,'Priority Ratings'!$B$25,IF(I11='Priority Ratings'!$C$26,'Priority Ratings'!$B$26,IF(I11='Priority Ratings'!$C$27,'Priority Ratings'!$B$27,\"No Rating\")))))))","v":6},{"$f":"J11/J$13","v":0.4},"100%: Fully comply with requirement (Out of the box function with minor re-configuration) \n50%:   Partially comply, will require major configuration.\n0%:     No compliance/require development and/or customisation.",0,0]
[]
[null,null,null,null,null,null,null,"Totals",null,{"$f":"SUM(J9:J11)","v":15},{"$f":"SUM(K9:K11)","v":1},null,null,{"$f":"SUM(N9:N11)","v":0}]

{"sheet":"PSST-Protection Functions & Ana","index":8,"n_rows":41,"n_cols":15,"rows_kept":41,"cut":false,"hidden":false,"merged":[[0,0,0,2],[4,0,4,2],[6,14,7,14],[5,0,5,2],[3,0,3,2],[2,0,2,2],[1,0,1,2]]}
["Power System Simulation Tool Functional: PSST-Protection Functions & Analysis BRS14.1  BRS15.1 BRS16.1 BRS17.1"]
["CORP xxxx Tender",null,null,null,null,null,null,null,null,null,null,null,"Scoring (Sliding scale)"]
["Tenderer:",null,null,null,null,null,null,null,null,null,null,null,"100% - Fully compliant"]
["Evaluated by:",null,null,null,null,null,null,null,null,null,null,null,"50%-Partially compliant"]
[null,null,null,null,null,null,null,null,null,null,null,null,"0%-Non compliance"]
["Evaluation Criteria"]
[null,null,null,null,null,null,"Vendor Compliance\nFull Compliance - Y\nPartial Compliance - P\nNon Compliance - N","Vendor to indicate any applicable comments based on Compliance","Priority\nRequirement priority as determined by Eskom","Weight\n(agreed by evaluation team members)",null,"Score\n(determined by each evaluation team member during evaluation. Will be averaged for final scores)","Score",null,"Comments (Internal) for scorer"]
["ID","Type","Criterion","Functional Requirement","Requirement description","Evaluation Criterion / Question","Vendor Compliance","Comments","Priority Description","Priority\n","Weighted Question","Scoring","Answer\n(0,50,100%)","Weighted Answer"]
[1,"Meeting the Scope of Work Required","How well has the Tenderer described how scope requirements will be met?  Do they understand what needs to be done?  List concerns in Comments.","Protection Functions","Comprehensive relay library with relay models suitable\nfor steady-state, RMS and EMT calculations","Indicate if the solution :\n- Is an Out-of-the-box functionality\n- Requires configuration?\n- Requires customisation?",null,null,"Show stopper",{"$f":"IF(I9='Priority Ratings'!$C$21,'Priority Ratings'!$B$21, IF(I9='Priority Ratings'!$C$22,'Priority Ratings'!$B$22,IF(I9='Priority Ratings'!$C$23,'Priority Ratings'!$B$23,IF(I9='Priority Ratings'!$C$24,'Priority Ratings'!$B$24,IF(I9='Priority Ratings'!$C$25,'Priority Ratings'!$B$25,IF(I9='Priority Ratings'!$C$26,'Priority Ratings'!$B$26,IF(I9='Priority Ratings'!$C$27,'Priority Ratings'!$B$27,\"No Rating\")))))))","v":6},{"$f":"J9/J$41","v":3.4883720930232558E-2},"100%: Fully comply with requirement (Out of the box function with minor re-configuration) \n50%:   Partially comply, will require major configuration.\n0%:     No compliance/require development and/or customisation.",0,{"$f":"K9*M9","v":0}]
[2,"Meeting the Scope of Work Required","How well has the Tenderer described how scope requirements will be met?  Do they understand what needs to be done?  List concerns in Comments.","Protection Functions","Synchronisation with Protection Database Tools such as PSMT. Highly detailed spreadsheet reports for protection settings (overcurrent, distance, voltage, frequency\nprotection)","Indicate if the solution :\n- Is an Out-of-the-box functionality\n- Requires configuration?\n- Requires customisation?",null,null,"Show stopper",{"$f":"IF(I10='Priority Ratings'!$C$21,'Priority Ratings'!$B$21, IF(I10='Priority Ratings'!$C$22,'Priority Ratings'!$B$22,IF(I10='Priority Ratings'!$C$23,'Priority Ratings'!$B$23,IF(I10='Priority Ratings'!$C$24,'Priority Ratings'!$B$24,IF(I10='Priority Ratings'!$C$25,'Priority Ratings'!$B$25,IF(I10='Priority Ratings'!$C$26,'Priority Ratings'!$B$26,IF(I10='Priority Ratings'!$C$27,'Priority Ratings'!$B$27,\"No Rating\")))))))","v":6},3.4883720930232558E-2,"100%: Fully comply with requirement (Out of the box function with minor re-configuration) \n50%:   Partially comply, will require major configuration.\n0%:     No compliance/require development and/or customisation.",0,{"$f":"K10*M10","v":0}]
[3,"Meeting the Scope of Work Required","How well has the Tenderer described how scope requirements will be met?  Do they understand what needs to be done?  List concerns in Comments.","Protection Functions","Graphical visualisation and editing of fuses, relays, CTs\nand VTs including auto layout functionality","Indicate if the solution :\n- Is an Out-of-the-box functionality\n- Requires configuration?\n- Requires customisation?",null,null,"Very important",{"$f":"IF(I11='Priority Ratings'!$C$21,'Priority Ratings'!$B$21, IF(I11='Priority Ratings'!$C$22,'Priority Ratings'!$B$22,IF(I11='Priority Ratings'!$C$23,'Priority Ratings'!$B$23,IF(I11='Priority Ratings'!$C$24,'Priority Ratings'!$B$24,IF(I11='Priority Ratings'!$C$25,'Priority Ratings'!$B$25,IF(I11='Priority Ratings'!$C$26,'Priority Ratings'!$B$26,IF(I11='Priority Ratings'!$C$27,'Priority Ratings'!$B$27,\"No Rating\")))))))","v":4},2.3255813953488372E-2,"100%: Fully comply with requirement (Out of the box function with minor re-configuration) \n50%:   Partially comply, will require major configuration.\n0%:     No compliance/require development and/or customisation.",0,0]
[4,"Meeting the Scope of Work Required","How well has the Tenderer described how scope requirements will be met?  Do they understand what needs to be done?  List concerns in Comments.","Protection Functions","Protection Audit","Indicate if the solution :\n- Is an Out-of-the-box functionality\n- Requires configuration?\n- Requires customisation?",null,null,"Show stopper",{"$f":"IF(I12='Priority Ratings'!$C$21,'Priority Ratings'!$B$21, IF(I12='Priority Ratings'!$C$22,'Priority Ratings'!$B$22,IF(I12='Priority Ratings'!$C$23,'Priority Ratings'!$B$23,IF(I12='Priority Ratings'!$C$24,'Priority Ratings'!$B$24,IF(I12='Priority Ratings'!$C$25,'Priority Ratings'!$B$25,IF(I12='Priority Ratings'!$C$26,'Priority Ratings'!$B$26,IF(I12='Priority Ratings'!$C$27,'Priority Ratings'!$B$27,\"No Rating\")))))))","v":6},3.4883720930232558E-2,"100%: Fully comply with requirement (Out of the box function with minor re-configuration) \n50%:   Partially comply, will require major configuration.\n0%:     No compliance/require development and/or customisation.",0,0]
[5,"Meeting the Scope of Work Required","How well has the Tenderer described how scope requirements will be met?  Do they understand what needs to be done?  List concerns in Comments.","Protection Functions","Validation tool for protection settings and configurations","Indicate if the solution :\n- Is an Out-of-the-box functionality\n- Requires configuration?\n- Requires customisation?",null,null,"Show stopper",{"$f":"IF(I13='Priority Ratings'!$C$21,'Priority Ratings'!$B$21, IF(I13='Priority Ratings'!$C$22,'Priority Ratings'!$B$22,IF(I13='Priority Ratings'!$C$23,'Priority Ratings'!$B$23,IF(I13='Priority Ratings'!$C$24,'Priority Ratings'!$B$24,IF(I13='Priority Ratings'!$C$25,'Priority Ratings'!$B$25,IF(I13='Priority Ratings'!$C$26,'Priority Ratings'!$B$26,IF(I13='Priority Ratings'!$C$27,'Priority Ratings'!$B$27,\"No Rating\")))))))","v":6},3.4883720930232558E-2,"100%: Fully comply with requirement (Out of the box function with minor re-configuration) \n50%:   Partially comply, will require major configuration.\n0%:     No compliance/require development and/or customisation.",0,0]
[6,"Meeting the Scope of Work Required","How well has the Tenderer described how scope requirements will be met?  Do they understand what needs to be done?  List concerns in Comments.","Protection Functions","Automatic determination of protection topology","Indicate if the solution :\n- Is an Out-of-the-box functionality\n- Requires configuration?\n- Requires customisation?",null,null,"Very important",{"$f":"IF(I14='Priority Ratings'!$C$21,'Priority Ratings'!$B$21, IF(I14='Priority Ratings'!$C$22,'Priority Ratings'!$B$22,IF(I14='Priority Ratings'!$C$23,'Priority Ratings'!$B$23,IF(I14='Priority Ratings'!$C$24,'Priority Ratings'!$B$24,IF(I14='Priority Ratings'!$C$25,'Priority Ratings'!$B$25,IF(I14='Priority Ratings'!$C$26,'Priority Ratings'!$B$26,IF(I14='Priority Ratings'!$C$27,'Priority Ratings'!$B$27,\"No Rating\")))))))","v":4},2.3255813953488372E-2,"100%: Fully comply with requirement (Out of the box function with minor re-configuration) \n50%:   Partially comply, will require major configuration.\n0%:     No compliance/require development and/or customisation.",0,0]
[7,"Meeting the Scope of Work Required","How well has the Tenderer described how scope requirements will be met?  Do they understand what needs to be done?  List concerns in Comments.","Protection Functions","Automatic short-circuit calculation","Indicate if the solution :\n- Is an Out-of-the-box functionality\n- Requires configuration?\n- Requires customisation?",null,null,"Critical",{"$f":"IF(I15='Priority Ratings'!$C$21,'Priority Ratings'!$B$21, IF(I15='Priority Ratings'!$C$22,'Priority Ratings'!$B$22,IF(I15='Priority Ratings'!$C$23,'Priority Ratings'!$B$23,IF(I15='Priority Ratings'!$C$24,'Priority Ratings'!$B$24,IF(I15='Priority Ratings'!$C$25,'Priority Ratings'!$B$25,IF(I15='Priority Ratings'!$C$26,'Priority Ratings'!$B$26,IF(I15='Priority Ratings'!$C$27,'Priority Ratings'!$B$27,\"No Rating\")))))))","v":5},2.9069767441860465E-2,"100%: Fully comply with requirement (Out of the box function with minor re-configuration) \n50%:   Partially comply, will require major configuration.\n0%:     No compliance/require development and/or customisation.",0,0]
[8,"Meeting the Scope of Work Required","How well has the Tenderer described how scope requirements will be met?  Do they understand what needs to be done?  List concerns in Comments.","Protection Functions","Provision for multiple fault location short circuit calculation","Indicate if the solution :\n- Is an Out-of-the-box functionality\n- Requires configuration?\n- Requires customisation?",null,null,"Show stopper",{"$f":"IF(I16='Priority Ratings'!$C$21,'Priority Ratings'!$B$21, IF(I16='Priority Ratings'!$C$22,'Priority Ratings'!$B$22,IF(I16='Priority Ratings'!$C$23,'Priority Ratings'!$B$23,IF(I16='Priority Ratings'!$C$24,'Priority Ratings'!$B$24,IF(I16='Priority Ratings'!$C$25,'Priority Ratings'!$B$25,IF(I16='Priority Ratings'!$C$26,'Priority Ratings'!$B$26,IF(I16='Priority Ratings'!$C$27,'Priority Ratings'!$B$27,\"No Rating\")))))))","v":6},3.4883720930232558E-2,"100%: Fully comply with requirement (Out of the box function with minor re-configuration) \n50%:   Partially comply, will require major configuration.\n0%:     No compliance/require development and/or customisation.",0,0]
[9,"Meeting the Scope of Work Required","How well has the Tenderer described how scope requirements will be met?  Do they understand what needs to be done?  List concerns in Comments.","Protection Functions","Multiple predefined reports with auto-identification of\ncritical protection","Indicate if the solution :\n- Is an Out-of-the-box functionality\n- Requires configuration?\n- Requires customisation?",null,null,"Critical",{"$f":"IF(I17='Priority Ratings'!$C$21,'Priority Ratings'!$B$21, IF(I17='Priority Ratings'!$C$22,'Priority Ratings'!$B$22,IF(I17='Priority Ratings'!$C$23,'Priority Ratings'!$B$23,IF(I17='Priority Ratings'!$C$24,'Priority Ratings'!$B$24,IF(I17='Priority Ratings'!$C$25,'Priority Ratings'!$B$25,IF(I17='Priority Ratings'!$C$26,'Priority Ratings'!$B$26,IF(I17='Priority Ratings'!$C$27,'Priority Ratings'!$B$27,\"No Rating\")))))))","v":5},2.9069767441860465E-2,"100%: Fully comply with requirement (Out of the box function with minor re-configuration) \n50%:   Partially comply, will require major configuration.\n0%:     No compliance/require development and/or customisation.",0,0]
[10,"Meeting the Scope of Work Required","How well has the Tenderer described how scope requirements will be met?  Do they understand what needs to be done?  List concerns in Comments.","Protection Functions","settings (device coordination, device tripping\ntimes, fault clearing times)","Indicate if the solution :\n- Is an Out-of-the-box functionality\n- Requires configuration?\n- Requires customisation?",null,null,"Show stopper",{"$f":"IF(I18='Priority Ratings'!$C$21,'Priority Ratings'!$B$21, IF(I18='Priority Ratings'!$C$22,'Priority Ratings'!$B$22,IF(I18='Priority Ratings'!$C$23,'Priority Ratings'!$B$23,IF(I18='Priority Ratings'!$C$24,'Priority Ratings'!$B$24,IF(I18='Priority Ratings'!$C$25,'Priority Ratings'!$B$25,IF(I18='Priority Ratings'!$C$26,'Priority Ratings'!$B$26,IF(I18='Priority Ratings'!$C$27,'Priority Ratings'!$B$27,\"No Rating\")))))))","v":6},3.4883720930232558E-2,"100%: Fully comply with requirement (Out of the box function with minor re-configuration) \n50%:   Partially comply, will require major configuration.\n0%:     No compliance/require development and/or customisation.",0,0]
[11,"Meeting the Scope of Work Required","How well has the Tenderer described how scope requirements will be met?  Do they understand what needs to be done?  List concerns in Comments.","Protection Functions","Short-Circuit Trace functionality for steady-state\nsimulation of fault clearance and relay responses","Indicate if the solution :\n- Is an Out-of-the-box functionality\n- Requires configuration?\n- Requires customisation?",null,null,"Show stopper",{"$f":"IF(I19='Priority Ratings'!$C$21,'Priority Ratings'!$B$21, IF(I19='Priority Ratings'!$C$22,'Priority Ratings'!$B$22,IF(I19='Priority Ratings'!$C$23,'Priority Ratings'!$B$23,IF(I19='Priority Ratings'!$C$24,'Priority Ratings'!$B$24,IF(I19='Priority Ratings'!$C$25,'Priority Ratings'!$B$25,IF(I19='Priority Ratings'!$C$26,'Priority Ratings'!$B$26,IF(I19='Priority Ratings'!$C$27,'Priority Ratings'!$B$27,\"No Rating\")))))))","v":6},3.4883720930232558E-2,"100%: Fully comply with requirement (Out of the box function with minor re-configuration) \n50%:   Partially comply, will require major configuration.\n0%:     No compliance/require development and/or customisation.",0,0]
[12,"Meeting the Scope of Work Required","How well has the Tenderer described how scope requirements will be met?  Do they understand what needs to be done?  List concerns in Comments.","Time Overcurrent\nProtection","Overcurrent-time diagram with drag & drop functionality including autogenerated graphical legend","Indicate if the solution :\n- Is an Out-of-the-box functionality\n- Requires configuration?\n- Requires customisation?",null,null,"Show stopper",{"$f":"IF(I20='Priority Ratings'!$C$21,'Priority Ratings'!$B$21, IF(I20='Priority Ratings'!$C$22,'Priority Ratings'!$B$22,IF(I20='Priority Ratings'!$C$23,'Priority Ratings'!$B$23,IF(I20='Priority Ratings'!$C$24,'Priority Ratings'!$B$24,IF(I20='Priority Ratings'!$C$25,'Priority Ratings'!$B$25,IF(I20='Priority Ratings'!$C$26,'Priority Ratings'!$B$26,IF(I20='Priority Ratings'!$C$27,'Priority Ratings'!$B$27,\"No Rating\")))))))","v":6},3.4883720930232558E-2,"100%: Fully comply with requirement (Out of the box function with minor re-configuration) \n50%:   Partially comply, will require major configuration.\n0%:     No compliance/require development and/or customisation.",0,0]
[13,"Meeting the Scope of Work Required","How well has the Tenderer described how scope requirements will be met?  Do they understand what needs to be done?  List concerns in Comments.","Time Overcurrent\nProtection","Cable and transformer damage curves","Indicate if the solution :\n- Is an Out-of-the-box functionality\n- Requires configuration?\n- Requires customisation?",null,null,"Critical",{"$f":"IF(I21='Priority Ratings'!$C$21,'Priority Ratings'!$B$21, IF(I21='Priority Ratings'!$C$22,'Priority Ratings'!$B$22,IF(I21='Priority Ratings'!$C$23,'Priority Ratings'!$B$23,IF(I21='Priority Ratings'!$C$24,'Priority Ratings'!$B$24,IF(I21='Priority Ratings'!$C$25,'Priority Ratings'!$B$25,IF(I21='Priority Ratings'!$C$26,'Priority Ratings'!$B$26,IF(I21='Priority Ratings'!$C$27,'Priority Ratings'!$B$27,\"No Rating\")))))))","v":5},2.9069767441860465E-2,"100%: Fully comply with requirement (Out of the box function with minor re-configuration) \n50%:   Partially comply, will require major configuration.\n0%:     No compliance/require development and/or customisation.",0,0]
[14,"Meeting the Scope of Work Required","How well has the Tenderer described how scope requirements will be met?  Do they understand what needs to be done?  List concerns in Comments.","Time Overcurrent\nProtection","Motor starting curves","Indicate if the solution :\n- Is an Out-of-the-box functionality\n- Requires configuration?\n- Requires customisation?",null,null,"Show stopper",{"$f":"IF(I22='Priority Ratings'!$C$21,'Priority Ratings'!$B$21, IF(I22='Priority Ratings'!$C$22,'Priority Ratings'!$B$22,IF(I22='Priority Ratings'!$C$23,'Priority Ratings'!$B$23,IF(I22='Priority Ratings'!$C$24,'Priority Ratings'!$B$24,IF(I22='Priority Ratings'!$C$25,'Priority Ratings'!$B$25,IF(I22='Priority Ratings'!$C$26,'Priority Ratings'!$B$26,IF(I22='Priority Ratings'!$C$27,'Priority Ratings'!$B$27,\"No Rating\")))))))","v":6},3.4883720930232558E-2,"100%: Fully comply with requirement (Out of the box function with minor re-configuration) \n50%:   Partially comply, will require major configuration.\n0%:     No compliance/require development and/or customisation.",0,0]
[15,"Meeting the Scope of Work Required","How well has the Tenderer described how scope requirements will be met?  Do they understand what needs to be done?  List concerns in Comments.","Time Overcurrent\nProtection","Automatic display of measured currents","Indicate if the solution :\n- Is an Out-of-the-box functionality\n- Requires configuration?\n- Requires customisation?",null,null,"Show stopper",{"$f":"IF(I23='Priority Ratings'!$C$21,'Priority Ratings'!$B$21, IF(I23='Priority Ratings'!$C$22,'Priority Ratings'!$B$22,IF(I23='Priority Ratings'!$C$23,'Priority Ratings'!$B$23,IF(I23='Priority Ratings'!$C$24,'Priority Ratings'!$B$24,IF(I23='Priority Ratings'!$C$25,'Priority Ratings'!$B$25,IF(I23='Priority Ratings'!$C$26,'Priority Ratings'!$B$26,IF(I23='Priority Ratings'!$C$27,'Priority Ratings'!$B$27,\"No Rating\")))))))","v":6},3.4883720930232558E-2,"100%: Fully comply with requirement (Out of the box function with minor re-configuration) \n50%:   Partially comply, will require major configuration.\n0%:     No compliance/require development and/or customisation.",0,0]
[16,"Meeting the Scope of Work Required","How well has the Tenderer described how scope requirements will be met?  Do they understand what needs to be done?  List concerns in Comments.","Time Overcurrent\nProtection","Steady-state response validation","Indicate if the solution :\n- Is an Out-of-the-box functionality\n- Requires configuration?\n- Requires customisation?",null,null,"Very important",{"$f":"IF(I24='Priority Ratings'!$C$21,'Priority Ratings'!$B$21, IF(I24='Priority Ratings'!$C$22,'Priority Ratings'!$B$22,IF(I24='Priority Ratings'!$C$23,'Priority Ratings'!$B$23,IF(I24='Priority Ratings'!$C$24,'Priority Ratings'!$B$24,IF(I24='Priority Ratings'!$C$25,'Priority Ratings'!$B$25,IF(I24='Priority Ratings'!$C$26,'Priority Ratings'!$B$26,IF(I24='Priority Ratings'!$C$27,'Priority Ratings'!$B$27,\"No Rating\")))))))","v":4},2.3255813953488372E-2,"100%: Fully comply with requirement (Out of the box function with minor re-configuration) \n50%:   Partially comply, will require major configuration.\n0%:     No compliance/require development and/or customisation.",0,0]
[17,"Meeting the Scope of Work Required","How well has the Tenderer described how scope requirements will be met?  Do they understand what needs to be done?  List concerns in Comments.","Time Overcurrent\nProtection","Steady state short-circuit simulation with tracing of\nindividual steps","Indicate if the solution :\n- Is an Out-of-the-box functionality\n- Requires configuration?\n- Requires customisation?",null,null,"Critical",{"$f":"IF(I25='Priority Ratings'!$C$21,'Priority Ratings'!$B$21, IF(I25='Priority Ratings'!$C$22,'Priority Ratings'!$B$22,IF(I25='Priority Ratings'!$C$23,'Priority Ratings'!$B$23,IF(I25='Priority Ratings'!$C$24,'Priority Ratings'!$B$24,IF(I25='Priority Ratings'!$C$25,'Priority Ratings'!$B$25,IF(I25='Priority Ratings'!$C$26,'Priority Ratings'!$B$26,IF(I25='Priority Ratings'!$C$27,'Priority Ratings'!$B$27,\"No Rating\")))))))","v":5},2.9069767441860465E-2,"100%: Fully comply with requirement (Out of the box function with minor re-configuration) \n50%:   Partially comply, will require major configuration.\n0%:     No compliance/require development and/or customisation.",0,0]
[18,"Meeting the Scope of Work Required","How well has the Tenderer described how scope requirements will be met?  Do they understand what needs to be done?  List concerns in Comments.","Time Overcurrent\nProtection","Steady-state tripping times for transient or sub-transient\ncurrent/voltage values","Indicate if the solution :\n- Is an Out-of-the-box functionality\n- Requires configuration?\n- Requires customisation?",null,null,"Show stopper",{"$f":"IF(I26='Priority Ratings'!$C$21,'Priority Ratings'!$B$21, IF(I26='Priority Ratings'!$C$22,'Priority Ratings'!$B$22,IF(I26='Priority Ratings'!$C$23,'Priority Ratings'!$B$23,IF(I26='Priority Ratings'!$C$24,'Priority Ratings'!$B$24,IF(I26='Priority Ratings'!$C$25,'Priority Ratings'!$B$25,IF(I26='Priority Ratings'!$C$26,'Priority Ratings'!$B$26,IF(I26='Priority Ratings'!$C$27,'Priority Ratings'!$B$27,\"No Rating\")))))))","v":6},3.4883720930232558E-2,"100%: Fully comply with requirement (Out of the box function with minor re-configuration) \n50%:   Partially comply, will require major configuration.\n0%:     No compliance/require development and/or customisation.",0,0]
[19,"Meeting the Scope of Work Required","How well has the Tenderer described how scope requirements will be met?  Do they understand what needs to be done?  List concerns in Comments.","Time Overcurrent\nProtection","Transient response validations (requires Stability Analysis functions (RMS) or Electromagnetic Transients functions (EMT)","Indicate if the solution :\n- Is an Out-of-the-box functionality\n- Requires configuration?\n- Requires customisation?",null,null,"Show stopper",{"$f":"IF(I27='Priority Ratings'!$C$21,'Priority Ratings'!$B$21, IF(I27='Priority Ratings'!$C$22,'Priority Ratings'!$B$22,IF(I27='Priority Ratings'!$C$23,'Priority Ratings'!$B$23,IF(I27='Priority Ratings'!$C$24,'Priority Ratings'!$B$24,IF(I27='Priority Ratings'!$C$25,'Priority Ratings'!$B$25,IF(I27='Priority Ratings'!$C$26,'Priority Ratings'!$B$26,IF(I27='Priority Ratings'!$C$27,'Priority Ratings'!$B$27,\"No Rating\")))))))","v":6},3.4883720930232558E-2,"100%: Fully comply with requirement (Out of the box function with minor re-configuration) \n50%:   Partially comply, will require major configuration.\n0%:     No compliance/require development and/or customisation.",0,0]
[20,"Meeting the Scope of Work Required","How well has the Tenderer described how scope requirements will be met?  Do they understand what needs to be done?  List concerns in Comments.","Time Overcurrent\nProtection","Protection Graphic Assistant:\n- Customisable short-circuit sweep diagrams including\nvisualization of protection settings","Indicate if the solution :\n- Is an Out-of-the-box functionality\n- Requires configuration?\n- Requires customisation?",null,null,"Show stopper",{"$f":"IF(I28='Priority Ratings'!$C$21,'Priority Ratings'!$B$21, IF(I28='Priority Ratings'!$C$22,'Priority Ratings'!$B$22,IF(I28='Priority Ratings'!$C$23,'Priority Ratings'!$B$23,IF(I28='Priority Ratings'!$C$24,'Priority Ratings'!$B$24,IF(I28='Priority Ratings'!$C$25,'Priority Ratings'!$B$25,IF(I28='Priority Ratings'!$C$26,'Priority Ratings'!$B$26,IF(I28='Priority Ratings'!$C$27,'Priority Ratings'!$B$27,\"No Rating\")))))))","v":6},3.4883720930232558E-2,"100%: Fully comply with requirement (Out of the box function with minor re-configuration) \n50%:   Partially comply, will require major configuration.\n0%:     No compliance/require development and/or customisation.",0,0]
[21,"Meeting the Scope of Work Required","How well has the Tenderer described how scope requirements will be met?  Do they understand what needs to be done?  List concerns in Comments.","Time Overcurrent\nProtection","Protection Model Features:\n- Fuses and low-voltage circuit breakers\n- Positive-, negative-, zero-sequence inverse and definite time characteristics\n- Thermal overload characteristics\n- Directional elements supporting cross-, selfand memory polarising, Wattmetric method\n- Differential unit with harmonic blocking for multiple harmonic orders\n- Generic and detailed manufacturer-specific recloser units\n- Signal transmission between relays, intertripping, inter-blocking schemes\n- Detailed CT, VT, combined CT/VT NEW, and CVT models including saturation\n- Over-, under-voltage inverse and definite time characteristics\n- Programmable logic unit\n- Over-, under-frequency and df/dt inverse and definite time characteristics\n- Any other unique features","Indicate if the solution :\n- Is an Out-of-the-box functionality\n- Requires configuration?\n- Requires customisation?",null,null,"Show stopper",{"$f":"IF(I29='Priority Ratings'!$C$21,'Priority Ratings'!$B$21, IF(I29='Priority Ratings'!$C$22,'Priority Ratings'!$B$22,IF(I29='Priority Ratings'!$C$23,'Priority Ratings'!$B$23,IF(I29='Priority Ratings'!$C$24,'Priority Ratings'!$B$24,IF(I29='Priority Ratings'!$C$25,'Priority Ratings'!$B$25,IF(I29='Priority Ratings'!$C$26,'Priority Ratings'!$B$26,IF(I29='Priority Ratings'!$C$27,'Priority Ratings'!$B$27,\"No Rating\")))))))","v":6},3.4883720930232558E-2,"100%: Fully comply with requirement (Out of the box function with minor re-configuration) \n50%:   Partially comply, will require major configuration.\n0%:     No compliance/require development and/or customisation.",0,0]
[22,"Meeting the Scope of Work Required","How well has the Tenderer described how scope requirements will be met?  Do they understand what needs to be done?  List concerns in Comments.","Distance Protection","P-Q diagrams and R-X diagrams with support of the\ndisplay of measured impedance trace","Indicate if the solution :\n- Is an Out-of-the-box functionality\n- Requires configuration?\n- Requires customisation?",null,null,"Show stopper",{"$f":"IF(I30='Priority Ratings'!$C$21,'Priority Ratings'!$B$21, IF(I30='Priority Ratings'!$C$22,'Priority Ratings'!$B$22,IF(I30='Priority Ratings'!$C$23,'Priority Ratings'!$B$23,IF(I30='Priority Ratings'!$C$24,'Priority Ratings'!$B$24,IF(I30='Priority Ratings'!$C$25,'Priority Ratings'!$B$25,IF(I30='Priority Ratings'!$C$26,'Priority Ratings'!$B$26,IF(I30='Priority Ratings'!$C$27,'Priority Ratings'!$B$27,\"No Rating\")))))))","v":6},3.4883720930232558E-2,"100%: Fully comply with requirement (Out of the box function with minor re-configuration) \n50%:   Partially comply, will require major configuration.\n0%:     No compliance/require development and/or customisation.",0,0]
[23,"Meeting the Scope of Work Required","How well has the Tenderer described how scope requirements will be met?  Do they understand what needs to be done?  List concerns in Comments.","Distance Protection","Time-distance diagrams, with metric or calculated\ndisplay of zone reach in forward and reverse direction","Indicate if the solution :\n- Is an Out-of-the-box functionality\n- Requires configuration?\n- Requires customisation?",null,null,"Show stopper",{"$f":"IF(I31='Priority Ratings'!$C$21,'Priority Ratings'!$B$21, IF(I31='Priority Ratings'!$C$22,'Priority Ratings'!$B$22,IF(I31='Priority Ratings'!$C$23,'Priority Ratings'!$B$23,IF(I31='Priority Ratings'!$C$24,'Priority Ratings'!$B$24,IF(I31='Priority Ratings'!$C$25,'Priority Ratings'!$B$25,IF(I31='Priority Ratings'!$C$26,'Priority Ratings'!$B$26,IF(I31='Priority Ratings'!$C$27,'Priority Ratings'!$B$27,\"No Rating\")))))))","v":6},3.4883720930232558E-2,"100%: Fully comply with requirement (Out of the box function with minor re-configuration) \n50%:   Partially comply, will require major configuration.\n0%:     No compliance/require development and/or customisation.",0,0]
[24,"Meeting the Scope of Work Required","How well has the Tenderer described how scope requirements will be met?  Do they understand what needs to be done?  List concerns in Comments.","Distance Protection","Protection Graphic Assistant:\n- Reach of protection zones colourings in diagrams","Indicate if the solution :\n- Is an Out-of-the-box functionality\n- Requires configuration?\n- Requires customisation?",null,null,"Show stopper",{"$f":"IF(I32='Priority Ratings'!$C$21,'Priority Ratings'!$B$21, IF(I32='Priority Ratings'!$C$22,'Priority Ratings'!$B$22,IF(I32='Priority Ratings'!$C$23,'Priority Ratings'!$B$23,IF(I32='Priority Ratings'!$C$24,'Priority Ratings'!$B$24,IF(I32='Priority Ratings'!$C$25,'Priority Ratings'!$B$25,IF(I32='Priority Ratings'!$C$26,'Priority Ratings'!$B$26,IF(I32='Priority Ratings'!$C$27,'Priority Ratings'!$B$27,\"No Rating\")))))))","v":6},3.4883720930232558E-2,"100%: Fully comply with requirement (Out of the box function with minor re-configuration) \n50%:   Partially comply, will require major configuration.\n0%:     No compliance/require development and/or customisation.",0,0]
[25,"Meeting the Scope of Work Required","How well has the Tenderer described how scope requirements will be met?  Do they understand what needs to be done?  List concerns in Comments.","Distance Protection","Protection Coordination Assistant:\n- Automatic calculation of protection settings Support of various coordination methods and setting rules","Indicate if the solution :\n- Is an Out-of-the-box functionality\n- Requires configuration?\n- Requires customisation?",null,null,"Show stopper",{"$f":"IF(I33='Priority Ratings'!$C$21,'Priority Ratings'!$B$21, IF(I33='Priority Ratings'!$C$22,'Priority Ratings'!$B$22,IF(I33='Priority Ratings'!$C$23,'Priority Ratings'!$B$23,IF(I33='Priority Ratings'!$C$24,'Priority Ratings'!$B$24,IF(I33='Priority Ratings'!$C$25,'Priority Ratings'!$B$25,IF(I33='Priority Ratings'!$C$26,'Priority Ratings'!$B$26,IF(I33='Priority Ratings'!$C$27,'Priority Ratings'!$B$27,\"No Rating\")))))))","v":6},3.4883720930232558E-2,"100%: Fully comply with requirement (Out of the box function with minor re-configuration) \n50%:   Partially comply, will require major configuration.\n0%:     No compliance/require development and/or customisation.",0,0]
[26,"Meeting the Scope of Work Required","How well has the Tenderer described how scope requirements will be met?  Do they understand what needs to be done?  List concerns in Comments.","Distance Protection","Generic and detailed manufacturer-specific Mho,\npolygonal distance zones and distance starting units:\nOut of step detection and power swing blocking unit","Indicate if the solution :\n- Is an Out-of-the-box functionality\n- Requires configuration?\n- Requires customisation?",null,null,"Show stopper",{"$f":"IF(I34='Priority Ratings'!$C$21,'Priority Ratings'!$B$21, IF(I34='Priority Ratings'!$C$22,'Priority Ratings'!$B$22,IF(I34='Priority Ratings'!$C$23,'Priority Ratings'!$B$23,IF(I34='Priority Ratings'!$C$24,'Priority Ratings'!$B$24,IF(I34='Priority Ratings'!$C$25,'Priority Ratings'!$B$25,IF(I34='Priority Ratings'!$C$26,'Priority Ratings'!$B$26,IF(I34='Priority Ratings'!$C$27,'Priority Ratings'!$B$27,\"No Rating\")))))))","v":6},3.4883720930232558E-2,"100%: Fully comply with requirement (Out of the box function with minor re-configuration) \n50%:   Partially comply, will require major configuration.\n0%:     No compliance/require development and/or customisation.",0,0]
[27,"Meeting the Scope of Work Required","How well has the Tenderer described how scope requirements will be met?  Do they understand what needs to be done?  List concerns in Comments.","Arc Flash Analysis","Arc-Flash calculation in accordance with IEEE-1584 2002, NFPA 70E-2012 and BGI/GUV-I 5188","Indicate if the solution :\n- Is an Out-of-the-box functionality\n- Requires configuration?\n- Requires customisation?",null,null,"Show stopper",{"$f":"IF(I35='Priority Ratings'!$C$21,'Priority Ratings'!$B$21, IF(I35='Priority Ratings'!$C$22,'Priority Ratings'!$B$22,IF(I35='Priority Ratings'!$C$23,'Priority Ratings'!$B$23,IF(I35='Priority Ratings'!$C$24,'Priority Ratings'!$B$24,IF(I35='Priority Ratings'!$C$25,'Priority Ratings'!$B$25,IF(I35='Priority Ratings'!$C$26,'Priority Ratings'!$B$26,IF(I35='Priority Ratings'!$C$27,'Priority Ratings'!$B$27,\"No Rating\")))))))","v":6},3.4883720930232558E-2,"100%: Fully comply with requirement (Out of the box function with minor re-configuration) \n50%:   Partially comply, will require major configuration.\n0%:     No compliance/require development and/or customisation.",0,0]
[28,"Meeting the Scope of Work Required","How well has the Tenderer described how scope requirements will be met?  Do they understand what needs to be done?  List concerns in Comments.","Arc Flash Analysis","Incident Energy, Flash-Protection Boundary and PPE Category on the single line diagram","Indicate if the solution :\n- Is an Out-of-the-box functionality\n- Requires configuration?\n- Requires customisation?",null,null,"Show stopper",{"$f":"IF(I36='Priority Ratings'!$C$21,'Priority Ratings'!$B$21, IF(I36='Priority Ratings'!$C$22,'Priority Ratings'!$B$22,IF(I36='Priority Ratings'!$C$23,'Priority Ratings'!$B$23,IF(I36='Priority Ratings'!$C$24,'Priority Ratings'!$B$24,IF(I36='Priority Ratings'!$C$25,'Priority Ratings'!$B$25,IF(I36='Priority Ratings'!$C$26,'Priority Ratings'!$B$26,IF(I36='Priority Ratings'!$C$27,'Priority Ratings'!$B$27,\"No Rating\")))))))","v":6},3.4883720930232558E-2,"100%: Fully comply with requirement (Out of the box function with minor re-configuration) \n50%:   Partially comply, will require major configuration.\n0%:     No compliance/require development and/or customisation.",0,0]
[29,"Meeting the Scope of Work Required","How well has the Tenderer described how scope requirements will be met?  Do they understand what needs to be done?  List concerns in Comments.","Arc Flash Analysis","Automated preparation of Arc-Flash labels via MS\nSpreadsheet/Word","Indicate if the solution :\n- Is an Out-of-the-box functionality\n- Requires configuration?\n- Requires customisation?",null,null,"Very important",{"$f":"IF(I37='Priority Ratings'!$C$21,'Priority Ratings'!$B$21, IF(I37='Priority Ratings'!$C$22,'Priority Ratings'!$B$22,IF(I37='Priority Ratings'!$C$23,'Priority Ratings'!$B$23,IF(I37='Priority Ratings'!$C$24,'Priority Ratings'!$B$24,IF(I37='Priority Ratings'!$C$25,'Priority Ratings'!$B$25,IF(I37='Priority Ratings'!$C$26,'Priority Ratings'!$B$26,IF(I37='Priority Ratings'!$C$27,'Priority Ratings'!$B$27,\"No Rating\")))))))","v":4},2.3255813953488372E-2,"100%: Fully comply with requirement (Out of the box function with minor re-configuration) \n50%:   Partially comply, will require major configuration.\n0%:     No compliance/require development and/or customisation.",0,0]
[30,"Meeting the Scope of Work Required","How well has the Tenderer described how scope requirements will be met?  Do they understand what needs to be done?  List concerns in Comments.","Arc Flash Analysis","Automatic protection-based fault clearing time determination","Indicate if the solution :\n- Is an Out-of-the-box functionality\n- Requires configuration?\n- Requires customisation?",null,null,"Critical",{"$f":"IF(I38='Priority Ratings'!$C$21,'Priority Ratings'!$B$21, IF(I38='Priority Ratings'!$C$22,'Priority Ratings'!$B$22,IF(I38='Priority Ratings'!$C$23,'Priority Ratings'!$B$23,IF(I38='Priority Ratings'!$C$24,'Priority Ratings'!$B$24,IF(I38='Priority Ratings'!$C$25,'Priority Ratings'!$B$25,IF(I38='Priority Ratings'!$C$26,'Priority Ratings'!$B$26,IF(I38='Priority Ratings'!$C$27,'Priority Ratings'!$B$27,\"No Rating\")))))))","v":5},2.9069767441860465E-2,"100%: Fully comply with requirement (Out of the box function with minor re-configuration) \n50%:   Partially comply, will require major configuration.\n0%:     No compliance/require development and/or customisation.",0,0]
[31,"Meeting the Scope of Work Required","How well has the Tenderer described how scope requirements will be met?  Do they understand what needs to be done?  List concerns in Comments.","Arc Flash Analysis","Calculation of arcing-current energy","Indicate if the solution :\n- Is an Out-of-the-box functionality\n- Requires configuration?\n- Requires customisation?",null,null,"Critical",{"$f":"IF(I39='Priority Ratings'!$C$21,'Priority Ratings'!$B$21, IF(I39='Priority Ratings'!$C$22,'Priority Ratings'!$B$22,IF(I39='Priority Ratings'!$C$23,'Priority Ratings'!$B$23,IF(I39='Priority Ratings'!$C$24,'Priority Ratings'!$B$24,IF(I39='Priority Ratings'!$C$25,'Priority Ratings'!$B$25,IF(I39='Priority Ratings'!$C$26,'Priority Ratings'!$B$26,IF(I39='Priority Ratings'!$C$27,'Priority Ratings'!$B$27,\"No Rating\")))))))","v":5},2.9069767441860465E-2,"100%: Fully comply with requirement (Out of the box function with minor re-configuration) \n50%:   Partially comply, will require major configuration.\n0%:     No compliance/require development and/or customisation.",0,0]
[]
[null,null,null,null,null,null,null,"Totals",null,{"$f":"SUM(J9:J39)","v":172},{"$f":"SUM(K9:K39)","v":0.99999999999999967},null,null,{"$f":"SUM(N9:N39)","v":0}]

{"sheet":"PSST-Power Quality& Harmonic An","index":9,"n_rows":30,"n_cols":15,"rows_kept":30,"cut":false,"hidden":false,"merged":[[0,0,0,2],[4,0,4,2],[6,14,7,14],[5,0,5,2],[3,0,3,2],[2,0,2,2],[1,0,1,2]]}
["Power System Simulation Tool Functional: PSST-Power Quality and Harmonic Analysis BRS18.1 BRS19.1 BRS20.1 BRS21.1"]
["CORP xxxx Tender",null,null,null,null,null,null,null,null,null,null,null,"Scoring (Sliding scale)"]
["Tenderer:",null,null,null,null,null,null,null,null,null,null,null,"100% - Fully compliant"]
["Evaluated by:",null,null,null,null,null,null,null,null,null,null,null,"50%-Partially compliant"]
[null,null,null,null,null,null,null,null,null,null,null,null,"0%-Non compliance"]
["Evaluation Criteria"]
[null,null,null,null,null,null,"Vendor Compliance\nFull Compliance - Y\nPartial Compliance - P\nNon Compliance - N","Vendor to indicate any applicable comments based on Compliance","Priority\nRequirement priority as determined by Eskom","Weight\n(agreed by evaluation team members)",null,"Score\n(determined by each evaluation team member during evaluation. Will be averaged for final scores)","Score",null,"Comments (Internal) for scorer"]
["ID","Type","Criterion","Functional Requirement","Requirement description","Evaluation Criterion / Question","Vendor Compliance","Comments","Priority Description","Priority\n","Weighted Question","Scoring","Answer\n(0,50,100%)","Weighted Answer"]
[1,"Meeting the Scope of Work Required","How well has the Tenderer described how scope requirements will be met?  Do they understand what needs to be done?  List concerns in Comments.","Harmonic Load Flow","Harmonic voltage and current indices (IEC 61000-\n3-6, BDEW 2008)","Indicate if the solution :\n- Is an Out-of-the-box functionality\n- Requires configuration?\n- Requires customisation?",null,null,"Show stopper",{"$f":"IF(I9='Priority Ratings'!$C$21,'Priority Ratings'!$B$21, IF(I9='Priority Ratings'!$C$22,'Priority Ratings'!$B$22,IF(I9='Priority Ratings'!$C$23,'Priority Ratings'!$B$23,IF(I9='Priority Ratings'!$C$24,'Priority Ratings'!$B$24,IF(I9='Priority Ratings'!$C$25,'Priority Ratings'!$B$25,IF(I9='Priority Ratings'!$C$26,'Priority Ratings'!$B$26,IF(I9='Priority Ratings'!$C$27,'Priority Ratings'!$B$27,\"No Rating\")))))))","v":6},{"$f":"J9/J$30","v":5.128205128205128E-2},"100%: Fully comply with requirement (Out of the box function with minor re-configuration) \n50%:   Partially comply, will require major configuration.\n0%:     No compliance/require development and/or customisation.",0,{"$f":"K9*M9","v":0}]
[2,"Meeting the Scope of Work Required","How well has the Tenderer described how scope requirements will be met?  Do they understand what needs to be done?  List concerns in Comments.","Harmonic Load Flow","Balanced (positive sequence) and unbalanced\n(multiphase) model","Indicate if the solution :\n- Is an Out-of-the-box functionality\n- Requires configuration?\n- Requires customisation?",null,null,"Show stopper",{"$f":"IF(I10='Priority Ratings'!$C$21,'Priority Ratings'!$B$21, IF(I10='Priority Ratings'!$C$22,'Priority Ratings'!$B$22,IF(I10='Priority Ratings'!$C$23,'Priority Ratings'!$B$23,IF(I10='Priority Ratings'!$C$24,'Priority Ratings'!$B$24,IF(I10='Priority Ratings'!$C$25,'Priority Ratings'!$B$25,IF(I10='Priority Ratings'!$C$26,'Priority Ratings'!$B$26,IF(I10='Priority Ratings'!$C$27,'Priority Ratings'!$B$27,\"No Rating\")))))))","v":6},{"$f":"J10/J$30","v":5.128205128205128E-2},"100%: Fully comply with requirement (Out of the box function with minor re-configuration) \n50%:   Partially comply, will require major configuration.\n0%:     No compliance/require development and/or customisation.",0,0]
[3,"Meeting the Scope of Work Required","How well has the Tenderer described how scope requirements will be met?  Do they understand what needs to be done?  List concerns in Comments.","Harmonic Load Flow","Unbalanced harmonic sources","Indicate if the solution :\n- Is an Out-of-the-box functionality\n- Requires configuration?\n- Requires customisation?",null,null,"Show stopper",{"$f":"IF(I11='Priority Ratings'!$C$21,'Priority Ratings'!$B$21, IF(I11='Priority Ratings'!$C$22,'Priority Ratings'!$B$22,IF(I11='Priority Ratings'!$C$23,'Priority Ratings'!$B$23,IF(I11='Priority Ratings'!$C$24,'Priority Ratings'!$B$24,IF(I11='Priority Ratings'!$C$25,'Priority Ratings'!$B$25,IF(I11='Priority Ratings'!$C$26,'Priority Ratings'!$B$26,IF(I11='Priority Ratings'!$C$27,'Priority Ratings'!$B$27,\"No Rating\")))))))","v":6},{"$f":"J11/J$30","v":5.128205128205128E-2},"100%: Fully comply with requirement (Out of the box function with minor re-configuration) \n50%:   Partially comply, will require major configuration.\n0%:     No compliance/require development and/or customisation.",0,0]
[4,"Meeting the Scope of Work Required","How well has the Tenderer described how scope requirements will be met?  Do they understand what needs to be done?  List concerns in Comments.","Harmonic Load Flow","Non-characteristic and interharmonics","Indicate if the solution :\n- Is an Out-of-the-box functionality\n- Requires configuration?\n- Requires customisation?",null,null,"Very important",{"$f":"IF(I12='Priority Ratings'!$C$21,'Priority Ratings'!$B$21, IF(I12='Priority Ratings'!$C$22,'Priority Ratings'!$B$22,IF(I12='Priority Ratings'!$C$23,'Priority Ratings'!$B$23,IF(I12='Priority Ratings'!$C$24,'Priority Ratings'!$B$24,IF(I12='Priority Ratings'!$C$25,'Priority Ratings'!$B$25,IF(I12='Priority Ratings'!$C$26,'Priority Ratings'!$B$26,IF(I12='Priority Ratings'!$C$27,'Priority Ratings'!$B$27,\"No Rating\")))))))","v":4},{"$f":"J12/J$30","v":3.4188034188034191E-2},"100%: Fully comply with requirement (Out of the box function with minor re-configuration) \n50%:   Partially comply, will require major configuration.\n0%:     No compliance/require development and/or customisation.",0,0]
[5,"Meeting the Scope of Work Required","How well has the Tenderer described how scope requirements will be met?  Do they understand what needs to be done?  List concerns in Comments.","Harmonic Load Flow","Multiple harmonic injections: current and voltage sources,\nthyristor rectifiers","Indicate if the solution :\n- Is an Out-of-the-box functionality\n- Requires configuration?\n- Requires customisation?",null,null,"Show stopper",{"$f":"IF(I13='Priority Ratings'!$C$21,'Priority Ratings'!$B$21, IF(I13='Priority Ratings'!$C$22,'Priority Ratings'!$B$22,IF(I13='Priority Ratings'!$C$23,'Priority Ratings'!$B$23,IF(I13='Priority Ratings'!$C$24,'Priority Ratings'!$B$24,IF(I13='Priority Ratings'!$C$25,'Priority Ratings'!$B$25,IF(I13='Priority Ratings'!$C$26,'Priority Ratings'!$B$26,IF(I13='Priority Ratings'!$C$27,'Priority Ratings'!$B$27,\"No Rating\")))))))","v":6},{"$f":"J13/J$30","v":5.128205128205128E-2},"100%: Fully comply with requirement (Out of the box function with minor re-configuration) \n50%:   Partially comply, will require major configuration.\n0%:     No compliance/require development and/or customisation.",0,0]
[6,"Meeting the Scope of Work Required","How well has the Tenderer described how scope requirements will be met?  Do they understand what needs to be done?  List concerns in Comments.","Harmonic Load Flow","PWM-converters, Static Var System, non-linear loads,\nNorton equivalents","Indicate if the solution :\n- Is an Out-of-the-box functionality\n- Requires configuration?\n- Requires customisation?",null,null,"Show stopper",{"$f":"IF(I14='Priority Ratings'!$C$21,'Priority Ratings'!$B$21, IF(I14='Priority Ratings'!$C$22,'Priority Ratings'!$B$22,IF(I14='Priority Ratings'!$C$23,'Priority Ratings'!$B$23,IF(I14='Priority Ratings'!$C$24,'Priority Ratings'!$B$24,IF(I14='Priority Ratings'!$C$25,'Priority Ratings'!$B$25,IF(I14='Priority Ratings'!$C$26,'Priority Ratings'!$B$26,IF(I14='Priority Ratings'!$C$27,'Priority Ratings'!$B$27,\"No Rating\")))))))","v":6},5.128205128205128E-2,"100%: Fully comply with requirement (Out of the box function with minor re-configuration) \n50%:   Partially comply, will require major configuration.\n0%:     No compliance/require development and/or customisation.",0,0]
[7,"Meeting the Scope of Work Required","How well has the Tenderer described how scope requirements will be met?  Do they understand what needs to be done?  List concerns in Comments.","Harmonic Load Flow","Background distortion frequency-dependent R and L values","Indicate if the solution :\n- Is an Out-of-the-box functionality\n- Requires configuration?\n- Requires customisation?",null,null,"Show stopper",{"$f":"IF(I15='Priority Ratings'!$C$21,'Priority Ratings'!$B$21, IF(I15='Priority Ratings'!$C$22,'Priority Ratings'!$B$22,IF(I15='Priority Ratings'!$C$23,'Priority Ratings'!$B$23,IF(I15='Priority Ratings'!$C$24,'Priority Ratings'!$B$24,IF(I15='Priority Ratings'!$C$25,'Priority Ratings'!$B$25,IF(I15='Priority Ratings'!$C$26,'Priority Ratings'!$B$26,IF(I15='Priority Ratings'!$C$27,'Priority Ratings'!$B$27,\"No Rating\")))))))","v":6},5.128205128205128E-2,"100%: Fully comply with requirement (Out of the box function with minor re-configuration) \n50%:   Partially comply, will require major configuration.\n0%:     No compliance/require development and/or customisation.",0,0]
[8,"Meeting the Scope of Work Required","How well has the Tenderer described how scope requirements will be met?  Do they understand what needs to be done?  List concerns in Comments.","Harmonic Load Flow","Various harmonic distortion indices such as:\n- Total Harmonic Distortion\n- Harmonic Distortion\n- Harmonic Factor\n- Total Harmonic Factor\n- Total Arithmetic Distortion\n- Telephone Influence Factor mx,\n- Total RMS currents and voltages, loadings, and losses\n\n(Defined according to IEEE and DIN/IEC standards)","Indicate if the solution :\n- Is an Out-of-the-box functionality\n- Requires configuration?\n- Requires customisation?",null,null,"Show stopper",{"$f":"IF(I16='Priority Ratings'!$C$21,'Priority Ratings'!$B$21, IF(I16='Priority Ratings'!$C$22,'Priority Ratings'!$B$22,IF(I16='Priority Ratings'!$C$23,'Priority Ratings'!$B$23,IF(I16='Priority Ratings'!$C$24,'Priority Ratings'!$B$24,IF(I16='Priority Ratings'!$C$25,'Priority Ratings'!$B$25,IF(I16='Priority Ratings'!$C$26,'Priority Ratings'!$B$26,IF(I16='Priority Ratings'!$C$27,'Priority Ratings'!$B$27,\"No Rating\")))))))","v":6},5.128205128205128E-2,"100%: Fully comply with requirement (Out of the box function with minor re-configuration) \n50%:   Partially comply, will require major configuration.\n0%:     No compliance/require development and/or customisation.",0,0]
[9,"Meeting the Scope of Work Required","How well has the Tenderer described how scope requirements will be met?  Do they understand what needs to be done?  List concerns in Comments.","Harmonic Load Flow","Harmonic distortion waveform plots with predefined\ndistortion limits according to international standards,","Indicate if the solution :\n- Is an Out-of-the-box functionality\n- Requires configuration?\n- Requires customisation?",null,null,"Show stopper",{"$f":"IF(I17='Priority Ratings'!$C$21,'Priority Ratings'!$B$21, IF(I17='Priority Ratings'!$C$22,'Priority Ratings'!$B$22,IF(I17='Priority Ratings'!$C$23,'Priority Ratings'!$B$23,IF(I17='Priority Ratings'!$C$24,'Priority Ratings'!$B$24,IF(I17='Priority Ratings'!$C$25,'Priority Ratings'!$B$25,IF(I17='Priority Ratings'!$C$26,'Priority Ratings'!$B$26,IF(I17='Priority Ratings'!$C$27,'Priority Ratings'!$B$27,\"No Rating\")))))))","v":6},5.128205128205128E-2,"100%: Fully comply with requirement (Out of the box function with minor re-configuration) \n50%:   Partially comply, will require major configuration.\n0%:     No compliance/require development and/or customisation.",0,0]
[10,"Meeting the Scope of Work Required","How well has the Tenderer described how scope requirements will be met?  Do they understand what needs to be done?  List concerns in Comments.","Harmonic Load Flow","Calculation of K-Factors and Loss Factors for 2-winding\ntransformers (UL1562, EN 50464-3 (replaces BS\n7821), EN 50541-2, IEEEC.57.110-1998)","Indicate if the solution :\n- Is an Out-of-the-box functionality\n- Requires configuration?\n- Requires customisation?",null,null,"Critical",{"$f":"IF(I18='Priority Ratings'!$C$21,'Priority Ratings'!$B$21, IF(I18='Priority Ratings'!$C$22,'Priority Ratings'!$B$22,IF(I18='Priority Ratings'!$C$23,'Priority Ratings'!$B$23,IF(I18='Priority Ratings'!$C$24,'Priority Ratings'!$B$24,IF(I18='Priority Ratings'!$C$25,'Priority Ratings'!$B$25,IF(I18='Priority Ratings'!$C$26,'Priority Ratings'!$B$26,IF(I18='Priority Ratings'!$C$27,'Priority Ratings'!$B$27,\"No Rating\")))))))","v":5},4.2735042735042736E-2,"100%: Fully comply with requirement (Out of the box function with minor re-configuration) \n50%:   Partially comply, will require major configuration.\n0%:     No compliance/require development and/or customisation.",0,0]
[11,"Meeting the Scope of Work Required","How well has the Tenderer described how scope requirements will be met?  Do they understand what needs to be done?  List concerns in Comments.","Flicker Analysis","Flicker Assessment in line with (IEC 61400-21):\n- Short- and long-term flicker disturbance factors for continuous and switching operations\n- Relative voltage changes","Indicate if the solution :\n- Is an Out-of-the-box functionality\n- Requires configuration?\n- Requires customisation?",null,null,"Show stopper",{"$f":"IF(I19='Priority Ratings'!$C$21,'Priority Ratings'!$B$21, IF(I19='Priority Ratings'!$C$22,'Priority Ratings'!$B$22,IF(I19='Priority Ratings'!$C$23,'Priority Ratings'!$B$23,IF(I19='Priority Ratings'!$C$24,'Priority Ratings'!$B$24,IF(I19='Priority Ratings'!$C$25,'Priority Ratings'!$B$25,IF(I19='Priority Ratings'!$C$26,'Priority Ratings'!$B$26,IF(I19='Priority Ratings'!$C$27,'Priority Ratings'!$B$27,\"No Rating\")))))))","v":6},{"$f":"J19/J$30","v":5.128205128205128E-2},"100%: Fully comply with requirement (Out of the box function with minor re-configuration) \n50%:   Partially comply, will require major configuration.\n0%:     No compliance/require development and/or customisation.",0,0]
[12,"Meeting the Scope of Work Required","How well has the Tenderer described how scope requirements will be met?  Do they understand what needs to be done?  List concerns in Comments.","Flicker Analysis","Flicker-meter in line with (IEC 61000-4-15): EMT or RMS signals Support of multiple file formats such as\nCOMTRADE, CSV, userdefined, etc.","Indicate if the solution :\n- Is an Out-of-the-box functionality\n- Requires configuration?\n- Requires customisation?",null,null,"Show stopper",{"$f":"IF(I20='Priority Ratings'!$C$21,'Priority Ratings'!$B$21, IF(I20='Priority Ratings'!$C$22,'Priority Ratings'!$B$22,IF(I20='Priority Ratings'!$C$23,'Priority Ratings'!$B$23,IF(I20='Priority Ratings'!$C$24,'Priority Ratings'!$B$24,IF(I20='Priority Ratings'!$C$25,'Priority Ratings'!$B$25,IF(I20='Priority Ratings'!$C$26,'Priority Ratings'!$B$26,IF(I20='Priority Ratings'!$C$27,'Priority Ratings'!$B$27,\"No Rating\")))))))","v":6},5.128205128205128E-2,"100%: Fully comply with requirement (Out of the box function with minor re-configuration) \n50%:   Partially comply, will require major configuration.\n0%:     No compliance/require development and/or customisation.",0,0]
[13,"Meeting the Scope of Work Required","How well has the Tenderer described how scope requirements will be met?  Do they understand what needs to be done?  List concerns in Comments.","Frequency Sweep","Automatic step size adaption or constant step size","Indicate if the solution :\n- Is an Out-of-the-box functionality\n- Requires configuration?\n- Requires customisation?",null,null,"Show stopper",{"$f":"IF(I21='Priority Ratings'!$C$21,'Priority Ratings'!$B$21, IF(I21='Priority Ratings'!$C$22,'Priority Ratings'!$B$22,IF(I21='Priority Ratings'!$C$23,'Priority Ratings'!$B$23,IF(I21='Priority Ratings'!$C$24,'Priority Ratings'!$B$24,IF(I21='Priority Ratings'!$C$25,'Priority Ratings'!$B$25,IF(I21='Priority Ratings'!$C$26,'Priority Ratings'!$B$26,IF(I21='Priority Ratings'!$C$27,'Priority Ratings'!$B$27,\"No Rating\")))))))","v":6},5.128205128205128E-2,"100%: Fully comply with requirement (Out of the box function with minor re-configuration) \n50%:   Partially comply, will require major configuration.\n0%:     No compliance/require development and/or customisation.",0,0]
[14,"Meeting the Scope of Work Required","How well has the Tenderer described how scope requirements will be met?  Do they understand what needs to be done?  List concerns in Comments.","Frequency Sweep","Balanced (positive sequence) and unbalanced network model","Indicate if the solution :\n- Is an Out-of-the-box functionality\n- Requires configuration?\n- Requires customisation?",null,null,"Show stopper",{"$f":"IF(I22='Priority Ratings'!$C$21,'Priority Ratings'!$B$21, IF(I22='Priority Ratings'!$C$22,'Priority Ratings'!$B$22,IF(I22='Priority Ratings'!$C$23,'Priority Ratings'!$B$23,IF(I22='Priority Ratings'!$C$24,'Priority Ratings'!$B$24,IF(I22='Priority Ratings'!$C$25,'Priority Ratings'!$B$25,IF(I22='Priority Ratings'!$C$26,'Priority Ratings'!$B$26,IF(I22='Priority Ratings'!$C$27,'Priority Ratings'!$B$27,\"No Rating\")))))))","v":6},5.128205128205128E-2,"100%: Fully comply with requirement (Out of the box function with minor re-configuration) \n50%:   Partially comply, will require major configuration.\n0%:     No compliance/require development and/or customisation.",0,0]
[15,"Meeting the Scope of Work Required","How well has the Tenderer described how scope requirements will be met?  Do they understand what needs to be done?  List concerns in Comments.","Frequency Sweep","Self and mutual impedances/admittances (phase and sequence components)","Indicate if the solution :\n- Is an Out-of-the-box functionality\n- Requires configuration?\n- Requires customisation?",null,null,"Show stopper",{"$f":"IF(I23='Priority Ratings'!$C$21,'Priority Ratings'!$B$21, IF(I23='Priority Ratings'!$C$22,'Priority Ratings'!$B$22,IF(I23='Priority Ratings'!$C$23,'Priority Ratings'!$B$23,IF(I23='Priority Ratings'!$C$24,'Priority Ratings'!$B$24,IF(I23='Priority Ratings'!$C$25,'Priority Ratings'!$B$25,IF(I23='Priority Ratings'!$C$26,'Priority Ratings'!$B$26,IF(I23='Priority Ratings'!$C$27,'Priority Ratings'!$B$27,\"No Rating\")))))))","v":6},5.128205128205128E-2,"100%: Fully comply with requirement (Out of the box function with minor re-configuration) \n50%:   Partially comply, will require major configuration.\n0%:     No compliance/require development and/or customisation.",0,0]
[16,"Meeting the Scope of Work Required","How well has the Tenderer described how scope requirements will be met?  Do they understand what needs to be done?  List concerns in Comments.","Frequency Sweep","Frequency-dependent R and L values and line/ cable\nmodels","Indicate if the solution :\n- Is an Out-of-the-box functionality\n- Requires configuration?\n- Requires customisation?",null,null,"Show stopper",{"$f":"IF(I24='Priority Ratings'!$C$21,'Priority Ratings'!$B$21, IF(I24='Priority Ratings'!$C$22,'Priority Ratings'!$B$22,IF(I24='Priority Ratings'!$C$23,'Priority Ratings'!$B$23,IF(I24='Priority Ratings'!$C$24,'Priority Ratings'!$B$24,IF(I24='Priority Ratings'!$C$25,'Priority Ratings'!$B$25,IF(I24='Priority Ratings'!$C$26,'Priority Ratings'!$B$26,IF(I24='Priority Ratings'!$C$27,'Priority Ratings'!$B$27,\"No Rating\")))))))","v":6},5.128205128205128E-2,"100%: Fully comply with requirement (Out of the box function with minor re-configuration) \n50%:   Partially comply, will require major configuration.\n0%:     No compliance/require development and/or customisation.",0,0]
[17,"Meeting the Scope of Work Required","How well has the Tenderer described how scope requirements will be met?  Do they understand what needs to be done?  List concerns in Comments.","Frequency Sweep","Spectral density of voltage amplitude/angle","Indicate if the solution :\n- Is an Out-of-the-box functionality\n- Requires configuration?\n- Requires customisation?",null,null,"Show stopper",{"$f":"IF(I25='Priority Ratings'!$C$21,'Priority Ratings'!$B$21, IF(I25='Priority Ratings'!$C$22,'Priority Ratings'!$B$22,IF(I25='Priority Ratings'!$C$23,'Priority Ratings'!$B$23,IF(I25='Priority Ratings'!$C$24,'Priority Ratings'!$B$24,IF(I25='Priority Ratings'!$C$25,'Priority Ratings'!$B$25,IF(I25='Priority Ratings'!$C$26,'Priority Ratings'!$B$26,IF(I25='Priority Ratings'!$C$27,'Priority Ratings'!$B$27,\"No Rating\")))))))","v":6},5.128205128205128E-2,"100%: Fully comply with requirement (Out of the box function with minor re-configuration) \n50%:   Partially comply, will require major configuration.\n0%:     No compliance/require development and/or customisation.",0,0]
[18,"Meeting the Scope of Work Required","How well has the Tenderer described how scope requirements will be met?  Do they understand what needs to be done?  List concerns in Comments.","Filter Analysis","Various filter models","Indicate if the solution :\n- Is an Out-of-the-box functionality\n- Requires configuration?\n- Requires customisation?",null,null,"Show stopper",{"$f":"IF(I26='Priority Ratings'!$C$21,'Priority Ratings'!$B$21, IF(I26='Priority Ratings'!$C$22,'Priority Ratings'!$B$22,IF(I26='Priority Ratings'!$C$23,'Priority Ratings'!$B$23,IF(I26='Priority Ratings'!$C$24,'Priority Ratings'!$B$24,IF(I26='Priority Ratings'!$C$25,'Priority Ratings'!$B$25,IF(I26='Priority Ratings'!$C$26,'Priority Ratings'!$B$26,IF(I26='Priority Ratings'!$C$27,'Priority Ratings'!$B$27,\"No Rating\")))))))","v":6},5.128205128205128E-2,"100%: Fully comply with requirement (Out of the box function with minor re-configuration) \n50%:   Partially comply, will require major configuration.\n0%:     No compliance/require development and/or customisation.",0,0]
[19,"Meeting the Scope of Work Required","How well has the Tenderer described how scope requirements will be met?  Do they understand what needs to be done?  List concerns in Comments.","Filter Analysis","Design and layout  parameters","Indicate if the solution :\n- Is an Out-of-the-box functionality\n- Requires configuration?\n- Requires customisation?",null,null,"Show stopper",{"$f":"IF(I27='Priority Ratings'!$C$21,'Priority Ratings'!$B$21, IF(I27='Priority Ratings'!$C$22,'Priority Ratings'!$B$22,IF(I27='Priority Ratings'!$C$23,'Priority Ratings'!$B$23,IF(I27='Priority Ratings'!$C$24,'Priority Ratings'!$B$24,IF(I27='Priority Ratings'!$C$25,'Priority Ratings'!$B$25,IF(I27='Priority Ratings'!$C$26,'Priority Ratings'!$B$26,IF(I27='Priority Ratings'!$C$27,'Priority Ratings'!$B$27,\"No Rating\")))))))","v":6},5.128205128205128E-2,"100%: Fully comply with requirement (Out of the box function with minor re-configuration) \n50%:   Partially comply, will require major configuration.\n0%:     No compliance/require development and/or customisation.",0,0]
[20,"Meeting the Scope of Work Required","How well has the Tenderer described how scope requirements will be met?  Do they understand what needs to be done?  List concerns in Comments.","Filter Analysis","Filter sizing and verification reports","Indicate if the solution :\n- Is an Out-of-the-box functionality\n- Requires configuration?\n- Requires customisation?",null,null,"Show stopper",{"$f":"IF(I28='Priority Ratings'!$C$21,'Priority Ratings'!$B$21, IF(I28='Priority Ratings'!$C$22,'Priority Ratings'!$B$22,IF(I28='Priority Ratings'!$C$23,'Priority Ratings'!$B$23,IF(I28='Priority Ratings'!$C$24,'Priority Ratings'!$B$24,IF(I28='Priority Ratings'!$C$25,'Priority Ratings'!$B$25,IF(I28='Priority Ratings'!$C$26,'Priority Ratings'!$B$26,IF(I28='Priority Ratings'!$C$27,'Priority Ratings'!$B$27,\"No Rating\")))))))","v":6},5.128205128205128E-2,"100%: Fully comply with requirement (Out of the box function with minor re-configuration) \n50%:   Partially comply, will require major configuration.\n0%:     No compliance/require development and/or customisation.",0,0]
[]
[null,null,null,null,null,null,null,"Totals",null,{"$f":"SUM(J9:J28)","v":117},{"$f":"SUM(K9:K28)","v":1.0000000000000002},null,null,{"$f":"SUM(N9:N28)","v":0}]

{"sheet":"PSST-Additional Power Systems A","index":10,"n_rows":54,"n_cols":15,"rows_kept":54,"cut":false,"hidden":false,"merged":[[0,0,0,2],[4,0,4,2],[6,14,7,14],[5,0,5,2],[3,0,3,2],[2,0,2,2],[1,0,1,2]]}
["Power System Simulation Tool Functionality BRS22.1 BRS23.1 BRS24.1 BRS25.1 BRS26.1 BRS27. BRS28. BRS29.1"]
["CORP xxxx Tender",null,null,null,null,null,null,null,null,null,null,null,"Scoring (Sliding scale)"]
["Tenderer:",null,null,null,null,null,null,null,null,null,null,null,"100% - Fully compliant"]
["Evaluated by:",null,null,null,null,null,null,null,null,null,null,null,"50%-Partially compliant"]
[null,null,null,null,null,null,null,null,null,null,null,null,"0%-Non compliance"]
["Evaluation Criteria"]
[null,null,null,null,null,null,"Vendor Compliance\nFull Compliance - Y\nPartial Compliance - P\nNon Compliance - N","Vendor to indicate any applicable comments based on Compliance","Priority\nRequirement priority as determined by Eskom","Weight\n(agreed by evaluation team members)",null,"Score\n(determined by each evaluation team member during evaluation. Will be averaged for final scores)","Score",null,"Comments (Internal) for scorer"]
["ID","Type","Criterion","Functional Requirement","Requirement description","Evaluation Criterion / Question","Vendor Compliance","Comments","Priority Description","Priority\n","Weighted Question","Scoring","Answer\n(0,50,100%)","Weighted Answer"]
[1,"Meeting the Scope of Work Required","How well has the Tenderer described how scope requirements will be met?  Do they understand what needs to be done?  List concerns in Comments.","PV Curves Calculation","Voltage stability assessment by determination of critical\npoint of voltage instability","Indicate if the solution :\n- Is an Out-of-the-box functionality\n- Requires configuration?\n- Requires customisation?",null,null,"Very important",{"$f":"IF(I9='Priority Ratings'!$C$21,'Priority Ratings'!$B$21, IF(I9='Priority Ratings'!$C$22,'Priority Ratings'!$B$22,IF(I9='Priority Ratings'!$C$23,'Priority Ratings'!$B$23,IF(I9='Priority Ratings'!$C$24,'Priority Ratings'!$B$24,IF(I9='Priority Ratings'!$C$25,'Priority Ratings'!$B$25,IF(I9='Priority Ratings'!$C$26,'Priority Ratings'!$B$26,IF(I9='Priority Ratings'!$C$27,'Priority Ratings'!$B$27,\"No Rating\")))))))","v":4},{"$f":"J9/J$54","v":1.7167381974248927E-2},"100%: Fully comply with requirement (Out of the box function with minor re-configuration) \n50%:   Partially comply, will require major configuration.\n0%:     No compliance/require development and/or customisation.",0,{"$f":"K9*M9","v":0}]
[2,"Meeting the Scope of Work Required","How well has the Tenderer described how scope requirements will be met?  Do they understand what needs to be done?  List concerns in Comments.","PV Curves Calculation","Support contingency analysis, i.e., detection of  \"Limiting Contingency\"","Indicate if the solution :\n- Is an Out-of-the-box functionality\n- Requires configuration?\n- Requires customisation?",null,null,"Very important",{"$f":"IF(I10='Priority Ratings'!$C$21,'Priority Ratings'!$B$21, IF(I10='Priority Ratings'!$C$22,'Priority Ratings'!$B$22,IF(I10='Priority Ratings'!$C$23,'Priority Ratings'!$B$23,IF(I10='Priority Ratings'!$C$24,'Priority Ratings'!$B$24,IF(I10='Priority Ratings'!$C$25,'Priority Ratings'!$B$25,IF(I10='Priority Ratings'!$C$26,'Priority Ratings'!$B$26,IF(I10='Priority Ratings'!$C$27,'Priority Ratings'!$B$27,\"No Rating\")))))))","v":4},1.7167381974248927E-2,"100%: Fully comply with requirement (Out of the box function with minor re-configuration) \n50%:   Partially comply, will require major configuration.\n0%:     No compliance/require development and/or customisation.",0,0]
[3,"Meeting the Scope of Work Required","How well has the Tenderer described how scope requirements will be met?  Do they understand what needs to be done?  List concerns in Comments.","Transfer capacity analysis","The user should be able to determine the maximum\ntransfer capacity between two regions or between two\nsets of generators and/or loads, by scaling generation\nand or load until a limit isreached","Indicate if the solution :\n- Is an Out-of-the-box functionality\n- Requires configuration?\n- Requires customisation?",null,null,"Critical",{"$f":"IF(I11='Priority Ratings'!$C$21,'Priority Ratings'!$B$21, IF(I11='Priority Ratings'!$C$22,'Priority Ratings'!$B$22,IF(I11='Priority Ratings'!$C$23,'Priority Ratings'!$B$23,IF(I11='Priority Ratings'!$C$24,'Priority Ratings'!$B$24,IF(I11='Priority Ratings'!$C$25,'Priority Ratings'!$B$25,IF(I11='Priority Ratings'!$C$26,'Priority Ratings'!$B$26,IF(I11='Priority Ratings'!$C$27,'Priority Ratings'!$B$27,\"No Rating\")))))))","v":5},2.1459227467811159E-2,"100%: Fully comply with requirement (Out of the box function with minor re-configuration) \n50%:   Partially comply, will require major configuration.\n0%:     No compliance/require development and/or customisation.",0,0]
[4,"Meeting the Scope of Work Required","How well has the Tenderer described how scope requirements will be met?  Do they understand what needs to be done?  List concerns in Comments.","Transfer capacity analysis","The tool must allow contingency at the limiting\npoint or prior to the limiting point","Indicate if the solution :\n- Is an Out-of-the-box functionality\n- Requires configuration?\n- Requires customisation?",null,null,"Critical",{"$f":"IF(I12='Priority Ratings'!$C$21,'Priority Ratings'!$B$21, IF(I12='Priority Ratings'!$C$22,'Priority Ratings'!$B$22,IF(I12='Priority Ratings'!$C$23,'Priority Ratings'!$B$23,IF(I12='Priority Ratings'!$C$24,'Priority Ratings'!$B$24,IF(I12='Priority Ratings'!$C$25,'Priority Ratings'!$B$25,IF(I12='Priority Ratings'!$C$26,'Priority Ratings'!$B$26,IF(I12='Priority Ratings'!$C$27,'Priority Ratings'!$B$27,\"No Rating\")))))))","v":5},2.1459227467811159E-2,"100%: Fully comply with requirement (Out of the box function with minor re-configuration) \n50%:   Partially comply, will require major configuration.\n0%:     No compliance/require development and/or customisation.",0,0]
[5,"Meeting the Scope of Work Required","How well has the Tenderer described how scope requirements will be met?  Do they understand what needs to be done?  List concerns in Comments.","Transfer capacity analysis","The constraints should be voltage; thermal; reactive\npower as well as active power","Indicate if the solution :\n- Is an Out-of-the-box functionality\n- Requires configuration?\n- Requires customisation?",null,null,"Critical",{"$f":"IF(I13='Priority Ratings'!$C$21,'Priority Ratings'!$B$21, IF(I13='Priority Ratings'!$C$22,'Priority Ratings'!$B$22,IF(I13='Priority Ratings'!$C$23,'Priority Ratings'!$B$23,IF(I13='Priority Ratings'!$C$24,'Priority Ratings'!$B$24,IF(I13='Priority Ratings'!$C$25,'Priority Ratings'!$B$25,IF(I13='Priority Ratings'!$C$26,'Priority Ratings'!$B$26,IF(I13='Priority Ratings'!$C$27,'Priority Ratings'!$B$27,\"No Rating\")))))))","v":5},2.1459227467811159E-2,"100%: Fully comply with requirement (Out of the box function with minor re-configuration) \n50%:   Partially comply, will require major configuration.\n0%:     No compliance/require development and/or customisation.",0,0]
[6,"Meeting the Scope of Work Required","How well has the Tenderer described how scope requirements will be met?  Do they understand what needs to be done?  List concerns in Comments.","Transfer capacity analysis","Limit reports should be an output showing limiting\nphenomena area and or affected equipment","Indicate if the solution :\n- Is an Out-of-the-box functionality\n- Requires configuration?\n- Requires customisation?",null,null,"Critical",{"$f":"IF(I14='Priority Ratings'!$C$21,'Priority Ratings'!$B$21, IF(I14='Priority Ratings'!$C$22,'Priority Ratings'!$B$22,IF(I14='Priority Ratings'!$C$23,'Priority Ratings'!$B$23,IF(I14='Priority Ratings'!$C$24,'Priority Ratings'!$B$24,IF(I14='Priority Ratings'!$C$25,'Priority Ratings'!$B$25,IF(I14='Priority Ratings'!$C$26,'Priority Ratings'!$B$26,IF(I14='Priority Ratings'!$C$27,'Priority Ratings'!$B$27,\"No Rating\")))))))","v":5},2.1459227467811159E-2,"100%: Fully comply with requirement (Out of the box function with minor re-configuration) \n50%:   Partially comply, will require major configuration.\n0%:     No compliance/require development and/or customisation.",0,0]
[7,"Meeting the Scope of Work Required","How well has the Tenderer described how scope requirements will be met?  Do they understand what needs to be done?  List concerns in Comments.","QV Curves Calculation","Voltage stability limit assessment by evaluating\nthe bus voltage change with regards to variation of\ninjected reactive power.","Indicate if the solution :\n- Is an Out-of-the-box functionality\n- Requires configuration?\n- Requires customisation?",null,null,"Critical",{"$f":"IF(I15='Priority Ratings'!$C$21,'Priority Ratings'!$B$21, IF(I15='Priority Ratings'!$C$22,'Priority Ratings'!$B$22,IF(I15='Priority Ratings'!$C$23,'Priority Ratings'!$B$23,IF(I15='Priority Ratings'!$C$24,'Priority Ratings'!$B$24,IF(I15='Priority Ratings'!$C$25,'Priority Ratings'!$B$25,IF(I15='Priority Ratings'!$C$26,'Priority Ratings'!$B$26,IF(I15='Priority Ratings'!$C$27,'Priority Ratings'!$B$27,\"No Rating\")))))))","v":5},2.1459227467811159E-2,"100%: Fully comply with requirement (Out of the box function with minor re-configuration) \n50%:   Partially comply, will require major configuration.\n0%:     No compliance/require development and/or customisation.",0,0]
[8,"Meeting the Scope of Work Required","How well has the Tenderer described how scope requirements will be met?  Do they understand what needs to be done?  List concerns in Comments.","QV Curves Calculation","Evaluating of stable operating points for various\nsystem loading scenarios, including contingencies","Indicate if the solution :\n- Is an Out-of-the-box functionality\n- Requires configuration?\n- Requires customisation?",null,null,"Very important",{"$f":"IF(I16='Priority Ratings'!$C$21,'Priority Ratings'!$B$21, IF(I16='Priority Ratings'!$C$22,'Priority Ratings'!$B$22,IF(I16='Priority Ratings'!$C$23,'Priority Ratings'!$B$23,IF(I16='Priority Ratings'!$C$24,'Priority Ratings'!$B$24,IF(I16='Priority Ratings'!$C$25,'Priority Ratings'!$B$25,IF(I16='Priority Ratings'!$C$26,'Priority Ratings'!$B$26,IF(I16='Priority Ratings'!$C$27,'Priority Ratings'!$B$27,\"No Rating\")))))))","v":4},1.7167381974248927E-2,"100%: Fully comply with requirement (Out of the box function with minor re-configuration) \n50%:   Partially comply, will require major configuration.\n0%:     No compliance/require development and/or customisation.",0,0]
[9,"Meeting the Scope of Work Required","How well has the Tenderer described how scope requirements will be met?  Do they understand what needs to be done?  List concerns in Comments.","QV Curves Calculation","Determination of reactive power compensation by\nsuperposition of capacitor characteristics in QV plots","Indicate if the solution :\n- Is an Out-of-the-box functionality\n- Requires configuration?\n- Requires customisation?",null,null,"Very important",{"$f":"IF(I17='Priority Ratings'!$C$21,'Priority Ratings'!$B$21, IF(I17='Priority Ratings'!$C$22,'Priority Ratings'!$B$22,IF(I17='Priority Ratings'!$C$23,'Priority Ratings'!$B$23,IF(I17='Priority Ratings'!$C$24,'Priority Ratings'!$B$24,IF(I17='Priority Ratings'!$C$25,'Priority Ratings'!$B$25,IF(I17='Priority Ratings'!$C$26,'Priority Ratings'!$B$26,IF(I17='Priority Ratings'!$C$27,'Priority Ratings'!$B$27,\"No Rating\")))))))","v":4},1.7167381974248927E-2,"100%: Fully comply with requirement (Out of the box function with minor re-configuration) \n50%:   Partially comply, will require major configuration.\n0%:     No compliance/require development and/or customisation.",0,0]
[10,"Meeting the Scope of Work Required","How well has the Tenderer described how scope requirements will be met?  Do they understand what needs to be done?  List concerns in Comments.","Tie Open Point Optimisation","Optimisation of tie open point positions subject to\nloss minimisation, improvement of system reliability, or\nminimisation of switching actions","Indicate if the solution :\n- Is an Out-of-the-box functionality\n- Requires configuration?\n- Requires customisation?",null,null,"Critical",{"$f":"IF(I18='Priority Ratings'!$C$21,'Priority Ratings'!$B$21, IF(I18='Priority Ratings'!$C$22,'Priority Ratings'!$B$22,IF(I18='Priority Ratings'!$C$23,'Priority Ratings'!$B$23,IF(I18='Priority Ratings'!$C$24,'Priority Ratings'!$B$24,IF(I18='Priority Ratings'!$C$25,'Priority Ratings'!$B$25,IF(I18='Priority Ratings'!$C$26,'Priority Ratings'!$B$26,IF(I18='Priority Ratings'!$C$27,'Priority Ratings'!$B$27,\"No Rating\")))))))","v":5},2.1459227467811159E-2,"100%: Fully comply with requirement (Out of the box function with minor re-configuration) \n50%:   Partially comply, will require major configuration.\n0%:     No compliance/require development and/or customisation.",0,0]
[11,"Meeting the Scope of Work Required","How well has the Tenderer described how scope requirements will be met?  Do they understand what needs to be done?  List concerns in Comments.","Tie Open Point Optimisation","Support of balanced/unbalanced systems","Indicate if the solution :\n- Is an Out-of-the-box functionality\n- Requires configuration?\n- Requires customisation?",null,null,"Critical",{"$f":"IF(I19='Priority Ratings'!$C$21,'Priority Ratings'!$B$21, IF(I19='Priority Ratings'!$C$22,'Priority Ratings'!$B$22,IF(I19='Priority Ratings'!$C$23,'Priority Ratings'!$B$23,IF(I19='Priority Ratings'!$C$24,'Priority Ratings'!$B$24,IF(I19='Priority Ratings'!$C$25,'Priority Ratings'!$B$25,IF(I19='Priority Ratings'!$C$26,'Priority Ratings'!$B$26,IF(I19='Priority Ratings'!$C$27,'Priority Ratings'!$B$27,\"No Rating\")))))))","v":5},2.1459227467811159E-2,"100%: Fully comply with requirement (Out of the box function with minor re-configuration) \n50%:   Partially comply, will require major configuration.\n0%:     No compliance/require development and/or customisation.",0,0]
[12,"Meeting the Scope of Work Required","How well has the Tenderer described how scope requirements will be met?  Do they understand what needs to be done?  List concerns in Comments.","Tie Open Point Optimisation","Branch and boundary flow limits NEW, absolute\nvoltage, and voltage drop/rise constraints","Indicate if the solution :\n- Is an Out-of-the-box functionality\n- Requires configuration?\n- Requires customisation?",null,null,"Very important",{"$f":"IF(I20='Priority Ratings'!$C$21,'Priority Ratings'!$B$21, IF(I20='Priority Ratings'!$C$22,'Priority Ratings'!$B$22,IF(I20='Priority Ratings'!$C$23,'Priority Ratings'!$B$23,IF(I20='Priority Ratings'!$C$24,'Priority Ratings'!$B$24,IF(I20='Priority Ratings'!$C$25,'Priority Ratings'!$B$25,IF(I20='Priority Ratings'!$C$26,'Priority Ratings'!$B$26,IF(I20='Priority Ratings'!$C$27,'Priority Ratings'!$B$27,\"No Rating\")))))))","v":4},1.7167381974248927E-2,"100%: Fully comply with requirement (Out of the box function with minor re-configuration) \n50%:   Partially comply, will require major configuration.\n0%:     No compliance/require development and/or customisation.",0,0]
[13,"Meeting the Scope of Work Required","How well has the Tenderer described how scope requirements will be met?  Do they understand what needs to be done?  List concerns in Comments.","Tie Open Point Optimisation","Enhanced reporting features and graphical visualisation,\nincluding automatic identification of tie open points","Indicate if the solution :\n- Is an Out-of-the-box functionality\n- Requires configuration?\n- Requires customisation?",null,null,"Very important",{"$f":"IF(I21='Priority Ratings'!$C$21,'Priority Ratings'!$B$21, IF(I21='Priority Ratings'!$C$22,'Priority Ratings'!$B$22,IF(I21='Priority Ratings'!$C$23,'Priority Ratings'!$B$23,IF(I21='Priority Ratings'!$C$24,'Priority Ratings'!$B$24,IF(I21='Priority Ratings'!$C$25,'Priority Ratings'!$B$25,IF(I21='Priority Ratings'!$C$26,'Priority Ratings'!$B$26,IF(I21='Priority Ratings'!$C$27,'Priority Ratings'!$B$27,\"No Rating\")))))))","v":4},1.7167381974248927E-2,"100%: Fully comply with requirement (Out of the box function with minor re-configuration) \n50%:   Partially comply, will require major configuration.\n0%:     No compliance/require development and/or customisation.",0,0]
[14,"Meeting the Scope of Work Required","How well has the Tenderer described how scope requirements will be met?  Do they understand what needs to be done?  List concerns in Comments.","Tie Open Point Optimisation","Various methodologies, such as mesh exploration\nheuristic, genetic algorithms, and simulated annealing","Indicate if the solution :\n- Is an Out-of-the-box functionality\n- Requires configuration?\n- Requires customisation?",null,null,"Critical",{"$f":"IF(I22='Priority Ratings'!$C$21,'Priority Ratings'!$B$21, IF(I22='Priority Ratings'!$C$22,'Priority Ratings'!$B$22,IF(I22='Priority Ratings'!$C$23,'Priority Ratings'!$B$23,IF(I22='Priority Ratings'!$C$24,'Priority Ratings'!$B$24,IF(I22='Priority Ratings'!$C$25,'Priority Ratings'!$B$25,IF(I22='Priority Ratings'!$C$26,'Priority Ratings'!$B$26,IF(I22='Priority Ratings'!$C$27,'Priority Ratings'!$B$27,\"No Rating\")))))))","v":5},2.1459227467811159E-2,"100%: Fully comply with requirement (Out of the box function with minor re-configuration) \n50%:   Partially comply, will require major configuration.\n0%:     No compliance/require development and/or customisation.",0,0]
[15,"Meeting the Scope of Work Required","How well has the Tenderer described how scope requirements will be met?  Do they understand what needs to be done?  List concerns in Comments.","Tie Open Point Optimisation","Storing of optimized states of network in different\nversions of the casefile to allow quick toggling\nbetween before and after states of network and allow\nfor comparison of states and results","Indicate if the solution :\n- Is an Out-of-the-box functionality\n- Requires configuration?\n- Requires customisation?",null,null,"Show stopper",{"$f":"IF(I23='Priority Ratings'!$C$21,'Priority Ratings'!$B$21, IF(I23='Priority Ratings'!$C$22,'Priority Ratings'!$B$22,IF(I23='Priority Ratings'!$C$23,'Priority Ratings'!$B$23,IF(I23='Priority Ratings'!$C$24,'Priority Ratings'!$B$24,IF(I23='Priority Ratings'!$C$25,'Priority Ratings'!$B$25,IF(I23='Priority Ratings'!$C$26,'Priority Ratings'!$B$26,IF(I23='Priority Ratings'!$C$27,'Priority Ratings'!$B$27,\"No Rating\")))))))","v":6},2.575107296137339E-2,"100%: Fully comply with requirement (Out of the box function with minor re-configuration) \n50%:   Partially comply, will require major configuration.\n0%:     No compliance/require development and/or customisation.",0,0]
[16,"Meeting the Scope of Work Required","How well has the Tenderer described how scope requirements will be met?  Do they understand what needs to be done?  List concerns in Comments.","Voltage Profile\noptimisation","Verification and optimisation mode","Indicate if the solution :\n- Is an Out-of-the-box functionality\n- Requires configuration?\n- Requires customisation?",null,null,"Show stopper",{"$f":"IF(I24='Priority Ratings'!$C$21,'Priority Ratings'!$B$21, IF(I24='Priority Ratings'!$C$22,'Priority Ratings'!$B$22,IF(I24='Priority Ratings'!$C$23,'Priority Ratings'!$B$23,IF(I24='Priority Ratings'!$C$24,'Priority Ratings'!$B$24,IF(I24='Priority Ratings'!$C$25,'Priority Ratings'!$B$25,IF(I24='Priority Ratings'!$C$26,'Priority Ratings'!$B$26,IF(I24='Priority Ratings'!$C$27,'Priority Ratings'!$B$27,\"No Rating\")))))))","v":6},2.575107296137339E-2,"100%: Fully comply with requirement (Out of the box function with minor re-configuration) \n50%:   Partially comply, will require major configuration.\n0%:     No compliance/require development and/or customisation.",0,0]
[17,"Meeting the Scope of Work Required","How well has the Tenderer described how scope requirements will be met?  Do they understand what needs to be done?  List concerns in Comments.","Voltage Profile\noptimisation","Voltage profile optimisation for bi-directional power flows\nin systems with a high level of distributed generation","Indicate if the solution :\n- Is an Out-of-the-box functionality\n- Requires configuration?\n- Requires customisation?",null,null,"Show stopper",{"$f":"IF(I25='Priority Ratings'!$C$21,'Priority Ratings'!$B$21, IF(I25='Priority Ratings'!$C$22,'Priority Ratings'!$B$22,IF(I25='Priority Ratings'!$C$23,'Priority Ratings'!$B$23,IF(I25='Priority Ratings'!$C$24,'Priority Ratings'!$B$24,IF(I25='Priority Ratings'!$C$25,'Priority Ratings'!$B$25,IF(I25='Priority Ratings'!$C$26,'Priority Ratings'!$B$26,IF(I25='Priority Ratings'!$C$27,'Priority Ratings'!$B$27,\"No Rating\")))))))","v":6},2.575107296137339E-2,"100%: Fully comply with requirement (Out of the box function with minor re-configuration) \n50%:   Partially comply, will require major configuration.\n0%:     No compliance/require development and/or customisation.",0,0]
[18,"Meeting the Scope of Work Required","How well has the Tenderer described how scope requirements will be met?  Do they understand what needs to be done?  List concerns in Comments.","Voltage Profile\noptimisation","Determination of optimal distribution transformer tap\npositions for production and consumption cases\n(simultaneous or independent)","Indicate if the solution :\n- Is an Out-of-the-box functionality\n- Requires configuration?\n- Requires customisation?",null,null,"Show stopper",{"$f":"IF(I26='Priority Ratings'!$C$21,'Priority Ratings'!$B$21, IF(I26='Priority Ratings'!$C$22,'Priority Ratings'!$B$22,IF(I26='Priority Ratings'!$C$23,'Priority Ratings'!$B$23,IF(I26='Priority Ratings'!$C$24,'Priority Ratings'!$B$24,IF(I26='Priority Ratings'!$C$25,'Priority Ratings'!$B$25,IF(I26='Priority Ratings'!$C$26,'Priority Ratings'!$B$26,IF(I26='Priority Ratings'!$C$27,'Priority Ratings'!$B$27,\"No Rating\")))))))","v":6},2.575107296137339E-2,"100%: Fully comply with requirement (Out of the box function with minor re-configuration) \n50%:   Partially comply, will require major configuration.\n0%:     No compliance/require development and/or customisation.",0,0]
[19,"Meeting the Scope of Work Required","How well has the Tenderer described how scope requirements will be met?  Do they understand what needs to be done?  List concerns in Comments.","Voltage Profile\noptimisation","Combined consideration of MV and LV feeder voltage\nprofiles with enhanced plotting features","Indicate if the solution :\n- Is an Out-of-the-box functionality\n- Requires configuration?\n- Requires customisation?",null,null,"Show stopper",{"$f":"IF(I27='Priority Ratings'!$C$21,'Priority Ratings'!$B$21, IF(I27='Priority Ratings'!$C$22,'Priority Ratings'!$B$22,IF(I27='Priority Ratings'!$C$23,'Priority Ratings'!$B$23,IF(I27='Priority Ratings'!$C$24,'Priority Ratings'!$B$24,IF(I27='Priority Ratings'!$C$25,'Priority Ratings'!$B$25,IF(I27='Priority Ratings'!$C$26,'Priority Ratings'!$B$26,IF(I27='Priority Ratings'!$C$27,'Priority Ratings'!$B$27,\"No Rating\")))))))","v":6},2.575107296137339E-2,"100%: Fully comply with requirement (Out of the box function with minor re-configuration) \n50%:   Partially comply, will require major configuration.\n0%:     No compliance/require development and/or customisation.",0,0]
[20,"Meeting the Scope of Work Required","How well has the Tenderer described how scope requirements will be met?  Do they understand what needs to be done?  List concerns in Comments.","Phase Balance\nOptimisation","Automatic reconnection of loads, generators, and/or\nbranch elements to achieve minimal power unbalance","Indicate if the solution :\n- Is an Out-of-the-box functionality\n- Requires configuration?\n- Requires customisation?",null,null,"Show stopper",{"$f":"IF(I28='Priority Ratings'!$C$21,'Priority Ratings'!$B$21, IF(I28='Priority Ratings'!$C$22,'Priority Ratings'!$B$22,IF(I28='Priority Ratings'!$C$23,'Priority Ratings'!$B$23,IF(I28='Priority Ratings'!$C$24,'Priority Ratings'!$B$24,IF(I28='Priority Ratings'!$C$25,'Priority Ratings'!$B$25,IF(I28='Priority Ratings'!$C$26,'Priority Ratings'!$B$26,IF(I28='Priority Ratings'!$C$27,'Priority Ratings'!$B$27,\"No Rating\")))))))","v":6},2.575107296137339E-2,"100%: Fully comply with requirement (Out of the box function with minor re-configuration) \n50%:   Partially comply, will require major configuration.\n0%:     No compliance/require development and/or customisation.",0,0]
[21,"Meeting the Scope of Work Required","How well has the Tenderer described how scope requirements will be met?  Do they understand what needs to be done?  List concerns in Comments.","Phase Balance\nOptimisation","Minimisation of unbalance at feeding point or average\nunbalance in feeder","Indicate if the solution :\n- Is an Out-of-the-box functionality\n- Requires configuration?\n- Requires customisation?",null,null,"Show stopper",{"$f":"IF(I29='Priority Ratings'!$C$21,'Priority Ratings'!$B$21, IF(I29='Priority Ratings'!$C$22,'Priority Ratings'!$B$22,IF(I29='Priority Ratings'!$C$23,'Priority Ratings'!$B$23,IF(I29='Priority Ratings'!$C$24,'Priority Ratings'!$B$24,IF(I29='Priority Ratings'!$C$25,'Priority Ratings'!$B$25,IF(I29='Priority Ratings'!$C$26,'Priority Ratings'!$B$26,IF(I29='Priority Ratings'!$C$27,'Priority Ratings'!$B$27,\"No Rating\")))))))","v":6},2.575107296137339E-2,"100%: Fully comply with requirement (Out of the box function with minor re-configuration) \n50%:   Partially comply, will require major configuration.\n0%:     No compliance/require development and/or customisation.",0,0]
[22,"Meeting the Scope of Work Required","How well has the Tenderer described how scope requirements will be met?  Do they understand what needs to be done?  List concerns in Comments.","Phase Balance\nOptimisation","High flexibility to also allow for partial reconfiguration","Indicate if the solution :\n- Is an Out-of-the-box functionality\n- Requires configuration?\n- Requires customisation?",null,null,"Show stopper",{"$f":"IF(I30='Priority Ratings'!$C$21,'Priority Ratings'!$B$21, IF(I30='Priority Ratings'!$C$22,'Priority Ratings'!$B$22,IF(I30='Priority Ratings'!$C$23,'Priority Ratings'!$B$23,IF(I30='Priority Ratings'!$C$24,'Priority Ratings'!$B$24,IF(I30='Priority Ratings'!$C$25,'Priority Ratings'!$B$25,IF(I30='Priority Ratings'!$C$26,'Priority Ratings'!$B$26,IF(I30='Priority Ratings'!$C$27,'Priority Ratings'!$B$27,\"No Rating\")))))))","v":6},2.575107296137339E-2,"100%: Fully comply with requirement (Out of the box function with minor re-configuration) \n50%:   Partially comply, will require major configuration.\n0%:     No compliance/require development and/or customisation.",0,0]
[23,"Meeting the Scope of Work Required","How well has the Tenderer described how scope requirements will be met?  Do they understand what needs to be done?  List concerns in Comments.","Phase Balance\nOptimisation","Capturing of results via ariations for convenient\ntoggling of original and optimised phase connections","Indicate if the solution :\n- Is an Out-of-the-box functionality\n- Requires configuration?\n- Requires customisation?",null,null,"Critical",{"$f":"IF(I31='Priority Ratings'!$C$21,'Priority Ratings'!$B$21, IF(I31='Priority Ratings'!$C$22,'Priority Ratings'!$B$22,IF(I31='Priority Ratings'!$C$23,'Priority Ratings'!$B$23,IF(I31='Priority Ratings'!$C$24,'Priority Ratings'!$B$24,IF(I31='Priority Ratings'!$C$25,'Priority Ratings'!$B$25,IF(I31='Priority Ratings'!$C$26,'Priority Ratings'!$B$26,IF(I31='Priority Ratings'!$C$27,'Priority Ratings'!$B$27,\"No Rating\")))))))","v":5},2.1459227467811159E-2,"100%: Fully comply with requirement (Out of the box function with minor re-configuration) \n50%:   Partially comply, will require major configuration.\n0%:     No compliance/require development and/or customisation.",0,0]
[24,"Meeting the Scope of Work Required","How well has the Tenderer described how scope requirements will be met?  Do they understand what needs to be done?  List concerns in Comments.","Phase Balance\nOptimisation","Various methodologies, such as standard heuristics,\ngenetic algorithms, and simulated annealing","Indicate if the solution :\n- Is an Out-of-the-box functionality\n- Requires configuration?\n- Requires customisation?",null,null,"Critical",{"$f":"IF(I32='Priority Ratings'!$C$21,'Priority Ratings'!$B$21, IF(I32='Priority Ratings'!$C$22,'Priority Ratings'!$B$22,IF(I32='Priority Ratings'!$C$23,'Priority Ratings'!$B$23,IF(I32='Priority Ratings'!$C$24,'Priority Ratings'!$B$24,IF(I32='Priority Ratings'!$C$25,'Priority Ratings'!$B$25,IF(I32='Priority Ratings'!$C$26,'Priority Ratings'!$B$26,IF(I32='Priority Ratings'!$C$27,'Priority Ratings'!$B$27,\"No Rating\")))))))","v":5},2.1459227467811159E-2,"100%: Fully comply with requirement (Out of the box function with minor re-configuration) \n50%:   Partially comply, will require major configuration.\n0%:     No compliance/require development and/or customisation.",0,0]
[25,"Meeting the Scope of Work Required","How well has the Tenderer described how scope requirements will be met?  Do they understand what needs to be done?  List concerns in Comments.","Optimal Capacitor\nPlacement","Determination of optimal locations, types, phase\ntechnology and sizes of capacitors","Indicate if the solution :\n- Is an Out-of-the-box functionality\n- Requires configuration?\n- Requires customisation?",null,null,"Very important",{"$f":"IF(I33='Priority Ratings'!$C$21,'Priority Ratings'!$B$21, IF(I33='Priority Ratings'!$C$22,'Priority Ratings'!$B$22,IF(I33='Priority Ratings'!$C$23,'Priority Ratings'!$B$23,IF(I33='Priority Ratings'!$C$24,'Priority Ratings'!$B$24,IF(I33='Priority Ratings'!$C$25,'Priority Ratings'!$B$25,IF(I33='Priority Ratings'!$C$26,'Priority Ratings'!$B$26,IF(I33='Priority Ratings'!$C$27,'Priority Ratings'!$B$27,\"No Rating\")))))))","v":4},1.7167381974248927E-2,"100%: Fully comply with requirement (Out of the box function with minor re-configuration) \n50%:   Partially comply, will require major configuration.\n0%:     No compliance/require development and/or customisation.",0,0]
[26,"Meeting the Scope of Work Required","How well has the Tenderer described how scope requirements will be met?  Do they understand what needs to be done?  List concerns in Comments.","Optimal Capacitor\nPlacement","Economic assessment considering costs of losses\nagainst installation costs under predefined voltage\nconstraints","Indicate if the solution :\n- Is an Out-of-the-box functionality\n- Requires configuration?\n- Requires customisation?",null,null,"Very important",{"$f":"IF(I34='Priority Ratings'!$C$21,'Priority Ratings'!$B$21, IF(I34='Priority Ratings'!$C$22,'Priority Ratings'!$B$22,IF(I34='Priority Ratings'!$C$23,'Priority Ratings'!$B$23,IF(I34='Priority Ratings'!$C$24,'Priority Ratings'!$B$24,IF(I34='Priority Ratings'!$C$25,'Priority Ratings'!$B$25,IF(I34='Priority Ratings'!$C$26,'Priority Ratings'!$B$26,IF(I34='Priority Ratings'!$C$27,'Priority Ratings'!$B$27,\"No Rating\")))))))","v":4},1.7167381974248927E-2,"100%: Fully comply with requirement (Out of the box function with minor re-configuration) \n50%:   Partially comply, will require major configuration.\n0%:     No compliance/require development and/or customisation.",0,0]
[27,"Meeting the Scope of Work Required","How well has the Tenderer described how scope requirements will be met?  Do they understand what needs to be done?  List concerns in Comments.","Optimal Capacitor\nPlacement","Support of load variation via characteristics","Indicate if the solution :\n- Is an Out-of-the-box functionality\n- Requires configuration?\n- Requires customisation?",null,null,"Critical",{"$f":"IF(I35='Priority Ratings'!$C$21,'Priority Ratings'!$B$21, IF(I35='Priority Ratings'!$C$22,'Priority Ratings'!$B$22,IF(I35='Priority Ratings'!$C$23,'Priority Ratings'!$B$23,IF(I35='Priority Ratings'!$C$24,'Priority Ratings'!$B$24,IF(I35='Priority Ratings'!$C$25,'Priority Ratings'!$B$25,IF(I35='Priority Ratings'!$C$26,'Priority Ratings'!$B$26,IF(I35='Priority Ratings'!$C$27,'Priority Ratings'!$B$27,\"No Rating\")))))))","v":5},2.1459227467811159E-2,"100%: Fully comply with requirement (Out of the box function with minor re-configuration) \n50%:   Partially comply, will require major configuration.\n0%:     No compliance/require development and/or customisation.",0,0]
[28,"Meeting the Scope of Work Required","How well has the Tenderer described how scope requirements will be met?  Do they understand what needs to be done?  List concerns in Comments.","Hosting Capacity Analysis","Accurate Modelling: The hosting capacity analysis\ntool should have the ability to accurately resolve for\ndetailed electrical network models that include but not\nlimited to distribution transformers, voltage\nregulators, capacitors, and other grid components.","Indicate if the solution :\n- Is an Out-of-the-box functionality\n- Requires configuration?\n- Requires customisation?",null,null,"Show stopper",{"$f":"IF(I36='Priority Ratings'!$C$21,'Priority Ratings'!$B$21, IF(I36='Priority Ratings'!$C$22,'Priority Ratings'!$B$22,IF(I36='Priority Ratings'!$C$23,'Priority Ratings'!$B$23,IF(I36='Priority Ratings'!$C$24,'Priority Ratings'!$B$24,IF(I36='Priority Ratings'!$C$25,'Priority Ratings'!$B$25,IF(I36='Priority Ratings'!$C$26,'Priority Ratings'!$B$26,IF(I36='Priority Ratings'!$C$27,'Priority Ratings'!$B$27,\"No Rating\")))))))","v":6},2.575107296137339E-2,"100%: Fully comply with requirement (Out of the box function with minor re-configuration) \n50%:   Partially comply, will require major configuration.\n0%:     No compliance/require development and/or customisation.",0,0]
[29,"Meeting the Scope of Work Required","How well has the Tenderer described how scope requirements will be met?  Do they understand what needs to be done?  List concerns in Comments.","Hosting Capacity Analysis","Load Characterization: The tool should have the\ncapability to characterize the load on the grid, including\nthe variability and the uncertainty of the load. This\ninformation should be used to accurately predict the\navailable capacity of the grid.","Indicate if the solution :\n- Is an Out-of-the-box functionality\n- Requires configuration?\n- Requires customisation?",null,null,"Show stopper",{"$f":"IF(I37='Priority Ratings'!$C$21,'Priority Ratings'!$B$21, IF(I37='Priority Ratings'!$C$22,'Priority Ratings'!$B$22,IF(I37='Priority Ratings'!$C$23,'Priority Ratings'!$B$23,IF(I37='Priority Ratings'!$C$24,'Priority Ratings'!$B$24,IF(I37='Priority Ratings'!$C$25,'Priority Ratings'!$B$25,IF(I37='Priority Ratings'!$C$26,'Priority Ratings'!$B$26,IF(I37='Priority Ratings'!$C$27,'Priority Ratings'!$B$27,\"No Rating\")))))))","v":6},2.575107296137339E-2,"100%: Fully comply with requirement (Out of the box function with minor re-configuration) \n50%:   Partially comply, will require major configuration.\n0%:     No compliance/require development and/or customisation.",0,0]
[30,"Meeting the Scope of Work Required","How well has the Tenderer described how scope requirements will be met?  Do they understand what needs to be done?  List concerns in Comments.","Hosting Capacity Analysis","Solar PV Modelling: The tool should have the capability to\naccurately model and take into consideration in the\nhosting capacity algorithms the output of solar PV\nsystems, including factors such as shading,\norientation, irradiation, and weather patterns.","Indicate if the solution :\n- Is an Out-of-the-box functionality\n- Requires configuration?\n- Requires customisation?",null,null,"Show stopper",{"$f":"IF(I38='Priority Ratings'!$C$21,'Priority Ratings'!$B$21, IF(I38='Priority Ratings'!$C$22,'Priority Ratings'!$B$22,IF(I38='Priority Ratings'!$C$23,'Priority Ratings'!$B$23,IF(I38='Priority Ratings'!$C$24,'Priority Ratings'!$B$24,IF(I38='Priority Ratings'!$C$25,'Priority Ratings'!$B$25,IF(I38='Priority Ratings'!$C$26,'Priority Ratings'!$B$26,IF(I38='Priority Ratings'!$C$27,'Priority Ratings'!$B$27,\"No Rating\")))))))","v":6},2.575107296137339E-2,"100%: Fully comply with requirement (Out of the box function with minor re-configuration) \n50%:   Partially comply, will require major configuration.\n0%:     No compliance/require development and/or customisation.",0,0]
[31,"Meeting the Scope of Work Required","How well has the Tenderer described how scope requirements will be met?  Do they understand what needs to be done?  List concerns in Comments.","Hosting Capacity Analysis","Wind Power Modelling: The tool should have the\ncapability to accurately model and take into\nconsideration in the hosting capacity algorithms the\noutput of wind power systems, including factors\nsuch as wind speed, wind direction, and terrain.","Indicate if the solution :\n- Is an Out-of-the-box functionality\n- Requires configuration?\n- Requires customisation?",null,null,"Show stopper",{"$f":"IF(I39='Priority Ratings'!$C$21,'Priority Ratings'!$B$21, IF(I39='Priority Ratings'!$C$22,'Priority Ratings'!$B$22,IF(I39='Priority Ratings'!$C$23,'Priority Ratings'!$B$23,IF(I39='Priority Ratings'!$C$24,'Priority Ratings'!$B$24,IF(I39='Priority Ratings'!$C$25,'Priority Ratings'!$B$25,IF(I39='Priority Ratings'!$C$26,'Priority Ratings'!$B$26,IF(I39='Priority Ratings'!$C$27,'Priority Ratings'!$B$27,\"No Rating\")))))))","v":6},2.575107296137339E-2,"100%: Fully comply with requirement (Out of the box function with minor re-configuration) \n50%:   Partially comply, will require major configuration.\n0%:     No compliance/require development and/or customisation.",0,0]
[32,"Meeting the Scope of Work Required","How well has the Tenderer described how scope requirements will be met?  Do they understand what needs to be done?  List concerns in Comments.","Hosting Capacity Analysis","Distributed Energy Resource (DER) Integration:\nThe tool should have the capability to accurately\nmodel and integrate DERs into the grid, including but\nnot limited to solar PV, wind power, energy storage\nsystems, and electric vehicles.","Indicate if the solution :\n- Is an Out-of-the-box functionality\n- Requires configuration?\n- Requires customisation?",null,null,"Show stopper",{"$f":"IF(I40='Priority Ratings'!$C$21,'Priority Ratings'!$B$21, IF(I40='Priority Ratings'!$C$22,'Priority Ratings'!$B$22,IF(I40='Priority Ratings'!$C$23,'Priority Ratings'!$B$23,IF(I40='Priority Ratings'!$C$24,'Priority Ratings'!$B$24,IF(I40='Priority Ratings'!$C$25,'Priority Ratings'!$B$25,IF(I40='Priority Ratings'!$C$26,'Priority Ratings'!$B$26,IF(I40='Priority Ratings'!$C$27,'Priority Ratings'!$B$27,\"No Rating\")))))))","v":6},2.575107296137339E-2,"100%: Fully comply with requirement (Out of the box function with minor re-configuration) \n50%:   Partially comply, will require major configuration.\n0%:     No compliance/require development and/or customisation.",0,0]
[33,"Meeting the Scope of Work Required","How well has the Tenderer described how scope requirements will be met?  Do they understand what needs to be done?  List concerns in Comments.","Hosting Capacity Analysis","Capacity Assessment:  The tool should have the\ncapability to perform a comprehensive hosting\ncapacity analysis, which includes identifying the\nmaximum amount of DER / Load that can be\naccommodated on the grid.","Indicate if the solution :\n- Is an Out-of-the-box functionality\n- Requires configuration?\n- Requires customisation?",null,null,"Show stopper",{"$f":"IF(I41='Priority Ratings'!$C$21,'Priority Ratings'!$B$21, IF(I41='Priority Ratings'!$C$22,'Priority Ratings'!$B$22,IF(I41='Priority Ratings'!$C$23,'Priority Ratings'!$B$23,IF(I41='Priority Ratings'!$C$24,'Priority Ratings'!$B$24,IF(I41='Priority Ratings'!$C$25,'Priority Ratings'!$B$25,IF(I41='Priority Ratings'!$C$26,'Priority Ratings'!$B$26,IF(I41='Priority Ratings'!$C$27,'Priority Ratings'!$B$27,\"No Rating\")))))))","v":6},2.575107296137339E-2,"100%: Fully comply with requirement (Out of the box function with minor re-configuration) \n50%:   Partially comply, will require major configuration.\n0%:     No compliance/require development and/or customisation.",0,0]
[34,"Meeting the Scope of Work Required","How well has the Tenderer described how scope requirements will be met?  Do they understand what needs to be done?  List concerns in Comments.","Hosting Capacity Analysis","Identification of Constraints: The tool should be able to\nidentify the constraints on the grid that limit the hosting\ncapacity of DERs, such as voltage violations, thermal\noverload, or protection coordination issues.","Indicate if the solution :\n- Is an Out-of-the-box functionality\n- Requires configuration?\n- Requires customisation?",null,null,"Show stopper",{"$f":"IF(I42='Priority Ratings'!$C$21,'Priority Ratings'!$B$21, IF(I42='Priority Ratings'!$C$22,'Priority Ratings'!$B$22,IF(I42='Priority Ratings'!$C$23,'Priority Ratings'!$B$23,IF(I42='Priority Ratings'!$C$24,'Priority Ratings'!$B$24,IF(I42='Priority Ratings'!$C$25,'Priority Ratings'!$B$25,IF(I42='Priority Ratings'!$C$26,'Priority Ratings'!$B$26,IF(I42='Priority Ratings'!$C$27,'Priority Ratings'!$B$27,\"No Rating\")))))))","v":6},2.575107296137339E-2,"100%: Fully comply with requirement (Out of the box function with minor re-configuration) \n50%:   Partially comply, will require major configuration.\n0%:     No compliance/require development and/or customisation.",0,0]
[35,"Meeting the Scope of Work Required","How well has the Tenderer described how scope requirements will be met?  Do they understand what needs to be done?  List concerns in Comments.","Hosting Capacity Analysis","Recommendations for Grid Upgrades: The tool should\nbe able to recommend grid upgrades that can improve\nthe hosting capacity of the grid, such as transformer\nupgrades, capacitor installations, or reconductoring of\ndistribution lines.","Indicate if the solution :\n- Is an Out-of-the-box functionality\n- Requires configuration?\n- Requires customisation?",null,null,"Show stopper",{"$f":"IF(I43='Priority Ratings'!$C$21,'Priority Ratings'!$B$21, IF(I43='Priority Ratings'!$C$22,'Priority Ratings'!$B$22,IF(I43='Priority Ratings'!$C$23,'Priority Ratings'!$B$23,IF(I43='Priority Ratings'!$C$24,'Priority Ratings'!$B$24,IF(I43='Priority Ratings'!$C$25,'Priority Ratings'!$B$25,IF(I43='Priority Ratings'!$C$26,'Priority Ratings'!$B$26,IF(I43='Priority Ratings'!$C$27,'Priority Ratings'!$B$27,\"No Rating\")))))))","v":6},2.575107296137339E-2,"100%: Fully comply with requirement (Out of the box function with minor re-configuration) \n50%:   Partially comply, will require major configuration.\n0%:     No compliance/require development and/or customisation.",0,0]
[36,"Meeting the Scope of Work Required","How well has the Tenderer described how scope requirements will be met?  Do they understand what needs to be done?  List concerns in Comments.","Hosting Capacity Analysis","Recommendations for DER Configuration: The tool\nshould be able to recommend the optimal configuration of DERs that can maximize the hosting capacity of the grid, such as the placement and size of solar PV systems or energy storage systems.","Indicate if the solution :\n- Is an Out-of-the-box functionality\n- Requires configuration?\n- Requires customisation?",null,null,"Show stopper",{"$f":"IF(I44='Priority Ratings'!$C$21,'Priority Ratings'!$B$21, IF(I44='Priority Ratings'!$C$22,'Priority Ratings'!$B$22,IF(I44='Priority Ratings'!$C$23,'Priority Ratings'!$B$23,IF(I44='Priority Ratings'!$C$24,'Priority Ratings'!$B$24,IF(I44='Priority Ratings'!$C$25,'Priority Ratings'!$B$25,IF(I44='Priority Ratings'!$C$26,'Priority Ratings'!$B$26,IF(I44='Priority Ratings'!$C$27,'Priority Ratings'!$B$27,\"No Rating\")))))))","v":6},2.575107296137339E-2,"100%: Fully comply with requirement (Out of the box function with minor re-configuration) \n50%:   Partially comply, will require major configuration.\n0%:     No compliance/require development and/or customisation.",0,0]
[37,"Meeting the Scope of Work Required","How well has the Tenderer described how scope requirements will be met?  Do they understand what needs to be done?  List concerns in Comments.","Hosting Capacity Analysis","Simulation of Mitigation Measures: The tool should\nbe able to simulate the impact of mitigation measures, such as grid upgrades or DER configuration changes or\nincluding Energy Storage, on the hosting capacity of\nthe grid.","Indicate if the solution :\n- Is an Out-of-the-box functionality\n- Requires configuration?\n- Requires customisation?",null,null,"Show stopper",{"$f":"IF(I45='Priority Ratings'!$C$21,'Priority Ratings'!$B$21, IF(I45='Priority Ratings'!$C$22,'Priority Ratings'!$B$22,IF(I45='Priority Ratings'!$C$23,'Priority Ratings'!$B$23,IF(I45='Priority Ratings'!$C$24,'Priority Ratings'!$B$24,IF(I45='Priority Ratings'!$C$25,'Priority Ratings'!$B$25,IF(I45='Priority Ratings'!$C$26,'Priority Ratings'!$B$26,IF(I45='Priority Ratings'!$C$27,'Priority Ratings'!$B$27,\"No Rating\")))))))","v":6},2.575107296137339E-2,"100%: Fully comply with requirement (Out of the box function with minor re-configuration) \n50%:   Partially comply, will require major configuration.\n0%:     No compliance/require development and/or customisation.",0,0]
[38,"Meeting the Scope of Work Required","How well has the Tenderer described how scope requirements will be met?  Do they understand what needs to be done?  List concerns in Comments.","Hosting Capacity Analysis","Automatic Control Algorithms: The tool should\nbe able to recommend or implement automatic control\nalgorithms that can help to mitigate the impact of DERs\non the grid, such as voltage regulation or reactive power\ncontrol.","Indicate if the solution :\n- Is an Out-of-the-box functionality\n- Requires configuration?\n- Requires customisation?",null,null,"Show stopper",{"$f":"IF(I46='Priority Ratings'!$C$21,'Priority Ratings'!$B$21, IF(I46='Priority Ratings'!$C$22,'Priority Ratings'!$B$22,IF(I46='Priority Ratings'!$C$23,'Priority Ratings'!$B$23,IF(I46='Priority Ratings'!$C$24,'Priority Ratings'!$B$24,IF(I46='Priority Ratings'!$C$25,'Priority Ratings'!$B$25,IF(I46='Priority Ratings'!$C$26,'Priority Ratings'!$B$26,IF(I46='Priority Ratings'!$C$27,'Priority Ratings'!$B$27,\"No Rating\")))))))","v":6},2.575107296137339E-2,"100%: Fully comply with requirement (Out of the box function with minor re-configuration) \n50%:   Partially comply, will require major configuration.\n0%:     No compliance/require development and/or customisation.",0,0]
[39,"Meeting the Scope of Work Required","How well has the Tenderer described how scope requirements will be met?  Do they understand what needs to be done?  List concerns in Comments.","Hosting Capacity Analysis","Predictive Analytics:  The tool should be able to use\npredictive analytics to anticipate future changes in\nthe grid, such as load growth or changes in DER\npenetration, and recommend mitigation measures in advance.","Indicate if the solution :\n- Is an Out-of-the-box functionality\n- Requires configuration?\n- Requires customisation?",null,null,"Show stopper",{"$f":"IF(I47='Priority Ratings'!$C$21,'Priority Ratings'!$B$21, IF(I47='Priority Ratings'!$C$22,'Priority Ratings'!$B$22,IF(I47='Priority Ratings'!$C$23,'Priority Ratings'!$B$23,IF(I47='Priority Ratings'!$C$24,'Priority Ratings'!$B$24,IF(I47='Priority Ratings'!$C$25,'Priority Ratings'!$B$25,IF(I47='Priority Ratings'!$C$26,'Priority Ratings'!$B$26,IF(I47='Priority Ratings'!$C$27,'Priority Ratings'!$B$27,\"No Rating\")))))))","v":6},2.575107296137339E-2,"100%: Fully comply with requirement (Out of the box function with minor re-configuration) \n50%:   Partially comply, will require major configuration.\n0%:     No compliance/require development and/or customisation.",0,0]
[40,"Meeting the Scope of Work Required","How well has the Tenderer described how scope requirements will be met?  Do they understand what needs to be done?  List concerns in Comments.","Hosting Capacity Analysis","Cost-Benefit Analysis:  The tool should be able to\nperform a cost-benefit analysis of various mitigation measures, which can help the user to make\ninformed decisions on the optimal approach to improve\nhosting capacity.","Indicate if the solution :\n- Is an Out-of-the-box functionality\n- Requires configuration?\n- Requires customisation?",null,null,"Show stopper",{"$f":"IF(I48='Priority Ratings'!$C$21,'Priority Ratings'!$B$21, IF(I48='Priority Ratings'!$C$22,'Priority Ratings'!$B$22,IF(I48='Priority Ratings'!$C$23,'Priority Ratings'!$B$23,IF(I48='Priority Ratings'!$C$24,'Priority Ratings'!$B$24,IF(I48='Priority Ratings'!$C$25,'Priority Ratings'!$B$25,IF(I48='Priority Ratings'!$C$26,'Priority Ratings'!$B$26,IF(I48='Priority Ratings'!$C$27,'Priority Ratings'!$B$27,\"No Rating\")))))))","v":6},2.575107296137339E-2,"100%: Fully comply with requirement (Out of the box function with minor re-configuration) \n50%:   Partially comply, will require major configuration.\n0%:     No compliance/require development and/or customisation.",0,0]
[41,"Meeting the Scope of Work Required","How well has the Tenderer described how scope requirements will be met?  Do they understand what needs to be done?  List concerns in Comments.","Hosting Capacity Analysis","Sensitivity Analysis: The tool should have the capability to perform sensitivity analysis, which includes analysing the impact of various parameters such as load\ngrowth, DER penetration levels, and grid upgrades on\nthe hosting capacity of the grid.","Indicate if the solution :\n- Is an Out-of-the-box functionality\n- Requires configuration?\n- Requires customisation?",null,null,"Show stopper",{"$f":"IF(I49='Priority Ratings'!$C$21,'Priority Ratings'!$B$21, IF(I49='Priority Ratings'!$C$22,'Priority Ratings'!$B$22,IF(I49='Priority Ratings'!$C$23,'Priority Ratings'!$B$23,IF(I49='Priority Ratings'!$C$24,'Priority Ratings'!$B$24,IF(I49='Priority Ratings'!$C$25,'Priority Ratings'!$B$25,IF(I49='Priority Ratings'!$C$26,'Priority Ratings'!$B$26,IF(I49='Priority Ratings'!$C$27,'Priority Ratings'!$B$27,\"No Rating\")))))))","v":6},2.575107296137339E-2,"100%: Fully comply with requirement (Out of the box function with minor re-configuration) \n50%:   Partially comply, will require major configuration.\n0%:     No compliance/require development and/or customisation.",0,0]
[42,"Meeting the Scope of Work Required","How well has the Tenderer described how scope requirements will be met?  Do they understand what needs to be done?  List concerns in Comments.","Hosting Capacity Analysis","Graphical Visualization: The tool should have the\ncapability to provide visualization of the results in\ndifferent forms (Tabular, geographical, etc), which\ncan help the user to understand the impact of\nvarious parameters on the hosting capacity of the grid.","Indicate if the solution :\n- Is an Out-of-the-box functionality\n- Requires configuration?\n- Requires customisation?",null,null,"Very important",{"$f":"IF(I50='Priority Ratings'!$C$21,'Priority Ratings'!$B$21, IF(I50='Priority Ratings'!$C$22,'Priority Ratings'!$B$22,IF(I50='Priority Ratings'!$C$23,'Priority Ratings'!$B$23,IF(I50='Priority Ratings'!$C$24,'Priority Ratings'!$B$24,IF(I50='Priority Ratings'!$C$25,'Priority Ratings'!$B$25,IF(I50='Priority Ratings'!$C$26,'Priority Ratings'!$B$26,IF(I50='Priority Ratings'!$C$27,'Priority Ratings'!$B$27,\"No Rating\")))))))","v":4},1.7167381974248927E-2,"100%: Fully comply with requirement (Out of the box function with minor re-configuration) \n50%:   Partially comply, will require major configuration.\n0%:     No compliance/require development and/or customisation.",0,0]
[43,"Meeting the Scope of Work Required","How well has the Tenderer described how scope requirements will be met?  Do they understand what needs to be done?  List concerns in Comments.","Hosting Capacity Analysis","Scalability: The tool should be scalable and able to\nhandle large-scale power systems, as well as smaller\ndistribution systems.","Indicate if the solution :\n- Is an Out-of-the-box functionality\n- Requires configuration?\n- Requires customisation?",null,null,"Very important",{"$f":"IF(I51='Priority Ratings'!$C$21,'Priority Ratings'!$B$21, IF(I51='Priority Ratings'!$C$22,'Priority Ratings'!$B$22,IF(I51='Priority Ratings'!$C$23,'Priority Ratings'!$B$23,IF(I51='Priority Ratings'!$C$24,'Priority Ratings'!$B$24,IF(I51='Priority Ratings'!$C$25,'Priority Ratings'!$B$25,IF(I51='Priority Ratings'!$C$26,'Priority Ratings'!$B$26,IF(I51='Priority Ratings'!$C$27,'Priority Ratings'!$B$27,\"No Rating\")))))))","v":4},1.7167381974248927E-2,"100%: Fully comply with requirement (Out of the box function with minor re-configuration) \n50%:   Partially comply, will require major configuration.\n0%:     No compliance/require development and/or customisation.",0,0]
[44,"Meeting the Scope of Work Required","How well has the Tenderer described how scope requirements will be met?  Do they understand what needs to be done?  List concerns in Comments.","Hosting Capacity Analysis","Flexibility: The tool should be flexible enough to\naccommodate different regulatory requirements,\nsuch as those related to grid interconnection standards\nand renewable energy mandates.","Indicate if the solution :\n- Is an Out-of-the-box functionality\n- Requires configuration?\n- Requires customisation?",null,null,"Show stopper",{"$f":"IF(I52='Priority Ratings'!$C$21,'Priority Ratings'!$B$21, IF(I52='Priority Ratings'!$C$22,'Priority Ratings'!$B$22,IF(I52='Priority Ratings'!$C$23,'Priority Ratings'!$B$23,IF(I52='Priority Ratings'!$C$24,'Priority Ratings'!$B$24,IF(I52='Priority Ratings'!$C$25,'Priority Ratings'!$B$25,IF(I52='Priority Ratings'!$C$26,'Priority Ratings'!$B$26,IF(I52='Priority Ratings'!$C$27,'Priority Ratings'!$B$27,\"No Rating\")))))))","v":6},2.575107296137339E-2,"100%: Fully comply with requirement (Out of the box function with minor re-configuration) \n50%:   Partially comply, will require major configuration.\n0%:     No compliance/require development and/or customisation.",0,0]
[]
[null,null,null,null,null,null,null,"Totals",null,{"$f":"SUM(J9:J52)","v":233},{"$f":"SUM(K9:K52)","v":0.99999999999999967},null,null,{"$f":"SUM(N9:N52)","v":0}]

{"sheet":"PSST-Reliability Analysis Funct","index":11,"n_rows":28,"n_cols":15,"rows_kept":28,"cut":false,"hidden":false,"merged":[[0,0,0,2],[4,0,4,2],[6,14,7,14],[5,0,5,2],[3,0,3,2],[2,0,2,2],[1,0,1,2]]}
["Power System Simulation Tool Functions BRS30.1 BRS31.1 BRS32.1"]
["CORP xxxx Tender",null,null,null,null,null,null,null,null,null,null,null,"Scoring (Sliding scale)"]
["Tenderer:",null,null,null,null,null,null,null,null,null,null,null,"100% - Fully compliant"]
["Evaluated by:",null,null,null,null,null,null,null,null,null,null,null,"50%-Partially compliant"]
[null,null,null,null,null,null,null,null,null,null,null,null,"0%-Non compliance"]
["Evaluation Criteria"]
[null,null,null,null,null,null,"Vendor Compliance\nFull Compliance - Y\nPartial Compliance - P\nNon Compliance - N","Vendor to indicate any applicable comments based on Compliance","Priority\nRequirement priority as determined by Eskom","Weight\n(agreed by evaluation team members)",null,"Score\n(determined by each evaluation team member during evaluation. Will be averaged for final scores)","Score",null,"Comments (Internal) for scorer"]
["ID","Type","Criterion","Functional Requirement","Requirement description","Evaluation Criterion / Question","Vendor Compliance","Comments","Priority Description","Priority\n","Weighted Question","Scoring","Answer\n(0,50,100%)","Weighted Answer"]
[1,"Meeting the Scope of Work Required","How well has the Tenderer described how scope requirements will be met?  Do they understand what needs to be done?  List concerns in Comments.","Failure Models","Line, transformer, distribution transformer, and busbar failures","Indicate if the solution :\n- Is an Out-of-the-box functionality\n- Requires configuration?\n- Requires customisation?",null,null,"Critical",{"$f":"IF(I9='Priority Ratings'!$C$21,'Priority Ratings'!$B$21, IF(I9='Priority Ratings'!$C$22,'Priority Ratings'!$B$22,IF(I9='Priority Ratings'!$C$23,'Priority Ratings'!$B$23,IF(I9='Priority Ratings'!$C$24,'Priority Ratings'!$B$24,IF(I9='Priority Ratings'!$C$25,'Priority Ratings'!$B$25,IF(I9='Priority Ratings'!$C$26,'Priority Ratings'!$B$26,IF(I9='Priority Ratings'!$C$27,'Priority Ratings'!$B$27,\"No Rating\")))))))","v":5},{"$f":"J9/J$28","v":5.5555555555555552E-2},"100%: Fully comply with requirement (Out of the box function with minor re-configuration) \n50%:   Partially comply, will require major configuration.\n0%:     No compliance/require development and/or customisation.",0,{"$f":"K9*M9","v":0}]
[2,"Meeting the Scope of Work Required","How well has the Tenderer described how scope requirements will be met?  Do they understand what needs to be done?  List concerns in Comments.","Failure Models","Generator failures with stochastic multi-state model","Indicate if the solution :\n- Is an Out-of-the-box functionality\n- Requires configuration?\n- Requires customisation?",null,null,"Critical",{"$f":"IF(I10='Priority Ratings'!$C$21,'Priority Ratings'!$B$21, IF(I10='Priority Ratings'!$C$22,'Priority Ratings'!$B$22,IF(I10='Priority Ratings'!$C$23,'Priority Ratings'!$B$23,IF(I10='Priority Ratings'!$C$24,'Priority Ratings'!$B$24,IF(I10='Priority Ratings'!$C$25,'Priority Ratings'!$B$25,IF(I10='Priority Ratings'!$C$26,'Priority Ratings'!$B$26,IF(I10='Priority Ratings'!$C$27,'Priority Ratings'!$B$27,\"No Rating\")))))))","v":5},5.5555555555555552E-2,"100%: Fully comply with requirement (Out of the box function with minor re-configuration) \n50%:   Partially comply, will require major configuration.\n0%:     No compliance/require development and/or customisation.",0,0]
[3,"Meeting the Scope of Work Required","How well has the Tenderer described how scope requirements will be met?  Do they understand what needs to be done?  List concerns in Comments.","Failure Models","n-1, n-2, and common mode failures (n-k)","Indicate if the solution :\n- Is an Out-of-the-box functionality\n- Requires configuration?\n- Requires customisation?",null,null,"Critical",{"$f":"IF(I11='Priority Ratings'!$C$21,'Priority Ratings'!$B$21, IF(I11='Priority Ratings'!$C$22,'Priority Ratings'!$B$22,IF(I11='Priority Ratings'!$C$23,'Priority Ratings'!$B$23,IF(I11='Priority Ratings'!$C$24,'Priority Ratings'!$B$24,IF(I11='Priority Ratings'!$C$25,'Priority Ratings'!$B$25,IF(I11='Priority Ratings'!$C$26,'Priority Ratings'!$B$26,IF(I11='Priority Ratings'!$C$27,'Priority Ratings'!$B$27,\"No Rating\")))))))","v":5},5.5555555555555552E-2,"100%: Fully comply with requirement (Out of the box function with minor re-configuration) \n50%:   Partially comply, will require major configuration.\n0%:     No compliance/require development and/or customisation.",0,0]
[4,"Meeting the Scope of Work Required","How well has the Tenderer described how scope requirements will be met?  Do they understand what needs to be done?  List concerns in Comments.","Failure Models","Double earth faults","Indicate if the solution :\n- Is an Out-of-the-box functionality\n- Requires configuration?\n- Requires customisation?",null,null,"Critical",{"$f":"IF(I12='Priority Ratings'!$C$21,'Priority Ratings'!$B$21, IF(I12='Priority Ratings'!$C$22,'Priority Ratings'!$B$22,IF(I12='Priority Ratings'!$C$23,'Priority Ratings'!$B$23,IF(I12='Priority Ratings'!$C$24,'Priority Ratings'!$B$24,IF(I12='Priority Ratings'!$C$25,'Priority Ratings'!$B$25,IF(I12='Priority Ratings'!$C$26,'Priority Ratings'!$B$26,IF(I12='Priority Ratings'!$C$27,'Priority Ratings'!$B$27,\"No Rating\")))))))","v":5},5.5555555555555552E-2,"100%: Fully comply with requirement (Out of the box function with minor re-configuration) \n50%:   Partially comply, will require major configuration.\n0%:     No compliance/require development and/or customisation.",0,0]
[5,"Meeting the Scope of Work Required","How well has the Tenderer described how scope requirements will be met?  Do they understand what needs to be done?  List concerns in Comments.","Failure Models","Independent second failures","Indicate if the solution :\n- Is an Out-of-the-box functionality\n- Requires configuration?\n- Requires customisation?",null,null,"Critical",{"$f":"IF(I13='Priority Ratings'!$C$21,'Priority Ratings'!$B$21, IF(I13='Priority Ratings'!$C$22,'Priority Ratings'!$B$22,IF(I13='Priority Ratings'!$C$23,'Priority Ratings'!$B$23,IF(I13='Priority Ratings'!$C$24,'Priority Ratings'!$B$24,IF(I13='Priority Ratings'!$C$25,'Priority Ratings'!$B$25,IF(I13='Priority Ratings'!$C$26,'Priority Ratings'!$B$26,IF(I13='Priority Ratings'!$C$27,'Priority Ratings'!$B$27,\"No Rating\")))))))","v":5},5.5555555555555552E-2,"100%: Fully comply with requirement (Out of the box function with minor re-configuration) \n50%:   Partially comply, will require major configuration.\n0%:     No compliance/require development and/or customisation.",0,0]
[6,"Meeting the Scope of Work Required","How well has the Tenderer described how scope requirements will be met?  Do they understand what needs to be done?  List concerns in Comments.","Failure Models","Protection/circuit breaker failures (incorrect switch operations)","Indicate if the solution :\n- Is an Out-of-the-box functionality\n- Requires configuration?\n- Requires customisation?",null,null,"Critical",{"$f":"IF(I14='Priority Ratings'!$C$21,'Priority Ratings'!$B$21, IF(I14='Priority Ratings'!$C$22,'Priority Ratings'!$B$22,IF(I14='Priority Ratings'!$C$23,'Priority Ratings'!$B$23,IF(I14='Priority Ratings'!$C$24,'Priority Ratings'!$B$24,IF(I14='Priority Ratings'!$C$25,'Priority Ratings'!$B$25,IF(I14='Priority Ratings'!$C$26,'Priority Ratings'!$B$26,IF(I14='Priority Ratings'!$C$27,'Priority Ratings'!$B$27,\"No Rating\")))))))","v":5},5.5555555555555552E-2,"100%: Fully comply with requirement (Out of the box function with minor re-configuration) \n50%:   Partially comply, will require major configuration.\n0%:     No compliance/require development and/or customisation.",0,0]
[7,"Meeting the Scope of Work Required","How well has the Tenderer described how scope requirements will be met?  Do they understand what needs to be done?  List concerns in Comments.","Failure Models","Protection malfunction","Indicate if the solution :\n- Is an Out-of-the-box functionality\n- Requires configuration?\n- Requires customisation?",null,null,"Critical",{"$f":"IF(I15='Priority Ratings'!$C$21,'Priority Ratings'!$B$21, IF(I15='Priority Ratings'!$C$22,'Priority Ratings'!$B$22,IF(I15='Priority Ratings'!$C$23,'Priority Ratings'!$B$23,IF(I15='Priority Ratings'!$C$24,'Priority Ratings'!$B$24,IF(I15='Priority Ratings'!$C$25,'Priority Ratings'!$B$25,IF(I15='Priority Ratings'!$C$26,'Priority Ratings'!$B$26,IF(I15='Priority Ratings'!$C$27,'Priority Ratings'!$B$27,\"No Rating\")))))))","v":5},5.5555555555555552E-2,"100%: Fully comply with requirement (Out of the box function with minor re-configuration) \n50%:   Partially comply, will require major configuration.\n0%:     No compliance/require development and/or customisation.",0,0]
[8,"Meeting the Scope of Work Required","How well has the Tenderer described how scope requirements will be met?  Do they understand what needs to be done?  List concerns in Comments.","Optimal Power Restoration","Failure Effect Analysis (FEA) Automatic protection-based\nfault clearing:\n- Intelligent high-end system restoration with potential network reconfiguration and load-shedding\n- Support of branch and boundary flow limits,\nabsolute voltage, and voltage drop/rise constraints\n- Sectionalising (remote controlled switches, short-circuit indicators, manual restoration)\n- Substation automation with switching rules","Indicate if the solution :\n- Is an Out-of-the-box functionality\n- Requires configuration?\n- Requires customisation?",null,null,"Critical",{"$f":"IF(I16='Priority Ratings'!$C$21,'Priority Ratings'!$B$21, IF(I16='Priority Ratings'!$C$22,'Priority Ratings'!$B$22,IF(I16='Priority Ratings'!$C$23,'Priority Ratings'!$B$23,IF(I16='Priority Ratings'!$C$24,'Priority Ratings'!$B$24,IF(I16='Priority Ratings'!$C$25,'Priority Ratings'!$B$25,IF(I16='Priority Ratings'!$C$26,'Priority Ratings'!$B$26,IF(I16='Priority Ratings'!$C$27,'Priority Ratings'!$B$27,\"No Rating\")))))))","v":5},5.5555555555555552E-2,"100%: Fully comply with requirement (Out of the box function with minor re-configuration) \n50%:   Partially comply, will require major configuration.\n0%:     No compliance/require development and/or customisation.",0,0]
[9,"Meeting the Scope of Work Required","How well has the Tenderer described how scope requirements will be met?  Do they understand what needs to be done?  List concerns in Comments.","Optimal Power Restoration","Animated tracing of individual cases","Indicate if the solution :\n- Is an Out-of-the-box functionality\n- Requires configuration?\n- Requires customisation?",null,null,"Critical",{"$f":"IF(I17='Priority Ratings'!$C$21,'Priority Ratings'!$B$21, IF(I17='Priority Ratings'!$C$22,'Priority Ratings'!$B$22,IF(I17='Priority Ratings'!$C$23,'Priority Ratings'!$B$23,IF(I17='Priority Ratings'!$C$24,'Priority Ratings'!$B$24,IF(I17='Priority Ratings'!$C$25,'Priority Ratings'!$B$25,IF(I17='Priority Ratings'!$C$26,'Priority Ratings'!$B$26,IF(I17='Priority Ratings'!$C$27,'Priority Ratings'!$B$27,\"No Rating\")))))))","v":5},5.5555555555555552E-2,"100%: Fully comply with requirement (Out of the box function with minor re-configuration) \n50%:   Partially comply, will require major configuration.\n0%:     No compliance/require development and/or customisation.",0,0]
[10,"Meeting the Scope of Work Required","How well has the Tenderer described how scope requirements will be met?  Do they understand what needs to be done?  List concerns in Comments.","Optimal Power Restoration","Detailed reports for restoration action plans","Indicate if the solution :\n- Is an Out-of-the-box functionality\n- Requires configuration?\n- Requires customisation?",null,null,"Critical",{"$f":"IF(I18='Priority Ratings'!$C$21,'Priority Ratings'!$B$21, IF(I18='Priority Ratings'!$C$22,'Priority Ratings'!$B$22,IF(I18='Priority Ratings'!$C$23,'Priority Ratings'!$B$23,IF(I18='Priority Ratings'!$C$24,'Priority Ratings'!$B$24,IF(I18='Priority Ratings'!$C$25,'Priority Ratings'!$B$25,IF(I18='Priority Ratings'!$C$26,'Priority Ratings'!$B$26,IF(I18='Priority Ratings'!$C$27,'Priority Ratings'!$B$27,\"No Rating\")))))))","v":5},5.5555555555555552E-2,"100%: Fully comply with requirement (Out of the box function with minor re-configuration) \n50%:   Partially comply, will require major configuration.\n0%:     No compliance/require development and/or customisation.",0,0]
[11,"Meeting the Scope of Work Required","How well has the Tenderer described how scope requirements will be met?  Do they understand what needs to be done?  List concerns in Comments.","Reliability assessment","Fast state enumeration incl. optimal power restoration\ntechniques for balanced/unbalanced systems","Indicate if the solution :\n- Is an Out-of-the-box functionality\n- Requires configuration?\n- Requires customisation?",null,null,"Critical",{"$f":"IF(I19='Priority Ratings'!$C$21,'Priority Ratings'!$B$21, IF(I19='Priority Ratings'!$C$22,'Priority Ratings'!$B$22,IF(I19='Priority Ratings'!$C$23,'Priority Ratings'!$B$23,IF(I19='Priority Ratings'!$C$24,'Priority Ratings'!$B$24,IF(I19='Priority Ratings'!$C$25,'Priority Ratings'!$B$25,IF(I19='Priority Ratings'!$C$26,'Priority Ratings'!$B$26,IF(I19='Priority Ratings'!$C$27,'Priority Ratings'!$B$27,\"No Rating\")))))))","v":5},5.5555555555555552E-2,"100%: Fully comply with requirement (Out of the box function with minor re-configuration) \n50%:   Partially comply, will require major configuration.\n0%:     No compliance/require development and/or customisation.",0,{"$f":"K19*M19","v":0}]
[12,"Meeting the Scope of Work Required","How well has the Tenderer described how scope requirements will be met?  Do they understand what needs to be done?  List concerns in Comments.","Reliability assessment","Calculation of all common reliability indices (IEEE1366)","Indicate if the solution :\n- Is an Out-of-the-box functionality\n- Requires configuration?\n- Requires customisation?",null,null,"Critical",{"$f":"IF(I20='Priority Ratings'!$C$21,'Priority Ratings'!$B$21, IF(I20='Priority Ratings'!$C$22,'Priority Ratings'!$B$22,IF(I20='Priority Ratings'!$C$23,'Priority Ratings'!$B$23,IF(I20='Priority Ratings'!$C$24,'Priority Ratings'!$B$24,IF(I20='Priority Ratings'!$C$25,'Priority Ratings'!$B$25,IF(I20='Priority Ratings'!$C$26,'Priority Ratings'!$B$26,IF(I20='Priority Ratings'!$C$27,'Priority Ratings'!$B$27,\"No Rating\")))))))","v":5},5.5555555555555552E-2,"100%: Fully comply with requirement (Out of the box function with minor re-configuration) \n50%:   Partially comply, will require major configuration.\n0%:     No compliance/require development and/or customisation.",0,0]
[13,"Meeting the Scope of Work Required","How well has the Tenderer described how scope requirements will be met?  Do they understand what needs to be done?  List concerns in Comments.","Reliability assessment","Contribution of components to reliability indices","Indicate if the solution :\n- Is an Out-of-the-box functionality\n- Requires configuration?\n- Requires customisation?",null,null,"Critical",{"$f":"IF(I21='Priority Ratings'!$C$21,'Priority Ratings'!$B$21, IF(I21='Priority Ratings'!$C$22,'Priority Ratings'!$B$22,IF(I21='Priority Ratings'!$C$23,'Priority Ratings'!$B$23,IF(I21='Priority Ratings'!$C$24,'Priority Ratings'!$B$24,IF(I21='Priority Ratings'!$C$25,'Priority Ratings'!$B$25,IF(I21='Priority Ratings'!$C$26,'Priority Ratings'!$B$26,IF(I21='Priority Ratings'!$C$27,'Priority Ratings'!$B$27,\"No Rating\")))))))","v":5},5.5555555555555552E-2,"100%: Fully comply with requirement (Out of the box function with minor re-configuration) \n50%:   Partially comply, will require major configuration.\n0%:     No compliance/require development and/or customisation.",0,0]
[14,"Meeting the Scope of Work Required","How well has the Tenderer described how scope requirements will be met?  Do they understand what needs to be done?  List concerns in Comments.","Reliability assessment","Support of load variation, incl. load distribution curves","Indicate if the solution :\n- Is an Out-of-the-box functionality\n- Requires configuration?\n- Requires customisation?",null,null,"Critical",{"$f":"IF(I22='Priority Ratings'!$C$21,'Priority Ratings'!$B$21, IF(I22='Priority Ratings'!$C$22,'Priority Ratings'!$B$22,IF(I22='Priority Ratings'!$C$23,'Priority Ratings'!$B$23,IF(I22='Priority Ratings'!$C$24,'Priority Ratings'!$B$24,IF(I22='Priority Ratings'!$C$25,'Priority Ratings'!$B$25,IF(I22='Priority Ratings'!$C$26,'Priority Ratings'!$B$26,IF(I22='Priority Ratings'!$C$27,'Priority Ratings'!$B$27,\"No Rating\")))))))","v":5},5.5555555555555552E-2,"100%: Fully comply with requirement (Out of the box function with minor re-configuration) \n50%:   Partially comply, will require major configuration.\n0%:     No compliance/require development and/or customisation.",0,0]
[15,"Meeting the Scope of Work Required","How well has the Tenderer described how scope requirements will be met?  Do they understand what needs to be done?  List concerns in Comments.","Reliability assessment","Consideration of maintenance schedules","Indicate if the solution :\n- Is an Out-of-the-box functionality\n- Requires configuration?\n- Requires customisation?",null,null,"Critical",{"$f":"IF(I23='Priority Ratings'!$C$21,'Priority Ratings'!$B$21, IF(I23='Priority Ratings'!$C$22,'Priority Ratings'!$B$22,IF(I23='Priority Ratings'!$C$23,'Priority Ratings'!$B$23,IF(I23='Priority Ratings'!$C$24,'Priority Ratings'!$B$24,IF(I23='Priority Ratings'!$C$25,'Priority Ratings'!$B$25,IF(I23='Priority Ratings'!$C$26,'Priority Ratings'!$B$26,IF(I23='Priority Ratings'!$C$27,'Priority Ratings'!$B$27,\"No Rating\")))))))","v":5},5.5555555555555552E-2,"100%: Fully comply with requirement (Out of the box function with minor re-configuration) \n50%:   Partially comply, will require major configuration.\n0%:     No compliance/require development and/or customisation.",0,0]
[16,"Meeting the Scope of Work Required","How well has the Tenderer described how scope requirements will be met?  Do they understand what needs to be done?  List concerns in Comments.","Reliability assessment","Support of various tariff and cost models","Indicate if the solution :\n- Is an Out-of-the-box functionality\n- Requires configuration?\n- Requires customisation?",null,null,"Critical",{"$f":"IF(I24='Priority Ratings'!$C$21,'Priority Ratings'!$B$21, IF(I24='Priority Ratings'!$C$22,'Priority Ratings'!$B$22,IF(I24='Priority Ratings'!$C$23,'Priority Ratings'!$B$23,IF(I24='Priority Ratings'!$C$24,'Priority Ratings'!$B$24,IF(I24='Priority Ratings'!$C$25,'Priority Ratings'!$B$25,IF(I24='Priority Ratings'!$C$26,'Priority Ratings'!$B$26,IF(I24='Priority Ratings'!$C$27,'Priority Ratings'!$B$27,\"No Rating\")))))))","v":5},5.5555555555555552E-2,"100%: Fully comply with requirement (Out of the box function with minor re-configuration) \n50%:   Partially comply, will require major configuration.\n0%:     No compliance/require development and/or customisation.",0,0]
[17,"Meeting the Scope of Work Required","How well has the Tenderer described how scope requirements will be met?  Do they understand what needs to be done?  List concerns in Comments.","Reliability assessment","Support of parallelised Reliability Assessment for\nmultiprocessor hardware","Indicate if the solution :\n- Is an Out-of-the-box functionality\n- Requires configuration?\n- Requires customisation?",null,null,"Critical",{"$f":"IF(I25='Priority Ratings'!$C$21,'Priority Ratings'!$B$21, IF(I25='Priority Ratings'!$C$22,'Priority Ratings'!$B$22,IF(I25='Priority Ratings'!$C$23,'Priority Ratings'!$B$23,IF(I25='Priority Ratings'!$C$24,'Priority Ratings'!$B$24,IF(I25='Priority Ratings'!$C$25,'Priority Ratings'!$B$25,IF(I25='Priority Ratings'!$C$26,'Priority Ratings'!$B$26,IF(I25='Priority Ratings'!$C$27,'Priority Ratings'!$B$27,\"No Rating\")))))))","v":5},5.5555555555555552E-2,"100%: Fully comply with requirement (Out of the box function with minor re-configuration) \n50%:   Partially comply, will require major configuration.\n0%:     No compliance/require development and/or customisation.",0,0]
[18,"Meeting the Scope of Work Required","How well has the Tenderer described how scope requirements will be met?  Do they understand what needs to be done?  List concerns in Comments.","Reliability assessment","Rich suite of reporting and plotting tools","Indicate if the solution :\n- Is an Out-of-the-box functionality\n- Requires configuration?\n- Requires customisation?",null,null,"Critical",{"$f":"IF(I26='Priority Ratings'!$C$21,'Priority Ratings'!$B$21, IF(I26='Priority Ratings'!$C$22,'Priority Ratings'!$B$22,IF(I26='Priority Ratings'!$C$23,'Priority Ratings'!$B$23,IF(I26='Priority Ratings'!$C$24,'Priority Ratings'!$B$24,IF(I26='Priority Ratings'!$C$25,'Priority Ratings'!$B$25,IF(I26='Priority Ratings'!$C$26,'Priority Ratings'!$B$26,IF(I26='Priority Ratings'!$C$27,'Priority Ratings'!$B$27,\"No Rating\")))))))","v":5},5.5555555555555552E-2,"100%: Fully comply with requirement (Out of the box function with minor re-configuration) \n50%:   Partially comply, will require major configuration.\n0%:     No compliance/require development and/or customisation.",0,0]
[]
[null,null,null,null,null,null,null,"Totals",null,{"$f":"SUM(J9:J26)","v":90},{"$f":"SUM(K9:K26)","v":1.0000000000000002},null,null,{"$f":"SUM(N9:N26)","v":0}]

{"sheet":"PSST-Optimal Power Flow","index":12,"n_rows":15,"n_cols":15,"rows_kept":15,"cut":false,"hidden":false,"merged":[[0,0,0,2],[4,0,4,2],[6,14,7,14],[5,0,5,2],[3,0,3,2],[2,0,2,2],[1,0,1,2]]}
["Power System Simulation Tool Functional: PSST-Optimal Power Flow BRS33.1"]
["CORP xxxx Tender",null,null,null,null,null,null,null,null,null,null,null,"Scoring (Sliding scale)"]
["Tenderer:",null,null,null,null,null,null,null,null,null,null,null,"100% - Fully compliant"]
["Evaluated by:",null,null,null,null,null,null,null,null,null,null,null,"50%-Partially compliant"]
[null,null,null,null,null,null,null,null,null,null,null,null,"0%-Non compliance"]
["Evaluation Criteria"]
[null,null,null,null,null,null,"Vendor Compliance\nFull Compliance - Y\nPartial Compliance - P\nNon Compliance - N","Vendor to indicate any applicable comments based on Compliance","Priority\nRequirement priority as determined by Eskom","Weight\n(agreed by evaluation team members)",null,"Score\n(determined by each evaluation team member during evaluation. Will be averaged for final scores)","Score",null,"Comments (Internal) for scorer"]
["ID","Type","Criterion","Functional Requirement","Requirement description","Evaluation Criterion / Question","Vendor Compliance","Comments","Priority Description","Priority\n","Weighted Question","Scoring","Answer\n(0,50,100%)","Weighted Answer"]
[1,"Meeting the Scope of Work Required","How well has the Tenderer described how scope requirements will be met?  Do they understand what needs to be done?  List concerns in Comments.","Reactive Power Optimisation","Minimisation of total or partial grid losses","Indicate if the solution :\n- Is an Out-of-the-box functionality\n- Requires configuration?\n- Requires customisation?",null,null,"Critical",{"$f":"IF(I9='Priority Ratings'!$C$21,'Priority Ratings'!$B$21, IF(I9='Priority Ratings'!$C$22,'Priority Ratings'!$B$22,IF(I9='Priority Ratings'!$C$23,'Priority Ratings'!$B$23,IF(I9='Priority Ratings'!$C$24,'Priority Ratings'!$B$24,IF(I9='Priority Ratings'!$C$25,'Priority Ratings'!$B$25,IF(I9='Priority Ratings'!$C$26,'Priority Ratings'!$B$26,IF(I9='Priority Ratings'!$C$27,'Priority Ratings'!$B$27,\"No Rating\")))))))","v":5},{"$f":"J9/J$15","v":0.2},"100%: Fully comply with requirement (Out of the box function with minor re-configuration) \n50%:   Partially comply, will require major configuration.\n0%:     No compliance/require development and/or customisation.",0,{"$f":"K9*M9","v":0}]
[2,"Meeting the Scope of Work Required","How well has the Tenderer described how scope requirements will be met?  Do they understand what needs to be done?  List concerns in Comments.","Reactive Power Optimisation","Maximisation of reactive power reserve","Indicate if the solution :\n- Is an Out-of-the-box functionality\n- Requires configuration?\n- Requires customisation?",null,null,"Critical",{"$f":"IF(I10='Priority Ratings'!$C$21,'Priority Ratings'!$B$21, IF(I10='Priority Ratings'!$C$22,'Priority Ratings'!$B$22,IF(I10='Priority Ratings'!$C$23,'Priority Ratings'!$B$23,IF(I10='Priority Ratings'!$C$24,'Priority Ratings'!$B$24,IF(I10='Priority Ratings'!$C$25,'Priority Ratings'!$B$25,IF(I10='Priority Ratings'!$C$26,'Priority Ratings'!$B$26,IF(I10='Priority Ratings'!$C$27,'Priority Ratings'!$B$27,\"No Rating\")))))))","v":5},{"$f":"J10/J$15","v":0.2},"100%: Fully comply with requirement (Out of the box function with minor re-configuration) \n50%:   Partially comply, will require major configuration.\n0%:     No compliance/require development and/or customisation.",0,0]
[3,"Meeting the Scope of Work Required","How well has the Tenderer described how scope requirements will be met?  Do they understand what needs to be done?  List concerns in Comments.","Reactive Power Optimisation","Reactive power optimisation (interior point method)","Indicate if the solution :\n- Is an Out-of-the-box functionality\n- Requires configuration?\n- Requires customisation?",null,null,"Critical",{"$f":"IF(I11='Priority Ratings'!$C$21,'Priority Ratings'!$B$21, IF(I11='Priority Ratings'!$C$22,'Priority Ratings'!$B$22,IF(I11='Priority Ratings'!$C$23,'Priority Ratings'!$B$23,IF(I11='Priority Ratings'!$C$24,'Priority Ratings'!$B$24,IF(I11='Priority Ratings'!$C$25,'Priority Ratings'!$B$25,IF(I11='Priority Ratings'!$C$26,'Priority Ratings'!$B$26,IF(I11='Priority Ratings'!$C$27,'Priority Ratings'!$B$27,\"No Rating\")))))))","v":5},{"$f":"J11/J$15","v":0.2},"100%: Fully comply with requirement (Out of the box function with minor re-configuration) \n50%:   Partially comply, will require major configuration.\n0%:     No compliance/require development and/or customisation.",0,0]
[4,"Meeting the Scope of Work Required","How well has the Tenderer described how scope requirements will be met?  Do they understand what needs to be done?  List concerns in Comments.","Reactive Power Optimisation","Various controls such as:\n- Generator reactive power\n- Transformer and shunt taps\n- Static Var Systems\n-  Invertor controls","Indicate if the solution :\n- Is an Out-of-the-box functionality\n- Requires configuration?\n- Requires customisation?",null,null,"Critical",{"$f":"IF(I12='Priority Ratings'!$C$21,'Priority Ratings'!$B$21, IF(I12='Priority Ratings'!$C$22,'Priority Ratings'!$B$22,IF(I12='Priority Ratings'!$C$23,'Priority Ratings'!$B$23,IF(I12='Priority Ratings'!$C$24,'Priority Ratings'!$B$24,IF(I12='Priority Ratings'!$C$25,'Priority Ratings'!$B$25,IF(I12='Priority Ratings'!$C$26,'Priority Ratings'!$B$26,IF(I12='Priority Ratings'!$C$27,'Priority Ratings'!$B$27,\"No Rating\")))))))","v":5},{"$f":"J12/J$15","v":0.2},"100%: Fully comply with requirement (Out of the box function with minor re-configuration) \n50%:   Partially comply, will require major configuration.\n0%:     No compliance/require development and/or customisation.",0,0]
[5,"Meeting the Scope of Work Required","How well has the Tenderer described how scope requirements will be met?  Do they understand what needs to be done?  List concerns in Comments.","Reactive Power Optimisation","Flexible constraints such as:\n- Branch flow and voltage limits\n- Generator reactive power limits\n- Reactive power reserve\n- Boundary flows","Indicate if the solution :\n- Is an Out-of-the-box functionality\n- Requires configuration?\n- Requires customisation?",null,null,"Critical",{"$f":"IF(I13='Priority Ratings'!$C$21,'Priority Ratings'!$B$21, IF(I13='Priority Ratings'!$C$22,'Priority Ratings'!$B$22,IF(I13='Priority Ratings'!$C$23,'Priority Ratings'!$B$23,IF(I13='Priority Ratings'!$C$24,'Priority Ratings'!$B$24,IF(I13='Priority Ratings'!$C$25,'Priority Ratings'!$B$25,IF(I13='Priority Ratings'!$C$26,'Priority Ratings'!$B$26,IF(I13='Priority Ratings'!$C$27,'Priority Ratings'!$B$27,\"No Rating\")))))))","v":5},{"$f":"J13/J$15","v":0.2},"100%: Fully comply with requirement (Out of the box function with minor re-configuration) \n50%:   Partially comply, will require major configuration.\n0%:     No compliance/require development and/or customisation.",0,0]
[]
[null,null,null,null,null,null,null,"Totals",null,{"$f":"SUM(J9:J13)","v":25},{"$f":"SUM(K9:K13)","v":1},null,null,{"$f":"SUM(N9:N13)","v":0}]

{"sheet":"PSST-Stability Analysis Func","index":13,"n_rows":73,"n_cols":15,"rows_kept":73,"cut":false,"hidden":false,"merged":[[0,0,0,2],[4,0,4,2],[6,14,7,14],[5,0,5,2],[3,0,3,2],[2,0,2,2],[1,0,1,2]]}
["Power System Simulation Tool Functional: PSST-Stability Analysis Functions BRS 34.1 BRS35.1 BRS35.1 BRS36.1 BRS37.1 BRS38.1 BRS39.1 BRS40.1"]
["CORP xxxx Tender",null,null,null,null,null,null,null,null,null,null,null,"Scoring (Sliding scale)"]
["Tenderer:",null,null,null,null,null,null,null,null,null,null,null,"100% - Fully compliant"]
["Evaluated by:",null,null,null,null,null,null,null,null,null,null,null,"50%-Partially compliant"]
[null,null,null,null,null,null,null,null,null,null,null,null,"0%-Non compliance"]
["Evaluation Criteria"]
[null,null,null,null,null,null,"Vendor Compliance\nFull Compliance - Y\nPartial Compliance - P\nNon Compliance - N","Vendor to indicate any applicable comments based on Compliance","Priority\nRequirement priority as determined by Eskom","Weight\n(agreed by evaluation team members)",null,"Score\n(determined by each evaluation team member during evaluation. Will be averaged for final scores)","Score",null,"Comments (Internal) for scorer"]
["ID","Type","Criterion","Functional Requirement","Requirement description","Evaluation Criterion / Question","Vendor Compliance","Comments","Priority Description","Priority\n","Weighted Question","Scoring","Answer\n(0,50,100%)","Weighted Answer"]
[1,"Meeting the Scope of Work Required","How well has the Tenderer described how scope requirements will be met?  Do they understand what needs to be done?  List concerns in Comments.","Simulation Requirements","Multi-phase AC networks, DC networks","Indicate if the solution :\n- Is an Out-of-the-box functionality\n- Requires configuration?\n- Requires customisation?",null,null,"Show stopper",{"$f":"IF(I9='Priority Ratings'!$C$21,'Priority Ratings'!$B$21, IF(I9='Priority Ratings'!$C$22,'Priority Ratings'!$B$22,IF(I9='Priority Ratings'!$C$23,'Priority Ratings'!$B$23,IF(I9='Priority Ratings'!$C$24,'Priority Ratings'!$B$24,IF(I9='Priority Ratings'!$C$25,'Priority Ratings'!$B$25,IF(I9='Priority Ratings'!$C$26,'Priority Ratings'!$B$26,IF(I9='Priority Ratings'!$C$27,'Priority Ratings'!$B$27,\"No Rating\")))))))","v":6},{"$f":"J9/J$73","v":1.6901408450704224E-2},"100%: Fully comply with requirement (Out of the box function with minor re-configuration) \n50%:   Partially comply, will require major configuration.\n0%:     No compliance/require development and/or customisation.",0,{"$f":"K9*M9","v":0}]
[2,"Meeting the Scope of Work Required","How well has the Tenderer described how scope requirements will be met?  Do they understand what needs to be done?  List concerns in Comments.","Simulation Requirements","Support of balanced and unbalanced grid conditions","Indicate if the solution :\n- Is an Out-of-the-box functionality\n- Requires configuration?\n- Requires customisation?",null,null,"Show stopper",{"$f":"IF(I10='Priority Ratings'!$C$21,'Priority Ratings'!$B$21, IF(I10='Priority Ratings'!$C$22,'Priority Ratings'!$B$22,IF(I10='Priority Ratings'!$C$23,'Priority Ratings'!$B$23,IF(I10='Priority Ratings'!$C$24,'Priority Ratings'!$B$24,IF(I10='Priority Ratings'!$C$25,'Priority Ratings'!$B$25,IF(I10='Priority Ratings'!$C$26,'Priority Ratings'!$B$26,IF(I10='Priority Ratings'!$C$27,'Priority Ratings'!$B$27,\"No Rating\")))))))","v":6},{"$f":"J10/J$73","v":1.6901408450704224E-2},"100%: Fully comply with requirement (Out of the box function with minor re-configuration) \n50%:   Partially comply, will require major configuration.\n0%:     No compliance/require development and/or customisation.",0,0]
[3,"Meeting the Scope of Work Required","How well has the Tenderer described how scope requirements will be met?  Do they understand what needs to be done?  List concerns in Comments.","Simulation Requirements","Fast, fixed step size and adaptive step size algorithm","Indicate if the solution :\n- Is an Out-of-the-box functionality\n- Requires configuration?\n- Requires customisation?",null,null,"Show stopper",{"$f":"IF(I11='Priority Ratings'!$C$21,'Priority Ratings'!$B$21, IF(I11='Priority Ratings'!$C$22,'Priority Ratings'!$B$22,IF(I11='Priority Ratings'!$C$23,'Priority Ratings'!$B$23,IF(I11='Priority Ratings'!$C$24,'Priority Ratings'!$B$24,IF(I11='Priority Ratings'!$C$25,'Priority Ratings'!$B$25,IF(I11='Priority Ratings'!$C$26,'Priority Ratings'!$B$26,IF(I11='Priority Ratings'!$C$27,'Priority Ratings'!$B$27,\"No Rating\")))))))","v":6},1.6901408450704224E-2,"100%: Fully comply with requirement (Out of the box function with minor re-configuration) \n50%:   Partially comply, will require major configuration.\n0%:     No compliance/require development and/or customisation.",0,0]
[4,"Meeting the Scope of Work Required","How well has the Tenderer described how scope requirements will be met?  Do they understand what needs to be done?  List concerns in Comments.","Simulation Requirements","A-stable numerical integration algorithms supporting long-term stability simulations with integration step sizes\nranging from milliseconds to minutes, individually\nselectable for each model","Indicate if the solution :\n- Is an Out-of-the-box functionality\n- Requires configuration?\n- Requires customisation?",null,null,"Show stopper",{"$f":"IF(I12='Priority Ratings'!$C$21,'Priority Ratings'!$B$21, IF(I12='Priority Ratings'!$C$22,'Priority Ratings'!$B$22,IF(I12='Priority Ratings'!$C$23,'Priority Ratings'!$B$23,IF(I12='Priority Ratings'!$C$24,'Priority Ratings'!$B$24,IF(I12='Priority Ratings'!$C$25,'Priority Ratings'!$B$25,IF(I12='Priority Ratings'!$C$26,'Priority Ratings'!$B$26,IF(I12='Priority Ratings'!$C$27,'Priority Ratings'!$B$27,\"No Rating\")))))))","v":6},1.6901408450704224E-2,"100%: Fully comply with requirement (Out of the box function with minor re-configuration) \n50%:   Partially comply, will require major configuration.\n0%:     No compliance/require development and/or customisation.",0,0]
[5,"Meeting the Scope of Work Required","How well has the Tenderer described how scope requirements will be met?  Do they understand what needs to be done?  List concerns in Comments.","Simulation Requirements","High precision event and interrupt handling","Indicate if the solution :\n- Is an Out-of-the-box functionality\n- Requires configuration?\n- Requires customisation?",null,null,"Show stopper",{"$f":"IF(I13='Priority Ratings'!$C$21,'Priority Ratings'!$B$21, IF(I13='Priority Ratings'!$C$22,'Priority Ratings'!$B$22,IF(I13='Priority Ratings'!$C$23,'Priority Ratings'!$B$23,IF(I13='Priority Ratings'!$C$24,'Priority Ratings'!$B$24,IF(I13='Priority Ratings'!$C$25,'Priority Ratings'!$B$25,IF(I13='Priority Ratings'!$C$26,'Priority Ratings'!$B$26,IF(I13='Priority Ratings'!$C$27,'Priority Ratings'!$B$27,\"No Rating\")))))))","v":6},{"$f":"J13/J$73","v":1.6901408450704224E-2},"100%: Fully comply with requirement (Out of the box function with minor re-configuration) \n50%:   Partially comply, will require major configuration.\n0%:     No compliance/require development and/or customisation.",0,0]
[6,"Meeting the Scope of Work Required","How well has the Tenderer described how scope requirements will be met?  Do they understand what needs to be done?  List concerns in Comments.","Simulation Requirements","Simulation of balance/unbalanced short circuit or events, including cross country faults","Indicate if the solution :\n- Is an Out-of-the-box functionality\n- Requires configuration?\n- Requires customisation?",null,null,"Show stopper",{"$f":"IF(I14='Priority Ratings'!$C$21,'Priority Ratings'!$B$21, IF(I14='Priority Ratings'!$C$22,'Priority Ratings'!$B$22,IF(I14='Priority Ratings'!$C$23,'Priority Ratings'!$B$23,IF(I14='Priority Ratings'!$C$24,'Priority Ratings'!$B$24,IF(I14='Priority Ratings'!$C$25,'Priority Ratings'!$B$25,IF(I14='Priority Ratings'!$C$26,'Priority Ratings'!$B$26,IF(I14='Priority Ratings'!$C$27,'Priority Ratings'!$B$27,\"No Rating\")))))))","v":6},1.6901408450704224E-2,"100%: Fully comply with requirement (Out of the box function with minor re-configuration) \n50%:   Partially comply, will require major configuration.\n0%:     No compliance/require development and/or customisation.",0,0]
[7,"Meeting the Scope of Work Required","How well has the Tenderer described how scope requirements will be met?  Do they understand what needs to be done?  List concerns in Comments.","Simulation Requirements","Transient motor starting (synchr. /asynchr.machines)","Indicate if the solution :\n- Is an Out-of-the-box functionality\n- Requires configuration?\n- Requires customisation?",null,null,"Show stopper",{"$f":"IF(I15='Priority Ratings'!$C$21,'Priority Ratings'!$B$21, IF(I15='Priority Ratings'!$C$22,'Priority Ratings'!$B$22,IF(I15='Priority Ratings'!$C$23,'Priority Ratings'!$B$23,IF(I15='Priority Ratings'!$C$24,'Priority Ratings'!$B$24,IF(I15='Priority Ratings'!$C$25,'Priority Ratings'!$B$25,IF(I15='Priority Ratings'!$C$26,'Priority Ratings'!$B$26,IF(I15='Priority Ratings'!$C$27,'Priority Ratings'!$B$27,\"No Rating\")))))))","v":6},1.6901408450704224E-2,"100%: Fully comply with requirement (Out of the box function with minor re-configuration) \n50%:   Partially comply, will require major configuration.\n0%:     No compliance/require development and/or customisation.",0,0]
[8,"Meeting the Scope of Work Required","How well has the Tenderer described how scope requirements will be met?  Do they understand what needs to be done?  List concerns in Comments.","Simulation Requirements","Support of comprehensive protection library relays","Indicate if the solution :\n- Is an Out-of-the-box functionality\n- Requires configuration?\n- Requires customisation?",null,null,"Show stopper",{"$f":"IF(I16='Priority Ratings'!$C$21,'Priority Ratings'!$B$21, IF(I16='Priority Ratings'!$C$22,'Priority Ratings'!$B$22,IF(I16='Priority Ratings'!$C$23,'Priority Ratings'!$B$23,IF(I16='Priority Ratings'!$C$24,'Priority Ratings'!$B$24,IF(I16='Priority Ratings'!$C$25,'Priority Ratings'!$B$25,IF(I16='Priority Ratings'!$C$26,'Priority Ratings'!$B$26,IF(I16='Priority Ratings'!$C$27,'Priority Ratings'!$B$27,\"No Rating\")))))))","v":6},1.6901408450704224E-2,"100%: Fully comply with requirement (Out of the box function with minor re-configuration) \n50%:   Partially comply, will require major configuration.\n0%:     No compliance/require development and/or customisation.",0,0]
[9,"Meeting the Scope of Work Required","How well has the Tenderer described how scope requirements will be met?  Do they understand what needs to be done?  List concerns in Comments.","Simulation Requirements","Real-time simulation mode","Indicate if the solution :\n- Is an Out-of-the-box functionality\n- Requires configuration?\n- Requires customisation?",null,null,"Critical",{"$f":"IF(I17='Priority Ratings'!$C$21,'Priority Ratings'!$B$21, IF(I17='Priority Ratings'!$C$22,'Priority Ratings'!$B$22,IF(I17='Priority Ratings'!$C$23,'Priority Ratings'!$B$23,IF(I17='Priority Ratings'!$C$24,'Priority Ratings'!$B$24,IF(I17='Priority Ratings'!$C$25,'Priority Ratings'!$B$25,IF(I17='Priority Ratings'!$C$26,'Priority Ratings'!$B$26,IF(I17='Priority Ratings'!$C$27,'Priority Ratings'!$B$27,\"No Rating\")))))))","v":5},{"$f":"J17/J$73","v":1.4084507042253521E-2},"100%: Fully comply with requirement (Out of the box function with minor re-configuration) \n50%:   Partially comply, will require major configuration.\n0%:     No compliance/require development and/or customisation.",0,0]
[10,"Meeting the Scope of Work Required","How well has the Tenderer described how scope requirements will be met?  Do they understand what needs to be done?  List concerns in Comments.","Simulation Requirements","Simulation scan feature, e.g., frequency scan, loss of\nsynchronism scan, synchronous machine speed scan, voltage-/voltage recovery scan, fault ride through scan or\ncommon variable scan","Indicate if the solution :\n- Is an Out-of-the-box functionality\n- Requires configuration?\n- Requires customisation?",null,null,"Critical",{"$f":"IF(I18='Priority Ratings'!$C$21,'Priority Ratings'!$B$21, IF(I18='Priority Ratings'!$C$22,'Priority Ratings'!$B$22,IF(I18='Priority Ratings'!$C$23,'Priority Ratings'!$B$23,IF(I18='Priority Ratings'!$C$24,'Priority Ratings'!$B$24,IF(I18='Priority Ratings'!$C$25,'Priority Ratings'!$B$25,IF(I18='Priority Ratings'!$C$26,'Priority Ratings'!$B$26,IF(I18='Priority Ratings'!$C$27,'Priority Ratings'!$B$27,\"No Rating\")))))))","v":5},{"$f":"J18/J$73","v":1.4084507042253521E-2},"100%: Fully comply with requirement (Out of the box function with minor re-configuration) \n50%:   Partially comply, will require major configuration.\n0%:     No compliance/require development and/or customisation.",0,0]
[11,"Meeting the Scope of Work Required","How well has the Tenderer described how scope requirements will be met?  Do they understand what needs to be done?  List concerns in Comments.","Simulation Requirements","Frequency Analysis Tool, including (FFT) and Prony\nAnalysis for single point in time as well as time-range\nassessment","Indicate if the solution :\n- Is an Out-of-the-box functionality\n- Requires configuration?\n- Requires customisation?",null,null,"Critical",{"$f":"IF(I19='Priority Ratings'!$C$21,'Priority Ratings'!$B$21, IF(I19='Priority Ratings'!$C$22,'Priority Ratings'!$B$22,IF(I19='Priority Ratings'!$C$23,'Priority Ratings'!$B$23,IF(I19='Priority Ratings'!$C$24,'Priority Ratings'!$B$24,IF(I19='Priority Ratings'!$C$25,'Priority Ratings'!$B$25,IF(I19='Priority Ratings'!$C$26,'Priority Ratings'!$B$26,IF(I19='Priority Ratings'!$C$27,'Priority Ratings'!$B$27,\"No Rating\")))))))","v":5},1.4084507042253521E-2,"100%: Fully comply with requirement (Out of the box function with minor re-configuration) \n50%:   Partially comply, will require major configuration.\n0%:     No compliance/require development and/or customisation.",0,0]
[12,"Meeting the Scope of Work Required","How well has the Tenderer described how scope requirements will be met?  Do they understand what needs to be done?  List concerns in Comments.","Simulation Requirements","Frequency Response Analysis tool for dynamic\nmodels with Bode/Nyquist plots","Indicate if the solution :\n- Is an Out-of-the-box functionality\n- Requires configuration?\n- Requires customisation?",null,null,"Critical",{"$f":"IF(I20='Priority Ratings'!$C$21,'Priority Ratings'!$B$21, IF(I20='Priority Ratings'!$C$22,'Priority Ratings'!$B$22,IF(I20='Priority Ratings'!$C$23,'Priority Ratings'!$B$23,IF(I20='Priority Ratings'!$C$24,'Priority Ratings'!$B$24,IF(I20='Priority Ratings'!$C$25,'Priority Ratings'!$B$25,IF(I20='Priority Ratings'!$C$26,'Priority Ratings'!$B$26,IF(I20='Priority Ratings'!$C$27,'Priority Ratings'!$B$27,\"No Rating\")))))))","v":5},1.4084507042253521E-2,"100%: Fully comply with requirement (Out of the box function with minor re-configuration) \n50%:   Partially comply, will require major configuration.\n0%:     No compliance/require development and/or customisation.",0,0]
[13,"Meeting the Scope of Work Required","How well has the Tenderer described how scope requirements will be met?  Do they understand what needs to be done?  List concerns in Comments.","Dynamic RMS\nController Modelling","Graphical editor for drawing any kind of block diagram\n(AVR, prime mover, relay, etc.)","Indicate if the solution :\n- Is an Out-of-the-box functionality\n- Requires configuration?\n- Requires customisation?",null,null,"Critical",{"$f":"IF(I21='Priority Ratings'!$C$21,'Priority Ratings'!$B$21, IF(I21='Priority Ratings'!$C$22,'Priority Ratings'!$B$22,IF(I21='Priority Ratings'!$C$23,'Priority Ratings'!$B$23,IF(I21='Priority Ratings'!$C$24,'Priority Ratings'!$B$24,IF(I21='Priority Ratings'!$C$25,'Priority Ratings'!$B$25,IF(I21='Priority Ratings'!$C$26,'Priority Ratings'!$B$26,IF(I21='Priority Ratings'!$C$27,'Priority Ratings'!$B$27,\"No Rating\")))))))","v":5},{"$f":"J21/J$73","v":1.4084507042253521E-2},"100%: Fully comply with requirement (Out of the box function with minor re-configuration) \n50%:   Partially comply, will require major configuration.\n0%:     No compliance/require development and/or customisation.",0,0]
[14,"Meeting the Scope of Work Required","How well has the Tenderer described how scope requirements will be met?  Do they understand what needs to be done?  List concerns in Comments.","Dynamic RMS\nController Modelling","Fully flexible signal wiring schemes having access to\nany grid object and their parameters via definition of\nFrames","Indicate if the solution :\n- Is an Out-of-the-box functionality\n- Requires configuration?\n- Requires customisation?",null,null,"Critical",{"$f":"IF(I22='Priority Ratings'!$C$21,'Priority Ratings'!$B$21, IF(I22='Priority Ratings'!$C$22,'Priority Ratings'!$B$22,IF(I22='Priority Ratings'!$C$23,'Priority Ratings'!$B$23,IF(I22='Priority Ratings'!$C$24,'Priority Ratings'!$B$24,IF(I22='Priority Ratings'!$C$25,'Priority Ratings'!$B$25,IF(I22='Priority Ratings'!$C$26,'Priority Ratings'!$B$26,IF(I22='Priority Ratings'!$C$27,'Priority Ratings'!$B$27,\"No Rating\")))))))","v":5},1.4084507042253521E-2,"100%: Fully comply with requirement (Out of the box function with minor re-configuration) \n50%:   Partially comply, will require major configuration.\n0%:     No compliance/require development and/or customisation.",0,0]
[15,"Meeting the Scope of Work Required","How well has the Tenderer described how scope requirements will be met?  Do they understand what needs to be done?  List concerns in Comments.","Dynamic RMS\nController Modelling","Nesting of frames and model building blocks","Indicate if the solution :\n- Is an Out-of-the-box functionality\n- Requires configuration?\n- Requires customisation?",null,null,"Critical",{"$f":"IF(I23='Priority Ratings'!$C$21,'Priority Ratings'!$B$21, IF(I23='Priority Ratings'!$C$22,'Priority Ratings'!$B$22,IF(I23='Priority Ratings'!$C$23,'Priority Ratings'!$B$23,IF(I23='Priority Ratings'!$C$24,'Priority Ratings'!$B$24,IF(I23='Priority Ratings'!$C$25,'Priority Ratings'!$B$25,IF(I23='Priority Ratings'!$C$26,'Priority Ratings'!$B$26,IF(I23='Priority Ratings'!$C$27,'Priority Ratings'!$B$27,\"No Rating\")))))))","v":5},1.4084507042253521E-2,"100%: Fully comply with requirement (Out of the box function with minor re-configuration) \n50%:   Partially comply, will require major configuration.\n0%:     No compliance/require development and/or customisation.",0,0]
[16,"Meeting the Scope of Work Required","How well has the Tenderer described how scope requirements will be met?  Do they understand what needs to be done?  List concerns in Comments.","Dynamic RMS\nController Modelling","Fully flexible definition of simulation and modelling\nfunctions via scripting (e.g., adjustment of load flow\nsettings, network model and topology changes).","Indicate if the solution :\n- Is an Out-of-the-box functionality\n- Requires configuration?\n- Requires customisation?",null,null,"Critical",{"$f":"IF(I24='Priority Ratings'!$C$21,'Priority Ratings'!$B$21, IF(I24='Priority Ratings'!$C$22,'Priority Ratings'!$B$22,IF(I24='Priority Ratings'!$C$23,'Priority Ratings'!$B$23,IF(I24='Priority Ratings'!$C$24,'Priority Ratings'!$B$24,IF(I24='Priority Ratings'!$C$25,'Priority Ratings'!$B$25,IF(I24='Priority Ratings'!$C$26,'Priority Ratings'!$B$26,IF(I24='Priority Ratings'!$C$27,'Priority Ratings'!$B$27,\"No Rating\")))))))","v":5},1.4084507042253521E-2,"100%: Fully comply with requirement (Out of the box function with minor re-configuration) \n50%:   Partially comply, will require major configuration.\n0%:     No compliance/require development and/or customisation.",0,0]
[17,"Meeting the Scope of Work Required","How well has the Tenderer described how scope requirements will be met?  Do they understand what needs to be done?  List concerns in Comments.","Dynamic RMS\nController Modelling","High precision built-in macros & functions","Indicate if the solution :\n- Is an Out-of-the-box functionality\n- Requires configuration?\n- Requires customisation?",null,null,"Show stopper",{"$f":"IF(I25='Priority Ratings'!$C$21,'Priority Ratings'!$B$21, IF(I25='Priority Ratings'!$C$22,'Priority Ratings'!$B$22,IF(I25='Priority Ratings'!$C$23,'Priority Ratings'!$B$23,IF(I25='Priority Ratings'!$C$24,'Priority Ratings'!$B$24,IF(I25='Priority Ratings'!$C$25,'Priority Ratings'!$B$25,IF(I25='Priority Ratings'!$C$26,'Priority Ratings'!$B$26,IF(I25='Priority Ratings'!$C$27,'Priority Ratings'!$B$27,\"No Rating\")))))))","v":6},1.6901408450704224E-2,"100%: Fully comply with requirement (Out of the box function with minor re-configuration) \n50%:   Partially comply, will require major configuration.\n0%:     No compliance/require development and/or customisation.",0,0]
[18,"Meeting the Scope of Work Required","How well has the Tenderer described how scope requirements will be met?  Do they understand what needs to be done?  List concerns in Comments.","Dynamic RMS\nController Modelling","Automatic initialisation of complex, non-linear models","Indicate if the solution :\n- Is an Out-of-the-box functionality\n- Requires configuration?\n- Requires customisation?",null,null,"Show stopper",{"$f":"IF(I26='Priority Ratings'!$C$21,'Priority Ratings'!$B$21, IF(I26='Priority Ratings'!$C$22,'Priority Ratings'!$B$22,IF(I26='Priority Ratings'!$C$23,'Priority Ratings'!$B$23,IF(I26='Priority Ratings'!$C$24,'Priority Ratings'!$B$24,IF(I26='Priority Ratings'!$C$25,'Priority Ratings'!$B$25,IF(I26='Priority Ratings'!$C$26,'Priority Ratings'!$B$26,IF(I26='Priority Ratings'!$C$27,'Priority Ratings'!$B$27,\"No Rating\")))))))","v":6},1.6901408450704224E-2,"100%: Fully comply with requirement (Out of the box function with minor re-configuration) \n50%:   Partially comply, will require major configuration.\n0%:     No compliance/require development and/or customisation.",0,0]
[19,"Meeting the Scope of Work Required","How well has the Tenderer described how scope requirements will be met?  Do they understand what needs to be done?  List concerns in Comments.","Dynamic RMS\nController Modelling","Large built-in standard model library, including IEEE and CIM European Network of Transmission System Operators for\nElectricity (ENTSO-E) models","Indicate if the solution :\n- Is an Out-of-the-box functionality\n- Requires configuration?\n- Requires customisation?",null,null,"Show stopper",{"$f":"IF(I27='Priority Ratings'!$C$21,'Priority Ratings'!$B$21, IF(I27='Priority Ratings'!$C$22,'Priority Ratings'!$B$22,IF(I27='Priority Ratings'!$C$23,'Priority Ratings'!$B$23,IF(I27='Priority Ratings'!$C$24,'Priority Ratings'!$B$24,IF(I27='Priority Ratings'!$C$25,'Priority Ratings'!$B$25,IF(I27='Priority Ratings'!$C$26,'Priority Ratings'!$B$26,IF(I27='Priority Ratings'!$C$27,'Priority Ratings'!$B$27,\"No Rating\")))))))","v":6},1.6901408450704224E-2,"100%: Fully comply with requirement (Out of the box function with minor re-configuration) \n50%:   Partially comply, will require major configuration.\n0%:     No compliance/require development and/or customisation.",0,0]
[20,"Meeting the Scope of Work Required","How well has the Tenderer described how scope requirements will be met?  Do they understand what needs to be done?  List concerns in Comments.","Dynamic RMS\nController Modelling","Generic C interface for userdefined controller models","Indicate if the solution :\n- Is an Out-of-the-box functionality\n- Requires configuration?\n- Requires customisation?",null,null,"Critical",{"$f":"IF(I28='Priority Ratings'!$C$21,'Priority Ratings'!$B$21, IF(I28='Priority Ratings'!$C$22,'Priority Ratings'!$B$22,IF(I28='Priority Ratings'!$C$23,'Priority Ratings'!$B$23,IF(I28='Priority Ratings'!$C$24,'Priority Ratings'!$B$24,IF(I28='Priority Ratings'!$C$25,'Priority Ratings'!$B$25,IF(I28='Priority Ratings'!$C$26,'Priority Ratings'!$B$26,IF(I28='Priority Ratings'!$C$27,'Priority Ratings'!$B$27,\"No Rating\")))))))","v":5},1.4084507042253521E-2,"100%: Fully comply with requirement (Out of the box function with minor re-configuration) \n50%:   Partially comply, will require major configuration.\n0%:     No compliance/require development and/or customisation.",0,0]
[21,"Meeting the Scope of Work Required","How well has the Tenderer described how scope requirements will be met?  Do they understand what needs to be done?  List concerns in Comments.","Dynamic RMS\nController Modelling","IEC61400-27-1 interface for external models for wind\nturbine and wind power plants","Indicate if the solution :\n- Is an Out-of-the-box functionality\n- Requires configuration?\n- Requires customisation?",null,null,"Critical",{"$f":"IF(I29='Priority Ratings'!$C$21,'Priority Ratings'!$B$21, IF(I29='Priority Ratings'!$C$22,'Priority Ratings'!$B$22,IF(I29='Priority Ratings'!$C$23,'Priority Ratings'!$B$23,IF(I29='Priority Ratings'!$C$24,'Priority Ratings'!$B$24,IF(I29='Priority Ratings'!$C$25,'Priority Ratings'!$B$25,IF(I29='Priority Ratings'!$C$26,'Priority Ratings'!$B$26,IF(I29='Priority Ratings'!$C$27,'Priority Ratings'!$B$27,\"No Rating\")))))))","v":5},1.4084507042253521E-2,"100%: Fully comply with requirement (Out of the box function with minor re-configuration) \n50%:   Partially comply, will require major configuration.\n0%:     No compliance/require development and/or customisation.",0,0]
[22,"Meeting the Scope of Work Required","How well has the Tenderer described how scope requirements will be met?  Do they understand what needs to be done?  List concerns in Comments.","Dynamic RMS\nController Modelling","Automatic C interface converter","Indicate if the solution :\n- Is an Out-of-the-box functionality\n- Requires configuration?\n- Requires customisation?",null,null,"Critical",{"$f":"IF(I30='Priority Ratings'!$C$21,'Priority Ratings'!$B$21, IF(I30='Priority Ratings'!$C$22,'Priority Ratings'!$B$22,IF(I30='Priority Ratings'!$C$23,'Priority Ratings'!$B$23,IF(I30='Priority Ratings'!$C$24,'Priority Ratings'!$B$24,IF(I30='Priority Ratings'!$C$25,'Priority Ratings'!$B$25,IF(I30='Priority Ratings'!$C$26,'Priority Ratings'!$B$26,IF(I30='Priority Ratings'!$C$27,'Priority Ratings'!$B$27,\"No Rating\")))))))","v":5},1.4084507042253521E-2,"100%: Fully comply with requirement (Out of the box function with minor re-configuration) \n50%:   Partially comply, will require major configuration.\n0%:     No compliance/require development and/or customisation.",0,0]
[23,"Meeting the Scope of Work Required","How well has the Tenderer described how scope requirements will be met?  Do they understand what needs to be done?  List concerns in Comments.","Dynamic RMS\nController Modelling","Support of model precompilation for improved performance","Indicate if the solution :\n- Is an Out-of-the-box functionality\n- Requires configuration?\n- Requires customisation?",null,null,"Critical",{"$f":"IF(I31='Priority Ratings'!$C$21,'Priority Ratings'!$B$21, IF(I31='Priority Ratings'!$C$22,'Priority Ratings'!$B$22,IF(I31='Priority Ratings'!$C$23,'Priority Ratings'!$B$23,IF(I31='Priority Ratings'!$C$24,'Priority Ratings'!$B$24,IF(I31='Priority Ratings'!$C$25,'Priority Ratings'!$B$25,IF(I31='Priority Ratings'!$C$26,'Priority Ratings'!$B$26,IF(I31='Priority Ratings'!$C$27,'Priority Ratings'!$B$27,\"No Rating\")))))))","v":5},1.4084507042253521E-2,"100%: Fully comply with requirement (Out of the box function with minor re-configuration) \n50%:   Partially comply, will require major configuration.\n0%:     No compliance/require development and/or customisation.",0,0]
[24,"Meeting the Scope of Work Required","How well has the Tenderer described how scope requirements will be met?  Do they understand what needs to be done?  List concerns in Comments.","Dynamic RMS\nController Modelling","Support of MATLAB/Simulink interface","Indicate if the solution :\n- Is an Out-of-the-box functionality\n- Requires configuration?\n- Requires customisation?",null,null,"Critical",{"$f":"IF(I32='Priority Ratings'!$C$21,'Priority Ratings'!$B$21, IF(I32='Priority Ratings'!$C$22,'Priority Ratings'!$B$22,IF(I32='Priority Ratings'!$C$23,'Priority Ratings'!$B$23,IF(I32='Priority Ratings'!$C$24,'Priority Ratings'!$B$24,IF(I32='Priority Ratings'!$C$25,'Priority Ratings'!$B$25,IF(I32='Priority Ratings'!$C$26,'Priority Ratings'!$B$26,IF(I32='Priority Ratings'!$C$27,'Priority Ratings'!$B$27,\"No Rating\")))))))","v":5},1.4084507042253521E-2,"100%: Fully comply with requirement (Out of the box function with minor re-configuration) \n50%:   Partially comply, will require major configuration.\n0%:     No compliance/require development and/or customisation.",0,0]
[25,"Meeting the Scope of Work Required","How well has the Tenderer described how scope requirements will be met?  Do they understand what needs to be done?  List concerns in Comments.","Dynamic RMS\nController Modelling","Open Platform Communications (OPC)interface 12 for realtime applications","Indicate if the solution :\n- Is an Out-of-the-box functionality\n- Requires configuration?\n- Requires customisation?",null,null,"Critical",{"$f":"IF(I33='Priority Ratings'!$C$21,'Priority Ratings'!$B$21, IF(I33='Priority Ratings'!$C$22,'Priority Ratings'!$B$22,IF(I33='Priority Ratings'!$C$23,'Priority Ratings'!$B$23,IF(I33='Priority Ratings'!$C$24,'Priority Ratings'!$B$24,IF(I33='Priority Ratings'!$C$25,'Priority Ratings'!$B$25,IF(I33='Priority Ratings'!$C$26,'Priority Ratings'!$B$26,IF(I33='Priority Ratings'!$C$27,'Priority Ratings'!$B$27,\"No Rating\")))))))","v":5},1.4084507042253521E-2,"100%: Fully comply with requirement (Out of the box function with minor re-configuration) \n50%:   Partially comply, will require major configuration.\n0%:     No compliance/require development and/or customisation.",0,0]
[26,"Meeting the Scope of Work Required","How well has the Tenderer described how scope requirements will be met?  Do they understand what needs to be done?  List concerns in Comments.","Dynamic RMS\nController Modelling","IEEE C37.118 simulation interface for PMU data\nstreaming","Indicate if the solution :\n- Is an Out-of-the-box functionality\n- Requires configuration?\n- Requires customisation?",null,null,"Very important",{"$f":"IF(I34='Priority Ratings'!$C$21,'Priority Ratings'!$B$21, IF(I34='Priority Ratings'!$C$22,'Priority Ratings'!$B$22,IF(I34='Priority Ratings'!$C$23,'Priority Ratings'!$B$23,IF(I34='Priority Ratings'!$C$24,'Priority Ratings'!$B$24,IF(I34='Priority Ratings'!$C$25,'Priority Ratings'!$B$25,IF(I34='Priority Ratings'!$C$26,'Priority Ratings'!$B$26,IF(I34='Priority Ratings'!$C$27,'Priority Ratings'!$B$27,\"No Rating\")))))))","v":4},1.1267605633802818E-2,"100%: Fully comply with requirement (Out of the box function with minor re-configuration) \n50%:   Partially comply, will require major configuration.\n0%:     No compliance/require development and/or customisation.",0,0]
[27,"Meeting the Scope of Work Required","How well has the Tenderer described how scope requirements will be met?  Do they understand what needs to be done?  List concerns in Comments.","Electromagnetic\nTransients (EMT)","Integrated simulation of electromagnetic transients\nin multiphase AC and DC systems","Indicate if the solution :\n- Is an Out-of-the-box functionality\n- Requires configuration?\n- Requires customisation?",null,null,"Show stopper",{"$f":"IF(I35='Priority Ratings'!$C$21,'Priority Ratings'!$B$21, IF(I35='Priority Ratings'!$C$22,'Priority Ratings'!$B$22,IF(I35='Priority Ratings'!$C$23,'Priority Ratings'!$B$23,IF(I35='Priority Ratings'!$C$24,'Priority Ratings'!$B$24,IF(I35='Priority Ratings'!$C$25,'Priority Ratings'!$B$25,IF(I35='Priority Ratings'!$C$26,'Priority Ratings'!$B$26,IF(I35='Priority Ratings'!$C$27,'Priority Ratings'!$B$27,\"No Rating\")))))))","v":6},1.6901408450704224E-2,"100%: Fully comply with requirement (Out of the box function with minor re-configuration) \n50%:   Partially comply, will require major configuration.\n0%:     No compliance/require development and/or customisation.",0,0]
[28,"Meeting the Scope of Work Required","How well has the Tenderer described how scope requirements will be met?  Do they understand what needs to be done?  List concerns in Comments.","Electromagnetic\nTransients (EMT)","Fast, fixed step size or adaptive step size algorithm","Indicate if the solution :\n- Is an Out-of-the-box functionality\n- Requires configuration?\n- Requires customisation?",null,null,"Critical",{"$f":"IF(I36='Priority Ratings'!$C$21,'Priority Ratings'!$B$21, IF(I36='Priority Ratings'!$C$22,'Priority Ratings'!$B$22,IF(I36='Priority Ratings'!$C$23,'Priority Ratings'!$B$23,IF(I36='Priority Ratings'!$C$24,'Priority Ratings'!$B$24,IF(I36='Priority Ratings'!$C$25,'Priority Ratings'!$B$25,IF(I36='Priority Ratings'!$C$26,'Priority Ratings'!$B$26,IF(I36='Priority Ratings'!$C$27,'Priority Ratings'!$B$27,\"No Rating\")))))))","v":5},1.4084507042253521E-2,"100%: Fully comply with requirement (Out of the box function with minor re-configuration) \n50%:   Partially comply, will require major configuration.\n0%:     No compliance/require development and/or customisation.",0,0]
[29,"Meeting the Scope of Work Required","How well has the Tenderer described how scope requirements will be met?  Do they understand what needs to be done?  List concerns in Comments.","Electromagnetic\nTransients (EMT)","Simulation of static var compensations (SVC), thyristor-controlled series compensations (TCSC), FACTS, Static compensator model, etc.","Indicate if the solution :\n- Is an Out-of-the-box functionality\n- Requires configuration?\n- Requires customisation?",null,null,"Show stopper",{"$f":"IF(I37='Priority Ratings'!$C$21,'Priority Ratings'!$B$21, IF(I37='Priority Ratings'!$C$22,'Priority Ratings'!$B$22,IF(I37='Priority Ratings'!$C$23,'Priority Ratings'!$B$23,IF(I37='Priority Ratings'!$C$24,'Priority Ratings'!$B$24,IF(I37='Priority Ratings'!$C$25,'Priority Ratings'!$B$25,IF(I37='Priority Ratings'!$C$26,'Priority Ratings'!$B$26,IF(I37='Priority Ratings'!$C$27,'Priority Ratings'!$B$27,\"No Rating\")))))))","v":6},1.6901408450704224E-2,"100%: Fully comply with requirement (Out of the box function with minor re-configuration) \n50%:   Partially comply, will require major configuration.\n0%:     No compliance/require development and/or customisation.",0,0]
[30,"Meeting the Scope of Work Required","How well has the Tenderer described how scope requirements will be met?  Do they understand what needs to be done?  List concerns in Comments.","Electromagnetic\nTransients (EMT)","Modelling of HVDC interconnections (rectifier/inverter, two-level VSC, half- and full-bridge Modular Multilevel Converters converter)","Indicate if the solution :\n- Is an Out-of-the-box functionality\n- Requires configuration?\n- Requires customisation?",null,null,"Show stopper",{"$f":"IF(I38='Priority Ratings'!$C$21,'Priority Ratings'!$B$21, IF(I38='Priority Ratings'!$C$22,'Priority Ratings'!$B$22,IF(I38='Priority Ratings'!$C$23,'Priority Ratings'!$B$23,IF(I38='Priority Ratings'!$C$24,'Priority Ratings'!$B$24,IF(I38='Priority Ratings'!$C$25,'Priority Ratings'!$B$25,IF(I38='Priority Ratings'!$C$26,'Priority Ratings'!$B$26,IF(I38='Priority Ratings'!$C$27,'Priority Ratings'!$B$27,\"No Rating\")))))))","v":6},1.6901408450704224E-2,"100%: Fully comply with requirement (Out of the box function with minor re-configuration) \n50%:   Partially comply, will require major configuration.\n0%:     No compliance/require development and/or customisation.",0,0]
[31,"Meeting the Scope of Work Required","How well has the Tenderer described how scope requirements will be met?  Do they understand what needs to be done?  List concerns in Comments.","Electromagnetic\nTransients (EMT)","Power electronic devices and discrete components (diode, thyristor, PWM converter, rectifier/inverter, DC valve, soft starter, etc.)","Indicate if the solution :\n- Is an Out-of-the-box functionality\n- Requires configuration?\n- Requires customisation?",null,null,"Show stopper",{"$f":"IF(I39='Priority Ratings'!$C$21,'Priority Ratings'!$B$21, IF(I39='Priority Ratings'!$C$22,'Priority Ratings'!$B$22,IF(I39='Priority Ratings'!$C$23,'Priority Ratings'!$B$23,IF(I39='Priority Ratings'!$C$24,'Priority Ratings'!$B$24,IF(I39='Priority Ratings'!$C$25,'Priority Ratings'!$B$25,IF(I39='Priority Ratings'!$C$26,'Priority Ratings'!$B$26,IF(I39='Priority Ratings'!$C$27,'Priority Ratings'!$B$27,\"No Rating\")))))))","v":6},1.6901408450704224E-2,"100%: Fully comply with requirement (Out of the box function with minor re-configuration) \n50%:   Partially comply, will require major configuration.\n0%:     No compliance/require development and/or customisation.",0,0]
[32,"Meeting the Scope of Work Required","How well has the Tenderer described how scope requirements will be met?  Do they understand what needs to be done?  List concerns in Comments.","Electromagnetic\nTransients (EMT)","Constant and frequencydependent distributed parameter:\n- OHL models, universal frequency dependent cable model\n- OHL/cable constantscalculation\n- OHL transpositions\n- Single/multi-core and pipe-type cables\n- Cable cross-bonding \n- Semi-conducting layers","Indicate if the solution :\n- Is an Out-of-the-box functionality\n- Requires configuration?\n- Requires customisation?",null,null,"Show stopper",{"$f":"IF(I40='Priority Ratings'!$C$21,'Priority Ratings'!$B$21, IF(I40='Priority Ratings'!$C$22,'Priority Ratings'!$B$22,IF(I40='Priority Ratings'!$C$23,'Priority Ratings'!$B$23,IF(I40='Priority Ratings'!$C$24,'Priority Ratings'!$B$24,IF(I40='Priority Ratings'!$C$25,'Priority Ratings'!$B$25,IF(I40='Priority Ratings'!$C$26,'Priority Ratings'!$B$26,IF(I40='Priority Ratings'!$C$27,'Priority Ratings'!$B$27,\"No Rating\")))))))","v":6},1.6901408450704224E-2,"100%: Fully comply with requirement (Out of the box function with minor re-configuration) \n50%:   Partially comply, will require major configuration.\n0%:     No compliance/require development and/or customisation.",0,0]
[33,"Meeting the Scope of Work Required","How well has the Tenderer described how scope requirements will be met?  Do they understand what needs to be done?  List concerns in Comments.","Electromagnetic\nTransients (EMT)","Non-linear elements and saturation characteristics, including definition of hysteresis","Indicate if the solution :\n- Is an Out-of-the-box functionality\n- Requires configuration?\n- Requires customisation?",null,null,"Show stopper",{"$f":"IF(I41='Priority Ratings'!$C$21,'Priority Ratings'!$B$21, IF(I41='Priority Ratings'!$C$22,'Priority Ratings'!$B$22,IF(I41='Priority Ratings'!$C$23,'Priority Ratings'!$B$23,IF(I41='Priority Ratings'!$C$24,'Priority Ratings'!$B$24,IF(I41='Priority Ratings'!$C$25,'Priority Ratings'!$B$25,IF(I41='Priority Ratings'!$C$26,'Priority Ratings'!$B$26,IF(I41='Priority Ratings'!$C$27,'Priority Ratings'!$B$27,\"No Rating\")))))))","v":6},1.6901408450704224E-2,"100%: Fully comply with requirement (Out of the box function with minor re-configuration) \n50%:   Partially comply, will require major configuration.\n0%:     No compliance/require development and/or customisation.",0,0]
[34,"Meeting the Scope of Work Required","How well has the Tenderer described how scope requirements will be met?  Do they understand what needs to be done?  List concerns in Comments.","Electromagnetic\nTransients (EMT)","Series capacitors incl. spark gap model","Indicate if the solution :\n- Is an Out-of-the-box functionality\n- Requires configuration?\n- Requires customisation?",null,null,"Show stopper",{"$f":"IF(I42='Priority Ratings'!$C$21,'Priority Ratings'!$B$21, IF(I42='Priority Ratings'!$C$22,'Priority Ratings'!$B$22,IF(I42='Priority Ratings'!$C$23,'Priority Ratings'!$B$23,IF(I42='Priority Ratings'!$C$24,'Priority Ratings'!$B$24,IF(I42='Priority Ratings'!$C$25,'Priority Ratings'!$B$25,IF(I42='Priority Ratings'!$C$26,'Priority Ratings'!$B$26,IF(I42='Priority Ratings'!$C$27,'Priority Ratings'!$B$27,\"No Rating\")))))))","v":6},1.6901408450704224E-2,"100%: Fully comply with requirement (Out of the box function with minor re-configuration) \n50%:   Partially comply, will require major configuration.\n0%:     No compliance/require development and/or customisation.",0,0]
[35,"Meeting the Scope of Work Required","How well has the Tenderer described how scope requirements will be met?  Do they understand what needs to be done?  List concerns in Comments.","Electromagnetic\nTransients (EMT)","Surge arrestor models","Indicate if the solution :\n- Is an Out-of-the-box functionality\n- Requires configuration?\n- Requires customisation?",null,null,"Show stopper",{"$f":"IF(I43='Priority Ratings'!$C$21,'Priority Ratings'!$B$21, IF(I43='Priority Ratings'!$C$22,'Priority Ratings'!$B$22,IF(I43='Priority Ratings'!$C$23,'Priority Ratings'!$B$23,IF(I43='Priority Ratings'!$C$24,'Priority Ratings'!$B$24,IF(I43='Priority Ratings'!$C$25,'Priority Ratings'!$B$25,IF(I43='Priority Ratings'!$C$26,'Priority Ratings'!$B$26,IF(I43='Priority Ratings'!$C$27,'Priority Ratings'!$B$27,\"No Rating\")))))))","v":6},1.6901408450704224E-2,"100%: Fully comply with requirement (Out of the box function with minor re-configuration) \n50%:   Partially comply, will require major configuration.\n0%:     No compliance/require development and/or customisation.",0,0]
[36,"Meeting the Scope of Work Required","How well has the Tenderer described how scope requirements will be met?  Do they understand what needs to be done?  List concerns in Comments.","Electromagnetic\nTransients (EMT)","Impulse voltage & current source for lightning surge\nanalysis","Indicate if the solution :\n- Is an Out-of-the-box functionality\n- Requires configuration?\n- Requires customisation?",null,null,"Show stopper",{"$f":"IF(I44='Priority Ratings'!$C$21,'Priority Ratings'!$B$21, IF(I44='Priority Ratings'!$C$22,'Priority Ratings'!$B$22,IF(I44='Priority Ratings'!$C$23,'Priority Ratings'!$B$23,IF(I44='Priority Ratings'!$C$24,'Priority Ratings'!$B$24,IF(I44='Priority Ratings'!$C$25,'Priority Ratings'!$B$25,IF(I44='Priority Ratings'!$C$26,'Priority Ratings'!$B$26,IF(I44='Priority Ratings'!$C$27,'Priority Ratings'!$B$27,\"No Rating\")))))))","v":6},1.6901408450704224E-2,"100%: Fully comply with requirement (Out of the box function with minor re-configuration) \n50%:   Partially comply, will require major configuration.\n0%:     No compliance/require development and/or customisation.",0,0]
[37,"Meeting the Scope of Work Required","How well has the Tenderer described how scope requirements will be met?  Do they understand what needs to be done?  List concerns in Comments.","Electromagnetic\nTransients (EMT)","Support of AC-DC intercircuit fault events","Indicate if the solution :\n- Is an Out-of-the-box functionality\n- Requires configuration?\n- Requires customisation?",null,null,"Show stopper",{"$f":"IF(I45='Priority Ratings'!$C$21,'Priority Ratings'!$B$21, IF(I45='Priority Ratings'!$C$22,'Priority Ratings'!$B$22,IF(I45='Priority Ratings'!$C$23,'Priority Ratings'!$B$23,IF(I45='Priority Ratings'!$C$24,'Priority Ratings'!$B$24,IF(I45='Priority Ratings'!$C$25,'Priority Ratings'!$B$25,IF(I45='Priority Ratings'!$C$26,'Priority Ratings'!$B$26,IF(I45='Priority Ratings'!$C$27,'Priority Ratings'!$B$27,\"No Rating\")))))))","v":6},1.6901408450704224E-2,"100%: Fully comply with requirement (Out of the box function with minor re-configuration) \n50%:   Partially comply, will require major configuration.\n0%:     No compliance/require development and/or customisation.",0,0]
[38,"Meeting the Scope of Work Required","How well has the Tenderer described how scope requirements will be met?  Do they understand what needs to be done?  List concerns in Comments.","Electromagnetic\nTransients (EMT)","Accurate EMT models of renewable generation\n(wind/PV, etc.) and storage systems","Indicate if the solution :\n- Is an Out-of-the-box functionality\n- Requires configuration?\n- Requires customisation?",null,null,"Show stopper",{"$f":"IF(I46='Priority Ratings'!$C$21,'Priority Ratings'!$B$21, IF(I46='Priority Ratings'!$C$22,'Priority Ratings'!$B$22,IF(I46='Priority Ratings'!$C$23,'Priority Ratings'!$B$23,IF(I46='Priority Ratings'!$C$24,'Priority Ratings'!$B$24,IF(I46='Priority Ratings'!$C$25,'Priority Ratings'!$B$25,IF(I46='Priority Ratings'!$C$26,'Priority Ratings'!$B$26,IF(I46='Priority Ratings'!$C$27,'Priority Ratings'!$B$27,\"No Rating\")))))))","v":6},1.6901408450704224E-2,"100%: Fully comply with requirement (Out of the box function with minor re-configuration) \n50%:   Partially comply, will require major configuration.\n0%:     No compliance/require development and/or customisation.",0,0]
[39,"Meeting the Scope of Work Required","How well has the Tenderer described how scope requirements will be met?  Do they understand what needs to be done?  List concerns in Comments.","Electromagnetic\nTransients (EMT)","Discrete R-L-C elements","Indicate if the solution :\n- Is an Out-of-the-box functionality\n- Requires configuration?\n- Requires customisation?",null,null,"Show stopper",{"$f":"IF(I47='Priority Ratings'!$C$21,'Priority Ratings'!$B$21, IF(I47='Priority Ratings'!$C$22,'Priority Ratings'!$B$22,IF(I47='Priority Ratings'!$C$23,'Priority Ratings'!$B$23,IF(I47='Priority Ratings'!$C$24,'Priority Ratings'!$B$24,IF(I47='Priority Ratings'!$C$25,'Priority Ratings'!$B$25,IF(I47='Priority Ratings'!$C$26,'Priority Ratings'!$B$26,IF(I47='Priority Ratings'!$C$27,'Priority Ratings'!$B$27,\"No Rating\")))))))","v":6},1.6901408450704224E-2,"100%: Fully comply with requirement (Out of the box function with minor re-configuration) \n50%:   Partially comply, will require major configuration.\n0%:     No compliance/require development and/or customisation.",0,0]
[40,"Meeting the Scope of Work Required","How well has the Tenderer described how scope requirements will be met?  Do they understand what needs to be done?  List concerns in Comments.","Electromagnetic\nTransients (EMT)","Flexible template definition to create and re-utilise user- specific model library","Indicate if the solution :\n- Is an Out-of-the-box functionality\n- Requires configuration?\n- Requires customisation?",null,null,"Show stopper",{"$f":"IF(I48='Priority Ratings'!$C$21,'Priority Ratings'!$B$21, IF(I48='Priority Ratings'!$C$22,'Priority Ratings'!$B$22,IF(I48='Priority Ratings'!$C$23,'Priority Ratings'!$B$23,IF(I48='Priority Ratings'!$C$24,'Priority Ratings'!$B$24,IF(I48='Priority Ratings'!$C$25,'Priority Ratings'!$B$25,IF(I48='Priority Ratings'!$C$26,'Priority Ratings'!$B$26,IF(I48='Priority Ratings'!$C$27,'Priority Ratings'!$B$27,\"No Rating\")))))))","v":6},1.6901408450704224E-2,"100%: Fully comply with requirement (Out of the box function with minor re-configuration) \n50%:   Partially comply, will require major configuration.\n0%:     No compliance/require development and/or customisation.",0,0]
[41,"Meeting the Scope of Work Required","How well has the Tenderer described how scope requirements will be met?  Do they understand what needs to be done?  List concerns in Comments.","Electromagnetic\nTransients (EMT)","Insulation coordination analysis including Temporary Over Voltage Switching Over Voltages and Lightning transient\nOver-Voltages (LOV) transient over-voltages","Indicate if the solution :\n- Is an Out-of-the-box functionality\n- Requires configuration?\n- Requires customisation?",null,null,"Show stopper",{"$f":"IF(I49='Priority Ratings'!$C$21,'Priority Ratings'!$B$21, IF(I49='Priority Ratings'!$C$22,'Priority Ratings'!$B$22,IF(I49='Priority Ratings'!$C$23,'Priority Ratings'!$B$23,IF(I49='Priority Ratings'!$C$24,'Priority Ratings'!$B$24,IF(I49='Priority Ratings'!$C$25,'Priority Ratings'!$B$25,IF(I49='Priority Ratings'!$C$26,'Priority Ratings'!$B$26,IF(I49='Priority Ratings'!$C$27,'Priority Ratings'!$B$27,\"No Rating\")))))))","v":6},1.6901408450704224E-2,"100%: Fully comply with requirement (Out of the box function with minor re-configuration) \n50%:   Partially comply, will require major configuration.\n0%:     No compliance/require development and/or customisation.",0,0]
[42,"Meeting the Scope of Work Required","How well has the Tenderer described how scope requirements will be met?  Do they understand what needs to be done?  List concerns in Comments.","Electromagnetic\nTransients (EMT)","Stochastic switching analysis and point-on-wave switching","Indicate if the solution :\n- Is an Out-of-the-box functionality\n- Requires configuration?\n- Requires customisation?",null,null,"Show stopper",{"$f":"IF(I50='Priority Ratings'!$C$21,'Priority Ratings'!$B$21, IF(I50='Priority Ratings'!$C$22,'Priority Ratings'!$B$22,IF(I50='Priority Ratings'!$C$23,'Priority Ratings'!$B$23,IF(I50='Priority Ratings'!$C$24,'Priority Ratings'!$B$24,IF(I50='Priority Ratings'!$C$25,'Priority Ratings'!$B$25,IF(I50='Priority Ratings'!$C$26,'Priority Ratings'!$B$26,IF(I50='Priority Ratings'!$C$27,'Priority Ratings'!$B$27,\"No Rating\")))))))","v":6},1.6901408450704224E-2,"100%: Fully comply with requirement (Out of the box function with minor re-configuration) \n50%:   Partially comply, will require major configuration.\n0%:     No compliance/require development and/or customisation.",0,0]
[43,"Meeting the Scope of Work Required","How well has the Tenderer described how scope requirements will be met?  Do they understand what needs to be done?  List concerns in Comments.","Electromagnetic\nTransients (EMT)","Frequency Analysis Tool, including FFT and Prony\nAnalysis for single point in time as well as time-range\nassessment","Indicate if the solution :\n- Is an Out-of-the-box functionality\n- Requires configuration?\n- Requires customisation?",null,null,"Show stopper",{"$f":"IF(I51='Priority Ratings'!$C$21,'Priority Ratings'!$B$21, IF(I51='Priority Ratings'!$C$22,'Priority Ratings'!$B$22,IF(I51='Priority Ratings'!$C$23,'Priority Ratings'!$B$23,IF(I51='Priority Ratings'!$C$24,'Priority Ratings'!$B$24,IF(I51='Priority Ratings'!$C$25,'Priority Ratings'!$B$25,IF(I51='Priority Ratings'!$C$26,'Priority Ratings'!$B$26,IF(I51='Priority Ratings'!$C$27,'Priority Ratings'!$B$27,\"No Rating\")))))))","v":6},1.6901408450704224E-2,"100%: Fully comply with requirement (Out of the box function with minor re-configuration) \n50%:   Partially comply, will require major configuration.\n0%:     No compliance/require development and/or customisation.",0,0]
[44,"Meeting the Scope of Work Required","How well has the Tenderer described how scope requirements will be met?  Do they understand what needs to be done?  List concerns in Comments.","Electromagnetic\nTransients (EMT)","Inrush, ferro-resonance,Sub Synchronous Resonance) and Transient Recovery Voltage studies","Indicate if the solution :\n- Is an Out-of-the-box functionality\n- Requires configuration?\n- Requires customisation?",null,null,"Show stopper",{"$f":"IF(I52='Priority Ratings'!$C$21,'Priority Ratings'!$B$21, IF(I52='Priority Ratings'!$C$22,'Priority Ratings'!$B$22,IF(I52='Priority Ratings'!$C$23,'Priority Ratings'!$B$23,IF(I52='Priority Ratings'!$C$24,'Priority Ratings'!$B$24,IF(I52='Priority Ratings'!$C$25,'Priority Ratings'!$B$25,IF(I52='Priority Ratings'!$C$26,'Priority Ratings'!$B$26,IF(I52='Priority Ratings'!$C$27,'Priority Ratings'!$B$27,\"No Rating\")))))))","v":6},1.6901408450704224E-2,"100%: Fully comply with requirement (Out of the box function with minor re-configuration) \n50%:   Partially comply, will require major configuration.\n0%:     No compliance/require development and/or customisation.",0,0]
[45,"Meeting the Scope of Work Required","How well has the Tenderer described how scope requirements will be met?  Do they understand what needs to be done?  List concerns in Comments.","Electromagnetic\nTransients (EMT)","COMTRADE file support \nbreaker closer events","Indicate if the solution :\n- Is an Out-of-the-box functionality\n- Requires configuration?\n- Requires customisation?",null,null,"Show stopper",{"$f":"IF(I53='Priority Ratings'!$C$21,'Priority Ratings'!$B$21, IF(I53='Priority Ratings'!$C$22,'Priority Ratings'!$B$22,IF(I53='Priority Ratings'!$C$23,'Priority Ratings'!$B$23,IF(I53='Priority Ratings'!$C$24,'Priority Ratings'!$B$24,IF(I53='Priority Ratings'!$C$25,'Priority Ratings'!$B$25,IF(I53='Priority Ratings'!$C$26,'Priority Ratings'!$B$26,IF(I53='Priority Ratings'!$C$27,'Priority Ratings'!$B$27,\"No Rating\")))))))","v":6},{"$f":"J53/J$73","v":1.6901408450704224E-2},"100%: Fully comply with requirement (Out of the box function with minor re-configuration) \n50%:   Partially comply, will require major configuration.\n0%:     No compliance/require development and/or customisation.",0,0]
[46,"Meeting the Scope of Work Required","How well has the Tenderer described how scope requirements will be met?  Do they understand what needs to be done?  List concerns in Comments.","Electromagnetic\nTransients (EMT)","Various options of triggering ","Indicate if the solution :\n- Is an Out-of-the-box functionality\n- Requires configuration?\n- Requires customisation?",null,null,"Show stopper",{"$f":"IF(I54='Priority Ratings'!$C$21,'Priority Ratings'!$B$21, IF(I54='Priority Ratings'!$C$22,'Priority Ratings'!$B$22,IF(I54='Priority Ratings'!$C$23,'Priority Ratings'!$B$23,IF(I54='Priority Ratings'!$C$24,'Priority Ratings'!$B$24,IF(I54='Priority Ratings'!$C$25,'Priority Ratings'!$B$25,IF(I54='Priority Ratings'!$C$26,'Priority Ratings'!$B$26,IF(I54='Priority Ratings'!$C$27,'Priority Ratings'!$B$27,\"No Rating\")))))))","v":6},1.6901408450704224E-2,"100%: Fully comply with requirement (Out of the box function with minor re-configuration) \n50%:   Partially comply, will require major configuration.\n0%:     No compliance/require development and/or customisation.",0,0]
[47,"Meeting the Scope of Work Required","How well has the Tenderer described how scope requirements will be met?  Do they understand what needs to be done?  List concerns in Comments.","Electromagnetic\nTransients (EMT)","Combined RMS and EMT simulation mode","Indicate if the solution :\n- Is an Out-of-the-box functionality\n- Requires configuration?\n- Requires customisation?",null,null,"Very important",{"$f":"IF(I55='Priority Ratings'!$C$21,'Priority Ratings'!$B$21, IF(I55='Priority Ratings'!$C$22,'Priority Ratings'!$B$22,IF(I55='Priority Ratings'!$C$23,'Priority Ratings'!$B$23,IF(I55='Priority Ratings'!$C$24,'Priority Ratings'!$B$24,IF(I55='Priority Ratings'!$C$25,'Priority Ratings'!$B$25,IF(I55='Priority Ratings'!$C$26,'Priority Ratings'!$B$26,IF(I55='Priority Ratings'!$C$27,'Priority Ratings'!$B$27,\"No Rating\")))))))","v":4},1.1267605633802818E-2,"100%: Fully comply with requirement (Out of the box function with minor re-configuration) \n50%:   Partially comply, will require major configuration.\n0%:     No compliance/require development and/or customisation.",0,0]
[48,"Meeting the Scope of Work Required","How well has the Tenderer described how scope requirements will be met?  Do they understand what needs to be done?  List concerns in Comments.","Motor Starting Function","Single or multiple motor starting","Indicate if the solution :\n- Is an Out-of-the-box functionality\n- Requires configuration?\n- Requires customisation?",null,null,"Show stopper",{"$f":"IF(I56='Priority Ratings'!$C$21,'Priority Ratings'!$B$21, IF(I56='Priority Ratings'!$C$22,'Priority Ratings'!$B$22,IF(I56='Priority Ratings'!$C$23,'Priority Ratings'!$B$23,IF(I56='Priority Ratings'!$C$24,'Priority Ratings'!$B$24,IF(I56='Priority Ratings'!$C$25,'Priority Ratings'!$B$25,IF(I56='Priority Ratings'!$C$26,'Priority Ratings'!$B$26,IF(I56='Priority Ratings'!$C$27,'Priority Ratings'!$B$27,\"No Rating\")))))))","v":6},1.6901408450704224E-2,"100%: Fully comply with requirement (Out of the box function with minor re-configuration) \n50%:   Partially comply, will require major configuration.\n0%:     No compliance/require development and/or customisation.",0,0]
[49,"Meeting the Scope of Work Required","How well has the Tenderer described how scope requirements will be met?  Do they understand what needs to be done?  List concerns in Comments.","Motor Starting Function","Transient motor starting (synchr. /asynchr. motors), with full support of controller models","Indicate if the solution :\n- Is an Out-of-the-box functionality\n- Requires configuration?\n- Requires customisation?",null,null,"Show stopper",{"$f":"IF(I57='Priority Ratings'!$C$21,'Priority Ratings'!$B$21, IF(I57='Priority Ratings'!$C$22,'Priority Ratings'!$B$22,IF(I57='Priority Ratings'!$C$23,'Priority Ratings'!$B$23,IF(I57='Priority Ratings'!$C$24,'Priority Ratings'!$B$24,IF(I57='Priority Ratings'!$C$25,'Priority Ratings'!$B$25,IF(I57='Priority Ratings'!$C$26,'Priority Ratings'!$B$26,IF(I57='Priority Ratings'!$C$27,'Priority Ratings'!$B$27,\"No Rating\")))))))","v":6},1.6901408450704224E-2,"100%: Fully comply with requirement (Out of the box function with minor re-configuration) \n50%:   Partially comply, will require major configuration.\n0%:     No compliance/require development and/or customisation.",0,0]
[50,"Meeting the Scope of Work Required","How well has the Tenderer described how scope requirements will be met?  Do they understand what needs to be done?  List concerns in Comments.","Motor Starting Function","Steady-state motor starting","Indicate if the solution :\n- Is an Out-of-the-box functionality\n- Requires configuration?\n- Requires customisation?",null,null,"Show stopper",{"$f":"IF(I58='Priority Ratings'!$C$21,'Priority Ratings'!$B$21, IF(I58='Priority Ratings'!$C$22,'Priority Ratings'!$B$22,IF(I58='Priority Ratings'!$C$23,'Priority Ratings'!$B$23,IF(I58='Priority Ratings'!$C$24,'Priority Ratings'!$B$24,IF(I58='Priority Ratings'!$C$25,'Priority Ratings'!$B$25,IF(I58='Priority Ratings'!$C$26,'Priority Ratings'!$B$26,IF(I58='Priority Ratings'!$C$27,'Priority Ratings'!$B$27,\"No Rating\")))))))","v":6},1.6901408450704224E-2,"100%: Fully comply with requirement (Out of the box function with minor re-configuration) \n50%:   Partially comply, will require major configuration.\n0%:     No compliance/require development and/or customisation.",0,0]
[51,"Meeting the Scope of Work Required","How well has the Tenderer described how scope requirements will be met?  Do they understand what needs to be done?  List concerns in Comments.","Motor Starting Function","Various motor starting methods (reactor, auto transformer, variable rotor resistance, star delta, etc.)","Indicate if the solution :\n- Is an Out-of-the-box functionality\n- Requires configuration?\n- Requires customisation?",null,null,"Show stopper",{"$f":"IF(I59='Priority Ratings'!$C$21,'Priority Ratings'!$B$21, IF(I59='Priority Ratings'!$C$22,'Priority Ratings'!$B$22,IF(I59='Priority Ratings'!$C$23,'Priority Ratings'!$B$23,IF(I59='Priority Ratings'!$C$24,'Priority Ratings'!$B$24,IF(I59='Priority Ratings'!$C$25,'Priority Ratings'!$B$25,IF(I59='Priority Ratings'!$C$26,'Priority Ratings'!$B$26,IF(I59='Priority Ratings'!$C$27,'Priority Ratings'!$B$27,\"No Rating\")))))))","v":6},1.6901408450704224E-2,"100%: Fully comply with requirement (Out of the box function with minor re-configuration) \n50%:   Partially comply, will require major configuration.\n0%:     No compliance/require development and/or customisation.",0,0]
[52,"Meeting the Scope of Work Required","How well has the Tenderer described how scope requirements will be met?  Do they understand what needs to be done?  List concerns in Comments.","Motor Starting Function","Thermal limit check of cables and transformers","Indicate if the solution :\n- Is an Out-of-the-box functionality\n- Requires configuration?\n- Requires customisation?",null,null,"Show stopper",{"$f":"IF(I60='Priority Ratings'!$C$21,'Priority Ratings'!$B$21, IF(I60='Priority Ratings'!$C$22,'Priority Ratings'!$B$22,IF(I60='Priority Ratings'!$C$23,'Priority Ratings'!$B$23,IF(I60='Priority Ratings'!$C$24,'Priority Ratings'!$B$24,IF(I60='Priority Ratings'!$C$25,'Priority Ratings'!$B$25,IF(I60='Priority Ratings'!$C$26,'Priority Ratings'!$B$26,IF(I60='Priority Ratings'!$C$27,'Priority Ratings'!$B$27,\"No Rating\")))))))","v":6},1.6901408450704224E-2,"100%: Fully comply with requirement (Out of the box function with minor re-configuration) \n50%:   Partially comply, will require major configuration.\n0%:     No compliance/require development and/or customisation.",0,0]
[53,"Meeting the Scope of Work Required","How well has the Tenderer described how scope requirements will be met?  Do they understand what needs to be done?  List concerns in Comments.","Motor Starting Function","Automatic starting check function, visualised in single line diagram","Indicate if the solution :\n- Is an Out-of-the-box functionality\n- Requires configuration?\n- Requires customisation?",null,null,"Show stopper",{"$f":"IF(I61='Priority Ratings'!$C$21,'Priority Ratings'!$B$21, IF(I61='Priority Ratings'!$C$22,'Priority Ratings'!$B$22,IF(I61='Priority Ratings'!$C$23,'Priority Ratings'!$B$23,IF(I61='Priority Ratings'!$C$24,'Priority Ratings'!$B$24,IF(I61='Priority Ratings'!$C$25,'Priority Ratings'!$B$25,IF(I61='Priority Ratings'!$C$26,'Priority Ratings'!$B$26,IF(I61='Priority Ratings'!$C$27,'Priority Ratings'!$B$27,\"No Rating\")))))))","v":6},1.6901408450704224E-2,"100%: Fully comply with requirement (Out of the box function with minor re-configuration) \n50%:   Partially comply, will require major configuration.\n0%:     No compliance/require development and/or customisation.",0,0]
[54,"Meeting the Scope of Work Required","How well has the Tenderer described how scope requirements will be met?  Do they understand what needs to be done?  List concerns in Comments.","Motor Starting Function","Detailed reporting to enable customer interaction namely\n- Transient motor starting\n- Steady-state motor starting\n- Various motor starting methods\n- Thermal limit check of cables and transformers\n- Automatic starting check function, visualised in single line diagram","Indicate if the solution :\n- Is an Out-of-the-box functionality\n- Requires configuration?\n- Requires customisation?",null,null,"Show stopper",{"$f":"IF(I62='Priority Ratings'!$C$21,'Priority Ratings'!$B$21, IF(I62='Priority Ratings'!$C$22,'Priority Ratings'!$B$22,IF(I62='Priority Ratings'!$C$23,'Priority Ratings'!$B$23,IF(I62='Priority Ratings'!$C$24,'Priority Ratings'!$B$24,IF(I62='Priority Ratings'!$C$25,'Priority Ratings'!$B$25,IF(I62='Priority Ratings'!$C$26,'Priority Ratings'!$B$26,IF(I62='Priority Ratings'!$C$27,'Priority Ratings'!$B$27,\"No Rating\")))))))","v":6},1.6901408450704224E-2,"100%: Fully comply with requirement (Out of the box function with minor re-configuration) \n50%:   Partially comply, will require major configuration.\n0%:     No compliance/require development and/or customisation.",0,0]
[55,"Meeting the Scope of Work Required","How well has the Tenderer described how scope requirements will be met?  Do they understand what needs to be done?  List concerns in Comments.","Small Signal Stability (Eigenvalue Analysis)","Provides the capability for Full and selective eigenvalue analysis","Indicate if the solution :\n- Is an Out-of-the-box functionality\n- Requires configuration?\n- Requires customisation?",null,null,"Show stopper",{"$f":"IF(I63='Priority Ratings'!$C$21,'Priority Ratings'!$B$21, IF(I63='Priority Ratings'!$C$22,'Priority Ratings'!$B$22,IF(I63='Priority Ratings'!$C$23,'Priority Ratings'!$B$23,IF(I63='Priority Ratings'!$C$24,'Priority Ratings'!$B$24,IF(I63='Priority Ratings'!$C$25,'Priority Ratings'!$B$25,IF(I63='Priority Ratings'!$C$26,'Priority Ratings'!$B$26,IF(I63='Priority Ratings'!$C$27,'Priority Ratings'!$B$27,\"No Rating\")))))))","v":6},1.6901408450704224E-2,"100%: Fully comply with requirement (Out of the box function with minor re-configuration) \n50%:   Partially comply, will require major configuration.\n0%:     No compliance/require development and/or customisation.",0,0]
[56,"Meeting the Scope of Work Required","How well has the Tenderer described how scope requirements will be met?  Do they understand what needs to be done?  List concerns in Comments.","Small Signal Stability (Eigenvalue Analysis)","Balanced (positive sequence) network representation, including combined AC and DC modelling, with nonconventional generation such as wind turbines, PV\nsystems, HVDC, VSC and other FACTS devices","Indicate if the solution :\n- Is an Out-of-the-box functionality\n- Requires configuration?\n- Requires customisation?",null,null,"Show stopper",{"$f":"IF(I64='Priority Ratings'!$C$21,'Priority Ratings'!$B$21, IF(I64='Priority Ratings'!$C$22,'Priority Ratings'!$B$22,IF(I64='Priority Ratings'!$C$23,'Priority Ratings'!$B$23,IF(I64='Priority Ratings'!$C$24,'Priority Ratings'!$B$24,IF(I64='Priority Ratings'!$C$25,'Priority Ratings'!$B$25,IF(I64='Priority Ratings'!$C$26,'Priority Ratings'!$B$26,IF(I64='Priority Ratings'!$C$27,'Priority Ratings'!$B$27,\"No Rating\")))))))","v":6},1.6901408450704224E-2,"100%: Fully comply with requirement (Out of the box function with minor re-configuration) \n50%:   Partially comply, will require major configuration.\n0%:     No compliance/require development and/or customisation.",0,0]
[57,"Meeting the Scope of Work Required","How well has the Tenderer described how scope requirements will be met?  Do they understand what needs to be done?  List concerns in Comments.","Small Signal Stability (Eigenvalue Analysis)","Interactive eigenvalue, mode bar and mode phasor plots","Indicate if the solution :\n- Is an Out-of-the-box functionality\n- Requires configuration?\n- Requires customisation?",null,null,"Show stopper",{"$f":"IF(I65='Priority Ratings'!$C$21,'Priority Ratings'!$B$21, IF(I65='Priority Ratings'!$C$22,'Priority Ratings'!$B$22,IF(I65='Priority Ratings'!$C$23,'Priority Ratings'!$B$23,IF(I65='Priority Ratings'!$C$24,'Priority Ratings'!$B$24,IF(I65='Priority Ratings'!$C$25,'Priority Ratings'!$B$25,IF(I65='Priority Ratings'!$C$26,'Priority Ratings'!$B$26,IF(I65='Priority Ratings'!$C$27,'Priority Ratings'!$B$27,\"No Rating\")))))))","v":6},1.6901408450704224E-2,"100%: Fully comply with requirement (Out of the box function with minor re-configuration) \n50%:   Partially comply, will require major configuration.\n0%:     No compliance/require development and/or customisation.",0,0]
[58,"Meeting the Scope of Work Required","How well has the Tenderer described how scope requirements will be met?  Do they understand what needs to be done?  List concerns in Comments.","Small Signal Stability (Eigenvalue Analysis)","Visualisation of eigenvectors in network diagrams","Indicate if the solution :\n- Is an Out-of-the-box functionality\n- Requires configuration?\n- Requires customisation?",null,null,"Show stopper",{"$f":"IF(I66='Priority Ratings'!$C$21,'Priority Ratings'!$B$21, IF(I66='Priority Ratings'!$C$22,'Priority Ratings'!$B$22,IF(I66='Priority Ratings'!$C$23,'Priority Ratings'!$B$23,IF(I66='Priority Ratings'!$C$24,'Priority Ratings'!$B$24,IF(I66='Priority Ratings'!$C$25,'Priority Ratings'!$B$25,IF(I66='Priority Ratings'!$C$26,'Priority Ratings'!$B$26,IF(I66='Priority Ratings'!$C$27,'Priority Ratings'!$B$27,\"No Rating\")))))))","v":6},1.6901408450704224E-2,"100%: Fully comply with requirement (Out of the box function with minor re-configuration) \n50%:   Partially comply, will require major configuration.\n0%:     No compliance/require development and/or customisation.",0,0]
[59,"Meeting the Scope of Work Required","How well has the Tenderer described how scope requirements will be met?  Do they understand what needs to be done?  List concerns in Comments.","Small Signal Stability (Eigenvalue Analysis)","Tabular reports of eigenvalues incl. damped frequencies, damping time constants, etc.","Indicate if the solution :\n- Is an Out-of-the-box functionality\n- Requires configuration?\n- Requires customisation?",null,null,"Show stopper",{"$f":"IF(I67='Priority Ratings'!$C$21,'Priority Ratings'!$B$21, IF(I67='Priority Ratings'!$C$22,'Priority Ratings'!$B$22,IF(I67='Priority Ratings'!$C$23,'Priority Ratings'!$B$23,IF(I67='Priority Ratings'!$C$24,'Priority Ratings'!$B$24,IF(I67='Priority Ratings'!$C$25,'Priority Ratings'!$B$25,IF(I67='Priority Ratings'!$C$26,'Priority Ratings'!$B$26,IF(I67='Priority Ratings'!$C$27,'Priority Ratings'!$B$27,\"No Rating\")))))))","v":6},1.6901408450704224E-2,"100%: Fully comply with requirement (Out of the box function with minor re-configuration) \n50%:   Partially comply, will require major configuration.\n0%:     No compliance/require development and/or customisation.",0,0]
[60,"Meeting the Scope of Work Required","How well has the Tenderer described how scope requirements will be met?  Do they understand what needs to be done?  List concerns in Comments.","Small Signal Stability (Eigenvalue Analysis)","Detailed reports of oscillatory modes including participation factors of state variables, controllability, and observability","Indicate if the solution :\n- Is an Out-of-the-box functionality\n- Requires configuration?\n- Requires customisation?",null,null,"Show stopper",{"$f":"IF(I68='Priority Ratings'!$C$21,'Priority Ratings'!$B$21, IF(I68='Priority Ratings'!$C$22,'Priority Ratings'!$B$22,IF(I68='Priority Ratings'!$C$23,'Priority Ratings'!$B$23,IF(I68='Priority Ratings'!$C$24,'Priority Ratings'!$B$24,IF(I68='Priority Ratings'!$C$25,'Priority Ratings'!$B$25,IF(I68='Priority Ratings'!$C$26,'Priority Ratings'!$B$26,IF(I68='Priority Ratings'!$C$27,'Priority Ratings'!$B$27,\"No Rating\")))))))","v":6},1.6901408450704224E-2,"100%: Fully comply with requirement (Out of the box function with minor re-configuration) \n50%:   Partially comply, will require major configuration.\n0%:     No compliance/require development and/or customisation.",0,0]
[61,"Meeting the Scope of Work Required","How well has the Tenderer described how scope requirements will be met?  Do they understand what needs to be done?  List concerns in Comments.","System parameter\nIdentification","Parameter estimation of non-linear dynamic MIMOsystems\nfully integrated with different programming language.","Indicate if the solution :\n- Is an Out-of-the-box functionality\n- Requires configuration?\n- Requires customisation?",null,null,"Critical",{"$f":"IF(I69='Priority Ratings'!$C$21,'Priority Ratings'!$B$21, IF(I69='Priority Ratings'!$C$22,'Priority Ratings'!$B$22,IF(I69='Priority Ratings'!$C$23,'Priority Ratings'!$B$23,IF(I69='Priority Ratings'!$C$24,'Priority Ratings'!$B$24,IF(I69='Priority Ratings'!$C$25,'Priority Ratings'!$B$25,IF(I69='Priority Ratings'!$C$26,'Priority Ratings'!$B$26,IF(I69='Priority Ratings'!$C$27,'Priority Ratings'!$B$27,\"No Rating\")))))))","v":5},1.4084507042253521E-2,"100%: Fully comply with requirement (Out of the box function with minor re-configuration) \n50%:   Partially comply, will require major configuration.\n0%:     No compliance/require development and/or customisation.",0,0]
[62,"Meeting the Scope of Work Required","How well has the Tenderer described how scope requirements will be met?  Do they understand what needs to be done?  List concerns in Comments.","Load Flow Sensitivity Analysis","Functionality should exist to execute load flow sensitivity\nanalysis on balanced and unbalanced simulation models","Indicate if the solution :\n- Is an Out-of-the-box functionality\n- Requires configuration?\n- Requires customisation?",null,null,"Critical",{"$f":"IF(I70='Priority Ratings'!$C$21,'Priority Ratings'!$B$21, IF(I70='Priority Ratings'!$C$22,'Priority Ratings'!$B$22,IF(I70='Priority Ratings'!$C$23,'Priority Ratings'!$B$23,IF(I70='Priority Ratings'!$C$24,'Priority Ratings'!$B$24,IF(I70='Priority Ratings'!$C$25,'Priority Ratings'!$B$25,IF(I70='Priority Ratings'!$C$26,'Priority Ratings'!$B$26,IF(I70='Priority Ratings'!$C$27,'Priority Ratings'!$B$27,\"No Rating\")))))))","v":5},1.4084507042253521E-2,"100%: Fully comply with requirement (Out of the box function with minor re-configuration) \n50%:   Partially comply, will require major configuration.\n0%:     No compliance/require development and/or customisation.",0,0]
[63,"Meeting the Scope of Work Required","How well has the Tenderer described how scope requirements will be met?  Do they understand what needs to be done?  List concerns in Comments.","Load Flow Sensitivity Analysis","The calculation should be executed on individual and\nmultiple elements","Indicate if the solution :\n- Is an Out-of-the-box functionality\n- Requires configuration?\n- Requires customisation?",null,null,"Very important",{"$f":"IF(I71='Priority Ratings'!$C$21,'Priority Ratings'!$B$21, IF(I71='Priority Ratings'!$C$22,'Priority Ratings'!$B$22,IF(I71='Priority Ratings'!$C$23,'Priority Ratings'!$B$23,IF(I71='Priority Ratings'!$C$24,'Priority Ratings'!$B$24,IF(I71='Priority Ratings'!$C$25,'Priority Ratings'!$B$25,IF(I71='Priority Ratings'!$C$26,'Priority Ratings'!$B$26,IF(I71='Priority Ratings'!$C$27,'Priority Ratings'!$B$27,\"No Rating\")))))))","v":4},1.1267605633802818E-2,"100%: Fully comply with requirement (Out of the box function with minor re-configuration) \n50%:   Partially comply, will require major configuration.\n0%:     No compliance/require development and/or customisation.",0,0]
[]
[null,null,null,null,null,null,null,"Totals",null,{"$f":"SUM(J9:J71)","v":355},{"$f":"SUM(K9:K71)","v":0.99999999999999911},null,null,{"$f":"SUM(N9:N71)","v":0}]

{"sheet":"PSST-Scripting, Automation& Ext","index":14,"n_rows":22,"n_cols":15,"rows_kept":22,"cut":false,"hidden":false,"merged":[[6,14,7,14],[1,0,1,2],[2,1,2,2],[3,0,3,2],[0,0,0,2],[4,0,4,2]]}
["Functional:PSST- Scripting, Automation and External Interfaces Functionality BRS41.1 BRS 42.1"]
["CORP xxxx Tender",null,null,null,null,null,null,null,null,null,null,null,"Scoring (Sliding scale)"]
["Tenderer:",null,null,null,null,null,null,null,null,null,null,null,"100% - Fully compliant"]
["Evaluated by:",null,null,null,null,null,null,null,null,null,null,null,"50%-Partially compliant"]
[null,null,null,null,null,null,null,null,null,null,null,null,"0%-Non compliance"]
["Evaluation Criteria"]
[null,null,null,null,null,null,"Vendor Compliance\nFull Compliance - Y\nPartial Compliance - P\nNon Compliance - N","Vendor to indicate any applicable comments based on Compliance","Priority\nRequirement priority as determined by Eskom","Weight\n(agreed by evaluation team members)",null,"Score\n(determined by each evaluation team member during evaluation. Will be averaged for final scores)","Score",null,"Comments (Internal) for scorer"]
["ID","Type","Criterion","Functional Requirement","Requirement description","Evaluation Criterion / Question","Vendor Compliance","Comments","Priority Description","Priority\n","Weighted Question","Scoring","Answer\n(0,50,100%)","Weighted Answer"]
[1,"Meeting the Scope of Work Required","How well has the Tenderer described how scope requirements will be met?  Do they understand what needs to be done?  List concerns in Comments.","Interface","API - Application Interface(API is part of the module \" Scripting and Automation\" see following section)","Indicate if the solution :\n- Is an Out-of-the-box functionality\n- Requires configuration?\n- Requires customisation?",null,null,"Critical",{"$f":"IF(I9='Priority Ratings'!$C$21,'Priority Ratings'!$B$21, IF(I9='Priority Ratings'!$C$22,'Priority Ratings'!$B$22,IF(I9='Priority Ratings'!$C$23,'Priority Ratings'!$B$23,IF(I9='Priority Ratings'!$C$24,'Priority Ratings'!$B$24,IF(I9='Priority Ratings'!$C$25,'Priority Ratings'!$B$25,IF(I9='Priority Ratings'!$C$26,'Priority Ratings'!$B$26,IF(I9='Priority Ratings'!$C$27,'Priority Ratings'!$B$27,\"No Rating\")))))))","v":5},{"$f":"J9/J$22","v":7.6923076923076927E-2},"100%: Fully comply with requirement (Out of the box function with minor re-configuration) \n50%:   Partially comply, will require major configuration.\n0%:     No compliance/require development and/or customisation.",0,{"$f":"K9*M9","v":0}]
[2,"Meeting the Scope of Work Required","How well has the Tenderer described how scope requirements will be met?  Do they understand what needs to be done?  List concerns in Comments.","Interface","Provides the capability for OPC Data Access /Unified\nArchitecture (DA/UA) Interface - SCADA interoperability standard, A/D signal interfacing","Indicate if the solution :\n- Is an Out-of-the-box functionality\n- Requires configuration?\n- Requires customisation?",null,null,"Critical",{"$f":"IF(I10='Priority Ratings'!$C$21,'Priority Ratings'!$B$21, IF(I10='Priority Ratings'!$C$22,'Priority Ratings'!$B$22,IF(I10='Priority Ratings'!$C$23,'Priority Ratings'!$B$23,IF(I10='Priority Ratings'!$C$24,'Priority Ratings'!$B$24,IF(I10='Priority Ratings'!$C$25,'Priority Ratings'!$B$25,IF(I10='Priority Ratings'!$C$26,'Priority Ratings'!$B$26,IF(I10='Priority Ratings'!$C$27,'Priority Ratings'!$B$27,\"No Rating\")))))))","v":5},7.6923076923076927E-2,"100%: Fully comply with requirement (Out of the box function with minor re-configuration) \n50%:   Partially comply, will require major configuration.\n0%:     No compliance/require development and/or customisation.",0,0]
[3,"Meeting the Scope of Work Required","How well has the Tenderer described how scope requirements will be met?  Do they understand what needs to be done?  List concerns in Comments.","Interface","Provides the capability  for Unit Commitment Interface\n(for external solvers CPLEX, GUROBI or data exchange\nvia AMPL-NL file format)","Indicate if the solution :\n- Is an Out-of-the-box functionality\n- Requires configuration?\n- Requires customisation?",null,null,"Critical",{"$f":"IF(I11='Priority Ratings'!$C$21,'Priority Ratings'!$B$21, IF(I11='Priority Ratings'!$C$22,'Priority Ratings'!$B$22,IF(I11='Priority Ratings'!$C$23,'Priority Ratings'!$B$23,IF(I11='Priority Ratings'!$C$24,'Priority Ratings'!$B$24,IF(I11='Priority Ratings'!$C$25,'Priority Ratings'!$B$25,IF(I11='Priority Ratings'!$C$26,'Priority Ratings'!$B$26,IF(I11='Priority Ratings'!$C$27,'Priority Ratings'!$B$27,\"No Rating\")))))))","v":5},7.6923076923076927E-2,"100%: Fully comply with requirement (Out of the box function with minor re-configuration) \n50%:   Partially comply, will require major configuration.\n0%:     No compliance/require development and/or customisation.",0,0]
[4,"Meeting the Scope of Work Required","How well has the Tenderer described how scope requirements will be met?  Do they understand what needs to be done?  List concerns in Comments.","Interface","Provides the capability for IEEE C37.118 simulation\ninterface PMU protocol","Indicate if the solution :\n- Is an Out-of-the-box functionality\n- Requires configuration?\n- Requires customisation?",null,null,"Critical",{"$f":"IF(I12='Priority Ratings'!$C$21,'Priority Ratings'!$B$21, IF(I12='Priority Ratings'!$C$22,'Priority Ratings'!$B$22,IF(I12='Priority Ratings'!$C$23,'Priority Ratings'!$B$23,IF(I12='Priority Ratings'!$C$24,'Priority Ratings'!$B$24,IF(I12='Priority Ratings'!$C$25,'Priority Ratings'!$B$25,IF(I12='Priority Ratings'!$C$26,'Priority Ratings'!$B$26,IF(I12='Priority Ratings'!$C$27,'Priority Ratings'!$B$27,\"No Rating\")))))))","v":5},7.6923076923076927E-2,"100%: Fully comply with requirement (Out of the box function with minor re-configuration) \n50%:   Partially comply, will require major configuration.\n0%:     No compliance/require development and/or customisation.",0,0]
[5,"Meeting the Scope of Work Required","How well has the Tenderer described how scope requirements will be met?  Do they understand what needs to be done?  List concerns in Comments.","Interface","The system should make provision for interfaces to integrate or incorporate AI capabilities and algorithms such as machine learning, deep learning etc. to improve the analysis functionality","Indicate if the solution :\n- Is an Out-of-the-box functionality\n- Requires configuration?\n- Requires customisation?",null,null,"Critical",{"$f":"IF(I13='Priority Ratings'!$C$21,'Priority Ratings'!$B$21, IF(I13='Priority Ratings'!$C$22,'Priority Ratings'!$B$22,IF(I13='Priority Ratings'!$C$23,'Priority Ratings'!$B$23,IF(I13='Priority Ratings'!$C$24,'Priority Ratings'!$B$24,IF(I13='Priority Ratings'!$C$25,'Priority Ratings'!$B$25,IF(I13='Priority Ratings'!$C$26,'Priority Ratings'!$B$26,IF(I13='Priority Ratings'!$C$27,'Priority Ratings'!$B$27,\"No Rating\")))))))","v":5},7.6923076923076927E-2,"100%: Fully comply with requirement (Out of the box function with minor re-configuration) \n50%:   Partially comply, will require major configuration.\n0%:     No compliance/require development and/or customisation.",0,0]
[6,"Meeting the Scope of Work Required","How well has the Tenderer described how scope requirements will be met?  Do they understand what needs to be done?  List concerns in Comments.","Scripts and Automation","The software package should support automation by means of a commonly used scripting language such as Python, C++, Java etc.","Indicate if the solution :\n- Is an Out-of-the-box functionality\n- Requires configuration?\n- Requires customisation?",null,null,"Critical",{"$f":"IF(I14='Priority Ratings'!$C$21,'Priority Ratings'!$B$21, IF(I14='Priority Ratings'!$C$22,'Priority Ratings'!$B$22,IF(I14='Priority Ratings'!$C$23,'Priority Ratings'!$B$23,IF(I14='Priority Ratings'!$C$24,'Priority Ratings'!$B$24,IF(I14='Priority Ratings'!$C$25,'Priority Ratings'!$B$25,IF(I14='Priority Ratings'!$C$26,'Priority Ratings'!$B$26,IF(I14='Priority Ratings'!$C$27,'Priority Ratings'!$B$27,\"No Rating\")))))))","v":5},7.6923076923076927E-2,"100%: Fully comply with requirement (Out of the box function with minor re-configuration) \n50%:   Partially comply, will require major configuration.\n0%:     No compliance/require development and/or customisation.",0,0]
[7,"Meeting the Scope of Work Required","How well has the Tenderer described how scope requirements will be met?  Do they understand what needs to be done?  List concerns in Comments.","Scripts and Automation","A detailed scripting reference manual, help file, commonly used examples etc. should be provided","Indicate if the solution :\n- Is an Out-of-the-box functionality\n- Requires configuration?\n- Requires customisation?",null,null,"Show stopper",{"$f":"IF(I15='Priority Ratings'!$C$21,'Priority Ratings'!$B$21, IF(I15='Priority Ratings'!$C$22,'Priority Ratings'!$B$22,IF(I15='Priority Ratings'!$C$23,'Priority Ratings'!$B$23,IF(I15='Priority Ratings'!$C$24,'Priority Ratings'!$B$24,IF(I15='Priority Ratings'!$C$25,'Priority Ratings'!$B$25,IF(I15='Priority Ratings'!$C$26,'Priority Ratings'!$B$26,IF(I15='Priority Ratings'!$C$27,'Priority Ratings'!$B$27,\"No Rating\")))))))","v":6},9.2307692307692313E-2,"100%: Fully comply with requirement (Out of the box function with minor re-configuration) \n50%:   Partially comply, will require major configuration.\n0%:     No compliance/require development and/or customisation.",0,0]
[8,"Meeting the Scope of Work Required","How well has the Tenderer described how scope requirements will be met?  Do they understand what needs to be done?  List concerns in Comments.","Scripts and Automation","The software integration with the programming language should provide:\n- Full data model access and rich function suite\n- Open access to electrical and type objects, parameters, and their functionality\n\nExtendable function scope thus allowing access to external data and applications","Indicate if the solution :\n- Is an Out-of-the-box functionality\n- Requires configuration?\n- Requires customisation?",null,null,"Show stopper",{"$f":"IF(I16='Priority Ratings'!$C$21,'Priority Ratings'!$B$21, IF(I16='Priority Ratings'!$C$22,'Priority Ratings'!$B$22,IF(I16='Priority Ratings'!$C$23,'Priority Ratings'!$B$23,IF(I16='Priority Ratings'!$C$24,'Priority Ratings'!$B$24,IF(I16='Priority Ratings'!$C$25,'Priority Ratings'!$B$25,IF(I16='Priority Ratings'!$C$26,'Priority Ratings'!$B$26,IF(I16='Priority Ratings'!$C$27,'Priority Ratings'!$B$27,\"No Rating\")))))))","v":6},9.2307692307692313E-2,"100%: Fully comply with requirement (Out of the box function with minor re-configuration) \n50%:   Partially comply, will require major configuration.\n0%:     No compliance/require development and/or customisation.",0,0]
[9,"Meeting the Scope of Work Required","How well has the Tenderer described how scope requirements will be met?  Do they understand what needs to be done?  List concerns in Comments.","Scripts and Automation","Complete external automation of the software should be provided by means of an API that can be in any commonly used programming language such as Python, C++, Java, etc.","Indicate if the solution :\n- Is an Out-of-the-box functionality\n- Requires configuration?\n- Requires customisation?",null,null,"Show stopper",{"$f":"IF(I17='Priority Ratings'!$C$21,'Priority Ratings'!$B$21, IF(I17='Priority Ratings'!$C$22,'Priority Ratings'!$B$22,IF(I17='Priority Ratings'!$C$23,'Priority Ratings'!$B$23,IF(I17='Priority Ratings'!$C$24,'Priority Ratings'!$B$24,IF(I17='Priority Ratings'!$C$25,'Priority Ratings'!$B$25,IF(I17='Priority Ratings'!$C$26,'Priority Ratings'!$B$26,IF(I17='Priority Ratings'!$C$27,'Priority Ratings'!$B$27,\"No Rating\")))))))","v":6},9.2307692307692313E-2,"100%: Fully comply with requirement (Out of the box function with minor re-configuration) \n50%:   Partially comply, will require major configuration.\n0%:     No compliance/require development and/or customisation.",0,0]
[10,"Meeting the Scope of Work Required","How well has the Tenderer described how scope requirements will be met?  Do they understand what needs to be done?  List concerns in Comments.","Scripts and Automation","The software should provide a scripting editor (if the scripting interface is embedded) that provides basic functions such as:\n- Code debugging\n- Line by line code execution\n- Syntax check\n- Automatic code layout tools\n\nAutomatic or predictive text / script completion","Indicate if the solution :\n- Is an Out-of-the-box functionality\n- Requires configuration?\n- Requires customisation?",null,null,"Show stopper",{"$f":"IF(I18='Priority Ratings'!$C$21,'Priority Ratings'!$B$21, IF(I18='Priority Ratings'!$C$22,'Priority Ratings'!$B$22,IF(I18='Priority Ratings'!$C$23,'Priority Ratings'!$B$23,IF(I18='Priority Ratings'!$C$24,'Priority Ratings'!$B$24,IF(I18='Priority Ratings'!$C$25,'Priority Ratings'!$B$25,IF(I18='Priority Ratings'!$C$26,'Priority Ratings'!$B$26,IF(I18='Priority Ratings'!$C$27,'Priority Ratings'!$B$27,\"No Rating\")))))))","v":6},9.2307692307692313E-2,"100%: Fully comply with requirement (Out of the box function with minor re-configuration) \n50%:   Partially comply, will require major configuration.\n0%:     No compliance/require development and/or customisation.",0,0]
[11,"Meeting the Scope of Work Required","How well has the Tenderer described how scope requirements will be met?  Do they understand what needs to be done?  List concerns in Comments.","Scripts and Automation","Execution of scripts should support parallel computing","Indicate if the solution :\n- Is an Out-of-the-box functionality\n- Requires configuration?\n- Requires customisation?",null,null,"Critical",{"$f":"IF(I19='Priority Ratings'!$C$21,'Priority Ratings'!$B$21, IF(I19='Priority Ratings'!$C$22,'Priority Ratings'!$B$22,IF(I19='Priority Ratings'!$C$23,'Priority Ratings'!$B$23,IF(I19='Priority Ratings'!$C$24,'Priority Ratings'!$B$24,IF(I19='Priority Ratings'!$C$25,'Priority Ratings'!$B$25,IF(I19='Priority Ratings'!$C$26,'Priority Ratings'!$B$26,IF(I19='Priority Ratings'!$C$27,'Priority Ratings'!$B$27,\"No Rating\")))))))","v":5},7.6923076923076927E-2,"100%: Fully comply with requirement (Out of the box function with minor re-configuration) \n50%:   Partially comply, will require major configuration.\n0%:     No compliance/require development and/or customisation.",0,0]
[12,"Meeting the Scope of Work Required","How well has the Tenderer described how scope requirements will be met?  Do they understand what needs to be done?  List concerns in Comments.","Scripts and Automation","Integrated script editor and the ability to run scripts using the latest approved business version of Python.","Indicate if the solution :\n- Is an Out-of-the-box functionality\n- Requires configuration?\n- Requires customisation?",null,null,"Show stopper",{"$f":"IF(I20='Priority Ratings'!$C$21,'Priority Ratings'!$B$21, IF(I20='Priority Ratings'!$C$22,'Priority Ratings'!$B$22,IF(I20='Priority Ratings'!$C$23,'Priority Ratings'!$B$23,IF(I20='Priority Ratings'!$C$24,'Priority Ratings'!$B$24,IF(I20='Priority Ratings'!$C$25,'Priority Ratings'!$B$25,IF(I20='Priority Ratings'!$C$26,'Priority Ratings'!$B$26,IF(I20='Priority Ratings'!$C$27,'Priority Ratings'!$B$27,\"No Rating\")))))))","v":6},9.2307692307692313E-2,"100%: Fully comply with requirement (Out of the box function with minor re-configuration) \n50%:   Partially comply, will require major configuration.\n0%:     No compliance/require development and/or customisation.",0,0]
[]
[null,null,null,null,null,null,null,"Totals",null,{"$f":"SUM(J9:J20)","v":65},{"$f":"SUM(K9:K20)","v":1},null,null,{"$f":"SUM(N9:N20)","v":0}]

{"sheet":"PSMT","index":15,"n_rows":75,"n_cols":15,"rows_kept":75,"cut":false,"hidden":false,"merged":[[0,0,0,2],[4,0,4,2],[6,14,7,14],[5,0,5,2],[3,0,3,2],[2,1,2,2],[1,0,1,2]]}
["Power System Simulation Tool"]
["CORP xxxx Tender",null,null,null,null,null,null,null,null,null,null,null,"Scoring (Sliding scale)"]
["Tenderer:",null,null,null,null,null,null,null,null,null,null,null,"100% - Fully compliant"]
["Evaluated by:",null,null,null,null,null,null,null,null,null,null,null,"50%-Partially compliant"]
[null,null,null,null,null,null,null,null,null,null,null,null,"0%-Non compliance"]
["Evaluation Criteria"]
[null,null,null,null,null,null,"Vendor Compliance\nFull Compliance - Y\nPartial Compliance - P\nNon Compliance - N","Vendor to indicate any applicable comments based on Compliance","Priority\nRequirement priority as determined by Eskom","Weight\n(agreed by evaluation team members)",null,"Score\n(determined by each evaluation team member during evaluation. Will be averaged for final scores)","Score",null,"Comments (Internal) for scorer"]
["ID","Type","Criterion","Functional Requirement","Requirement description","Evaluation Criterion / Question","Vendor Compliance","Comments","Priority Description","Priority\n","Weighted Question","Scoring","Answer\n(0,50,100%)","Weighted Answer"]
[1,"Meeting the Scope of Work Required","How well has the Tenderer described how scope requirements will be met?  Do they understand what needs to be done?  List concerns in Comments.","System","The solution should be able to integrate with current Business systems e.g., SAP and PSST.","Indicate if the solution :\n- Is an Out-of-the-box functionality\n- Requires configuration?\n- Requires customisation?",null,null,"Show stopper",{"$f":"IF(I9='Priority Ratings'!$C$21,'Priority Ratings'!$B$21, IF(I9='Priority Ratings'!$C$22,'Priority Ratings'!$B$22,IF(I9='Priority Ratings'!$C$23,'Priority Ratings'!$B$23,IF(I9='Priority Ratings'!$C$24,'Priority Ratings'!$B$24,IF(I9='Priority Ratings'!$C$25,'Priority Ratings'!$B$25,IF(I9='Priority Ratings'!$C$26,'Priority Ratings'!$B$26,IF(I9='Priority Ratings'!$C$27,'Priority Ratings'!$B$27,\"No Rating\")))))))","v":6},{"$f":"J9/J$75","v":1.7910447761194031E-2},"100%: Fully comply with requirement (Out of the box function with minor re-configuration) \n50%:   Partially comply, will require major configuration.\n0%:     No compliance/require development and/or customisation.",0,{"$f":"K9*M9","v":0}]
[2,"Meeting the Scope of Work Required","How well has the Tenderer described how scope requirements will be met?  Do they understand what needs to be done?  List concerns in Comments.","System","Provide strict user access control to the system and its associated data. Capability to create specific user accounts.\n\nBusiness Rule: Administrators to have the capability to grant access per database per region/ OU/ Cluster etc.","Indicate if the solution :\n- Is an Out-of-the-box functionality\n- Requires configuration?\n- Requires customisation?",null,null,"Show stopper",{"$f":"IF(I10='Priority Ratings'!$C$21,'Priority Ratings'!$B$21, IF(I10='Priority Ratings'!$C$22,'Priority Ratings'!$B$22,IF(I10='Priority Ratings'!$C$23,'Priority Ratings'!$B$23,IF(I10='Priority Ratings'!$C$24,'Priority Ratings'!$B$24,IF(I10='Priority Ratings'!$C$25,'Priority Ratings'!$B$25,IF(I10='Priority Ratings'!$C$26,'Priority Ratings'!$B$26,IF(I10='Priority Ratings'!$C$27,'Priority Ratings'!$B$27,\"No Rating\")))))))","v":6},1.7910447761194031E-2,"100%: Fully comply with requirement (Out of the box function with minor re-configuration) \n50%:   Partially comply, will require major configuration.\n0%:     No compliance/require development and/or customisation.",0,{"$f":"K10*M10","v":0}]
[3,"Meeting the Scope of Work Required","How well has the Tenderer described how scope requirements will be met?  Do they understand what needs to be done?  List concerns in Comments.","System","Capability to work offline and synchronise data with the database at a later stage. ","Indicate if the solution :\n- Is an Out-of-the-box functionality\n- Requires configuration?\n- Requires customisation?",null,null,"Very important",{"$f":"IF(I11='Priority Ratings'!$C$21,'Priority Ratings'!$B$21, IF(I11='Priority Ratings'!$C$22,'Priority Ratings'!$B$22,IF(I11='Priority Ratings'!$C$23,'Priority Ratings'!$B$23,IF(I11='Priority Ratings'!$C$24,'Priority Ratings'!$B$24,IF(I11='Priority Ratings'!$C$25,'Priority Ratings'!$B$25,IF(I11='Priority Ratings'!$C$26,'Priority Ratings'!$B$26,IF(I11='Priority Ratings'!$C$27,'Priority Ratings'!$B$27,\"No Rating\")))))))","v":4},1.1940298507462687E-2,"100%: Fully comply with requirement (Out of the box function with minor re-configuration) \n50%:   Partially comply, will require major configuration.\n0%:     No compliance/require development and/or customisation.",0,0]
[4,"Meeting the Scope of Work Required","How well has the Tenderer described how scope requirements will be met?  Do they understand what needs to be done?  List concerns in Comments.","System","The system must be fully accessible via a Web interface.","Indicate if the solution :\n- Is an Out-of-the-box functionality\n- Requires configuration?\n- Requires customisation?",null,null,"Show stopper",{"$f":"IF(I12='Priority Ratings'!$C$21,'Priority Ratings'!$B$21, IF(I12='Priority Ratings'!$C$22,'Priority Ratings'!$B$22,IF(I12='Priority Ratings'!$C$23,'Priority Ratings'!$B$23,IF(I12='Priority Ratings'!$C$24,'Priority Ratings'!$B$24,IF(I12='Priority Ratings'!$C$25,'Priority Ratings'!$B$25,IF(I12='Priority Ratings'!$C$26,'Priority Ratings'!$B$26,IF(I12='Priority Ratings'!$C$27,'Priority Ratings'!$B$27,\"No Rating\")))))))","v":6},1.7910447761194031E-2,"100%: Fully comply with requirement (Out of the box function with minor re-configuration) \n50%:   Partially comply, will require major configuration.\n0%:     No compliance/require development and/or customisation.",0,0]
[5,"Meeting the Scope of Work Required","How well has the Tenderer described how scope requirements will be met?  Do they understand what needs to be done?  List concerns in Comments.","System","Capability to export required settings in different file formats.","Indicate if the solution :\n- Is an Out-of-the-box functionality\n- Requires configuration?\n- Requires customisation?",null,null,"Critical",{"$f":"IF(I13='Priority Ratings'!$C$21,'Priority Ratings'!$B$21, IF(I13='Priority Ratings'!$C$22,'Priority Ratings'!$B$22,IF(I13='Priority Ratings'!$C$23,'Priority Ratings'!$B$23,IF(I13='Priority Ratings'!$C$24,'Priority Ratings'!$B$24,IF(I13='Priority Ratings'!$C$25,'Priority Ratings'!$B$25,IF(I13='Priority Ratings'!$C$26,'Priority Ratings'!$B$26,IF(I13='Priority Ratings'!$C$27,'Priority Ratings'!$B$27,\"No Rating\")))))))","v":5},1.4925373134328358E-2,"100%: Fully comply with requirement (Out of the box function with minor re-configuration) \n50%:   Partially comply, will require major configuration.\n0%:     No compliance/require development and/or customisation.",0,0]
[6,"Meeting the Scope of Work Required","How well has the Tenderer described how scope requirements will be met?  Do they understand what needs to be done?  List concerns in Comments.","System","The system must be able to have the ability to interface with as many of the different relay manufacturer’s settings files as possible.\n\nBusiness Rule: Comprehensive list of supported manufacturer settings files","Indicate if the solution :\n- Is an Out-of-the-box functionality\n- Requires configuration?\n- Requires customisation?",null,null,"Very important",{"$f":"IF(I14='Priority Ratings'!$C$21,'Priority Ratings'!$B$21, IF(I14='Priority Ratings'!$C$22,'Priority Ratings'!$B$22,IF(I14='Priority Ratings'!$C$23,'Priority Ratings'!$B$23,IF(I14='Priority Ratings'!$C$24,'Priority Ratings'!$B$24,IF(I14='Priority Ratings'!$C$25,'Priority Ratings'!$B$25,IF(I14='Priority Ratings'!$C$26,'Priority Ratings'!$B$26,IF(I14='Priority Ratings'!$C$27,'Priority Ratings'!$B$27,\"No Rating\")))))))","v":4},1.1940298507462687E-2,"100%: Fully comply with requirement (Out of the box function with minor re-configuration) \n50%:   Partially comply, will require major configuration.\n0%:     No compliance/require development and/or customisation.",0,0]
[7,"Meeting the Scope of Work Required","How well has the Tenderer described how scope requirements will be met?  Do they understand what needs to be done?  List concerns in Comments.","System","The system must also support unique business processes in order manage the life cycle of the protection settings.","Indicate if the solution :\n- Is an Out-of-the-box functionality\n- Requires configuration?\n- Requires customisation?",null,null,"Critical",{"$f":"IF(I15='Priority Ratings'!$C$21,'Priority Ratings'!$B$21, IF(I15='Priority Ratings'!$C$22,'Priority Ratings'!$B$22,IF(I15='Priority Ratings'!$C$23,'Priority Ratings'!$B$23,IF(I15='Priority Ratings'!$C$24,'Priority Ratings'!$B$24,IF(I15='Priority Ratings'!$C$25,'Priority Ratings'!$B$25,IF(I15='Priority Ratings'!$C$26,'Priority Ratings'!$B$26,IF(I15='Priority Ratings'!$C$27,'Priority Ratings'!$B$27,\"No Rating\")))))))","v":5},1.4925373134328358E-2,"100%: Fully comply with requirement (Out of the box function with minor re-configuration) \n50%:   Partially comply, will require major configuration.\n0%:     No compliance/require development and/or customisation.",0,0]
[8,"Meeting the Scope of Work Required","How well has the Tenderer described how scope requirements will be met?  Do they understand what needs to be done?  List concerns in Comments.","System","The PSST relay modelling function must have the ability to seamlessly interface with by permitting exchanging of the calculated and relevant parameters both to and from the PSMT.","Indicate if the solution :\n- Is an Out-of-the-box functionality\n- Requires configuration?\n- Requires customisation?",null,null,"Critical",{"$f":"IF(I16='Priority Ratings'!$C$21,'Priority Ratings'!$B$21, IF(I16='Priority Ratings'!$C$22,'Priority Ratings'!$B$22,IF(I16='Priority Ratings'!$C$23,'Priority Ratings'!$B$23,IF(I16='Priority Ratings'!$C$24,'Priority Ratings'!$B$24,IF(I16='Priority Ratings'!$C$25,'Priority Ratings'!$B$25,IF(I16='Priority Ratings'!$C$26,'Priority Ratings'!$B$26,IF(I16='Priority Ratings'!$C$27,'Priority Ratings'!$B$27,\"No Rating\")))))))","v":5},1.4925373134328358E-2,"100%: Fully comply with requirement (Out of the box function with minor re-configuration) \n50%:   Partially comply, will require major configuration.\n0%:     No compliance/require development and/or customisation.",0,0]
[9,"Meeting the Scope of Work Required","How well has the Tenderer described how scope requirements will be met?  Do they understand what needs to be done?  List concerns in Comments.","System","All settings must be stored as follows:\n\n- In a manufacturer-independent format,\n\n- Traceability of settings changes is required,\n\n- Document management functionality is required, \n\n- Settings data must be able to be exchanged with manufacturer-specific relay settings software and Power System Simulating Tool","Indicate if the solution :\n- Is an Out-of-the-box functionality\n- Requires configuration?\n- Requires customisation?",null,null,"Show stopper",{"$f":"IF(I17='Priority Ratings'!$C$21,'Priority Ratings'!$B$21, IF(I17='Priority Ratings'!$C$22,'Priority Ratings'!$B$22,IF(I17='Priority Ratings'!$C$23,'Priority Ratings'!$B$23,IF(I17='Priority Ratings'!$C$24,'Priority Ratings'!$B$24,IF(I17='Priority Ratings'!$C$25,'Priority Ratings'!$B$25,IF(I17='Priority Ratings'!$C$26,'Priority Ratings'!$B$26,IF(I17='Priority Ratings'!$C$27,'Priority Ratings'!$B$27,\"No Rating\")))))))","v":6},1.7910447761194031E-2,"100%: Fully comply with requirement (Out of the box function with minor re-configuration) \n50%:   Partially comply, will require major configuration.\n0%:     No compliance/require development and/or customisation.",0,0]
[10,"Meeting the Scope of Work Required","How well has the Tenderer described how scope requirements will be met?  Do they understand what needs to be done?  List concerns in Comments.","System","The system must allow the definition of company-specific workflows with unique identifiers to allow interfacing with business systems, e.g., SAP, Maximo etc.","Indicate if the solution :\n- Is an Out-of-the-box functionality\n- Requires configuration?\n- Requires customisation?",null,null,"Show stopper",{"$f":"IF(I18='Priority Ratings'!$C$21,'Priority Ratings'!$B$21, IF(I18='Priority Ratings'!$C$22,'Priority Ratings'!$B$22,IF(I18='Priority Ratings'!$C$23,'Priority Ratings'!$B$23,IF(I18='Priority Ratings'!$C$24,'Priority Ratings'!$B$24,IF(I18='Priority Ratings'!$C$25,'Priority Ratings'!$B$25,IF(I18='Priority Ratings'!$C$26,'Priority Ratings'!$B$26,IF(I18='Priority Ratings'!$C$27,'Priority Ratings'!$B$27,\"No Rating\")))))))","v":6},1.7910447761194031E-2,"100%: Fully comply with requirement (Out of the box function with minor re-configuration) \n50%:   Partially comply, will require major configuration.\n0%:     No compliance/require development and/or customisation.",0,0]
[11,"Meeting the Scope of Work Required","How well has the Tenderer described how scope requirements will be met?  Do they understand what needs to be done?  List concerns in Comments.","Features of the system","Features of the solution should contain, though not limited to Protection Settings Management features.\n1.Management of protection settings\n2.Management of protection devices and their attributes\n3.Comprehensive protection device model library\n4.Models including range checks and multiple settings groups\n5.Management of manufacturer-specific settings files\n6.Management and definition of settings templates","Indicate if the solution :\n- Is an Out-of-the-box functionality\n- Requires configuration?\n- Requires customisation?",null,null,"Critical",{"$f":"IF(I19='Priority Ratings'!$C$21,'Priority Ratings'!$B$21, IF(I19='Priority Ratings'!$C$22,'Priority Ratings'!$B$22,IF(I19='Priority Ratings'!$C$23,'Priority Ratings'!$B$23,IF(I19='Priority Ratings'!$C$24,'Priority Ratings'!$B$24,IF(I19='Priority Ratings'!$C$25,'Priority Ratings'!$B$25,IF(I19='Priority Ratings'!$C$26,'Priority Ratings'!$B$26,IF(I19='Priority Ratings'!$C$27,'Priority Ratings'!$B$27,\"No Rating\")))))))","v":5},1.4925373134328358E-2,"100%: Fully comply with requirement (Out of the box function with minor re-configuration) \n50%:   Partially comply, will require major configuration.\n0%:     No compliance/require development and/or customisation.",0,0]
[12,"Meeting the Scope of Work Required","How well has the Tenderer described how scope requirements will be met?  Do they understand what needs to be done?  List concerns in Comments.","Protection Settings and Process Lifecycle","The system must store and record all settings associated with protection devices.","Indicate if the solution :\n- Is an Out-of-the-box functionality\n- Requires configuration?\n- Requires customisation?",null,null,"Show stopper",{"$f":"IF(I20='Priority Ratings'!$C$21,'Priority Ratings'!$B$21, IF(I20='Priority Ratings'!$C$22,'Priority Ratings'!$B$22,IF(I20='Priority Ratings'!$C$23,'Priority Ratings'!$B$23,IF(I20='Priority Ratings'!$C$24,'Priority Ratings'!$B$24,IF(I20='Priority Ratings'!$C$25,'Priority Ratings'!$B$25,IF(I20='Priority Ratings'!$C$26,'Priority Ratings'!$B$26,IF(I20='Priority Ratings'!$C$27,'Priority Ratings'!$B$27,\"No Rating\")))))))","v":6},1.7910447761194031E-2,"100%: Fully comply with requirement (Out of the box function with minor re-configuration) \n50%:   Partially comply, will require major configuration.\n0%:     No compliance/require development and/or customisation.",0,0]
[13,"Meeting the Scope of Work Required","How well has the Tenderer described how scope requirements will be met?  Do they understand what needs to be done?  List concerns in Comments.","Protection Settings and Process Lifecycle","Capability to support vast selection of device models. ","Indicate if the solution :\n- Is an Out-of-the-box functionality\n- Requires configuration?\n- Requires customisation?",null,null,"Critical",{"$f":"IF(I21='Priority Ratings'!$C$21,'Priority Ratings'!$B$21, IF(I21='Priority Ratings'!$C$22,'Priority Ratings'!$B$22,IF(I21='Priority Ratings'!$C$23,'Priority Ratings'!$B$23,IF(I21='Priority Ratings'!$C$24,'Priority Ratings'!$B$24,IF(I21='Priority Ratings'!$C$25,'Priority Ratings'!$B$25,IF(I21='Priority Ratings'!$C$26,'Priority Ratings'!$B$26,IF(I21='Priority Ratings'!$C$27,'Priority Ratings'!$B$27,\"No Rating\")))))))","v":5},1.4925373134328358E-2,"100%: Fully comply with requirement (Out of the box function with minor re-configuration) \n50%:   Partially comply, will require major configuration.\n0%:     No compliance/require development and/or customisation.",0,0]
[14,"Meeting the Scope of Work Required","How well has the Tenderer described how scope requirements will be met?  Do they understand what needs to be done?  List concerns in Comments.","Protection Settings and Process Lifecycle","User-defined device models must be able to be created and imported with ease.","Indicate if the solution :\n- Is an Out-of-the-box functionality\n- Requires configuration?\n- Requires customisation?",null,null,"Show stopper",{"$f":"IF(I22='Priority Ratings'!$C$21,'Priority Ratings'!$B$21, IF(I22='Priority Ratings'!$C$22,'Priority Ratings'!$B$22,IF(I22='Priority Ratings'!$C$23,'Priority Ratings'!$B$23,IF(I22='Priority Ratings'!$C$24,'Priority Ratings'!$B$24,IF(I22='Priority Ratings'!$C$25,'Priority Ratings'!$B$25,IF(I22='Priority Ratings'!$C$26,'Priority Ratings'!$B$26,IF(I22='Priority Ratings'!$C$27,'Priority Ratings'!$B$27,\"No Rating\")))))))","v":6},1.7910447761194031E-2,"100%: Fully comply with requirement (Out of the box function with minor re-configuration) \n50%:   Partially comply, will require major configuration.\n0%:     No compliance/require development and/or customisation.",0,0]
[15,"Meeting the Scope of Work Required","How well has the Tenderer described how scope requirements will be met?  Do they understand what needs to be done?  List concerns in Comments.","Protection Settings and Process Lifecycle","Device models must include the following:\n1.Multiple settings groups, \n2.Range checks, descriptions,\n3.Units of measurement","Indicate if the solution :\n- Is an Out-of-the-box functionality\n- Requires configuration?\n- Requires customisation?",null,null,"Critical",{"$f":"IF(I23='Priority Ratings'!$C$21,'Priority Ratings'!$B$21, IF(I23='Priority Ratings'!$C$22,'Priority Ratings'!$B$22,IF(I23='Priority Ratings'!$C$23,'Priority Ratings'!$B$23,IF(I23='Priority Ratings'!$C$24,'Priority Ratings'!$B$24,IF(I23='Priority Ratings'!$C$25,'Priority Ratings'!$B$25,IF(I23='Priority Ratings'!$C$26,'Priority Ratings'!$B$26,IF(I23='Priority Ratings'!$C$27,'Priority Ratings'!$B$27,\"No Rating\")))))))","v":5},1.4925373134328358E-2,"100%: Fully comply with requirement (Out of the box function with minor re-configuration) \n50%:   Partially comply, will require major configuration.\n0%:     No compliance/require development and/or customisation.",0,0]
[16,"Meeting the Scope of Work Required","How well has the Tenderer described how scope requirements will be met?  Do they understand what needs to be done?  List concerns in Comments.","Protection Settings and Process Lifecycle","Ability to allow the presentation of settings values to reflect the original software.","Indicate if the solution :\n- Is an Out-of-the-box functionality\n- Requires configuration?\n- Requires customisation?",null,null,"Very important",{"$f":"IF(I24='Priority Ratings'!$C$21,'Priority Ratings'!$B$21, IF(I24='Priority Ratings'!$C$22,'Priority Ratings'!$B$22,IF(I24='Priority Ratings'!$C$23,'Priority Ratings'!$B$23,IF(I24='Priority Ratings'!$C$24,'Priority Ratings'!$B$24,IF(I24='Priority Ratings'!$C$25,'Priority Ratings'!$B$25,IF(I24='Priority Ratings'!$C$26,'Priority Ratings'!$B$26,IF(I24='Priority Ratings'!$C$27,'Priority Ratings'!$B$27,\"No Rating\")))))))","v":4},1.1940298507462687E-2,"100%: Fully comply with requirement (Out of the box function with minor re-configuration) \n50%:   Partially comply, will require major configuration.\n0%:     No compliance/require development and/or customisation.",0,0]
[17,"Meeting the Scope of Work Required","How well has the Tenderer described how scope requirements will be met?  Do they understand what needs to be done?  List concerns in Comments.","Protection Settings and Process Lifecycle","Capability to allow workflows handling protection settings to be company-specific and the definition of this workflow is completely configurable","Indicate if the solution :\n- Is an Out-of-the-box functionality\n- Requires configuration?\n- Requires customisation?",null,null,"Critical",{"$f":"IF(I25='Priority Ratings'!$C$21,'Priority Ratings'!$B$21, IF(I25='Priority Ratings'!$C$22,'Priority Ratings'!$B$22,IF(I25='Priority Ratings'!$C$23,'Priority Ratings'!$B$23,IF(I25='Priority Ratings'!$C$24,'Priority Ratings'!$B$24,IF(I25='Priority Ratings'!$C$25,'Priority Ratings'!$B$25,IF(I25='Priority Ratings'!$C$26,'Priority Ratings'!$B$26,IF(I25='Priority Ratings'!$C$27,'Priority Ratings'!$B$27,\"No Rating\")))))))","v":5},1.4925373134328358E-2,"100%: Fully comply with requirement (Out of the box function with minor re-configuration) \n50%:   Partially comply, will require major configuration.\n0%:     No compliance/require development and/or customisation.",0,0]
[18,"Meeting the Scope of Work Required","How well has the Tenderer described how scope requirements will be met?  Do they understand what needs to be done?  List concerns in Comments.","Protection Settings and Process Lifecycle","Ability to email notifications to be triggered on workflow events.","Indicate if the solution :\n- Is an Out-of-the-box functionality\n- Requires configuration?\n- Requires customisation?",null,null,"Show stopper",{"$f":"IF(I26='Priority Ratings'!$C$21,'Priority Ratings'!$B$21, IF(I26='Priority Ratings'!$C$22,'Priority Ratings'!$B$22,IF(I26='Priority Ratings'!$C$23,'Priority Ratings'!$B$23,IF(I26='Priority Ratings'!$C$24,'Priority Ratings'!$B$24,IF(I26='Priority Ratings'!$C$25,'Priority Ratings'!$B$25,IF(I26='Priority Ratings'!$C$26,'Priority Ratings'!$B$26,IF(I26='Priority Ratings'!$C$27,'Priority Ratings'!$B$27,\"No Rating\")))))))","v":6},1.7910447761194031E-2,"100%: Fully comply with requirement (Out of the box function with minor re-configuration) \n50%:   Partially comply, will require major configuration.\n0%:     No compliance/require development and/or customisation.",0,0]
[19,"Meeting the Scope of Work Required","How well has the Tenderer described how scope requirements will be met?  Do they understand what needs to be done?  List concerns in Comments.","Protection Settings and Process Lifecycle","Capability to store data in a tamper-proof manner and should be traceable.\n\nBusiness Rule: Storing the data:\n\n1.Customer-specific phases and transitions\n2.Interactive lifecycle graph\n3.Access rights per phase and transition\n4.Audit trail\n5.Trace of historic settings records depending on lifecycle transitions\n6.Transition-triggered scripts and email notification\n7.User-definable checklists\n8.Multiple definable process lifecycles\n9.\tAble to support Freeform text settings","Indicate if the solution :\n- Is an Out-of-the-box functionality\n- Requires configuration?\n- Requires customisation?",null,null,"Show stopper",{"$f":"IF(I27='Priority Ratings'!$C$21,'Priority Ratings'!$B$21, IF(I27='Priority Ratings'!$C$22,'Priority Ratings'!$B$22,IF(I27='Priority Ratings'!$C$23,'Priority Ratings'!$B$23,IF(I27='Priority Ratings'!$C$24,'Priority Ratings'!$B$24,IF(I27='Priority Ratings'!$C$25,'Priority Ratings'!$B$25,IF(I27='Priority Ratings'!$C$26,'Priority Ratings'!$B$26,IF(I27='Priority Ratings'!$C$27,'Priority Ratings'!$B$27,\"No Rating\")))))))","v":6},1.7910447761194031E-2,"100%: Fully comply with requirement (Out of the box function with minor re-configuration) \n50%:   Partially comply, will require major configuration.\n0%:     No compliance/require development and/or customisation.",0,0]
[20,"Meeting the Scope of Work Required","How well has the Tenderer described how scope requirements will be met?  Do they understand what needs to be done?  List concerns in Comments.","Audit Trail","Capability to provide the audit trail on each event.\n\nBusiness Rule: This is essential for traceability and accountability:\n1.Safe logging of events\n2.Read-only settings\n3.Detailed reports","Indicate if the solution :\n- Is an Out-of-the-box functionality\n- Requires configuration?\n- Requires customisation?",null,null,"Show stopper",{"$f":"IF(I28='Priority Ratings'!$C$21,'Priority Ratings'!$B$21, IF(I28='Priority Ratings'!$C$22,'Priority Ratings'!$B$22,IF(I28='Priority Ratings'!$C$23,'Priority Ratings'!$B$23,IF(I28='Priority Ratings'!$C$24,'Priority Ratings'!$B$24,IF(I28='Priority Ratings'!$C$25,'Priority Ratings'!$B$25,IF(I28='Priority Ratings'!$C$26,'Priority Ratings'!$B$26,IF(I28='Priority Ratings'!$C$27,'Priority Ratings'!$B$27,\"No Rating\")))))))","v":6},1.7910447761194031E-2,"100%: Fully comply with requirement (Out of the box function with minor re-configuration) \n50%:   Partially comply, will require major configuration.\n0%:     No compliance/require development and/or customisation.",0,0]
[21,"Meeting the Scope of Work Required","How well has the Tenderer described how scope requirements will be met?  Do they understand what needs to be done?  List concerns in Comments.","Audit Trail","All changes regarding settings, devices and locations should be stored in an audit trail.\n\nBusiness Rule: To provide detailed audit trail reports for managers with the following:\n- Data regarding modifications to settings. \n- Devices Locations","Indicate if the solution :\n- Is an Out-of-the-box functionality\n- Requires configuration?\n- Requires customisation?",null,null,"Show stopper",{"$f":"IF(I29='Priority Ratings'!$C$21,'Priority Ratings'!$B$21, IF(I29='Priority Ratings'!$C$22,'Priority Ratings'!$B$22,IF(I29='Priority Ratings'!$C$23,'Priority Ratings'!$B$23,IF(I29='Priority Ratings'!$C$24,'Priority Ratings'!$B$24,IF(I29='Priority Ratings'!$C$25,'Priority Ratings'!$B$25,IF(I29='Priority Ratings'!$C$26,'Priority Ratings'!$B$26,IF(I29='Priority Ratings'!$C$27,'Priority Ratings'!$B$27,\"No Rating\")))))))","v":6},1.7910447761194031E-2,"100%: Fully comply with requirement (Out of the box function with minor re-configuration) \n50%:   Partially comply, will require major configuration.\n0%:     No compliance/require development and/or customisation.",0,0]
[22,"Meeting the Scope of Work Required","How well has the Tenderer described how scope requirements will be met?  Do they understand what needs to be done?  List concerns in Comments.","Asset Management Features","Capability to manage assets in a completely user-definable hierarchy consisting of location and devices.","Indicate if the solution :\n- Is an Out-of-the-box functionality\n- Requires configuration?\n- Requires customisation?",null,null,"Show stopper",{"$f":"IF(I30='Priority Ratings'!$C$21,'Priority Ratings'!$B$21, IF(I30='Priority Ratings'!$C$22,'Priority Ratings'!$B$22,IF(I30='Priority Ratings'!$C$23,'Priority Ratings'!$B$23,IF(I30='Priority Ratings'!$C$24,'Priority Ratings'!$B$24,IF(I30='Priority Ratings'!$C$25,'Priority Ratings'!$B$25,IF(I30='Priority Ratings'!$C$26,'Priority Ratings'!$B$26,IF(I30='Priority Ratings'!$C$27,'Priority Ratings'!$B$27,\"No Rating\")))))))","v":6},1.7910447761194031E-2,"100%: Fully comply with requirement (Out of the box function with minor re-configuration) \n50%:   Partially comply, will require major configuration.\n0%:     No compliance/require development and/or customisation.",0,0]
[23,"Meeting the Scope of Work Required","How well has the Tenderer described how scope requirements will be met?  Do they understand what needs to be done?  List concerns in Comments.","Asset Management Features","Custom attributes must be able to be defined for any asset depending on company requirements.","Indicate if the solution :\n- Is an Out-of-the-box functionality\n- Requires configuration?\n- Requires customisation?",null,null,"Very important",{"$f":"IF(I31='Priority Ratings'!$C$21,'Priority Ratings'!$B$21, IF(I31='Priority Ratings'!$C$22,'Priority Ratings'!$B$22,IF(I31='Priority Ratings'!$C$23,'Priority Ratings'!$B$23,IF(I31='Priority Ratings'!$C$24,'Priority Ratings'!$B$24,IF(I31='Priority Ratings'!$C$25,'Priority Ratings'!$B$25,IF(I31='Priority Ratings'!$C$26,'Priority Ratings'!$B$26,IF(I31='Priority Ratings'!$C$27,'Priority Ratings'!$B$27,\"No Rating\")))))))","v":4},1.1940298507462687E-2,"100%: Fully comply with requirement (Out of the box function with minor re-configuration) \n50%:   Partially comply, will require major configuration.\n0%:     No compliance/require development and/or customisation.",0,0]
[24,"Meeting the Scope of Work Required","How well has the Tenderer described how scope requirements will be met?  Do they understand what needs to be done?  List concerns in Comments.","Asset Management Features","Assets should be identified by a unique key to link the system to other asset management systems.","Indicate if the solution :\n- Is an Out-of-the-box functionality\n- Requires configuration?\n- Requires customisation?",null,null,"Very important",{"$f":"IF(I32='Priority Ratings'!$C$21,'Priority Ratings'!$B$21, IF(I32='Priority Ratings'!$C$22,'Priority Ratings'!$B$22,IF(I32='Priority Ratings'!$C$23,'Priority Ratings'!$B$23,IF(I32='Priority Ratings'!$C$24,'Priority Ratings'!$B$24,IF(I32='Priority Ratings'!$C$25,'Priority Ratings'!$B$25,IF(I32='Priority Ratings'!$C$26,'Priority Ratings'!$B$26,IF(I32='Priority Ratings'!$C$27,'Priority Ratings'!$B$27,\"No Rating\")))))))","v":4},1.1940298507462687E-2,"100%: Fully comply with requirement (Out of the box function with minor re-configuration) \n50%:   Partially comply, will require major configuration.\n0%:     No compliance/require development and/or customisation.",0,0]
[25,"Meeting the Scope of Work Required","How well has the Tenderer described how scope requirements will be met?  Do they understand what needs to be done?  List concerns in Comments.","Asset Management Features","Access rights should be granted on the asset hierarchy according to a user’s field of responsibility.","Indicate if the solution :\n- Is an Out-of-the-box functionality\n- Requires configuration?\n- Requires customisation?",null,null,"Show stopper",{"$f":"IF(I33='Priority Ratings'!$C$21,'Priority Ratings'!$B$21, IF(I33='Priority Ratings'!$C$22,'Priority Ratings'!$B$22,IF(I33='Priority Ratings'!$C$23,'Priority Ratings'!$B$23,IF(I33='Priority Ratings'!$C$24,'Priority Ratings'!$B$24,IF(I33='Priority Ratings'!$C$25,'Priority Ratings'!$B$25,IF(I33='Priority Ratings'!$C$26,'Priority Ratings'!$B$26,IF(I33='Priority Ratings'!$C$27,'Priority Ratings'!$B$27,\"No Rating\")))))))","v":6},1.7910447761194031E-2,"100%: Fully comply with requirement (Out of the box function with minor re-configuration) \n50%:   Partially comply, will require major configuration.\n0%:     No compliance/require development and/or customisation.",0,0]
[26,"Meeting the Scope of Work Required","How well has the Tenderer described how scope requirements will be met?  Do they understand what needs to be done?  List concerns in Comments.","Asset Management Features","The setting management tool topology for primary and signal connections must be possible to connect the electrical device (Protective devices) to form a network.\n\nThe protection setting management tool topology for primary and signal connections\n\nBusiness Rule: Topology for primary and signal connections:\n1.Asset Management for primary and secondary equipment\n2.User-definable location management\n3.User-definable asset types and asset attributes\n4.Topology model for primary and signal connections","Indicate if the solution :\n- Is an Out-of-the-box functionality\n- Requires configuration?\n- Requires customisation?",null,null,"Show stopper",{"$f":"IF(I34='Priority Ratings'!$C$21,'Priority Ratings'!$B$21, IF(I34='Priority Ratings'!$C$22,'Priority Ratings'!$B$22,IF(I34='Priority Ratings'!$C$23,'Priority Ratings'!$B$23,IF(I34='Priority Ratings'!$C$24,'Priority Ratings'!$B$24,IF(I34='Priority Ratings'!$C$25,'Priority Ratings'!$B$25,IF(I34='Priority Ratings'!$C$26,'Priority Ratings'!$B$26,IF(I34='Priority Ratings'!$C$27,'Priority Ratings'!$B$27,\"No Rating\")))))))","v":6},1.7910447761194031E-2,"100%: Fully comply with requirement (Out of the box function with minor re-configuration) \n50%:   Partially comply, will require major configuration.\n0%:     No compliance/require development and/or customisation.",0,0]
[27,"Meeting the Scope of Work Required","How well has the Tenderer described how scope requirements will be met?  Do they understand what needs to be done?  List concerns in Comments.","Reporting and Scripts","The system must have an extensive set of quickly accessible built-in reports.","Indicate if the solution :\n- Is an Out-of-the-box functionality\n- Requires configuration?\n- Requires customisation?",null,null,"Very important",{"$f":"IF(I35='Priority Ratings'!$C$21,'Priority Ratings'!$B$21, IF(I35='Priority Ratings'!$C$22,'Priority Ratings'!$B$22,IF(I35='Priority Ratings'!$C$23,'Priority Ratings'!$B$23,IF(I35='Priority Ratings'!$C$24,'Priority Ratings'!$B$24,IF(I35='Priority Ratings'!$C$25,'Priority Ratings'!$B$25,IF(I35='Priority Ratings'!$C$26,'Priority Ratings'!$B$26,IF(I35='Priority Ratings'!$C$27,'Priority Ratings'!$B$27,\"No Rating\")))))))","v":4},1.1940298507462687E-2,"100%: Fully comply with requirement (Out of the box function with minor re-configuration) \n50%:   Partially comply, will require major configuration.\n0%:     No compliance/require development and/or customisation.",0,0]
[28,"Meeting the Scope of Work Required","How well has the Tenderer described how scope requirements will be met?  Do they understand what needs to be done?  List concerns in Comments.","Reporting and Scripts","Users should have the option to develop custom scripts and reports using the query programming language via well-documented interfaces.\n\nBusiness Rule:\n1.Various localised built-in reports available\n2.Python scripting language for user-definable reports and scripts\n3.User-definable layout formats: XML, HTML, PDF, EXCEL\n4.Automated trigger for reports and scripts\n5.Access rights management for reports and scripts","Indicate if the solution :\n- Is an Out-of-the-box functionality\n- Requires configuration?\n- Requires customisation?",null,null,"Critical",{"$f":"IF(I36='Priority Ratings'!$C$21,'Priority Ratings'!$B$21, IF(I36='Priority Ratings'!$C$22,'Priority Ratings'!$B$22,IF(I36='Priority Ratings'!$C$23,'Priority Ratings'!$B$23,IF(I36='Priority Ratings'!$C$24,'Priority Ratings'!$B$24,IF(I36='Priority Ratings'!$C$25,'Priority Ratings'!$B$25,IF(I36='Priority Ratings'!$C$26,'Priority Ratings'!$B$26,IF(I36='Priority Ratings'!$C$27,'Priority Ratings'!$B$27,\"No Rating\")))))))","v":5},1.4925373134328358E-2,"100%: Fully comply with requirement (Out of the box function with minor re-configuration) \n50%:   Partially comply, will require major configuration.\n0%:     No compliance/require development and/or customisation.",0,0]
[29,"Meeting the Scope of Work Required","How well has the Tenderer described how scope requirements will be met?  Do they understand what needs to be done?  List concerns in Comments.","Business Process","Capability to define and support Business Processes.","Indicate if the solution :\n- Is an Out-of-the-box functionality\n- Requires configuration?\n- Requires customisation?",null,null,"Critical",{"$f":"IF(I37='Priority Ratings'!$C$21,'Priority Ratings'!$B$21, IF(I37='Priority Ratings'!$C$22,'Priority Ratings'!$B$22,IF(I37='Priority Ratings'!$C$23,'Priority Ratings'!$B$23,IF(I37='Priority Ratings'!$C$24,'Priority Ratings'!$B$24,IF(I37='Priority Ratings'!$C$25,'Priority Ratings'!$B$25,IF(I37='Priority Ratings'!$C$26,'Priority Ratings'!$B$26,IF(I37='Priority Ratings'!$C$27,'Priority Ratings'!$B$27,\"No Rating\")))))))","v":5},1.4925373134328358E-2,"100%: Fully comply with requirement (Out of the box function with minor re-configuration) \n50%:   Partially comply, will require major configuration.\n0%:     No compliance/require development and/or customisation.",0,0]
[30,"Meeting the Scope of Work Required","How well has the Tenderer described how scope requirements will be met?  Do they understand what needs to be done?  List concerns in Comments.","Business Process","Capability to allow business processes to contain several individual tasks to create a detailed workflow representation within the application.","Indicate if the solution :\n- Is an Out-of-the-box functionality\n- Requires configuration?\n- Requires customisation?",null,null,"Very important",{"$f":"IF(I38='Priority Ratings'!$C$21,'Priority Ratings'!$B$21, IF(I38='Priority Ratings'!$C$22,'Priority Ratings'!$B$22,IF(I38='Priority Ratings'!$C$23,'Priority Ratings'!$B$23,IF(I38='Priority Ratings'!$C$24,'Priority Ratings'!$B$24,IF(I38='Priority Ratings'!$C$25,'Priority Ratings'!$B$25,IF(I38='Priority Ratings'!$C$26,'Priority Ratings'!$B$26,IF(I38='Priority Ratings'!$C$27,'Priority Ratings'!$B$27,\"No Rating\")))))))","v":4},1.1940298507462687E-2,"100%: Fully comply with requirement (Out of the box function with minor re-configuration) \n50%:   Partially comply, will require major configuration.\n0%:     No compliance/require development and/or customisation.",0,0]
[31,"Meeting the Scope of Work Required","How well has the Tenderer described how scope requirements will be met?  Do they understand what needs to be done?  List concerns in Comments.","Business Process","Ability to allow every process type should be equipped with a fully configurable workflow lifecycle within the application.","Indicate if the solution :\n- Is an Out-of-the-box functionality\n- Requires configuration?\n- Requires customisation?",null,null,"Very important",{"$f":"IF(I39='Priority Ratings'!$C$21,'Priority Ratings'!$B$21, IF(I39='Priority Ratings'!$C$22,'Priority Ratings'!$B$22,IF(I39='Priority Ratings'!$C$23,'Priority Ratings'!$B$23,IF(I39='Priority Ratings'!$C$24,'Priority Ratings'!$B$24,IF(I39='Priority Ratings'!$C$25,'Priority Ratings'!$B$25,IF(I39='Priority Ratings'!$C$26,'Priority Ratings'!$B$26,IF(I39='Priority Ratings'!$C$27,'Priority Ratings'!$B$27,\"No Rating\")))))))","v":4},1.1940298507462687E-2,"100%: Fully comply with requirement (Out of the box function with minor re-configuration) \n50%:   Partially comply, will require major configuration.\n0%:     No compliance/require development and/or customisation.",0,0]
[32,"Meeting the Scope of Work Required","How well has the Tenderer described how scope requirements will be met?  Do they understand what needs to be done?  List concerns in Comments.","Business Process","Processes and tasks should be connected to devices and settings to indicate correlation.\nExamples of processes include the following:\n- Maintenance.\n- Commissioning. \n- Cyclic protection tests. \n- Arc-flash label creation.","Indicate if the solution :\n- Is an Out-of-the-box functionality\n- Requires configuration?\n- Requires customisation?",null,null,"Very important",{"$f":"IF(I40='Priority Ratings'!$C$21,'Priority Ratings'!$B$21, IF(I40='Priority Ratings'!$C$22,'Priority Ratings'!$B$22,IF(I40='Priority Ratings'!$C$23,'Priority Ratings'!$B$23,IF(I40='Priority Ratings'!$C$24,'Priority Ratings'!$B$24,IF(I40='Priority Ratings'!$C$25,'Priority Ratings'!$B$25,IF(I40='Priority Ratings'!$C$26,'Priority Ratings'!$B$26,IF(I40='Priority Ratings'!$C$27,'Priority Ratings'!$B$27,\"No Rating\")))))))","v":4},1.1940298507462687E-2,"100%: Fully comply with requirement (Out of the box function with minor re-configuration) \n50%:   Partially comply, will require major configuration.\n0%:     No compliance/require development and/or customisation.",0,0]
[33,"Meeting the Scope of Work Required","How well has the Tenderer described how scope requirements will be met?  Do they understand what needs to be done?  List concerns in Comments.","Business Process","Business process management must contain the same features as settings management, including email notifications and audit trail support.","Indicate if the solution :\n- Is an Out-of-the-box functionality\n- Requires configuration?\n- Requires customisation?",null,null,"Critical",{"$f":"IF(I41='Priority Ratings'!$C$21,'Priority Ratings'!$B$21, IF(I41='Priority Ratings'!$C$22,'Priority Ratings'!$B$22,IF(I41='Priority Ratings'!$C$23,'Priority Ratings'!$B$23,IF(I41='Priority Ratings'!$C$24,'Priority Ratings'!$B$24,IF(I41='Priority Ratings'!$C$25,'Priority Ratings'!$B$25,IF(I41='Priority Ratings'!$C$26,'Priority Ratings'!$B$26,IF(I41='Priority Ratings'!$C$27,'Priority Ratings'!$B$27,\"No Rating\")))))))","v":5},1.4925373134328358E-2,"100%: Fully comply with requirement (Out of the box function with minor re-configuration) \n50%:   Partially comply, will require major configuration.\n0%:     No compliance/require development and/or customisation.",0,0]
[34,"Meeting the Scope of Work Required","How well has the Tenderer described how scope requirements will be met?  Do they understand what needs to be done?  List concerns in Comments.","Document Library","Capability to allow documents and software packages to be stored in a central area (the document library) within the application.\n\n Files stored in the library include:\n1.Manuals brochures.\n2.Software packages.\n3.Firmware packages.\n4.Inspection templates.","Indicate if the solution :\n- Is an Out-of-the-box functionality\n- Requires configuration?\n- Requires customisation?",null,null,"Critical",{"$f":"IF(I42='Priority Ratings'!$C$21,'Priority Ratings'!$B$21, IF(I42='Priority Ratings'!$C$22,'Priority Ratings'!$B$22,IF(I42='Priority Ratings'!$C$23,'Priority Ratings'!$B$23,IF(I42='Priority Ratings'!$C$24,'Priority Ratings'!$B$24,IF(I42='Priority Ratings'!$C$25,'Priority Ratings'!$B$25,IF(I42='Priority Ratings'!$C$26,'Priority Ratings'!$B$26,IF(I42='Priority Ratings'!$C$27,'Priority Ratings'!$B$27,\"No Rating\")))))))","v":5},1.4925373134328358E-2,"100%: Fully comply with requirement (Out of the box function with minor re-configuration) \n50%:   Partially comply, will require major configuration.\n0%:     No compliance/require development and/or customisation.",0,0]
[35,"Meeting the Scope of Work Required","How well has the Tenderer described how scope requirements will be met?  Do they understand what needs to be done?  List concerns in Comments.","Document Library","Ability to support All file formats.\n- doc and .docx - Microsoft Word file\n- .pdf - PDF file\n- .rtf - Rich Text Format\n- .txt - Plain text file\n- .xlr - Microsoft Works spreadsheet file\n- .xls - Microsoft Excel file\n- .xlsx - Microsoft Excel Open XML spreadsheet file\n- Extensible Markup Language( XML), \n- Hypertext Markup Language (HTML), ","Indicate if the solution :\n- Is an Out-of-the-box functionality\n- Requires configuration?\n- Requires customisation?",null,null,"Critical",{"$f":"IF(I43='Priority Ratings'!$C$21,'Priority Ratings'!$B$21, IF(I43='Priority Ratings'!$C$22,'Priority Ratings'!$B$22,IF(I43='Priority Ratings'!$C$23,'Priority Ratings'!$B$23,IF(I43='Priority Ratings'!$C$24,'Priority Ratings'!$B$24,IF(I43='Priority Ratings'!$C$25,'Priority Ratings'!$B$25,IF(I43='Priority Ratings'!$C$26,'Priority Ratings'!$B$26,IF(I43='Priority Ratings'!$C$27,'Priority Ratings'!$B$27,\"No Rating\")))))))","v":5},1.4925373134328358E-2,"100%: Fully comply with requirement (Out of the box function with minor re-configuration) \n50%:   Partially comply, will require major configuration.\n0%:     No compliance/require development and/or customisation.",0,0]
[36,"Meeting the Scope of Work Required","How well has the Tenderer described how scope requirements will be met?  Do they understand what needs to be done?  List concerns in Comments.","Document Library","Capability to provide a full text for documents contained in the library.","Indicate if the solution :\n- Is an Out-of-the-box functionality\n- Requires configuration?\n- Requires customisation?",null,null,"Very important",{"$f":"IF(I44='Priority Ratings'!$C$21,'Priority Ratings'!$B$21, IF(I44='Priority Ratings'!$C$22,'Priority Ratings'!$B$22,IF(I44='Priority Ratings'!$C$23,'Priority Ratings'!$B$23,IF(I44='Priority Ratings'!$C$24,'Priority Ratings'!$B$24,IF(I44='Priority Ratings'!$C$25,'Priority Ratings'!$B$25,IF(I44='Priority Ratings'!$C$26,'Priority Ratings'!$B$26,IF(I44='Priority Ratings'!$C$27,'Priority Ratings'!$B$27,\"No Rating\")))))))","v":4},1.1940298507462687E-2,"100%: Fully comply with requirement (Out of the box function with minor re-configuration) \n50%:   Partially comply, will require major configuration.\n0%:     No compliance/require development and/or customisation.",0,0]
[37,"Meeting the Scope of Work Required","How well has the Tenderer described how scope requirements will be met?  Do they understand what needs to be done?  List concerns in Comments.","Document Library","Capability to extract customised generic report and user specified ","Indicate if the solution :\n- Is an Out-of-the-box functionality\n- Requires configuration?\n- Requires customisation?",null,null,"Critical",{"$f":"IF(I45='Priority Ratings'!$C$21,'Priority Ratings'!$B$21, IF(I45='Priority Ratings'!$C$22,'Priority Ratings'!$B$22,IF(I45='Priority Ratings'!$C$23,'Priority Ratings'!$B$23,IF(I45='Priority Ratings'!$C$24,'Priority Ratings'!$B$24,IF(I45='Priority Ratings'!$C$25,'Priority Ratings'!$B$25,IF(I45='Priority Ratings'!$C$26,'Priority Ratings'!$B$26,IF(I45='Priority Ratings'!$C$27,'Priority Ratings'!$B$27,\"No Rating\")))))))","v":5},1.4925373134328358E-2,"100%: Fully comply with requirement (Out of the box function with minor re-configuration) \n50%:   Partially comply, will require major configuration.\n0%:     No compliance/require development and/or customisation.",0,0]
[38,"Meeting the Scope of Work Required","How well has the Tenderer described how scope requirements will be met?  Do they understand what needs to be done?  List concerns in Comments.","Document Library","The folder structure should be customisable, and access rights should be defined for each individual library folder","Indicate if the solution :\n- Is an Out-of-the-box functionality\n- Requires configuration?\n- Requires customisation?",null,null,"Critical",{"$f":"IF(I46='Priority Ratings'!$C$21,'Priority Ratings'!$B$21, IF(I46='Priority Ratings'!$C$22,'Priority Ratings'!$B$22,IF(I46='Priority Ratings'!$C$23,'Priority Ratings'!$B$23,IF(I46='Priority Ratings'!$C$24,'Priority Ratings'!$B$24,IF(I46='Priority Ratings'!$C$25,'Priority Ratings'!$B$25,IF(I46='Priority Ratings'!$C$26,'Priority Ratings'!$B$26,IF(I46='Priority Ratings'!$C$27,'Priority Ratings'!$B$27,\"No Rating\")))))))","v":5},1.4925373134328358E-2,"100%: Fully comply with requirement (Out of the box function with minor re-configuration) \n50%:   Partially comply, will require major configuration.\n0%:     No compliance/require development and/or customisation.",0,0]
[39,"Meeting the Scope of Work Required","How well has the Tenderer described how scope requirements will be met?  Do they understand what needs to be done?  List concerns in Comments.","Document Library","The solution should have the capability for document version tracking ","Indicate if the solution :\n- Is an Out-of-the-box functionality\n- Requires configuration?\n- Requires customisation?",null,null,"Critical",{"$f":"IF(I47='Priority Ratings'!$C$21,'Priority Ratings'!$B$21, IF(I47='Priority Ratings'!$C$22,'Priority Ratings'!$B$22,IF(I47='Priority Ratings'!$C$23,'Priority Ratings'!$B$23,IF(I47='Priority Ratings'!$C$24,'Priority Ratings'!$B$24,IF(I47='Priority Ratings'!$C$25,'Priority Ratings'!$B$25,IF(I47='Priority Ratings'!$C$26,'Priority Ratings'!$B$26,IF(I47='Priority Ratings'!$C$27,'Priority Ratings'!$B$27,\"No Rating\")))))))","v":5},1.4925373134328358E-2,"100%: Fully comply with requirement (Out of the box function with minor re-configuration) \n50%:   Partially comply, will require major configuration.\n0%:     No compliance/require development and/or customisation.",0,0]
[40,"Meeting the Scope of Work Required","How well has the Tenderer described how scope requirements will be met?  Do they understand what needs to be done?  List concerns in Comments.","Document Management","Capability to attach documents within the application.","Indicate if the solution :\n- Is an Out-of-the-box functionality\n- Requires configuration?\n- Requires customisation?",null,null,"Show stopper",{"$f":"IF(I48='Priority Ratings'!$C$21,'Priority Ratings'!$B$21, IF(I48='Priority Ratings'!$C$22,'Priority Ratings'!$B$22,IF(I48='Priority Ratings'!$C$23,'Priority Ratings'!$B$23,IF(I48='Priority Ratings'!$C$24,'Priority Ratings'!$B$24,IF(I48='Priority Ratings'!$C$25,'Priority Ratings'!$B$25,IF(I48='Priority Ratings'!$C$26,'Priority Ratings'!$B$26,IF(I48='Priority Ratings'!$C$27,'Priority Ratings'!$B$27,\"No Rating\")))))))","v":6},1.7910447761194031E-2,"100%: Fully comply with requirement (Out of the box function with minor re-configuration) \n50%:   Partially comply, will require major configuration.\n0%:     No compliance/require development and/or customisation.",0,0]
[41,"Meeting the Scope of Work Required","How well has the Tenderer described how scope requirements will be met?  Do they understand what needs to be done?  List concerns in Comments.","Document Management","Ability to link to web pages or other assets using library functions, e.g., feeder bay.\n\nEach entry has space to attach different document to it. e.g., test results, manufacture specifications etc.","Indicate if the solution :\n- Is an Out-of-the-box functionality\n- Requires configuration?\n- Requires customisation?",null,null,"Important",{"$f":"IF(I49='Priority Ratings'!$C$21,'Priority Ratings'!$B$21, IF(I49='Priority Ratings'!$C$22,'Priority Ratings'!$B$22,IF(I49='Priority Ratings'!$C$23,'Priority Ratings'!$B$23,IF(I49='Priority Ratings'!$C$24,'Priority Ratings'!$B$24,IF(I49='Priority Ratings'!$C$25,'Priority Ratings'!$B$25,IF(I49='Priority Ratings'!$C$26,'Priority Ratings'!$B$26,IF(I49='Priority Ratings'!$C$27,'Priority Ratings'!$B$27,\"No Rating\")))))))","v":3},8.9552238805970154E-3,"100%: Fully comply with requirement (Out of the box function with minor re-configuration) \n50%:   Partially comply, will require major configuration.\n0%:     No compliance/require development and/or customisation.",0,0]
[42,"Meeting the Scope of Work Required","How well has the Tenderer described how scope requirements will be met?  Do they understand what needs to be done?  List concerns in Comments.","Document Management","Ability to allow user to do custom notes on assets within the application.","Indicate if the solution :\n- Is an Out-of-the-box functionality\n- Requires configuration?\n- Requires customisation?",null,null,"Very important",{"$f":"IF(I50='Priority Ratings'!$C$21,'Priority Ratings'!$B$21, IF(I50='Priority Ratings'!$C$22,'Priority Ratings'!$B$22,IF(I50='Priority Ratings'!$C$23,'Priority Ratings'!$B$23,IF(I50='Priority Ratings'!$C$24,'Priority Ratings'!$B$24,IF(I50='Priority Ratings'!$C$25,'Priority Ratings'!$B$25,IF(I50='Priority Ratings'!$C$26,'Priority Ratings'!$B$26,IF(I50='Priority Ratings'!$C$27,'Priority Ratings'!$B$27,\"No Rating\")))))))","v":4},1.1940298507462687E-2,"100%: Fully comply with requirement (Out of the box function with minor re-configuration) \n50%:   Partially comply, will require major configuration.\n0%:     No compliance/require development and/or customisation.",0,0]
[43,"Meeting the Scope of Work Required","How well has the Tenderer described how scope requirements will be met?  Do they understand what needs to be done?  List concerns in Comments.","Document Management","Capability to provide a full-text search.","Indicate if the solution :\n- Is an Out-of-the-box functionality\n- Requires configuration?\n- Requires customisation?",null,null,"Critical",{"$f":"IF(I51='Priority Ratings'!$C$21,'Priority Ratings'!$B$21, IF(I51='Priority Ratings'!$C$22,'Priority Ratings'!$B$22,IF(I51='Priority Ratings'!$C$23,'Priority Ratings'!$B$23,IF(I51='Priority Ratings'!$C$24,'Priority Ratings'!$B$24,IF(I51='Priority Ratings'!$C$25,'Priority Ratings'!$B$25,IF(I51='Priority Ratings'!$C$26,'Priority Ratings'!$B$26,IF(I51='Priority Ratings'!$C$27,'Priority Ratings'!$B$27,\"No Rating\")))))))","v":5},1.4925373134328358E-2,"100%: Fully comply with requirement (Out of the box function with minor re-configuration) \n50%:   Partially comply, will require major configuration.\n0%:     No compliance/require development and/or customisation.",0,0]
[44,"Meeting the Scope of Work Required","How well has the Tenderer described how scope requirements will be met?  Do they understand what needs to be done?  List concerns in Comments.","History view Mode","Ability of snapshot of the system at a previous point in time","Indicate if the solution :\n- Is an Out-of-the-box functionality\n- Requires configuration?\n- Requires customisation?",null,null,"Critical",{"$f":"IF(I52='Priority Ratings'!$C$21,'Priority Ratings'!$B$21, IF(I52='Priority Ratings'!$C$22,'Priority Ratings'!$B$22,IF(I52='Priority Ratings'!$C$23,'Priority Ratings'!$B$23,IF(I52='Priority Ratings'!$C$24,'Priority Ratings'!$B$24,IF(I52='Priority Ratings'!$C$25,'Priority Ratings'!$B$25,IF(I52='Priority Ratings'!$C$26,'Priority Ratings'!$B$26,IF(I52='Priority Ratings'!$C$27,'Priority Ratings'!$B$27,\"No Rating\")))))))","v":5},1.4925373134328358E-2,"100%: Fully comply with requirement (Out of the box function with minor re-configuration) \n50%:   Partially comply, will require major configuration.\n0%:     No compliance/require development and/or customisation.",0,0]
[45,"Meeting the Scope of Work Required","How well has the Tenderer described how scope requirements will be met?  Do they understand what needs to be done?  List concerns in Comments.","History view Mode","Allow race of historic settings records","Indicate if the solution :\n- Is an Out-of-the-box functionality\n- Requires configuration?\n- Requires customisation?",null,null,"Show stopper",{"$f":"IF(I53='Priority Ratings'!$C$21,'Priority Ratings'!$B$21, IF(I53='Priority Ratings'!$C$22,'Priority Ratings'!$B$22,IF(I53='Priority Ratings'!$C$23,'Priority Ratings'!$B$23,IF(I53='Priority Ratings'!$C$24,'Priority Ratings'!$B$24,IF(I53='Priority Ratings'!$C$25,'Priority Ratings'!$B$25,IF(I53='Priority Ratings'!$C$26,'Priority Ratings'!$B$26,IF(I53='Priority Ratings'!$C$27,'Priority Ratings'!$B$27,\"No Rating\")))))))","v":6},1.7910447761194031E-2,"100%: Fully comply with requirement (Out of the box function with minor re-configuration) \n50%:   Partially comply, will require major configuration.\n0%:     No compliance/require development and/or customisation.",0,0]
[46,"Meeting the Scope of Work Required","How well has the Tenderer described how scope requirements will be met?  Do they understand what needs to be done?  List concerns in Comments.","User Management","Authorization should be based on roles","Indicate if the solution :\n- Is an Out-of-the-box functionality\n- Requires configuration?\n- Requires customisation?",null,null,"Show stopper",{"$f":"IF(I54='Priority Ratings'!$C$21,'Priority Ratings'!$B$21, IF(I54='Priority Ratings'!$C$22,'Priority Ratings'!$B$22,IF(I54='Priority Ratings'!$C$23,'Priority Ratings'!$B$23,IF(I54='Priority Ratings'!$C$24,'Priority Ratings'!$B$24,IF(I54='Priority Ratings'!$C$25,'Priority Ratings'!$B$25,IF(I54='Priority Ratings'!$C$26,'Priority Ratings'!$B$26,IF(I54='Priority Ratings'!$C$27,'Priority Ratings'!$B$27,\"No Rating\")))))))","v":6},1.7910447761194031E-2,"100%: Fully comply with requirement (Out of the box function with minor re-configuration) \n50%:   Partially comply, will require major configuration.\n0%:     No compliance/require development and/or customisation.",0,0]
[47,"Meeting the Scope of Work Required","How well has the Tenderer described how scope requirements will be met?  Do they understand what needs to be done?  List concerns in Comments.","User Management","Authorizations should be granted on:\n- Object hierarchy level, \n- Individual lifecycle phases/transitions, \n- Administrative functionality","Indicate if the solution :\n- Is an Out-of-the-box functionality\n- Requires configuration?\n- Requires customisation?",null,null,"Critical",{"$f":"IF(I55='Priority Ratings'!$C$21,'Priority Ratings'!$B$21, IF(I55='Priority Ratings'!$C$22,'Priority Ratings'!$B$22,IF(I55='Priority Ratings'!$C$23,'Priority Ratings'!$B$23,IF(I55='Priority Ratings'!$C$24,'Priority Ratings'!$B$24,IF(I55='Priority Ratings'!$C$25,'Priority Ratings'!$B$25,IF(I55='Priority Ratings'!$C$26,'Priority Ratings'!$B$26,IF(I55='Priority Ratings'!$C$27,'Priority Ratings'!$B$27,\"No Rating\")))))))","v":5},{"$f":"J55/J$75","v":1.4925373134328358E-2},"100%: Fully comply with requirement (Out of the box function with minor re-configuration) \n50%:   Partially comply, will require major configuration.\n0%:     No compliance/require development and/or customisation.",0,0]
[48,"Meeting the Scope of Work Required","How well has the Tenderer described how scope requirements will be met?  Do they understand what needs to be done?  List concerns in Comments.","User Management","Username and password to be managed via Eskom integrated security","Indicate if the solution :\n- Is an Out-of-the-box functionality\n- Requires configuration?\n- Requires customisation?",null,null,"Show stopper",{"$f":"IF(I56='Priority Ratings'!$C$21,'Priority Ratings'!$B$21, IF(I56='Priority Ratings'!$C$22,'Priority Ratings'!$B$22,IF(I56='Priority Ratings'!$C$23,'Priority Ratings'!$B$23,IF(I56='Priority Ratings'!$C$24,'Priority Ratings'!$B$24,IF(I56='Priority Ratings'!$C$25,'Priority Ratings'!$B$25,IF(I56='Priority Ratings'!$C$26,'Priority Ratings'!$B$26,IF(I56='Priority Ratings'!$C$27,'Priority Ratings'!$B$27,\"No Rating\")))))))","v":6},{"$f":"J56/J$75","v":1.7910447761194031E-2},"100%: Fully comply with requirement (Out of the box function with minor re-configuration) \n50%:   Partially comply, will require major configuration.\n0%:     No compliance/require development and/or customisation.",0,0]
[49,"Meeting the Scope of Work Required","How well has the Tenderer described how scope requirements will be met?  Do they understand what needs to be done?  List concerns in Comments.","User Management","Capability to allow the administrators the ability to precisely, yet easily, control the access rights of individual users","Indicate if the solution :\n- Is an Out-of-the-box functionality\n- Requires configuration?\n- Requires customisation?",null,null,"Show stopper",{"$f":"IF(I57='Priority Ratings'!$C$21,'Priority Ratings'!$B$21, IF(I57='Priority Ratings'!$C$22,'Priority Ratings'!$B$22,IF(I57='Priority Ratings'!$C$23,'Priority Ratings'!$B$23,IF(I57='Priority Ratings'!$C$24,'Priority Ratings'!$B$24,IF(I57='Priority Ratings'!$C$25,'Priority Ratings'!$B$25,IF(I57='Priority Ratings'!$C$26,'Priority Ratings'!$B$26,IF(I57='Priority Ratings'!$C$27,'Priority Ratings'!$B$27,\"No Rating\")))))))","v":6},1.7910447761194031E-2,"100%: Fully comply with requirement (Out of the box function with minor re-configuration) \n50%:   Partially comply, will require major configuration.\n0%:     No compliance/require development and/or customisation.",0,0]
[51,"Meeting the Scope of Work Required","How well has the Tenderer described how scope requirements will be met?  Do they understand what needs to be done?  List concerns in Comments.","User Management","The system must be able to be configured to use Active directory (AD)","Indicate if the solution :\n- Is an Out-of-the-box functionality\n- Requires configuration?\n- Requires customisation?",null,null,"Show stopper",{"$f":"IF(I58='Priority Ratings'!$C$21,'Priority Ratings'!$B$21, IF(I58='Priority Ratings'!$C$22,'Priority Ratings'!$B$22,IF(I58='Priority Ratings'!$C$23,'Priority Ratings'!$B$23,IF(I58='Priority Ratings'!$C$24,'Priority Ratings'!$B$24,IF(I58='Priority Ratings'!$C$25,'Priority Ratings'!$B$25,IF(I58='Priority Ratings'!$C$26,'Priority Ratings'!$B$26,IF(I58='Priority Ratings'!$C$27,'Priority Ratings'!$B$27,\"No Rating\")))))))","v":6},1.7910447761194031E-2,"100%: Fully comply with requirement (Out of the box function with minor re-configuration) \n50%:   Partially comply, will require major configuration.\n0%:     No compliance/require development and/or customisation.",0,0]
[52,"Meeting the Scope of Work Required","How well has the Tenderer described how scope requirements will be met?  Do they understand what needs to be done?  List concerns in Comments.","User Management","Allow concurrent read-only guest account pools","Indicate if the solution :\n- Is an Out-of-the-box functionality\n- Requires configuration?\n- Requires customisation?",null,null,"Show stopper",{"$f":"IF(I59='Priority Ratings'!$C$21,'Priority Ratings'!$B$21, IF(I59='Priority Ratings'!$C$22,'Priority Ratings'!$B$22,IF(I59='Priority Ratings'!$C$23,'Priority Ratings'!$B$23,IF(I59='Priority Ratings'!$C$24,'Priority Ratings'!$B$24,IF(I59='Priority Ratings'!$C$25,'Priority Ratings'!$B$25,IF(I59='Priority Ratings'!$C$26,'Priority Ratings'!$B$26,IF(I59='Priority Ratings'!$C$27,'Priority Ratings'!$B$27,\"No Rating\")))))))","v":6},1.7910447761194031E-2,"100%: Fully comply with requirement (Out of the box function with minor re-configuration) \n50%:   Partially comply, will require major configuration.\n0%:     No compliance/require development and/or customisation.",0,0]
[53,"Meeting the Scope of Work Required","How well has the Tenderer described how scope requirements will be met?  Do they understand what needs to be done?  List concerns in Comments.","User Management","Allow Individual user page based on\n- Assigned settings.\n- Assigned tasks","Indicate if the solution :\n- Is an Out-of-the-box functionality\n- Requires configuration?\n- Requires customisation?",null,null,"Important",{"$f":"IF(I60='Priority Ratings'!$C$21,'Priority Ratings'!$B$21, IF(I60='Priority Ratings'!$C$22,'Priority Ratings'!$B$22,IF(I60='Priority Ratings'!$C$23,'Priority Ratings'!$B$23,IF(I60='Priority Ratings'!$C$24,'Priority Ratings'!$B$24,IF(I60='Priority Ratings'!$C$25,'Priority Ratings'!$B$25,IF(I60='Priority Ratings'!$C$26,'Priority Ratings'!$B$26,IF(I60='Priority Ratings'!$C$27,'Priority Ratings'!$B$27,\"No Rating\")))))))","v":3},8.9552238805970154E-3,"100%: Fully comply with requirement (Out of the box function with minor re-configuration) \n50%:   Partially comply, will require major configuration.\n0%:     No compliance/require development and/or customisation.",0,0]
[54,"Meeting the Scope of Work Required","How well has the Tenderer described how scope requirements will be met?  Do they understand what needs to be done?  List concerns in Comments.","User Management","Allow Anonymization of personalised data","Indicate if the solution :\n- Is an Out-of-the-box functionality\n- Requires configuration?\n- Requires customisation?",null,null,"Very important",{"$f":"IF(I61='Priority Ratings'!$C$21,'Priority Ratings'!$B$21, IF(I61='Priority Ratings'!$C$22,'Priority Ratings'!$B$22,IF(I61='Priority Ratings'!$C$23,'Priority Ratings'!$B$23,IF(I61='Priority Ratings'!$C$24,'Priority Ratings'!$B$24,IF(I61='Priority Ratings'!$C$25,'Priority Ratings'!$B$25,IF(I61='Priority Ratings'!$C$26,'Priority Ratings'!$B$26,IF(I61='Priority Ratings'!$C$27,'Priority Ratings'!$B$27,\"No Rating\")))))))","v":4},1.1940298507462687E-2,"100%: Fully comply with requirement (Out of the box function with minor re-configuration) \n50%:   Partially comply, will require major configuration.\n0%:     No compliance/require development and/or customisation.",0,0]
[55,"Meeting the Scope of Work Required","How well has the Tenderer described how scope requirements will be met?  Do they understand what needs to be done?  List concerns in Comments.","User Management","Ability to create access rights management for user groups.\n- Location-dependent rights\n- Lifecycle-dependent rights\n- Library-dependent rights\n- Functional rights","Indicate if the solution :\n- Is an Out-of-the-box functionality\n- Requires configuration?\n- Requires customisation?",null,null,"Show stopper",{"$f":"IF(I62='Priority Ratings'!$C$21,'Priority Ratings'!$B$21, IF(I62='Priority Ratings'!$C$22,'Priority Ratings'!$B$22,IF(I62='Priority Ratings'!$C$23,'Priority Ratings'!$B$23,IF(I62='Priority Ratings'!$C$24,'Priority Ratings'!$B$24,IF(I62='Priority Ratings'!$C$25,'Priority Ratings'!$B$25,IF(I62='Priority Ratings'!$C$26,'Priority Ratings'!$B$26,IF(I62='Priority Ratings'!$C$27,'Priority Ratings'!$B$27,\"No Rating\")))))))","v":6},1.7910447761194031E-2,"100%: Fully comply with requirement (Out of the box function with minor re-configuration) \n50%:   Partially comply, will require major configuration.\n0%:     No compliance/require development and/or customisation.",0,0]
[56,"Meeting the Scope of Work Required","How well has the Tenderer described how scope requirements will be met?  Do they understand what needs to be done?  List concerns in Comments.","Data exchange facilities","The solution should be able to Import/export numerical protection settings files.","Indicate if the solution :\n- Is an Out-of-the-box functionality\n- Requires configuration?\n- Requires customisation?",null,null,"Show stopper",{"$f":"IF(I63='Priority Ratings'!$C$21,'Priority Ratings'!$B$21, IF(I63='Priority Ratings'!$C$22,'Priority Ratings'!$B$22,IF(I63='Priority Ratings'!$C$23,'Priority Ratings'!$B$23,IF(I63='Priority Ratings'!$C$24,'Priority Ratings'!$B$24,IF(I63='Priority Ratings'!$C$25,'Priority Ratings'!$B$25,IF(I63='Priority Ratings'!$C$26,'Priority Ratings'!$B$26,IF(I63='Priority Ratings'!$C$27,'Priority Ratings'!$B$27,\"No Rating\")))))))","v":6},1.7910447761194031E-2,"100%: Fully comply with requirement (Out of the box function with minor re-configuration) \n50%:   Partially comply, will require major configuration.\n0%:     No compliance/require development and/or customisation.",0,0]
[57,"Meeting the Scope of Work Required","How well has the Tenderer described how scope requirements will be met?  Do they understand what needs to be done?  List concerns in Comments.","Data exchange facilities","Capability to Import/export of task attributes.","Indicate if the solution :\n- Is an Out-of-the-box functionality\n- Requires configuration?\n- Requires customisation?",null,null,"Show stopper",{"$f":"IF(I64='Priority Ratings'!$C$21,'Priority Ratings'!$B$21, IF(I64='Priority Ratings'!$C$22,'Priority Ratings'!$B$22,IF(I64='Priority Ratings'!$C$23,'Priority Ratings'!$B$23,IF(I64='Priority Ratings'!$C$24,'Priority Ratings'!$B$24,IF(I64='Priority Ratings'!$C$25,'Priority Ratings'!$B$25,IF(I64='Priority Ratings'!$C$26,'Priority Ratings'!$B$26,IF(I64='Priority Ratings'!$C$27,'Priority Ratings'!$B$27,\"No Rating\")))))))","v":6},1.7910447761194031E-2,"100%: Fully comply with requirement (Out of the box function with minor re-configuration) \n50%:   Partially comply, will require major configuration.\n0%:     No compliance/require development and/or customisation.",0,0]
[58,"Meeting the Scope of Work Required","How well has the Tenderer described how scope requirements will be met?  Do they understand what needs to be done?  List concerns in Comments.","Data exchange facilities","Ability to exchange of calculation-relevant parameters from/to PSST.","Indicate if the solution :\n- Is an Out-of-the-box functionality\n- Requires configuration?\n- Requires customisation?",null,null,"Critical",{"$f":"IF(I65='Priority Ratings'!$C$21,'Priority Ratings'!$B$21, IF(I65='Priority Ratings'!$C$22,'Priority Ratings'!$B$22,IF(I65='Priority Ratings'!$C$23,'Priority Ratings'!$B$23,IF(I65='Priority Ratings'!$C$24,'Priority Ratings'!$B$24,IF(I65='Priority Ratings'!$C$25,'Priority Ratings'!$B$25,IF(I65='Priority Ratings'!$C$26,'Priority Ratings'!$B$26,IF(I65='Priority Ratings'!$C$27,'Priority Ratings'!$B$27,\"No Rating\")))))))","v":5},1.4925373134328358E-2,"100%: Fully comply with requirement (Out of the box function with minor re-configuration) \n50%:   Partially comply, will require major configuration.\n0%:     No compliance/require development and/or customisation.",0,0]
[59,"Meeting the Scope of Work Required","How well has the Tenderer described how scope requirements will be met?  Do they understand what needs to be done?  List concerns in Comments.","Data exchange facilities","The solution should have EXCEL import/export capabilities.","Indicate if the solution :\n- Is an Out-of-the-box functionality\n- Requires configuration?\n- Requires customisation?",null,null,"Critical",{"$f":"IF(I66='Priority Ratings'!$C$21,'Priority Ratings'!$B$21, IF(I66='Priority Ratings'!$C$22,'Priority Ratings'!$B$22,IF(I66='Priority Ratings'!$C$23,'Priority Ratings'!$B$23,IF(I66='Priority Ratings'!$C$24,'Priority Ratings'!$B$24,IF(I66='Priority Ratings'!$C$25,'Priority Ratings'!$B$25,IF(I66='Priority Ratings'!$C$26,'Priority Ratings'!$B$26,IF(I66='Priority Ratings'!$C$27,'Priority Ratings'!$B$27,\"No Rating\")))))))","v":5},1.4925373134328358E-2,"100%: Fully comply with requirement (Out of the box function with minor re-configuration) \n50%:   Partially comply, will require major configuration.\n0%:     No compliance/require development and/or customisation.",0,0]
[60,"Meeting the Scope of Work Required","How well has the Tenderer described how scope requirements will be met?  Do they understand what needs to be done?  List concerns in Comments.","Data exchange facilities","Provide Web service interface.","Indicate if the solution :\n- Is an Out-of-the-box functionality\n- Requires configuration?\n- Requires customisation?",null,null,"Critical",{"$f":"IF(I67='Priority Ratings'!$C$21,'Priority Ratings'!$B$21, IF(I67='Priority Ratings'!$C$22,'Priority Ratings'!$B$22,IF(I67='Priority Ratings'!$C$23,'Priority Ratings'!$B$23,IF(I67='Priority Ratings'!$C$24,'Priority Ratings'!$B$24,IF(I67='Priority Ratings'!$C$25,'Priority Ratings'!$B$25,IF(I67='Priority Ratings'!$C$26,'Priority Ratings'!$B$26,IF(I67='Priority Ratings'!$C$27,'Priority Ratings'!$B$27,\"No Rating\")))))))","v":5},1.4925373134328358E-2,"100%: Fully comply with requirement (Out of the box function with minor re-configuration) \n50%:   Partially comply, will require major configuration.\n0%:     No compliance/require development and/or customisation.",0,0]
[61,"Meeting the Scope of Work Required","How well has the Tenderer described how scope requirements will be met?  Do they understand what needs to be done?  List concerns in Comments.","Manufacture Specific- interface","The solution should allow the settings files to be viewed and managed independently of their manufacturer software.","Indicate if the solution :\n- Is an Out-of-the-box functionality\n- Requires configuration?\n- Requires customisation?",null,null,"Show stopper",{"$f":"IF(I68='Priority Ratings'!$C$21,'Priority Ratings'!$B$21, IF(I68='Priority Ratings'!$C$22,'Priority Ratings'!$B$22,IF(I68='Priority Ratings'!$C$23,'Priority Ratings'!$B$23,IF(I68='Priority Ratings'!$C$24,'Priority Ratings'!$B$24,IF(I68='Priority Ratings'!$C$25,'Priority Ratings'!$B$25,IF(I68='Priority Ratings'!$C$26,'Priority Ratings'!$B$26,IF(I68='Priority Ratings'!$C$27,'Priority Ratings'!$B$27,\"No Rating\")))))))","v":6},1.7910447761194031E-2,"100%: Fully comply with requirement (Out of the box function with minor re-configuration) \n50%:   Partially comply, will require major configuration.\n0%:     No compliance/require development and/or customisation.",0,0]
[62,"Meeting the Scope of Work Required","How well has the Tenderer described how scope requirements will be met?  Do they understand what needs to be done?  List concerns in Comments.","Manufacture Specific- interface","Ability to provide converters to import and export settings files directly to and from the system for further processing.","Indicate if the solution :\n- Is an Out-of-the-box functionality\n- Requires configuration?\n- Requires customisation?",null,null,"Show stopper",{"$f":"IF(I69='Priority Ratings'!$C$21,'Priority Ratings'!$B$21, IF(I69='Priority Ratings'!$C$22,'Priority Ratings'!$B$22,IF(I69='Priority Ratings'!$C$23,'Priority Ratings'!$B$23,IF(I69='Priority Ratings'!$C$24,'Priority Ratings'!$B$24,IF(I69='Priority Ratings'!$C$25,'Priority Ratings'!$B$25,IF(I69='Priority Ratings'!$C$26,'Priority Ratings'!$B$26,IF(I69='Priority Ratings'!$C$27,'Priority Ratings'!$B$27,\"No Rating\")))))))","v":6},1.7910447761194031E-2,"100%: Fully comply with requirement (Out of the box function with minor re-configuration) \n50%:   Partially comply, will require major configuration.\n0%:     No compliance/require development and/or customisation.",0,0]
[63,"Meeting the Scope of Work Required","How well has the Tenderer described how scope requirements will be met?  Do they understand what needs to be done?  List concerns in Comments.","Manufacture Specific- interface","Capability to allow one converter to be used for various device types and firmware configurations.","Indicate if the solution :\n- Is an Out-of-the-box functionality\n- Requires configuration?\n- Requires customisation?",null,null,"Critical",{"$f":"IF(I70='Priority Ratings'!$C$21,'Priority Ratings'!$B$21, IF(I70='Priority Ratings'!$C$22,'Priority Ratings'!$B$22,IF(I70='Priority Ratings'!$C$23,'Priority Ratings'!$B$23,IF(I70='Priority Ratings'!$C$24,'Priority Ratings'!$B$24,IF(I70='Priority Ratings'!$C$25,'Priority Ratings'!$B$25,IF(I70='Priority Ratings'!$C$26,'Priority Ratings'!$B$26,IF(I70='Priority Ratings'!$C$27,'Priority Ratings'!$B$27,\"No Rating\")))))))","v":5},1.4925373134328358E-2,"100%: Fully comply with requirement (Out of the box function with minor re-configuration) \n50%:   Partially comply, will require major configuration.\n0%:     No compliance/require development and/or customisation.",0,0]
[64,"Meeting the Scope of Work Required","How well has the Tenderer described how scope requirements will be met?  Do they understand what needs to be done?  List concerns in Comments.","Manufacture Specific- interface","The solution should be able to use the following Import Converters:\n\nImport Converters:\n- ABB: CAP540, PCM600, MCUSetup, WinECP 7 \n- Basler: Bestcoms 851G/951\n- Beckwith: IPScom M-3425 \n- Eberle: WinREG, WinTM, Toolbox\n- GE: various Enervista software versions\n       1.MII, MM2, MM300/MM200, SR3\n- Nari Electric: PCS-Explorer\n- Nulec: WSOS 4.4\n- Reinhausen: TAPCON 240/260\n-Reyrolle: Reydisp Evolution, Reyrolle 8/9\n- Schneider Electric: Easergy Studio, Micom S1 (S&R103 IEC,\n      2.S&R Modbus, S&R Courier), SEPAM converter,\n     3.WSOS 5\n- SEL: AcSELerator 4, AcSELerator 5\n- Siemens: DIGSI 4, DIGSI 5 \n- Tavrida: TELARM \n- Thytronic: ThySetter \n- VAMP: VAMPSET\n- ZIV: ZivercomPlus\n- And any other applicable convertors","Indicate if the solution :\n- Is an Out-of-the-box functionality\n- Requires configuration?\n- Requires customisation?\n- If the solution will incur additional cost?",null,null,"Critical",{"$f":"IF(I71='Priority Ratings'!$C$21,'Priority Ratings'!$B$21, IF(I71='Priority Ratings'!$C$22,'Priority Ratings'!$B$22,IF(I71='Priority Ratings'!$C$23,'Priority Ratings'!$B$23,IF(I71='Priority Ratings'!$C$24,'Priority Ratings'!$B$24,IF(I71='Priority Ratings'!$C$25,'Priority Ratings'!$B$25,IF(I71='Priority Ratings'!$C$26,'Priority Ratings'!$B$26,IF(I71='Priority Ratings'!$C$27,'Priority Ratings'!$B$27,\"No Rating\")))))))","v":5},1.4925373134328358E-2,"100%: Fully comply with requirement\n50%:   Partially comply will require development/ customisation\n0%:     No compliance",0,0]
[65,"Meeting the Scope of Work Required","How well has the Tenderer described how scope requirements will be met?  Do they understand what needs to be done?  List concerns in Comments.","Manufacture Specific- interface","The solution should be able to use the following Export Converters:\n\nExport Converters:\n\n- ABB: CAP540, PCM600 (XRIO) \n- Eberle: WinREG, WinTM, Toolbox\n- GE: various Enervista software versions\n- Nulec: WSOS\n- SEL: AcSELerator, SEL-5010\n- Siemens: DIGSI\n- VAMP: VAMPSET\n- ZIV: ZivercomPlus\n- And any other applicable convertors\n\nBusiness Rule: A comprehensive list of export converters that meet business needs.","Indicate if the solution :\n- Is an Out-of-the-box functionality\n- Requires configuration?\n- Requires customisation?\n- If the solution will incur additional cost?",null,null,"Critical",{"$f":"IF(I72='Priority Ratings'!$C$21,'Priority Ratings'!$B$21, IF(I72='Priority Ratings'!$C$22,'Priority Ratings'!$B$22,IF(I72='Priority Ratings'!$C$23,'Priority Ratings'!$B$23,IF(I72='Priority Ratings'!$C$24,'Priority Ratings'!$B$24,IF(I72='Priority Ratings'!$C$25,'Priority Ratings'!$B$25,IF(I72='Priority Ratings'!$C$26,'Priority Ratings'!$B$26,IF(I72='Priority Ratings'!$C$27,'Priority Ratings'!$B$27,\"No Rating\")))))))","v":5},1.4925373134328358E-2,"100%: Fully comply with requirement (Out of the box function with minor re-configuration) \n50%:   Partially comply, will require major configuration.\n0%:     No compliance/require development and/or customisation.",0,0]
[66,"Meeting the Scope of Work Required","How well has the Tenderer described how scope requirements will be met?  Do they understand what needs to be done?  List concerns in Comments.","Software Licenses","The system should provide enterprise licence as per the following license types.\n1.Named licenses dedicated to an individual. \n2.Concurrent licenses that can be checked out to a user and handed back when the session ends. Concurrent licenses should have all rights and privileges of a named license.\n3.Browser licenses which allow concurrent browser access to the system.\n\nNot all users interact with the system daily. A distinction should be made between frequent and infrequent users who interact with the settings life cycle.\n\nBusiness Rule: Those who are frequent users are to be allocated a named full license. Infrequent users are to use a concurrent license which should be authenticated via Lightweight Directory Access Protocol LDAP) to allow an audit trail of the user.\n\nBusiness Rule: Users who do not interact with the life cycle are allocated browser license.\n\n","Indicate if the solution :\n- Is an Out-of-the-box functionality\n- Requires configuration?\n- Requires customisation?",null,null,"Critical",{"$f":"IF(I73='Priority Ratings'!$C$21,'Priority Ratings'!$B$21, IF(I73='Priority Ratings'!$C$22,'Priority Ratings'!$B$22,IF(I73='Priority Ratings'!$C$23,'Priority Ratings'!$B$23,IF(I73='Priority Ratings'!$C$24,'Priority Ratings'!$B$24,IF(I73='Priority Ratings'!$C$25,'Priority Ratings'!$B$25,IF(I73='Priority Ratings'!$C$26,'Priority Ratings'!$B$26,IF(I73='Priority Ratings'!$C$27,'Priority Ratings'!$B$27,\"No Rating\")))))))","v":5},{"$f":"J73/J$75","v":1.4925373134328358E-2},"100%: Fully comply with requirement\n50%:   Partially comply will require development/ customisation\n0%:     No compliance",0,0]
[]
[null,null,null,null,null,null,null,"Totals",null,{"$f":"SUM(J9:J73)","v":335},{"$f":"SUM(K9:K73)","v":1.0000000000000002},null,null,{"$f":"SUM(N9:N73)","v":0}]

{"sheet":"Non-Functional","index":16,"n_rows":27,"n_cols":14,"rows_kept":27,"cut":false,"hidden":false,"merged":[[0,0,0,2],[4,0,4,2],[6,13,7,13],[5,0,5,2],[3,0,3,2],[2,0,2,2],[1,0,1,2]]}
["PSST and PSMT"]
["CORP xxxx Tender",null,null,null,null,null,null,null,null,null,null,"Scoring (Sliding scale)"]
["Tenderer:",null,null,null,null,null,null,null,null,null,null,"100% - Fully compliant"]
["Evaluated by:",null,null,null,null,null,null,null,null,null,null,"50%-Partially compliant"]
[null,null,null,null,null,null,null,null,null,null,null,"0%-Non compliance"]
["Evaluation Criteria"]
[null,null,null,null,null,"Vendor Compliance\nFull Compliance - Y\nPartial Compliance - P\nNon Compliance - N","Vendor to indicate any applicable comments based on Compliance","Priority\nRequirement priority as determined by Eskom","Weight\n(agreed by evaluation team members)",null,"Score\n(determined by each evaluation team member during evaluation. Will be averaged for final scores)","Score",null,"Comments (Internal) for scorer"]
["ID","Type","Criterion","Functional Requirement","Requirement description",null,"Comments","Priority Description","Priority\n","Weighted Question","Scoring","Answer\n(0,50,100%)","Weighted Answer"]
[1,"Meeting the Scope of Work Required","How well has the Tenderer described how scope requirements will be met?  Do they understand what needs to be done?  List concerns in Comments.","General","In terms of a Service Level Agreement, state your SLA requirements of your product support and maintenance. Provide a copy thereof.",null,null,"Very Important",{"$f":"IF(H9='Priority Ratings'!$C$21,'Priority Ratings'!$B$21, IF(H9='Priority Ratings'!$C$22,'Priority Ratings'!$B$22,IF(H9='Priority Ratings'!$C$23,'Priority Ratings'!$B$23,IF(H9='Priority Ratings'!$C$24,'Priority Ratings'!$B$24,IF(H9='Priority Ratings'!$C$25,'Priority Ratings'!$B$25,IF(H9='Priority Ratings'!$C$26,'Priority Ratings'!$B$26,IF(H9='Priority Ratings'!$C$27,'Priority Ratings'!$B$27,\"No Rating\")))))))","v":4},{"$f":"I9/I$27","v":7.2727272727272724E-2},"100%: Fully comply with requirement (Out of the box function with minor re-configuration) \n50%:   Partially comply, will require major configuration.\n0%:     No compliance/require development and/or customisation.",0,{"$f":"J9*L9","v":0}]
[2,"Meeting the Scope of Work Required","How well has the Tenderer described how scope requirements will be met?  Do they understand what needs to be done?  List concerns in Comments.","General","In terms of Reliability, maintainability, availability - How often does the system experience criical failures? How much time does it take to fix the issue when it arises? And how is user availability compared to downtime?",null,null,"Very Important",{"$f":"IF(H10='Priority Ratings'!$C$21,'Priority Ratings'!$B$21, IF(H10='Priority Ratings'!$C$22,'Priority Ratings'!$B$22,IF(H10='Priority Ratings'!$C$23,'Priority Ratings'!$B$23,IF(H10='Priority Ratings'!$C$24,'Priority Ratings'!$B$24,IF(H10='Priority Ratings'!$C$25,'Priority Ratings'!$B$25,IF(H10='Priority Ratings'!$C$26,'Priority Ratings'!$B$26,IF(H10='Priority Ratings'!$C$27,'Priority Ratings'!$B$27,\"No Rating\")))))))","v":4},7.2727272727272724E-2,"100%: Fully comply with requirement (Out of the box function with minor re-configuration) \n50%:   Partially comply, will require major configuration.\n0%:     No compliance/require development and/or customisation.",0,0]
[3,"Meeting the Scope of Work Required","How well has the Tenderer described how scope requirements will be met?  Do they understand what needs to be done?  List concerns in Comments.","General","Regulatory requirements: Please specify the legal or regulatory standards the your software system must adhere to.",null,null,"Show stopper",{"$f":"IF(H11='Priority Ratings'!$C$21,'Priority Ratings'!$B$21, IF(H11='Priority Ratings'!$C$22,'Priority Ratings'!$B$22,IF(H11='Priority Ratings'!$C$23,'Priority Ratings'!$B$23,IF(H11='Priority Ratings'!$C$24,'Priority Ratings'!$B$24,IF(H11='Priority Ratings'!$C$25,'Priority Ratings'!$B$25,IF(H11='Priority Ratings'!$C$26,'Priority Ratings'!$B$26,IF(H11='Priority Ratings'!$C$27,'Priority Ratings'!$B$27,\"No Rating\")))))))","v":6},0.10909090909090909,"100%: Fully comply with requirement (Out of the box function with minor re-configuration) \n50%:   Partially comply, will require major configuration.\n0%:     No compliance/require development and/or customisation.",0,0]
[4,"Meeting the Scope of Work Required","How well has the Tenderer described how scope requirements will be met?  Do they understand what needs to be done?  List concerns in Comments.","General","Which APIs does your system utilise and are they authenticated and documented",null,null,"Very Important",{"$f":"IF(H12='Priority Ratings'!$C$21,'Priority Ratings'!$B$21, IF(H12='Priority Ratings'!$C$22,'Priority Ratings'!$B$22,IF(H12='Priority Ratings'!$C$23,'Priority Ratings'!$B$23,IF(H12='Priority Ratings'!$C$24,'Priority Ratings'!$B$24,IF(H12='Priority Ratings'!$C$25,'Priority Ratings'!$B$25,IF(H12='Priority Ratings'!$C$26,'Priority Ratings'!$B$26,IF(H12='Priority Ratings'!$C$27,'Priority Ratings'!$B$27,\"No Rating\")))))))","v":4},7.2727272727272724E-2,"100%: Fully comply with requirement (Out of the box function with minor re-configuration) \n50%:   Partially comply, will require major configuration.\n0%:     No compliance/require development and/or customisation.",0,0]
[5,"Meeting the Scope of Work Required","How well has the Tenderer described how scope requirements will be met?  Do they understand what needs to be done?  List concerns in Comments.","General","Which different license models does you offer and does it make provision for failovers. For example if the primary license server fails, is there an automated failover server? ",null,null,"Important",{"$f":"IF(H13='Priority Ratings'!$C$21,'Priority Ratings'!$B$21, IF(H13='Priority Ratings'!$C$22,'Priority Ratings'!$B$22,IF(H13='Priority Ratings'!$C$23,'Priority Ratings'!$B$23,IF(H13='Priority Ratings'!$C$24,'Priority Ratings'!$B$24,IF(H13='Priority Ratings'!$C$25,'Priority Ratings'!$B$25,IF(H13='Priority Ratings'!$C$26,'Priority Ratings'!$B$26,IF(H13='Priority Ratings'!$C$27,'Priority Ratings'!$B$27,\"No Rating\")))))))","v":3},5.4545454545454543E-2,"100%: Fully comply with requirement (Out of the box function with minor re-configuration) \n50%:   Partially comply, will require major configuration.\n0%:     No compliance/require development and/or customisation.",0,0]
[6,"Meeting the Scope of Work Required","How well has the Tenderer described how scope requirements will be met?  Do they understand what needs to be done?  List concerns in Comments.","General","Which Load models does your application offer?  Please list all models of your software offers.",null,null,"Show stopper",{"$f":"IF(H14='Priority Ratings'!$C$21,'Priority Ratings'!$B$21, IF(H14='Priority Ratings'!$C$22,'Priority Ratings'!$B$22,IF(H14='Priority Ratings'!$C$23,'Priority Ratings'!$B$23,IF(H14='Priority Ratings'!$C$24,'Priority Ratings'!$B$24,IF(H14='Priority Ratings'!$C$25,'Priority Ratings'!$B$25,IF(H14='Priority Ratings'!$C$26,'Priority Ratings'!$B$26,IF(H14='Priority Ratings'!$C$27,'Priority Ratings'!$B$27,\"No Rating\")))))))","v":6},0.10909090909090909,"100%: Fully comply with requirement (Out of the box function with minor re-configuration) \n50%:   Partially comply, will require major configuration.\n0%:     No compliance/require development and/or customisation.",0,0]
[7,"Meeting the Scope of Work Required","How well has the Tenderer described how scope requirements will be met?  Do they understand what needs to be done?  List concerns in Comments.","General","Can your product ensure that all data required is localised and should reside in Eskom?",null,null,"Very Important",{"$f":"IF(H15='Priority Ratings'!$C$21,'Priority Ratings'!$B$21, IF(H15='Priority Ratings'!$C$22,'Priority Ratings'!$B$22,IF(H15='Priority Ratings'!$C$23,'Priority Ratings'!$B$23,IF(H15='Priority Ratings'!$C$24,'Priority Ratings'!$B$24,IF(H15='Priority Ratings'!$C$25,'Priority Ratings'!$B$25,IF(H15='Priority Ratings'!$C$26,'Priority Ratings'!$B$26,IF(H15='Priority Ratings'!$C$27,'Priority Ratings'!$B$27,\"No Rating\")))))))","v":4},7.2727272727272724E-2,"100%: Fully comply with requirement (Out of the box function with minor re-configuration) \n50%:   Partially comply, will require major configuration.\n0%:     No compliance/require development and/or customisation.",0,0]
[8,"Meeting the Scope of Work Required","How well has the Tenderer described how scope requirements will be met?  Do they understand what needs to be done?  List concerns in Comments.","General","What is your product lifecycle strategy taking past and planned versions into consideration, including new functional capability?",null,null,"Show stopper",{"$f":"IF(H16='Priority Ratings'!$C$21,'Priority Ratings'!$B$21, IF(H16='Priority Ratings'!$C$22,'Priority Ratings'!$B$22,IF(H16='Priority Ratings'!$C$23,'Priority Ratings'!$B$23,IF(H16='Priority Ratings'!$C$24,'Priority Ratings'!$B$24,IF(H16='Priority Ratings'!$C$25,'Priority Ratings'!$B$25,IF(H16='Priority Ratings'!$C$26,'Priority Ratings'!$B$26,IF(H16='Priority Ratings'!$C$27,'Priority Ratings'!$B$27,\"No Rating\")))))))","v":6},0.10909090909090909,"100%: Fully comply with requirement (Out of the box function with minor re-configuration) \n50%:   Partially comply, will require major configuration.\n0%:     No compliance/require development and/or customisation.",0,0]
[9,"Meeting the Scope of Work Required","How well has the Tenderer described how scope requirements will be met?  Do they understand what needs to be done?  List concerns in Comments.","General","Can your product offering be implemented centrally or in a decentralized platform?",null,null,"Important",{"$f":"IF(H17='Priority Ratings'!$C$21,'Priority Ratings'!$B$21, IF(H17='Priority Ratings'!$C$22,'Priority Ratings'!$B$22,IF(H17='Priority Ratings'!$C$23,'Priority Ratings'!$B$23,IF(H17='Priority Ratings'!$C$24,'Priority Ratings'!$B$24,IF(H17='Priority Ratings'!$C$25,'Priority Ratings'!$B$25,IF(H17='Priority Ratings'!$C$26,'Priority Ratings'!$B$26,IF(H17='Priority Ratings'!$C$27,'Priority Ratings'!$B$27,\"No Rating\")))))))","v":3},5.4545454545454543E-2,"100%: Fully comply with requirement (Out of the box function with minor re-configuration) \n50%:   Partially comply, will require major configuration.\n0%:     No compliance/require development and/or customisation.",0,0]
[10,"Meeting the Scope of Work Required","How well has the Tenderer described how scope requirements will be met?  Do they understand what needs to be done?  List concerns in Comments.","General","Is your product web based and can access any site or location from any end-point?",null,null,"Important",{"$f":"IF(H18='Priority Ratings'!$C$21,'Priority Ratings'!$B$21, IF(H18='Priority Ratings'!$C$22,'Priority Ratings'!$B$22,IF(H18='Priority Ratings'!$C$23,'Priority Ratings'!$B$23,IF(H18='Priority Ratings'!$C$24,'Priority Ratings'!$B$24,IF(H18='Priority Ratings'!$C$25,'Priority Ratings'!$B$25,IF(H18='Priority Ratings'!$C$26,'Priority Ratings'!$B$26,IF(H18='Priority Ratings'!$C$27,'Priority Ratings'!$B$27,\"No Rating\")))))))","v":3},5.4545454545454543E-2,"100%: Fully comply with requirement (Out of the box function with minor re-configuration) \n50%:   Partially comply, will require major configuration.\n0%:     No compliance/require development and/or customisation.",0,0]
[11,"Meeting the Scope of Work Required","How well has the Tenderer described how scope requirements will be met?  Do they understand what needs to be done?  List concerns in Comments.","General","Can the client software be customized to suit the end user's needs, depending on the role and function of the end user e.g. assign a profile or license to certain end-points",null,null,"Show stopper",{"$f":"IF(H19='Priority Ratings'!$C$21,'Priority Ratings'!$B$21, IF(H19='Priority Ratings'!$C$22,'Priority Ratings'!$B$22,IF(H19='Priority Ratings'!$C$23,'Priority Ratings'!$B$23,IF(H19='Priority Ratings'!$C$24,'Priority Ratings'!$B$24,IF(H19='Priority Ratings'!$C$25,'Priority Ratings'!$B$25,IF(H19='Priority Ratings'!$C$26,'Priority Ratings'!$B$26,IF(H19='Priority Ratings'!$C$27,'Priority Ratings'!$B$27,\"No Rating\")))))))","v":6},0.10909090909090909,"100%: Fully comply with requirement (Out of the box function with minor re-configuration) \n50%:   Partially comply, will require major configuration.\n0%:     No compliance/require development and/or customisation.",0,0]
[12,"Meeting the Scope of Work Required","How well has the Tenderer described how scope requirements will be met?  Do they understand what needs to be done?  List concerns in Comments.","General","Do you have resources with experience to implement and migrate from an existing PSST/PSMT system to an Enterprise PSST/PSMT system including migration of legacy data?",null,null,"Show stopper",{"$f":"IF(H20='Priority Ratings'!$C$21,'Priority Ratings'!$B$21, IF(H20='Priority Ratings'!$C$22,'Priority Ratings'!$B$22,IF(H20='Priority Ratings'!$C$23,'Priority Ratings'!$B$23,IF(H20='Priority Ratings'!$C$24,'Priority Ratings'!$B$24,IF(H20='Priority Ratings'!$C$25,'Priority Ratings'!$B$25,IF(H20='Priority Ratings'!$C$26,'Priority Ratings'!$B$26,IF(H20='Priority Ratings'!$C$27,'Priority Ratings'!$B$27,\"No Rating\")))))))","v":6},0.10909090909090909,"100%: Fully comply with requirement (Out of the box function with minor re-configuration) \n50%:   Partially comply, will require major configuration.\n0%:     No compliance/require development and/or customisation.",0,0]
[13,"Meeting the Scope of Work Required","System perfomance at acceptible levels",null,"Please provide perfomance testing results in terms of:\nWhat is the Average Hits per second for a 500 concurrent user test?",null,null,"Show stopper",{"$f":"IF(H21='Priority Ratings'!$C$21,'Priority Ratings'!$B$21, IF(H21='Priority Ratings'!$C$22,'Priority Ratings'!$B$22,IF(H21='Priority Ratings'!$C$23,'Priority Ratings'!$B$23,IF(H21='Priority Ratings'!$C$24,'Priority Ratings'!$B$24,IF(H21='Priority Ratings'!$C$25,'Priority Ratings'!$B$25,IF(H21='Priority Ratings'!$C$26,'Priority Ratings'!$B$26,IF(H21='Priority Ratings'!$C$27,'Priority Ratings'!$B$27,\"No Rating\")))))))","v":6},{"$f":"I21/I$27","v":0.10909090909090909},"100%: Fully comply with requirement (>114 Hits/sec)\n50%:   Partially comply(<50 Hits/sec)(Report received but performance too slow)\n0%:     No report",0,0]
[14,"Meeting the Scope of Work Required","System perfomance at acceptible levels",null,"Please provide perfomance testing results in terms of: \nHow many concurrent users can the system handle?",null,null,"Show stopper",{"$f":"IF(H22='Priority Ratings'!$C$21,'Priority Ratings'!$B$21, IF(H22='Priority Ratings'!$C$22,'Priority Ratings'!$B$22,IF(H22='Priority Ratings'!$C$23,'Priority Ratings'!$B$23,IF(H22='Priority Ratings'!$C$24,'Priority Ratings'!$B$24,IF(H22='Priority Ratings'!$C$25,'Priority Ratings'!$B$25,IF(H22='Priority Ratings'!$C$26,'Priority Ratings'!$B$26,IF(H22='Priority Ratings'!$C$27,'Priority Ratings'!$B$27,\"No Rating\")))))))","v":6},0.10909090909090909,"100%: Fully comply with requirement (>500)\n50%:   Partially comply(<500)(Report received but performance too slow)\n0%:     No report",0,0]
[15,"Meeting the Scope of Work Required","System perfomance at acceptible levels",null,"Please provide perfomance testing results in terms of: \nWhat is the 90 Percentile Transaction response time for a 500 concurrent user test?",null,null,"Show stopper",{"$f":"IF(H23='Priority Ratings'!$C$21,'Priority Ratings'!$B$21, IF(H23='Priority Ratings'!$C$22,'Priority Ratings'!$B$22,IF(H23='Priority Ratings'!$C$23,'Priority Ratings'!$B$23,IF(H23='Priority Ratings'!$C$24,'Priority Ratings'!$B$24,IF(H23='Priority Ratings'!$C$25,'Priority Ratings'!$B$25,IF(H23='Priority Ratings'!$C$26,'Priority Ratings'!$B$26,IF(H23='Priority Ratings'!$C$27,'Priority Ratings'!$B$27,\"No Rating\")))))))","v":6},0.10909090909090909,"100%: Fully comply with requirement (>500) 50%: \n 50%:   Partially comply (>4 seconds)(Report received but performance too slow)\n0%:     No report",0,0]
[16,"Meeting the Scope of Work Required","System perfomance at acceptible levels",null,"What is the 90 Percentile Transaction response time for a 500 concurrent user test?",null,null,"Show stopper",{"$f":"IF(H24='Priority Ratings'!$C$21,'Priority Ratings'!$B$21, IF(H24='Priority Ratings'!$C$22,'Priority Ratings'!$B$22,IF(H24='Priority Ratings'!$C$23,'Priority Ratings'!$B$23,IF(H24='Priority Ratings'!$C$24,'Priority Ratings'!$B$24,IF(H24='Priority Ratings'!$C$25,'Priority Ratings'!$B$25,IF(H24='Priority Ratings'!$C$26,'Priority Ratings'!$B$26,IF(H24='Priority Ratings'!$C$27,'Priority Ratings'!$B$27,\"No Rating\")))))))","v":6},0.10909090909090909,"\n100%: Fully comply with requirement (>500)\n50%:   Partially comply (<100000)(Report received but performance too slow)\n0%:     No report",0,0]
[17,"Meeting the Scope of Work Required","System perfomance at acceptible levels",null,"Please provide perfomance testing results in terms of: \nWhat is the Average Throughput bytes per second for a 500 concurrent user test?",null,null,"Show stopper",{"$f":"IF(H25='Priority Ratings'!$C$21,'Priority Ratings'!$B$21, IF(H25='Priority Ratings'!$C$22,'Priority Ratings'!$B$22,IF(H25='Priority Ratings'!$C$23,'Priority Ratings'!$B$23,IF(H25='Priority Ratings'!$C$24,'Priority Ratings'!$B$24,IF(H25='Priority Ratings'!$C$25,'Priority Ratings'!$B$25,IF(H25='Priority Ratings'!$C$26,'Priority Ratings'!$B$26,IF(H25='Priority Ratings'!$C$27,'Priority Ratings'!$B$27,\"No Rating\")))))))","v":6},0.10909090909090909,"100%: Fully comply with requirement (>500)Average Throughput of 142000 bytes or more per second for a 500 concurrent user test\n50%: System performs at 50% acceptible levels \n0%:     No report",0,0]
[]
[null,null,null,null,null,null,"Totals",null,{"$f":"SUM(I9:I20)","v":55},{"$f":"SUM(J9:J20)","v":1},null,null,{"$f":"SUM(M9:M20)","v":0}]

{"sheet":"Technical","index":17,"n_rows":41,"n_cols":14,"rows_kept":41,"cut":false,"hidden":false,"merged":[[5,0,5,2],[3,0,3,2],[2,0,2,2],[1,0,1,2],[0,0,0,2],[4,0,4,2],[6,13,7,13],[22,0,23,0],[22,1,23,1],[22,2,23,2],[22,3,23,3]]}
["PSST and PSMT"]
["CORP xxxx Tender",null,null,null,null,null,null,null,null,null,null,"Scoring (Sliding scale)"]
["Tenderer:",null,null,null,null,null,null,null,null,null,null,"100% - Fully compliant"]
["Evaluated by:",null,null,null,null,null,null,null,null,null,null,"50%-Partially compliant"]
[null,null,null,null,null,null,null,null,null,null,null,"0%-Non compliance"]
["Evaluation Criteria"]
[null,null,null,null,null,"Vendor Compliance\nFull Compliance - Y\nPartial Compliance - P\nNon Compliance - N","Vendor to indicate any applicable comments based on Compliance","Priority\nRequirement priority as determined by Eskom","Weight\n(agreed by evaluation team members)",null,"Score\n(determined by each evaluation team member during evaluation. Will be averaged for final scores)","Score",null,"Comments (Internal) for scorer"]
["ID","Type","Criterion","Functional Requirement","Requirement description",null,"Comments","Priority Description","Priority\n","Weighted Question","Scoring","Answer\n(0,50,100%)","Weighted Answer"]
[1,"Meeting the Scope of Work Required","ApplicationArchitecture(AA)","Provide application architure with high-level block diagram","Describe your product’s application architecture, describing the different sub-modules and points of integration between them. Include all modules, indicating their different versions and the dependencies between them. Please include a high-level block diagram in your answer.",null,null,"Important",{"$f":"IF(H9='Priority Ratings'!$C$21,'Priority Ratings'!$B$21, IF(H9='Priority Ratings'!$C$22,'Priority Ratings'!$B$22,IF(H9='Priority Ratings'!$C$23,'Priority Ratings'!$B$23,IF(H9='Priority Ratings'!$C$24,'Priority Ratings'!$B$24,IF(H9='Priority Ratings'!$C$25,'Priority Ratings'!$B$25,IF(H9='Priority Ratings'!$C$26,'Priority Ratings'!$B$26,IF(H9='Priority Ratings'!$C$27,'Priority Ratings'!$B$27,\"No Rating\")))))))","v":3},{"$f":"I9/I41","v":2.4590163934426229E-2},"100%: Fully comply with requirement (Out of the box function with minor re-configuration) \n50%:   Partially comply, will require major configuration.\n0%:     No compliance/require development and/or customisation.",0,{"$f":"J9*L9","v":0}]
[2,"Meeting the Scope of Work Required","ApplicationArchitecture(AA)","Describe the nature of the tiering of the application architecture","Describe the nature of the tiering of the application architecture. Provide a graphical view of the tiering. e.g. 3 tier - data tier(db), business logic tier(application), presentation interface tier (client).",null,null,"Important",{"$f":"IF(H10='Priority Ratings'!$C$21,'Priority Ratings'!$B$21, IF(H10='Priority Ratings'!$C$22,'Priority Ratings'!$B$22,IF(H10='Priority Ratings'!$C$23,'Priority Ratings'!$B$23,IF(H10='Priority Ratings'!$C$24,'Priority Ratings'!$B$24,IF(H10='Priority Ratings'!$C$25,'Priority Ratings'!$B$25,IF(H10='Priority Ratings'!$C$26,'Priority Ratings'!$B$26,IF(H10='Priority Ratings'!$C$27,'Priority Ratings'!$B$27,\"No Rating\")))))))","v":3},{"$f":"I10/I41","v":2.4590163934426229E-2},"100%: Fully comply with requirement (Out of the box function with minor re-configuration) \n50%:   Partially comply, will require major configuration.\n0%:     No compliance/require development and/or customisation.",0,0]
[3,"Meeting the Scope of Work Required","ApplicationArchitecture(AA)","Is the product/solution “web-enabled” OR thick/thin client?","Describe the web and/or application server architecture of the solution.",null,null,"Very important",{"$f":"IF(H11='Priority Ratings'!$C$21,'Priority Ratings'!$B$21, IF(H11='Priority Ratings'!$C$22,'Priority Ratings'!$B$22,IF(H11='Priority Ratings'!$C$23,'Priority Ratings'!$B$23,IF(H11='Priority Ratings'!$C$24,'Priority Ratings'!$B$24,IF(H11='Priority Ratings'!$C$25,'Priority Ratings'!$B$25,IF(H11='Priority Ratings'!$C$26,'Priority Ratings'!$B$26,IF(H11='Priority Ratings'!$C$27,'Priority Ratings'!$B$27,\"No Rating\")))))))","v":4},{"$f":"I11/I41","v":3.2786885245901641E-2},"100%: Fully comply with requirement (Out of the box function with minor re-configuration) \n50%:   Partially comply, will require major configuration.\n0%:     No compliance/require development and/or customisation.",0,0]
[4,"Meeting the Scope of Work Required","ApplicationArchitecture(AA)","If Web-enabled"," ",null,null,"Very important",{"$f":"IF(H12='Priority Ratings'!$C$21,'Priority Ratings'!$B$21, IF(H12='Priority Ratings'!$C$22,'Priority Ratings'!$B$22,IF(H12='Priority Ratings'!$C$23,'Priority Ratings'!$B$23,IF(H12='Priority Ratings'!$C$24,'Priority Ratings'!$B$24,IF(H12='Priority Ratings'!$C$25,'Priority Ratings'!$B$25,IF(H12='Priority Ratings'!$C$26,'Priority Ratings'!$B$26,IF(H12='Priority Ratings'!$C$27,'Priority Ratings'!$B$27,\"No Rating\")))))))","v":4},{"$f":"I12/I41","v":3.2786885245901641E-2},"100%: Fully comply with requirement (Out of the box function with minor re-configuration) \n50%:   Partially comply, will require major configuration.\n0%:     No compliance/require development and/or customisation.",0,0]
[5,"Meeting the Scope of Work Required","ApplicationArchitecture(AA)","   Provide a detailed description of functionality that is available via the GUI, including protocols? "," ",null,null,"Very important",{"$f":"IF(H13='Priority Ratings'!$C$21,'Priority Ratings'!$B$21, IF(H13='Priority Ratings'!$C$22,'Priority Ratings'!$B$22,IF(H13='Priority Ratings'!$C$23,'Priority Ratings'!$B$23,IF(H13='Priority Ratings'!$C$24,'Priority Ratings'!$B$24,IF(H13='Priority Ratings'!$C$25,'Priority Ratings'!$B$25,IF(H13='Priority Ratings'!$C$26,'Priority Ratings'!$B$26,IF(H13='Priority Ratings'!$C$27,'Priority Ratings'!$B$27,\"No Rating\")))))))","v":4},{"$f":"I13/I41","v":3.2786885245901641E-2},"100%: Fully comply with requirement (Out of the box function with minor re-configuration) \n50%:   Partially comply, will require major configuration.\n0%:     No compliance/require development and/or customisation.",0,0]
[6,"Meeting the Scope of Work Required","ApplicationArchitecture(AA)","   What browser versions are supported by your solution/product (specify versions)? List all browser configuration settings required."," ",null,null,"Very important",{"$f":"IF(H14='Priority Ratings'!$C$21,'Priority Ratings'!$B$21, IF(H14='Priority Ratings'!$C$22,'Priority Ratings'!$B$22,IF(H14='Priority Ratings'!$C$23,'Priority Ratings'!$B$23,IF(H14='Priority Ratings'!$C$24,'Priority Ratings'!$B$24,IF(H14='Priority Ratings'!$C$25,'Priority Ratings'!$B$25,IF(H14='Priority Ratings'!$C$26,'Priority Ratings'!$B$26,IF(H14='Priority Ratings'!$C$27,'Priority Ratings'!$B$27,\"No Rating\")))))))","v":4},{"$f":"I14/I41","v":3.2786885245901641E-2},"100%: Fully comply with requirement (Out of the box function with minor re-configuration) \n50%:   Partially comply, will require major configuration.\n0%:     No compliance/require development and/or customisation.",0,0]
[7,"Meeting the Scope of Work Required","ApplicationArchitecture(AA)","   Are there any add-ons downloads required for the clinet, e.g Java, ActiveX, etc."," ",null,null,"Very important",{"$f":"IF(H15='Priority Ratings'!$C$21,'Priority Ratings'!$B$21, IF(H15='Priority Ratings'!$C$22,'Priority Ratings'!$B$22,IF(H15='Priority Ratings'!$C$23,'Priority Ratings'!$B$23,IF(H15='Priority Ratings'!$C$24,'Priority Ratings'!$B$24,IF(H15='Priority Ratings'!$C$25,'Priority Ratings'!$B$25,IF(H15='Priority Ratings'!$C$26,'Priority Ratings'!$B$26,IF(H15='Priority Ratings'!$C$27,'Priority Ratings'!$B$27,\"No Rating\")))))))","v":4},{"$f":"I15/I41","v":3.2786885245901641E-2},"100%: Fully comply with requirement (Out of the box function with minor re-configuration) \n50%:   Partially comply, will require major configuration.\n0%:     No compliance/require development and/or customisation.",0,0]
[8,"Meeting the Scope of Work Required","ApplicationArchitecture(AA)","Describe the extent to which the package can be tailored/extended.","Is this done via custom development or configuration? Include details of the specific functions and features, the level of skill and effort required, and the impact on upgrades.",null,"Totals","Very important",{"$f":"IF(H16='Priority Ratings'!$C$21,'Priority Ratings'!$B$21, IF(H16='Priority Ratings'!$C$22,'Priority Ratings'!$B$22,IF(H16='Priority Ratings'!$C$23,'Priority Ratings'!$B$23,IF(H16='Priority Ratings'!$C$24,'Priority Ratings'!$B$24,IF(H16='Priority Ratings'!$C$25,'Priority Ratings'!$B$25,IF(H16='Priority Ratings'!$C$26,'Priority Ratings'!$B$26,IF(H16='Priority Ratings'!$C$27,'Priority Ratings'!$B$27,\"No Rating\")))))))","v":4},{"$f":"I16/I41","v":3.2786885245901641E-2},"100%: Fully comply with requirement (Out of the box function with minor re-configuration) \n50%:   Partially comply, will require major configuration.\n0%:     No compliance/require development and/or customisation.",0,0]
[9,"Meeting the Scope of Work Required","ApplicationArchitecture(AA)","Does this solution has workflow.","Describe the role of any  workflow components in your solution. What standards are supported?",null,null,"Very important",{"$f":"IF(H17='Priority Ratings'!$C$21,'Priority Ratings'!$B$21, IF(H17='Priority Ratings'!$C$22,'Priority Ratings'!$B$22,IF(H17='Priority Ratings'!$C$23,'Priority Ratings'!$B$23,IF(H17='Priority Ratings'!$C$24,'Priority Ratings'!$B$24,IF(H17='Priority Ratings'!$C$25,'Priority Ratings'!$B$25,IF(H17='Priority Ratings'!$C$26,'Priority Ratings'!$B$26,IF(H17='Priority Ratings'!$C$27,'Priority Ratings'!$B$27,\"No Rating\")))))))","v":4},{"$f":"I17/I41","v":3.2786885245901641E-2},"100%: Fully comply with requirement (Out of the box function with minor re-configuration) \n50%:   Partially comply, will require major configuration.\n0%:     No compliance/require development and/or customisation.",0,0]
[10,"Meeting the Scope of Work Required","ApplicationArchitecture(AA)","Does your application implement a Services Oriented Architecture (SOA) in its solution? ","Describe the role of any orchestration or choreography component in your solution. ",null,null,"Very important",{"$f":"IF(H18='Priority Ratings'!$C$21,'Priority Ratings'!$B$21, IF(H18='Priority Ratings'!$C$22,'Priority Ratings'!$B$22,IF(H18='Priority Ratings'!$C$23,'Priority Ratings'!$B$23,IF(H18='Priority Ratings'!$C$24,'Priority Ratings'!$B$24,IF(H18='Priority Ratings'!$C$25,'Priority Ratings'!$B$25,IF(H18='Priority Ratings'!$C$26,'Priority Ratings'!$B$26,IF(H18='Priority Ratings'!$C$27,'Priority Ratings'!$B$27,\"No Rating\")))))))","v":4},{"$f":"I18/I41","v":3.2786885245901641E-2},"100%: Fully comply with requirement (Out of the box function with minor re-configuration) \n50%:   Partially comply, will require major configuration.\n0%:     No compliance/require development and/or customisation.",0,0]
[11,"Meeting the Scope of Work Required","DataArchitecture(DA)","Provide and describe data models used in your solution","Please include a high-level data model. Describe your product’s data architecture, describing the different data entities for the different modules.",null,null,"Very important",{"$f":"IF(H19='Priority Ratings'!$C$21,'Priority Ratings'!$B$21, IF(H19='Priority Ratings'!$C$22,'Priority Ratings'!$B$22,IF(H19='Priority Ratings'!$C$23,'Priority Ratings'!$B$23,IF(H19='Priority Ratings'!$C$24,'Priority Ratings'!$B$24,IF(H19='Priority Ratings'!$C$25,'Priority Ratings'!$B$25,IF(H19='Priority Ratings'!$C$26,'Priority Ratings'!$B$26,IF(H19='Priority Ratings'!$C$27,'Priority Ratings'!$B$27,\"No Rating\")))))))","v":4},{"$f":"I19/I41","v":3.2786885245901641E-2},"100%: Fully comply with requirement (Out of the box function with minor re-configuration) \n50%:   Partially comply, will require major configuration.\n0%:     No compliance/require development and/or customisation.",0,0]
[12,"Meeting the Scope of Work Required","DataArchitecture(DA)","Provide data exchanges required.","What data will you require from Eskom systems e.g. maintenance schedules, spartial data etc.? Please explain. What data will you be sending back to Eskom systems ? Please explain.",null,null,"Very important",{"$f":"IF(H20='Priority Ratings'!$C$21,'Priority Ratings'!$B$21, IF(H20='Priority Ratings'!$C$22,'Priority Ratings'!$B$22,IF(H20='Priority Ratings'!$C$23,'Priority Ratings'!$B$23,IF(H20='Priority Ratings'!$C$24,'Priority Ratings'!$B$24,IF(H20='Priority Ratings'!$C$25,'Priority Ratings'!$B$25,IF(H20='Priority Ratings'!$C$26,'Priority Ratings'!$B$26,IF(H20='Priority Ratings'!$C$27,'Priority Ratings'!$B$27,\"No Rating\")))))))","v":4},{"$f":"I20/I41","v":3.2786885245901641E-2},"100%: Fully comply with requirement (Out of the box function with minor re-configuration) \n50%:   Partially comply, will require major configuration.\n0%:     No compliance/require development and/or customisation.",0,0]
[13,"Meeting the Scope of Work Required","DataArchitecture(DA)","Data Security","Describe the mechanism for auditing data changes made by users. ",null,null,"Very important",{"$f":"IF(H21='Priority Ratings'!$C$21,'Priority Ratings'!$B$21, IF(H21='Priority Ratings'!$C$22,'Priority Ratings'!$B$22,IF(H21='Priority Ratings'!$C$23,'Priority Ratings'!$B$23,IF(H21='Priority Ratings'!$C$24,'Priority Ratings'!$B$24,IF(H21='Priority Ratings'!$C$25,'Priority Ratings'!$B$25,IF(H21='Priority Ratings'!$C$26,'Priority Ratings'!$B$26,IF(H21='Priority Ratings'!$C$27,'Priority Ratings'!$B$27,\"No Rating\")))))))","v":4},{"$f":"I21/I41","v":3.2786885245901641E-2},"100%: Fully comply with requirement (Out of the box function with minor re-configuration) \n50%:   Partially comply, will require major configuration.\n0%:     No compliance/require development and/or customisation.",0,0]
[14,"Meeting the Scope of Work Required","TechnicalArchitecture(TA)","Can your application run on Virtual Machine. Specify your product’s technical architecture minimum and recommended hardware requirements.","Can your application run on Virtual Machine. Provide high-level block diagram of hosting environment for the application. Describe your product’s technical architecture minimum requirements, including all components such as Application Servers, Database Servers, Firewalls, Networks, and quantities.",null,null,"Very important",{"$f":"IF(H22='Priority Ratings'!$C$21,'Priority Ratings'!$B$21, IF(H22='Priority Ratings'!$C$22,'Priority Ratings'!$B$22,IF(H22='Priority Ratings'!$C$23,'Priority Ratings'!$B$23,IF(H22='Priority Ratings'!$C$24,'Priority Ratings'!$B$24,IF(H22='Priority Ratings'!$C$25,'Priority Ratings'!$B$25,IF(H22='Priority Ratings'!$C$26,'Priority Ratings'!$B$26,IF(H22='Priority Ratings'!$C$27,'Priority Ratings'!$B$27,\"No Rating\")))))))","v":4},{"$f":"I22/I41","v":3.2786885245901641E-2},"100%: Fully comply with requirement (Out of the box function with minor re-configuration) \n50%:   Partially comply, will require major configuration.\n0%:     No compliance/require development and/or customisation.",0,0]
[15,"Meeting the Scope of Work Required","TechnicalArchitecture(TA)","Specify supported O.S and DB platforms.","List the combinations of operating systems (specify versions) and server hardware platforms that have been tested and certified with this product/solution (include test results)? Specify preferences (e.g. OS/390 on IBM S/390, HP-UX on HP9000, Windows on DEC, etc.) (Preferrence will be to Eskom standards).",null,null,"Very important",{"$f":"IF(H23='Priority Ratings'!$C$21,'Priority Ratings'!$B$21, IF(H23='Priority Ratings'!$C$22,'Priority Ratings'!$B$22,IF(H23='Priority Ratings'!$C$23,'Priority Ratings'!$B$23,IF(H23='Priority Ratings'!$C$24,'Priority Ratings'!$B$24,IF(H23='Priority Ratings'!$C$25,'Priority Ratings'!$B$25,IF(H23='Priority Ratings'!$C$26,'Priority Ratings'!$B$26,IF(H23='Priority Ratings'!$C$27,'Priority Ratings'!$B$27,\"No Rating\")))))))","v":4},{"$f":"I23/I41","v":3.2786885245901641E-2},"100%: Fully comply with requirement (Out of the box function with minor re-configuration) \n50%:   Partially comply, will require major configuration.\n0%:     No compliance/require development and/or customisation.",0,0]
[null,null,null,null,"Indicate the database management systems on which your package can be implemented. Indicate the versions supported as well as the OS. (Preferrence will be to Eskom standards)",null,null,"Very important",{"$f":"IF(H24='Priority Ratings'!$C$21,'Priority Ratings'!$B$21, IF(H24='Priority Ratings'!$C$22,'Priority Ratings'!$B$22,IF(H24='Priority Ratings'!$C$23,'Priority Ratings'!$B$23,IF(H24='Priority Ratings'!$C$24,'Priority Ratings'!$B$24,IF(H24='Priority Ratings'!$C$25,'Priority Ratings'!$B$25,IF(H24='Priority Ratings'!$C$26,'Priority Ratings'!$B$26,IF(H24='Priority Ratings'!$C$27,'Priority Ratings'!$B$27,\"No Rating\")))))))","v":4},{"$f":"I24/I41","v":3.2786885245901641E-2},"100%: Fully comply with requirement (Out of the box function with minor re-configuration) \n50%:   Partially comply, will require major configuration.\n0%:     No compliance/require development and/or customisation.",0,0]
[16,"Meeting the Scope of Work Required","TA-NetworkingRequirements","Describe the ports and protocol used by the application.","Describe the protocol/ports used by the application tier to access the database. Specify in detail.",null,null,"Very important",{"$f":"IF(H25='Priority Ratings'!$C$21,'Priority Ratings'!$B$21, IF(H25='Priority Ratings'!$C$22,'Priority Ratings'!$B$22,IF(H25='Priority Ratings'!$C$23,'Priority Ratings'!$B$23,IF(H25='Priority Ratings'!$C$24,'Priority Ratings'!$B$24,IF(H25='Priority Ratings'!$C$25,'Priority Ratings'!$B$25,IF(H25='Priority Ratings'!$C$26,'Priority Ratings'!$B$26,IF(H25='Priority Ratings'!$C$27,'Priority Ratings'!$B$27,\"No Rating\")))))))","v":4},{"$f":"I25/I41","v":3.2786885245901641E-2},"100%: Fully comply with requirement (Out of the box function with minor re-configuration) \n50%:   Partially comply, will require major configuration.\n0%:     No compliance/require development and/or customisation.",0,0]
[17,"Meeting the Scope of Work Required","TA-NetworkingRequirements","Bandwidth utilisation/Required bandwidth","What minimum network infrastructure (bandwidth requirements) will be needed for the product/solution?",null,null,"Very important",{"$f":"IF(H26='Priority Ratings'!$C$21,'Priority Ratings'!$B$21, IF(H26='Priority Ratings'!$C$22,'Priority Ratings'!$B$22,IF(H26='Priority Ratings'!$C$23,'Priority Ratings'!$B$23,IF(H26='Priority Ratings'!$C$24,'Priority Ratings'!$B$24,IF(H26='Priority Ratings'!$C$25,'Priority Ratings'!$B$25,IF(H26='Priority Ratings'!$C$26,'Priority Ratings'!$B$26,IF(H26='Priority Ratings'!$C$27,'Priority Ratings'!$B$27,\"No Rating\")))))))","v":4},{"$f":"I26/I41","v":3.2786885245901641E-2},"100%: Fully comply with requirement (Out of the box function with minor re-configuration) \n50%:   Partially comply, will require major configuration.\n0%:     No compliance/require development and/or customisation.",0,0]
[18,"Meeting the Scope of Work Required","TA-NetworkingRequirements","Traffic size","What are the average packet sizes of the application transactions across the wide area network? List all transactions and packet sizes.",null,null,"Very important",{"$f":"IF(H27='Priority Ratings'!$C$21,'Priority Ratings'!$B$21, IF(H27='Priority Ratings'!$C$22,'Priority Ratings'!$B$22,IF(H27='Priority Ratings'!$C$23,'Priority Ratings'!$B$23,IF(H27='Priority Ratings'!$C$24,'Priority Ratings'!$B$24,IF(H27='Priority Ratings'!$C$25,'Priority Ratings'!$B$25,IF(H27='Priority Ratings'!$C$26,'Priority Ratings'!$B$26,IF(H27='Priority Ratings'!$C$27,'Priority Ratings'!$B$27,\"No Rating\")))))))","v":4},{"$f":"I27/I41","v":3.2786885245901641E-2},"100%: Fully comply with requirement (Out of the box function with minor re-configuration) \n50%:   Partially comply, will require major configuration.\n0%:     No compliance/require development and/or customisation.",0,0]
[19,"Meeting the Scope of Work Required","TA-Scalability&Perfomance","Supports standard products to monitor system ","Indicate whether the solution provides or supports standard products to monitor system performance.  Describe the tools used and the process followed to tune the performance across all tiers. ",null,null,"Very important",{"$f":"IF(H28='Priority Ratings'!$C$21,'Priority Ratings'!$B$21, IF(H28='Priority Ratings'!$C$22,'Priority Ratings'!$B$22,IF(H28='Priority Ratings'!$C$23,'Priority Ratings'!$B$23,IF(H28='Priority Ratings'!$C$24,'Priority Ratings'!$B$24,IF(H28='Priority Ratings'!$C$25,'Priority Ratings'!$B$25,IF(H28='Priority Ratings'!$C$26,'Priority Ratings'!$B$26,IF(H28='Priority Ratings'!$C$27,'Priority Ratings'!$B$27,\"No Rating\")))))))","v":4},{"$f":"I28/I41","v":3.2786885245901641E-2},"100%: Fully comply with requirement (Out of the box function with minor re-configuration) \n50%:   Partially comply, will require major configuration.\n0%:     No compliance/require development and/or customisation.",0,0]
[20,"Meeting the Scope of Work Required","TA-Scalability&Perfomance","Ability to handle concurrent users","What capacity in terms of concurrent users and servers, has your solution been designed for AND tested for in an environment where users are accessing the system via a WAN (wide area network) or LAN? Please refer to figures from current installations, including response times and traffic impact. Please provide test reports to validate.",null,null,"Very important",{"$f":"IF(H29='Priority Ratings'!$C$21,'Priority Ratings'!$B$21, IF(H29='Priority Ratings'!$C$22,'Priority Ratings'!$B$22,IF(H29='Priority Ratings'!$C$23,'Priority Ratings'!$B$23,IF(H29='Priority Ratings'!$C$24,'Priority Ratings'!$B$24,IF(H29='Priority Ratings'!$C$25,'Priority Ratings'!$B$25,IF(H29='Priority Ratings'!$C$26,'Priority Ratings'!$B$26,IF(H29='Priority Ratings'!$C$27,'Priority Ratings'!$B$27,\"No Rating\")))))))","v":4},{"$f":"I29/I41","v":3.2786885245901641E-2},"100%: Fully comply with requirement (Out of the box function with minor re-configuration) \n50%:   Partially comply, will require major configuration.\n0%:     No compliance/require development and/or customisation.",0,0]
[21,"Meeting the Scope of Work Required","TA-Scalability&Perfomance","Does your solution implement a load-balancing scheme?","If so, please describe which tier and the nature of possible implementation.",null,null,"Very important",{"$f":"IF(H30='Priority Ratings'!$C$21,'Priority Ratings'!$B$21, IF(H30='Priority Ratings'!$C$22,'Priority Ratings'!$B$22,IF(H30='Priority Ratings'!$C$23,'Priority Ratings'!$B$23,IF(H30='Priority Ratings'!$C$24,'Priority Ratings'!$B$24,IF(H30='Priority Ratings'!$C$25,'Priority Ratings'!$B$25,IF(H30='Priority Ratings'!$C$26,'Priority Ratings'!$B$26,IF(H30='Priority Ratings'!$C$27,'Priority Ratings'!$B$27,\"No Rating\")))))))","v":4},{"$f":"I30/I41","v":3.2786885245901641E-2},"100%: Fully comply with requirement (Out of the box function with minor re-configuration) \n50%:   Partially comply, will require major configuration.\n0%:     No compliance/require development and/or customisation.",0,0]
[22,"Meeting the Scope of Work Required","TA-Operations","Advise of training that will be provided to users.","Advise of training that will be provided to users.",null,null,"Very important",{"$f":"IF(H31='Priority Ratings'!$C$21,'Priority Ratings'!$B$21, IF(H31='Priority Ratings'!$C$22,'Priority Ratings'!$B$22,IF(H31='Priority Ratings'!$C$23,'Priority Ratings'!$B$23,IF(H31='Priority Ratings'!$C$24,'Priority Ratings'!$B$24,IF(H31='Priority Ratings'!$C$25,'Priority Ratings'!$B$25,IF(H31='Priority Ratings'!$C$26,'Priority Ratings'!$B$26,IF(H31='Priority Ratings'!$C$27,'Priority Ratings'!$B$27,\"No Rating\")))))))","v":4},{"$f":"I31/I41","v":3.2786885245901641E-2},"100%: Fully comply with requirement (Out of the box function with minor re-configuration) \n50%:   Partially comply, will require major configuration.\n0%:     No compliance/require development and/or customisation.",0,0]
[23,"Meeting the Scope of Work Required","TA-Operations","Licensing Model","License fees, Licensing Model, Annual maintenance fees.",null,null,"Very important",{"$f":"IF(H32='Priority Ratings'!$C$21,'Priority Ratings'!$B$21, IF(H32='Priority Ratings'!$C$22,'Priority Ratings'!$B$22,IF(H32='Priority Ratings'!$C$23,'Priority Ratings'!$B$23,IF(H32='Priority Ratings'!$C$24,'Priority Ratings'!$B$24,IF(H32='Priority Ratings'!$C$25,'Priority Ratings'!$B$25,IF(H32='Priority Ratings'!$C$26,'Priority Ratings'!$B$26,IF(H32='Priority Ratings'!$C$27,'Priority Ratings'!$B$27,\"No Rating\")))))))","v":4},{"$f":"I32/I41","v":3.2786885245901641E-2},"100%: Fully comply with requirement (Out of the box function with minor re-configuration) \n50%:   Partially comply, will require major configuration.\n0%:     No compliance/require development and/or customisation.",0,0]
[24,"Meeting the Scope of Work Required","TA-Operations","Discuss the mechanism for upgrading software on the client workstation(s).","For example, automated downloads or notification for downloading new release on to the client.",null,null,"Very important",{"$f":"IF(H33='Priority Ratings'!$C$21,'Priority Ratings'!$B$21, IF(H33='Priority Ratings'!$C$22,'Priority Ratings'!$B$22,IF(H33='Priority Ratings'!$C$23,'Priority Ratings'!$B$23,IF(H33='Priority Ratings'!$C$24,'Priority Ratings'!$B$24,IF(H33='Priority Ratings'!$C$25,'Priority Ratings'!$B$25,IF(H33='Priority Ratings'!$C$26,'Priority Ratings'!$B$26,IF(H33='Priority Ratings'!$C$27,'Priority Ratings'!$B$27,\"No Rating\")))))))","v":4},{"$f":"I33/I41","v":3.2786885245901641E-2},"100%: Fully comply with requirement (Out of the box function with minor re-configuration) \n50%:   Partially comply, will require major configuration.\n0%:     No compliance/require development and/or customisation.",0,0]
[25,"Meeting the Scope of Work Required","TA-Operations","Advise if IP(intellectual property) will be given to Eskom.","Indicate whether source code will be provided to Eskom. Explain the process for requesting application modifications based on core code.",null,null,"Very important",{"$f":"IF(H34='Priority Ratings'!$C$21,'Priority Ratings'!$B$21, IF(H34='Priority Ratings'!$C$22,'Priority Ratings'!$B$22,IF(H34='Priority Ratings'!$C$23,'Priority Ratings'!$B$23,IF(H34='Priority Ratings'!$C$24,'Priority Ratings'!$B$24,IF(H34='Priority Ratings'!$C$25,'Priority Ratings'!$B$25,IF(H34='Priority Ratings'!$C$26,'Priority Ratings'!$B$26,IF(H34='Priority Ratings'!$C$27,'Priority Ratings'!$B$27,\"No Rating\")))))))","v":4},{"$f":"I34/I41","v":3.2786885245901641E-2},"100%: Fully comply with requirement (Out of the box function with minor re-configuration) \n50%:   Partially comply, will require major configuration.\n0%:     No compliance/require development and/or customisation.",0,0]
[26,"Meeting the Scope of Work Required","TA-Operations","Indicate the support timeframes for superseded versions of dependent software.","Describe how your organisation's release strategies are integrated with those vendors of software upon which you are dependent (e.g. DBMS, workstation operating system, etc). ",null,null,"Very important",{"$f":"IF(H35='Priority Ratings'!$C$21,'Priority Ratings'!$B$21, IF(H35='Priority Ratings'!$C$22,'Priority Ratings'!$B$22,IF(H35='Priority Ratings'!$C$23,'Priority Ratings'!$B$23,IF(H35='Priority Ratings'!$C$24,'Priority Ratings'!$B$24,IF(H35='Priority Ratings'!$C$25,'Priority Ratings'!$B$25,IF(H35='Priority Ratings'!$C$26,'Priority Ratings'!$B$26,IF(H35='Priority Ratings'!$C$27,'Priority Ratings'!$B$27,\"No Rating\")))))))","v":4},{"$f":"I35/I41","v":3.2786885245901641E-2},"100%: Fully comply with requirement (Out of the box function with minor re-configuration) \n50%:   Partially comply, will require major configuration.\n0%:     No compliance/require development and/or customisation.",0,0]
[27,"Meeting the Scope of Work Required","TA-Operations","Remote support","Can the solution be administered both remotely and centrally.  Please explain",null,null,"Very important",{"$f":"IF(H36='Priority Ratings'!$C$21,'Priority Ratings'!$B$21, IF(H36='Priority Ratings'!$C$22,'Priority Ratings'!$B$22,IF(H36='Priority Ratings'!$C$23,'Priority Ratings'!$B$23,IF(H36='Priority Ratings'!$C$24,'Priority Ratings'!$B$24,IF(H36='Priority Ratings'!$C$25,'Priority Ratings'!$B$25,IF(H36='Priority Ratings'!$C$26,'Priority Ratings'!$B$26,IF(H36='Priority Ratings'!$C$27,'Priority Ratings'!$B$27,\"No Rating\")))))))","v":4},{"$f":"I36/I41","v":3.2786885245901641E-2},"100%: Fully comply with requirement (Out of the box function with minor re-configuration) \n50%:   Partially comply, will require major configuration.\n0%:     No compliance/require development and/or customisation.",0,0]
[28,"Meeting the Scope of Work Required","TA-DR","Disaster Recovery","Describe provision of DR Solution",null,null,"Very important",{"$f":"IF(H37='Priority Ratings'!$C$21,'Priority Ratings'!$B$21, IF(H37='Priority Ratings'!$C$22,'Priority Ratings'!$B$22,IF(H37='Priority Ratings'!$C$23,'Priority Ratings'!$B$23,IF(H37='Priority Ratings'!$C$24,'Priority Ratings'!$B$24,IF(H37='Priority Ratings'!$C$25,'Priority Ratings'!$B$25,IF(H37='Priority Ratings'!$C$26,'Priority Ratings'!$B$26,IF(H37='Priority Ratings'!$C$27,'Priority Ratings'!$B$27,\"No Rating\")))))))","v":4},{"$f":"I37/I41","v":3.2786885245901641E-2},"100%: Fully comply with requirement (Out of the box function with minor re-configuration) \n50%:   Partially comply, will require major configuration.\n0%:     No compliance/require development and/or customisation.",0,0]
[29,"Meeting the Scope of Work Required","TA-Licensing","Licensing ","Describe licensing model of the solution. Provision of the necessary software licences with maintenance & support for minimum 5 years",null,null,"Very important",{"$f":"IF(H38='Priority Ratings'!$C$21,'Priority Ratings'!$B$21, IF(H38='Priority Ratings'!$C$22,'Priority Ratings'!$B$22,IF(H38='Priority Ratings'!$C$23,'Priority Ratings'!$B$23,IF(H38='Priority Ratings'!$C$24,'Priority Ratings'!$B$24,IF(H38='Priority Ratings'!$C$25,'Priority Ratings'!$B$25,IF(H38='Priority Ratings'!$C$26,'Priority Ratings'!$B$26,IF(H38='Priority Ratings'!$C$27,'Priority Ratings'!$B$27,\"No Rating\")))))))","v":4},{"$f":"I38/I41","v":3.2786885245901641E-2},"100%: Fully comply with requirement (Out of the box function with minor re-configuration) \n50%:   Partially comply, will require major configuration.\n0%:     No compliance/require development and/or customisation.",0,0]
[30,"Meeting the Scope of Work Required","TA-Training","Training","Describe training method, preference to be conducted in South Africa. ",null,null,"Very important",{"$f":"IF(H39='Priority Ratings'!$C$21,'Priority Ratings'!$B$21, IF(H39='Priority Ratings'!$C$22,'Priority Ratings'!$B$22,IF(H39='Priority Ratings'!$C$23,'Priority Ratings'!$B$23,IF(H39='Priority Ratings'!$C$24,'Priority Ratings'!$B$24,IF(H39='Priority Ratings'!$C$25,'Priority Ratings'!$B$25,IF(H39='Priority Ratings'!$C$26,'Priority Ratings'!$B$26,IF(H39='Priority Ratings'!$C$27,'Priority Ratings'!$B$27,\"No Rating\")))))))","v":4},{"$f":"I39/I41","v":3.2786885245901641E-2},"100%: Fully comply with requirement (Out of the box function with minor re-configuration) \n50%:   Partially comply, will require major configuration.\n0%:     No compliance/require development and/or customisation.",0,0]
[]
[null,null,null,null,null,null,"Total",null,{"$f":"SUM(I9:I39)","v":122},{"$f":"SUM(J9:J39)","v":1.0000000000000004},null,null,{"$f":"SUM(M9:M40)","v":0}]

{"sheet":"Security","index":18,"n_rows":23,"n_cols":14,"rows_kept":23,"cut":false,"hidden":false,"merged":[[0,0,0,1],[4,0,4,1],[6,13,7,13],[3,0,3,1],[5,0,5,1],[2,0,2,1],[1,0,1,1]]}
["PSST and PSMT"]
["CORP xxxx Tender",null,null,null,null,null,null,null,null,null,null,"Scoring (Sliding scale)"]
["Tenderer:",null,null,null,null,null,null,null,null,null,null,"100% - Fully compliant"]
["Evaluated by:",null,null,null,null,null,null,null,null,null,null,"50%-Partially compliant"]
[null,null,null,null,null,null,null,null,null,null,null,"0%-Non compliance"]
["Evaluation Criteria"]
[null,null,null,null,null,"Vendor Compliance\nFull Compliance - Y\nPartial Compliance - P\nNon Compliance - N","Vendor to indicate any applicable comments based on Compliance","Priority\nRequirement priority as determined by Eskom","Weight\n(agreed by evaluation team members)",null,"Score\n(determined by each evaluation team member during evaluation. Will be averaged for final scores)","Score",null,"Comments (Internal) for scorer"]
["ID","Type","Functional Requirement","Requirement description","Mandatory Returnables - Evidence below to be provided in the technical file and numbered to align with each criteria question. ",null,"Comments","Priority Description","Priority\n","Weighted Question","Scoring","Answer\n(0,50,100%)","Weighted Answer"]
[1,"Meeting the Scope of Work Required","Information Security","ISO Certifications\nThe Tenderer shall have a valid ISO27001 certificate","The Tenderer is required to submit a valid ISO 27001 certificate.",null,null,"Show stopper",{"$f":"IF(H9='Priority Ratings'!$C$21,'Priority Ratings'!$B$21,IF(H9='Priority Ratings'!$C$22,'Priority Ratings'!$B$22,IF(H9='Priority Ratings'!$C$23,'Priority Ratings'!$B$23,IF(H9='Priority Ratings'!$C$24,'Priority Ratings'!$B$24,IF(H9='Priority Ratings'!$C$25,'Priority Ratings'!$B$25,IF(H9='Priority Ratings'!$C$26,'Priority Ratings'!$B$26,IF(H9='Priority Ratings'!$C$27,'Priority Ratings'!$B$27,\"No Rating\")))))))","v":6},{"$f":"I9/I$23","v":8.5714285714285715E-2},"100%: Fully comply with requirement (Out of the box function with minor re-configuration) \n50%:   Partially comply, will require major configuration.\n0%:     No compliance/require development and/or customisation.",0,{"$f":"J9*L9","v":0}]
[2,"Meeting the Scope of Work Required","Information Security","Integration to Eskom's existing Identity Providers (IdP's)\nIntegration to Eskom's existing IdP's such as Microsoft (MS) on-prem active directory (AD) and MS Entra ID to enable Multi-factor Authentication (MFA) and Single sign on (SSO).\nThe proposed  solution shall be able to integrate with MS AD, Entra ID and support SAML 2.0, OAuth 2.0 and Open ID to enable MFA and  SSO.","The Tenderer is required to submit the OEM documentation, technical specification and design that depicts that the proposed solution supports SAML 2.0 and OAuth 2.0 to integrate with Microsoft (MS) Entra ID and AD to enable MFA and SSO.",null,null,"Critical",{"$f":"IF(H10='Priority Ratings'!$C$21,'Priority Ratings'!$B$21,IF(H10='Priority Ratings'!$C$22,'Priority Ratings'!$B$22,IF(H10='Priority Ratings'!$C$23,'Priority Ratings'!$B$23,IF(H10='Priority Ratings'!$C$24,'Priority Ratings'!$B$24,IF(H10='Priority Ratings'!$C$25,'Priority Ratings'!$B$25,IF(H10='Priority Ratings'!$C$26,'Priority Ratings'!$B$26,IF(H10='Priority Ratings'!$C$27,'Priority Ratings'!$B$27,\"No Rating\")))))))","v":5},{"$f":"I10/I$23","v":7.1428571428571425E-2},"100%: Fully comply with requirement (Out of the box function with minor re-configuration) \n50%:   Partially comply, will require major configuration.\n0%:     No compliance/require development and/or customisation.",0,0]
[3,"Meeting the Scope of Work Required","Information Security","RBAC\nThe proposed  solution shall support and employ RBAC mechanism.","The Tenderer is required to submit the OEM documentation, technical specification and design that depicts that solution supports RBAC.",null,null,"Critical",{"$f":"IF(H11='Priority Ratings'!$C$21,'Priority Ratings'!$B$21,IF(H11='Priority Ratings'!$C$22,'Priority Ratings'!$B$22,IF(H11='Priority Ratings'!$C$23,'Priority Ratings'!$B$23,IF(H11='Priority Ratings'!$C$24,'Priority Ratings'!$B$24,IF(H11='Priority Ratings'!$C$25,'Priority Ratings'!$B$25,IF(H11='Priority Ratings'!$C$26,'Priority Ratings'!$B$26,IF(H11='Priority Ratings'!$C$27,'Priority Ratings'!$B$27,\"No Rating\")))))))","v":5},7.1428571428571425E-2,"100%: Fully comply with requirement (Out of the box function with minor re-configuration) \n50%:   Partially comply, will require major configuration.\n0%:     No compliance/require development and/or customisation.",0,0]
[4,"Meeting the Scope of Work Required","Information Security","Encryption Standard\nThe proposed SaaS solution shall  encrypt data at rest using at minimum AES-256 and  in transit (or in motion) using TLS 1.2, Eskom prefers and recommends TLS 1.3","The Tenderer is required to submit the OEM documentation, technical specification and design that depicts that data  is encrypted in transit, at rest and in use.",null,null,"Critical",{"$f":"IF(H12='Priority Ratings'!$C$21,'Priority Ratings'!$B$21,IF(H12='Priority Ratings'!$C$22,'Priority Ratings'!$B$22,IF(H12='Priority Ratings'!$C$23,'Priority Ratings'!$B$23,IF(H12='Priority Ratings'!$C$24,'Priority Ratings'!$B$24,IF(H12='Priority Ratings'!$C$25,'Priority Ratings'!$B$25,IF(H12='Priority Ratings'!$C$26,'Priority Ratings'!$B$26,IF(H12='Priority Ratings'!$C$27,'Priority Ratings'!$B$27,\"No Rating\")))))))","v":5},7.1428571428571425E-2,"100%: Fully comply with requirement (Out of the box function with minor re-configuration) \n50%:   Partially comply, will require major configuration.\n0%:     No compliance/require development and/or customisation.",0,0]
[5,"Meeting the Scope of Work Required","Information Security","Audit Trails, Logs, User and Activity Logs\nThe proposed solution shall have Audit trails, logs, user administration and user activity logs enabled, encrypted, and securely kept with limited access to administrators.","The Tenderer is required to submit the OEM documentation, technical specification and design that depicts that logs are enabled, encrypred and security kept.",null,null,"Critical",{"$f":"IF(H13='Priority Ratings'!$C$21,'Priority Ratings'!$B$21,IF(H13='Priority Ratings'!$C$22,'Priority Ratings'!$B$22,IF(H13='Priority Ratings'!$C$23,'Priority Ratings'!$B$23,IF(H13='Priority Ratings'!$C$24,'Priority Ratings'!$B$24,IF(H13='Priority Ratings'!$C$25,'Priority Ratings'!$B$25,IF(H13='Priority Ratings'!$C$26,'Priority Ratings'!$B$26,IF(H13='Priority Ratings'!$C$27,'Priority Ratings'!$B$27,\"No Rating\")))))))","v":5},7.1428571428571425E-2,"100%: Fully comply with requirement (Out of the box function with minor re-configuration) \n50%:   Partially comply, will require major configuration.\n0%:     No compliance/require development and/or customisation.",0,0]
[6,"Meeting the Scope of Work Required","Information Security","Data Masking\nSensitive data such as PII shall be masked on the non-production environments to lessen exposure.","The Tenderer is required to submit the OEM documentation, technical specification and design that depicts that logs are enabled, encrypred and security kept.",null,null,"Show stopper",{"$f":"IF(H14='Priority Ratings'!$C$21,'Priority Ratings'!$B$21,IF(H14='Priority Ratings'!$C$22,'Priority Ratings'!$B$22,IF(H14='Priority Ratings'!$C$23,'Priority Ratings'!$B$23,IF(H14='Priority Ratings'!$C$24,'Priority Ratings'!$B$24,IF(H14='Priority Ratings'!$C$25,'Priority Ratings'!$B$25,IF(H14='Priority Ratings'!$C$26,'Priority Ratings'!$B$26,IF(H14='Priority Ratings'!$C$27,'Priority Ratings'!$B$27,\"No Rating\")))))))","v":6},8.5714285714285715E-2,"100%: Fully comply with requirement (Out of the box function with minor re-configuration) \n50%:   Partially comply, will require major configuration.\n0%:     No compliance/require development and/or customisation.",0,0]
[7,"Meeting the Scope of Work Required","Information Security","Daily Incremental Back Ups\nIncremental daily back-ups shall be done, encrypted, and securely kept offsite. ","The Tenderer is required to submit the OEM documentation, technical specification and design that depicts that daily increamental back ups are done, encrypted and kept offsite. ",null,null,"Critical",{"$f":"IF(H15='Priority Ratings'!$C$21,'Priority Ratings'!$B$21,IF(H15='Priority Ratings'!$C$22,'Priority Ratings'!$B$22,IF(H15='Priority Ratings'!$C$23,'Priority Ratings'!$B$23,IF(H15='Priority Ratings'!$C$24,'Priority Ratings'!$B$24,IF(H15='Priority Ratings'!$C$25,'Priority Ratings'!$B$25,IF(H15='Priority Ratings'!$C$26,'Priority Ratings'!$B$26,IF(H15='Priority Ratings'!$C$27,'Priority Ratings'!$B$27,\"No Rating\")))))))","v":5},7.1428571428571425E-2,"100%: Fully comply with requirement (Out of the box function with minor re-configuration) \n50%:   Partially comply, will require major configuration.\n0%:     No compliance/require development and/or customisation.",0,0]
[8,"Meeting the Scope of Work Required","Information Security","Real-time data synchronization or data replication\nThe Tenderer shall employ real-time data synchronization or data replication to a secondary or disaster recovery (DR) site, located in different region. ","The Tenderer is required to submit the OEM documentation, technical specification and design that depicts thatdata is syncronised, replicated to secondary site.",null,null,"Critical",{"$f":"IF(H16='Priority Ratings'!$C$21,'Priority Ratings'!$B$21,IF(H16='Priority Ratings'!$C$22,'Priority Ratings'!$B$22,IF(H16='Priority Ratings'!$C$23,'Priority Ratings'!$B$23,IF(H16='Priority Ratings'!$C$24,'Priority Ratings'!$B$24,IF(H16='Priority Ratings'!$C$25,'Priority Ratings'!$B$25,IF(H16='Priority Ratings'!$C$26,'Priority Ratings'!$B$26,IF(H16='Priority Ratings'!$C$27,'Priority Ratings'!$B$27,\"No Rating\")))))))","v":5},7.1428571428571425E-2,"100%: Fully comply with requirement (Out of the box function with minor re-configuration) \n50%:   Partially comply, will require major configuration.\n0%:     No compliance/require development and/or customisation.",0,0]
[9,"Meeting the Scope of Work Required","Information Security","DRP\nThe Tenderer shall have Disaster Recovery Plan (DRP) and Back up Restore Plan defined, annually tested.\n","The Tenderer is required to submit a recent DRP Results and Back up Restore Results,",null,null,"Show stopper",{"$f":"IF(H17='Priority Ratings'!$C$21,'Priority Ratings'!$B$21,IF(H17='Priority Ratings'!$C$22,'Priority Ratings'!$B$22,IF(H17='Priority Ratings'!$C$23,'Priority Ratings'!$B$23,IF(H17='Priority Ratings'!$C$24,'Priority Ratings'!$B$24,IF(H17='Priority Ratings'!$C$25,'Priority Ratings'!$B$25,IF(H17='Priority Ratings'!$C$26,'Priority Ratings'!$B$26,IF(H17='Priority Ratings'!$C$27,'Priority Ratings'!$B$27,\"No Rating\")))))))","v":6},8.5714285714285715E-2,"100%: Fully comply with requirement (Out of the box function with minor re-configuration) \n50%:   Partially comply, will require major configuration.\n0%:     No compliance/require development and/or customisation.",0,{"$f":"J17*L17","v":0}]
[10,"Meeting the Scope of Work Required","Information Security","Patch Management\nPatch Management Process  shall be defined. Software updates and patches shall be tested on development environment prior being deployed into production environment.","The Tenderer is required to submit an approved Patch Management Process.",null,null,"Critical",{"$f":"IF(H18='Priority Ratings'!$C$21,'Priority Ratings'!$B$21,IF(H18='Priority Ratings'!$C$22,'Priority Ratings'!$B$22,IF(H18='Priority Ratings'!$C$23,'Priority Ratings'!$B$23,IF(H18='Priority Ratings'!$C$24,'Priority Ratings'!$B$24,IF(H18='Priority Ratings'!$C$25,'Priority Ratings'!$B$25,IF(H18='Priority Ratings'!$C$26,'Priority Ratings'!$B$26,IF(H18='Priority Ratings'!$C$27,'Priority Ratings'!$B$27,\"No Rating\")))))))","v":5},{"$f":"I18/I$23","v":7.1428571428571425E-2},"100%: Fully comply with requirement (Out of the box function with minor re-configuration) \n50%:   Partially comply, will require major configuration.\n0%:     No compliance/require development and/or customisation.",0,0]
[11,"Meeting the Scope of Work Required","Information Security","Application Security (AppSec) Tests\nThe Tenderer shall perform static application security test (SAST), and dynamic application security test (DAST), vulnerability assessment, penetration test prior deploying the cloud system to production environments.","The Tenderer is required to submit the recent SAST, DAST, Vulnerability Assessment and Penetration Test Results.",null,null,"Show stopper",{"$f":"IF(H19='Priority Ratings'!$C$21,'Priority Ratings'!$B$21,IF(H19='Priority Ratings'!$C$22,'Priority Ratings'!$B$22,IF(H19='Priority Ratings'!$C$23,'Priority Ratings'!$B$23,IF(H19='Priority Ratings'!$C$24,'Priority Ratings'!$B$24,IF(H19='Priority Ratings'!$C$25,'Priority Ratings'!$B$25,IF(H19='Priority Ratings'!$C$26,'Priority Ratings'!$B$26,IF(H19='Priority Ratings'!$C$27,'Priority Ratings'!$B$27,\"No Rating\")))))))","v":6},8.5714285714285715E-2,"100%: Fully comply with requirement (Out of the box function with minor re-configuration) \n50%:   Partially comply, will require major configuration.\n0%:     No compliance/require development and/or customisation.",0,0]
[12,"Meeting the Scope of Work Required","Information Security","Database Security Management\nThe Tenderer shall place the database behind the perimeter firewall.\n","The Tenderer is required to submit the OEM documentation, technical specification and design that depicts that the Databases are placed behind the Firewall",null,null,"Show stopper",{"$f":"IF(H20='Priority Ratings'!$C$21,'Priority Ratings'!$B$21,IF(H20='Priority Ratings'!$C$22,'Priority Ratings'!$B$22,IF(H20='Priority Ratings'!$C$23,'Priority Ratings'!$B$23,IF(H20='Priority Ratings'!$C$24,'Priority Ratings'!$B$24,IF(H20='Priority Ratings'!$C$25,'Priority Ratings'!$B$25,IF(H20='Priority Ratings'!$C$26,'Priority Ratings'!$B$26,IF(H20='Priority Ratings'!$C$27,'Priority Ratings'!$B$27,\"No Rating\")))))))","v":6},8.5714285714285715E-2,"100%: Fully comply with requirement (Out of the box function with minor re-configuration) \n50%:   Partially comply, will require major configuration.\n0%:     No compliance/require development and/or customisation.",0,0]
[13,"Meeting the Scope of Work Required","Information Security","Integration Security\nThe proposed SaaS solution shall support the prevailing enterprise services bus (ESB), application programmable interfaces (API’s) and Integration Platform as a Service (iPaaS) platforms for security, logging and monitoring for both on-prem, hybrid-cloud and multi-cloud environments.","The Tenderer is required to submit the OEM documentation, technical specification and design that depicts that the solution supports the ESB, API and iPaaS stated on the requirements. ",null,null,"Critical",{"$f":"IF(H21='Priority Ratings'!$C$21,'Priority Ratings'!$B$21,IF(H21='Priority Ratings'!$C$22,'Priority Ratings'!$B$22,IF(H21='Priority Ratings'!$C$23,'Priority Ratings'!$B$23,IF(H21='Priority Ratings'!$C$24,'Priority Ratings'!$B$24,IF(H21='Priority Ratings'!$C$25,'Priority Ratings'!$B$25,IF(H21='Priority Ratings'!$C$26,'Priority Ratings'!$B$26,IF(H21='Priority Ratings'!$C$27,'Priority Ratings'!$B$27,\"No Rating\")))))))","v":5},7.1428571428571425E-2,"100%: Fully comply with requirement (Out of the box function with minor re-configuration) \n50%:   Partially comply, will require major configuration.\n0%:     No compliance/require development and/or customisation.",0,0]
[]
[null,null,null,null,null,null,"Totals",null,{"$f":"SUM(I9:I21)","v":70},{"$f":"SUM(J9:J21)","v":1},null,null,{"$f":"SUM(M9:M21)","v":0}]

{"sheet":"PSST-Demo ","index":19,"n_rows":31,"n_cols":15,"rows_kept":31,"cut":false,"hidden":false,"merged":[[0,0,0,2],[4,0,4,2],[6,14,7,14],[5,0,5,2],[3,0,3,2],[2,0,2,2],[1,0,1,2]]}
["PSST Demo"]
["CORP xxxx Tender",null,null,null,null,null,null,null,null,null,null,null,"Scoring (Sliding scale)"]
["Tenderer:",null,null,null,null,null,null,null,null,null,null,null,"100% - Fully compliant"]
["Evaluated by:",null,null,null,null,null,null,null,null,null,null,null,"50%-Partially compliant"]
[null,null,null,null,null,null,null,null,null,null,null,null,"0%-Non compliance"]
["Evaluation Criteria"]
[null,null,null,null,null,null,"Vendor Compliance\nFull Compliance - Y\nPartial Compliance - P\nNon Compliance - N","Vendor to indicate any applicable comments based on Compliance","Priority\nRequirement priority as determined by Eskom","Weight\n(agreed by evaluation team members)",null,"Score\n(determined by each evaluation team member during evaluation. Will be averaged for final scores)","Score",null,"Comments (Internal) for scorer"]
["ID","Type","Criterion","Functional Requirement","Requirement description","Evaluation Criretia Questions",null,"Comments","Priority Description","Priority\n","Weighted Question","Scoring","Answer\n(0,50,100%)","Weighted Answer"]
[1,"Meeting the Scope of Work Required","How well has the Tenderer described how scope requirements will be met?  Do they understand what needs to be done?  List concerns in Comments.","PSST- System requirements","The tool should be able to do the following:\n- Do Data write-ups with current Business systems.\n- Allow users to perform backups of their entire database, and the ability to restore these backups as and when required.\n- Ensure that all modelling, network changes etc., are recorded and stored as and when they are done and should not be lost if the operating system or software crashes while one is working on a model.\n- User access control to the system and its associated data.\n- The system and all algorithms should support multi-thread parallel computing to resolve complex assessments efficiently.\n- User profiles with customisable toolbars, dialogs, and context menus","Show how this is achieved in your solution.",null,null,"Show stopper",{"$f":"IF(I9='Priority Ratings'!$C$21,'Priority Ratings'!$B$21,IF(I9='Priority Ratings'!$C$22,'Priority Ratings'!$B$22,IF(I9='Priority Ratings'!$C$23,'Priority Ratings'!$B$23,IF(I9='Priority Ratings'!$C$24,'Priority Ratings'!$B$24,IF(I9='Priority Ratings'!$C$25,'Priority Ratings'!$B$25,IF(I9='Priority Ratings'!$C$26,'Priority Ratings'!$B$26,IF(I9='Priority Ratings'!$C$27,'Priority Ratings'!$B$27,\"No Rating\")))))))","v":6},{"$f":"J9/J$31","v":7.6923076923076927E-2},"100%: Fully comply with requirement (Out of the box function with minor re-configuration) \n50%:   Partially comply, will require major configuration.\n0%:     No compliance/require development and/or customisation.",0,{"$f":"K9*M9","v":0}]
[2,"Meeting the Scope of Work Required","How well has the Tenderer described how scope requirements will be met?  Do they understand what needs to be done?  List concerns in Comments.","PSST-Power System Analysis ","The tool should be able to do the following:\n- Load Flow Analysis\n- Short- Circuit / Fault level studies\n- Comprehensive Medium Voltage/Low Voltage (MV/LV) Network Analysis\n- Contingency Analysis\n - Quasi-Dynamic Simulation","Show how this is achieved in your solution.",null,null,"Show stopper",{"$f":"IF(I10='Priority Ratings'!$C$21,'Priority Ratings'!$B$21,IF(I10='Priority Ratings'!$C$22,'Priority Ratings'!$B$22,IF(I10='Priority Ratings'!$C$23,'Priority Ratings'!$B$23,IF(I10='Priority Ratings'!$C$24,'Priority Ratings'!$B$24,IF(I10='Priority Ratings'!$C$25,'Priority Ratings'!$B$25,IF(I10='Priority Ratings'!$C$26,'Priority Ratings'!$B$26,IF(I10='Priority Ratings'!$C$27,'Priority Ratings'!$B$27,\"No Rating\")))))))","v":6},7.6923076923076927E-2,"100%: Fully comply with requirement (Out of the box function with minor re-configuration) \n50%:   Partially comply, will require major configuration.\n0%:     No compliance/require development and/or customisation.",0,0]
[3,"Meeting the Scope of Work Required","How well has the Tenderer described how scope requirements will be met?  Do they understand what needs to be done?  List concerns in Comments.","PSST-Network Modelling & Representation","The tool should be able to do the follwing:\n- Power Equipment Models\n- Network Representation\n- Network Model Management\n- Network Diagrams and graphic and features","Show how this is achieved in your solution.",null,null,"Show stopper",{"$f":"IF(I11='Priority Ratings'!$C$21,'Priority Ratings'!$B$21,IF(I11='Priority Ratings'!$C$22,'Priority Ratings'!$B$22,IF(I11='Priority Ratings'!$C$23,'Priority Ratings'!$B$23,IF(I11='Priority Ratings'!$C$24,'Priority Ratings'!$B$24,IF(I11='Priority Ratings'!$C$25,'Priority Ratings'!$B$25,IF(I11='Priority Ratings'!$C$26,'Priority Ratings'!$B$26,IF(I11='Priority Ratings'!$C$27,'Priority Ratings'!$B$27,\"No Rating\")))))))","v":6},7.6923076923076927E-2,"100%: Fully comply with requirement (Out of the box function with minor re-configuration) \n50%:   Partially comply, will require major configuration.\n0%:     No compliance/require development and/or customisation.",0,0]
[4,"Meeting the Scope of Work Required","How well has the Tenderer described how scope requirements will be met?  Do they understand what needs to be done?  List concerns in Comments.","PSST-Results and Reporting","The tool should be able to do the follwing:\n- Comprehensive text and interactive spreadsheet reports.\n- To export to a spreadsheet, to tabulate result views via configurable and selectable parameter and result outputs.\n- Reporting and result visualization on network diagrams.\n- Interactive output window with flexible filter functionality.\n- Numerous interactive plots for result visualization\n- To store results and call upon previous results for comparative analysis.\n- Plot navigation\n- Dynamic colouring by means of results on all functions.\n- Output window including icons, colours, tabs and filters for categorization and visualisation.","Show how this is achieved in your solution.",null,null,"Show stopper",{"$f":"IF(I12='Priority Ratings'!$C$21,'Priority Ratings'!$B$21,IF(I12='Priority Ratings'!$C$22,'Priority Ratings'!$B$22,IF(I12='Priority Ratings'!$C$23,'Priority Ratings'!$B$23,IF(I12='Priority Ratings'!$C$24,'Priority Ratings'!$B$24,IF(I12='Priority Ratings'!$C$25,'Priority Ratings'!$B$25,IF(I12='Priority Ratings'!$C$26,'Priority Ratings'!$B$26,IF(I12='Priority Ratings'!$C$27,'Priority Ratings'!$B$27,\"No Rating\")))))))","v":6},7.6923076923076927E-2,"100%: Fully comply with requirement (Out of the box function with minor re-configuration) \n50%:   Partially comply, will require major configuration.\n0%:     No compliance/require development and/or customisation.",0,0]
[5,"Meeting the Scope of Work Required","How well has the Tenderer described how scope requirements will be met?  Do they understand what needs to be done?  List concerns in Comments.","PSST-Information Exchange","The tool should be able to do the follwing:  \n- Support of various data conversion and interfacing options for bi-directional data exchange.\n- Import/export electrical models from other common simulation packages \n- Import/export loading data\n- Import/export scripts.\n- Import/export user settings and project settings.\n- Import/export controller models.\n- Import/export models and data from database and spreadsheets sources.\n- Import/export electrical models via database methods\n- Import/export electrical models via Common Information Model (CIM)\n- Various interfaces for communication and data exchange with third-party systems.","Show how this is achieved in your solution.",null,null,"Show stopper",{"$f":"IF(I13='Priority Ratings'!$C$21,'Priority Ratings'!$B$21,IF(I13='Priority Ratings'!$C$22,'Priority Ratings'!$B$22,IF(I13='Priority Ratings'!$C$23,'Priority Ratings'!$B$23,IF(I13='Priority Ratings'!$C$24,'Priority Ratings'!$B$24,IF(I13='Priority Ratings'!$C$25,'Priority Ratings'!$B$25,IF(I13='Priority Ratings'!$C$26,'Priority Ratings'!$B$26,IF(I13='Priority Ratings'!$C$27,'Priority Ratings'!$B$27,\"No Rating\")))))))","v":6},7.6923076923076927E-2,"100%: Fully comply with requirement (Out of the box function with minor re-configuration) \n50%:   Partially comply, will require major configuration.\n0%:     No compliance/require development and/or customisation.",0,0]
[6,"Meeting the Scope of Work Required","How well has the Tenderer described how scope requirements will be met?  Do they understand what needs to be done?  List concerns in Comments.","PSST-Self help & Technical Reference","The tool should be able to do the following:\n- Comprehensive examples including linked demo videos.\n- Complete, comprehensive, and well-structured User Manual: Overview of functions,Examples of use,Troubleshooting, Overview of models and examples as well as Description of each menu and object parameters.\n- Detailed Technical References for all Power Equipment models.\n","Show how this is achieved in your solution.",null,null,"Show stopper",{"$f":"IF(I14='Priority Ratings'!$C$21,'Priority Ratings'!$B$21,IF(I14='Priority Ratings'!$C$22,'Priority Ratings'!$B$22,IF(I14='Priority Ratings'!$C$23,'Priority Ratings'!$B$23,IF(I14='Priority Ratings'!$C$24,'Priority Ratings'!$B$24,IF(I14='Priority Ratings'!$C$25,'Priority Ratings'!$B$25,IF(I14='Priority Ratings'!$C$26,'Priority Ratings'!$B$26,IF(I14='Priority Ratings'!$C$27,'Priority Ratings'!$B$27,\"No Rating\")))))))","v":6},7.6923076923076927E-2,"100%: Fully comply with requirement (Out of the box function with minor re-configuration) \n50%:   Partially comply, will require major configuration.\n0%:     No compliance/require development and/or customisation.",0,0]
[7,"Meeting the Scope of Work Required","How well has the Tenderer described how scope requirements will be met?  Do they understand what needs to be done?  List concerns in Comments.","PSST-Protection Functions & Analysis ","The tool should be able to do the following:\n- Protecion Functions\n- Time Overcurrent Protection\n- Distance Protection\n- Arch Flash Analysis","Show how this is achieved in your solution.",null,null,"Show stopper",{"$f":"IF(I15='Priority Ratings'!$C$21,'Priority Ratings'!$B$21,IF(I15='Priority Ratings'!$C$22,'Priority Ratings'!$B$22,IF(I15='Priority Ratings'!$C$23,'Priority Ratings'!$B$23,IF(I15='Priority Ratings'!$C$24,'Priority Ratings'!$B$24,IF(I15='Priority Ratings'!$C$25,'Priority Ratings'!$B$25,IF(I15='Priority Ratings'!$C$26,'Priority Ratings'!$B$26,IF(I15='Priority Ratings'!$C$27,'Priority Ratings'!$B$27,\"No Rating\")))))))","v":6},7.6923076923076927E-2,"100%: Fully comply with requirement (Out of the box function with minor re-configuration) \n50%:   Partially comply, will require major configuration.\n0%:     No compliance/require development and/or customisation.",0,0]
[8,"Meeting the Scope of Work Required","How well has the Tenderer described how scope requirements will be met?  Do they understand what needs to be done?  List concerns in Comments.","PSST-Power Quality and Harmonic Analysis ","The tool should be able to do the follwing:\n- Harmonic Load Flow\n- Flicker Analysis\n- Frequency Sweep\n- Filter Analysis","Show how this is achieved in your solution.",null,null,"Show stopper",{"$f":"IF(I16='Priority Ratings'!$C$21,'Priority Ratings'!$B$21,IF(I16='Priority Ratings'!$C$22,'Priority Ratings'!$B$22,IF(I16='Priority Ratings'!$C$23,'Priority Ratings'!$B$23,IF(I16='Priority Ratings'!$C$24,'Priority Ratings'!$B$24,IF(I16='Priority Ratings'!$C$25,'Priority Ratings'!$B$25,IF(I16='Priority Ratings'!$C$26,'Priority Ratings'!$B$26,IF(I16='Priority Ratings'!$C$27,'Priority Ratings'!$B$27,\"No Rating\")))))))","v":6},7.6923076923076927E-2,"100%: Fully comply with requirement (Out of the box function with minor re-configuration) \n50%:   Partially comply, will require major configuration.\n0%:     No compliance/require development and/or customisation.",0,0]
[9,"Meeting the Scope of Work Required","How well has the Tenderer described how scope requirements will be met?  Do they understand what needs to be done?  List concerns in Comments.","PSST-Additional Power Systems Analysis Functionality ","The tool should be able to do the follwing:\n- PV Curves Calculation\n- Transfer capacity analysis\n- QV Curves Calculation\n- Tie Open Point Optimisation\n- Voltage Profile optimisation\n- Phase Balance Optimisation\n- Optimal Capacitor Placement\n- Hosting Capacity Analysis","Show how this is achieved in your solution.",null,null,"Show stopper",{"$f":"IF(I17='Priority Ratings'!$C$21,'Priority Ratings'!$B$21,IF(I17='Priority Ratings'!$C$22,'Priority Ratings'!$B$22,IF(I17='Priority Ratings'!$C$23,'Priority Ratings'!$B$23,IF(I17='Priority Ratings'!$C$24,'Priority Ratings'!$B$24,IF(I17='Priority Ratings'!$C$25,'Priority Ratings'!$B$25,IF(I17='Priority Ratings'!$C$26,'Priority Ratings'!$B$26,IF(I17='Priority Ratings'!$C$27,'Priority Ratings'!$B$27,\"No Rating\")))))))","v":6},7.6923076923076927E-2,"100%: Fully comply with requirement (Out of the box function with minor re-configuration) \n50%:   Partially comply, will require major configuration.\n0%:     No compliance/require development and/or customisation.",0,0]
[10,"Meeting the Scope of Work Required","How well has the Tenderer described how scope requirements will be met?  Do they understand what needs to be done?  List concerns in Comments.","PSST-Reliability Analysis Functions ","The tool should be able to monitor the follwing:\n- Failure Models\n- Optimal Power Restoration\n- Reliability assessment","Show how this is achieved in your solution.",null,null,"Show stopper",{"$f":"IF(I18='Priority Ratings'!$C$21,'Priority Ratings'!$B$21,IF(I18='Priority Ratings'!$C$22,'Priority Ratings'!$B$22,IF(I18='Priority Ratings'!$C$23,'Priority Ratings'!$B$23,IF(I18='Priority Ratings'!$C$24,'Priority Ratings'!$B$24,IF(I18='Priority Ratings'!$C$25,'Priority Ratings'!$B$25,IF(I18='Priority Ratings'!$C$26,'Priority Ratings'!$B$26,IF(I18='Priority Ratings'!$C$27,'Priority Ratings'!$B$27,\"No Rating\")))))))","v":6},7.6923076923076927E-2,"100%: Fully comply with requirement (Out of the box function with minor re-configuration) \n50%:   Partially comply, will require major configuration.\n0%:     No compliance/require development and/or customisation.",0,0]
[11,"Meeting the Scope of Work Required","How well has the Tenderer described how scope requirements will be met?  Do they understand what needs to be done?  List concerns in Comments.","PSST-Optimal Power Flow ","The tool should be able to do the follwing:\n - Minimisation of total or partial grid losses\n- Maximisation of reactive power reserve\n- Reactive power optimisation\n","Show how this is achieved in your solution.",null,null,"Show stopper",{"$f":"IF(I19='Priority Ratings'!$C$21,'Priority Ratings'!$B$21,IF(I19='Priority Ratings'!$C$22,'Priority Ratings'!$B$22,IF(I19='Priority Ratings'!$C$23,'Priority Ratings'!$B$23,IF(I19='Priority Ratings'!$C$24,'Priority Ratings'!$B$24,IF(I19='Priority Ratings'!$C$25,'Priority Ratings'!$B$25,IF(I19='Priority Ratings'!$C$26,'Priority Ratings'!$B$26,IF(I19='Priority Ratings'!$C$27,'Priority Ratings'!$B$27,\"No Rating\")))))))","v":6},7.6923076923076927E-2,"100%: Fully comply with requirement (Out of the box function with minor re-configuration) \n50%:   Partially comply, will require major configuration.\n0%:     No compliance/require development and/or customisation.",0,{"$f":"K19*M19","v":0}]
[12,"Meeting the Scope of Work Required","How well has the Tenderer described how scope requirements will be met?  Do they understand what needs to be done?  List concerns in Comments.","PSST-Stability Analysis Functions ","The tool should be able to do the follwing:\n- Simulation Requirements\n- Dynamic RMS Controller Modelling\n- Electromagnetic Transients (EMT)\n- Motor Starting Function\n- Small Signal Stability (Eigenvalue Analysis)\n- System parameter Identification\n- Load Flow Sensitivity Analysis","Show how this is achieved in your solution.",null,null,"Show stopper",{"$f":"IF(I20='Priority Ratings'!$C$21,'Priority Ratings'!$B$21,IF(I20='Priority Ratings'!$C$22,'Priority Ratings'!$B$22,IF(I20='Priority Ratings'!$C$23,'Priority Ratings'!$B$23,IF(I20='Priority Ratings'!$C$24,'Priority Ratings'!$B$24,IF(I20='Priority Ratings'!$C$25,'Priority Ratings'!$B$25,IF(I20='Priority Ratings'!$C$26,'Priority Ratings'!$B$26,IF(I20='Priority Ratings'!$C$27,'Priority Ratings'!$B$27,\"No Rating\")))))))","v":6},7.6923076923076927E-2,"100%: Fully comply with requirement (Out of the box function with minor re-configuration) \n50%:   Partially comply, will require major configuration.\n0%:     No compliance/require development and/or customisation.",0,{"$f":"K20*M20","v":0}]
[13,"Meeting the Scope of Work Required","How well has the Tenderer described how scope requirements will be met?  Do they understand what needs to be done?  List concerns in Comments.","PSST-Scripting, Automation and External Interfaces","The tool should be able to do the follwing:\n- Interface as per Scripting, Automation and External Interfaces Functionality\n- Scripts and Automation","Show how this is achieved in your solution.",null,null,"Show stopper",{"$f":"IF(I21='Priority Ratings'!$C$21,'Priority Ratings'!$B$21,IF(I21='Priority Ratings'!$C$22,'Priority Ratings'!$B$22,IF(I21='Priority Ratings'!$C$23,'Priority Ratings'!$B$23,IF(I21='Priority Ratings'!$C$24,'Priority Ratings'!$B$24,IF(I21='Priority Ratings'!$C$25,'Priority Ratings'!$B$25,IF(I21='Priority Ratings'!$C$26,'Priority Ratings'!$B$26,IF(I21='Priority Ratings'!$C$27,'Priority Ratings'!$B$27,\"No Rating\")))))))","v":6},7.6923076923076927E-2,"100%: Fully comply with requirement (Out of the box function with minor re-configuration) \n0%- Non compliant \n50%:   Partially comply, will require major configuration.\n0%:     No compliance/require development and/or customisation.",0,{"$f":"K21*M21","v":0}]
[14,null,"Integration to Eskom's existing Identity Providers (IdP's) \nIntegration to Eskom's existing IdP's such as Microsoft (MS) on-prem active directory (AD) MS Identity (MDI), MS Entra Identity (ID) and Multi-factor Authentication (MFA) and Single sign on (SSO).",null,"Your demonstration must show that the proposed solution supports SAML, OAuth and OpenID to integrate with Entra ID and AD.",null,null,null,"Show stopper",{"$f":"IF(I22='Priority Ratings'!$C$21,'Priority Ratings'!$B$21,IF(I22='Priority Ratings'!$C$22,'Priority Ratings'!$B$22,IF(I22='Priority Ratings'!$C$23,'Priority Ratings'!$B$23,IF(I22='Priority Ratings'!$C$24,'Priority Ratings'!$B$24,IF(I22='Priority Ratings'!$C$25,'Priority Ratings'!$B$25,IF(I22='Priority Ratings'!$C$26,'Priority Ratings'!$B$26,IF(I22='Priority Ratings'!$C$27,'Priority Ratings'!$B$27,\"No Rating\")))))))","v":6},null,"(100%) Fully comply with requirement - The proposed solution does integrate with Eskom's MS AD, and Entra ID to enable SSO and MFA.\n(0%) No compliance - The proposed solution is unable to integrate with MS AD, MDI, Entra ID and MFA."]
[15,null,"RBAC\nEskom requires the system to support and employ a Role Based Access Control (RBAC) Mechanism.",null,"Your demonstration must show that the proposed solution supports and employs RBAC mechanism.",null,null,null,"Show stopper",{"$f":"IF(I23='Priority Ratings'!$C$21,'Priority Ratings'!$B$21,IF(I23='Priority Ratings'!$C$22,'Priority Ratings'!$B$22,IF(I23='Priority Ratings'!$C$23,'Priority Ratings'!$B$23,IF(I23='Priority Ratings'!$C$24,'Priority Ratings'!$B$24,IF(I23='Priority Ratings'!$C$25,'Priority Ratings'!$B$25,IF(I23='Priority Ratings'!$C$26,'Priority Ratings'!$B$26,IF(I23='Priority Ratings'!$C$27,'Priority Ratings'!$B$27,\"No Rating\")))))))","v":6},null,"(100%) Fully comply with requirement - The proposed solution does support and employ RBAC mechanism.\n\n(0%) No compliance - The proposed solution does not support and employ RBAC mechanism"]
[16,null,"Encryption Standard\nThe proposed SaaS solution shall  encrypt data at rest using at minimum AES-256 and  in transit (or in motion) using TLS 1.2, Eskom prefers and recommends TLS 1.3",null,"Your demonstration must show that the proposed solution encrypts data at rest (AES-256), in use and in transit (TLS 1.2, Eskom prefers and recommends TLS 1.3)",null,null,null,"Show stopper",{"$f":"IF(I24='Priority Ratings'!$C$21,'Priority Ratings'!$B$21,IF(I24='Priority Ratings'!$C$22,'Priority Ratings'!$B$22,IF(I24='Priority Ratings'!$C$23,'Priority Ratings'!$B$23,IF(I24='Priority Ratings'!$C$24,'Priority Ratings'!$B$24,IF(I24='Priority Ratings'!$C$25,'Priority Ratings'!$B$25,IF(I24='Priority Ratings'!$C$26,'Priority Ratings'!$B$26,IF(I24='Priority Ratings'!$C$27,'Priority Ratings'!$B$27,\"No Rating\")))))))","v":6},null,"(100%) Fully comply with requirement - The proposed solution does encrypt data at rest (AES-256) and in transit  (TLS 1.2, Eskom prefers and recommends TLS 1.3)\n(0%) No compliance - The proposed solution does not encrypt data at rest (AES-256) and in transit  (TLS 1.2, Eskom prefers and recommends TLS 1.3)"]
[17,null,"Audit Trails, Logs, User and Activity Logs\nThe proposed SaaS solution shall have Audit trails, logs, user administration and user activity logs enabled, encrypted, and securely kept with limited access to administrators.",null,"Your demonstration must show that audit trails, user admin and user activities are enabled, encrypted and securely kept.",null,null,null,"Show stopper",{"$f":"IF(I25='Priority Ratings'!$C$21,'Priority Ratings'!$B$21,IF(I25='Priority Ratings'!$C$22,'Priority Ratings'!$B$22,IF(I25='Priority Ratings'!$C$23,'Priority Ratings'!$B$23,IF(I25='Priority Ratings'!$C$24,'Priority Ratings'!$B$24,IF(I25='Priority Ratings'!$C$25,'Priority Ratings'!$B$25,IF(I25='Priority Ratings'!$C$26,'Priority Ratings'!$B$26,IF(I25='Priority Ratings'!$C$27,'Priority Ratings'!$B$27,\"No Rating\")))))))","v":6},null,"(100%) Fully comply with requirement - The proposed solution does have Audit trails, logs, user administration and user activity logs shall be enabled, encrypted, and securely kept with limited access to administrators.\n\n(0%) No compliance - The proposed solution does not have Audit trails, logs, user administration and user activity logs shall be enabled, encrypted, and securely kept with limited access to administrators."]
[18,null,"Data Masking\nSensitive data such as PII shall be masked on the non-production environments lessen exposure.",null,"Your demonstration must show that sensitive data, such as Personally Identifiable Information (PII), is masked in all non-production environments to minimize the risk of exposure.",null,null,null,"Show stopper",{"$f":"IF(I26='Priority Ratings'!$C$21,'Priority Ratings'!$B$21,IF(I26='Priority Ratings'!$C$22,'Priority Ratings'!$B$22,IF(I26='Priority Ratings'!$C$23,'Priority Ratings'!$B$23,IF(I26='Priority Ratings'!$C$24,'Priority Ratings'!$B$24,IF(I26='Priority Ratings'!$C$25,'Priority Ratings'!$B$25,IF(I26='Priority Ratings'!$C$26,'Priority Ratings'!$B$26,IF(I26='Priority Ratings'!$C$27,'Priority Ratings'!$B$27,\"No Rating\")))))))","v":6},null,"(100%) Fully comply with requirement - The proposed solution does mask PII on nonproduction environments.\n\n(0%) No compliance - The proposed solution does not mask PII in nonproduction environments."]
[19,null,"Daily Incremental Back Ups\nIncremental daily back-ups shall be done, encrypted, and securely kept offsite. ",null,"Your demonstration must show that the proposed solution performs incremental daily back-ups. Furthermore, you must demonstrate that these back-ups are encrypted and securely stored offsite.",null,null,null,"Show stopper",{"$f":"IF(I27='Priority Ratings'!$C$21,'Priority Ratings'!$B$21,IF(I27='Priority Ratings'!$C$22,'Priority Ratings'!$B$22,IF(I27='Priority Ratings'!$C$23,'Priority Ratings'!$B$23,IF(I27='Priority Ratings'!$C$24,'Priority Ratings'!$B$24,IF(I27='Priority Ratings'!$C$25,'Priority Ratings'!$B$25,IF(I27='Priority Ratings'!$C$26,'Priority Ratings'!$B$26,IF(I27='Priority Ratings'!$C$27,'Priority Ratings'!$B$27,\"No Rating\")))))))","v":6},null,"(100%) Fully comply with requirement - Daily incremental Back ups are done, encrypted and securely kept offsite.\n\n(0%) No compliance - No daily incremental back ups."]
[20,null,"Real-time data synchronization or data replication\nThe Tenderer shall employ real-time data synchronization or data replication to a secondary or disaster recovery (DR) site, located in different region. ",null,"Your demonstration must show that real-time data synchronization or data replication is employed to a secondary or disaster recovery (DR) site located in a different region.",null,null,null,"Show stopper",{"$f":"IF(I28='Priority Ratings'!$C$21,'Priority Ratings'!$B$21,IF(I28='Priority Ratings'!$C$22,'Priority Ratings'!$B$22,IF(I28='Priority Ratings'!$C$23,'Priority Ratings'!$B$23,IF(I28='Priority Ratings'!$C$24,'Priority Ratings'!$B$24,IF(I28='Priority Ratings'!$C$25,'Priority Ratings'!$B$25,IF(I28='Priority Ratings'!$C$26,'Priority Ratings'!$B$26,IF(I28='Priority Ratings'!$C$27,'Priority Ratings'!$B$27,\"No Rating\")))))))","v":6},null,"(100%) Fully comply with requirement - Real-time or data synchronisation is employed.\n\n(0%) No compliance - No real-time or data synchronisation is employed."]
[21,null,"Integration Security\nThe proposed SaaS solution shall support the prevailing enterprise services bus (ESB), application programmable interfaces (API’s) and Integration Platform as a Service (iPaaS) platforms for security, logging and monitoring for both on-prem, hybrid-cloud and multi-cloud environments.",null,"Your demonstration must show that the proposed SaaS solution supports prevailing enterprise services bus (ESB), application programmable interfaces (API’s), and Integration Platform as a Service (iPaaS) platforms for security, logging, and monitoring. This demonstration should explicitly cover how these capabilities function in on-premise, hybrid-cloud, and multi-cloud environments.",null,null,null,"Show stopper",{"$f":"IF(I29='Priority Ratings'!$C$21,'Priority Ratings'!$B$21,IF(I29='Priority Ratings'!$C$22,'Priority Ratings'!$B$22,IF(I29='Priority Ratings'!$C$23,'Priority Ratings'!$B$23,IF(I29='Priority Ratings'!$C$24,'Priority Ratings'!$B$24,IF(I29='Priority Ratings'!$C$25,'Priority Ratings'!$B$25,IF(I29='Priority Ratings'!$C$26,'Priority Ratings'!$B$26,IF(I29='Priority Ratings'!$C$27,'Priority Ratings'!$B$27,\"No Rating\")))))))","v":6},null,"(100%) Fully comply with requirement - The proposed solution does support ESB, API's and IPaaS for security, logging and monitoring.\n\n(0%) No compliance - The proposed solution does not support ESB, API's and IPaaS for security, logging and monitoring."]
[]
[null,null,null,null,null,null,null,"Totals",null,{"$f":"SUM(J9:J21)","v":78},{"$f":"SUM(K9:K21)","v":0.99999999999999978},null,null,{"$f":"SUM(N9:N21)","v":0}]

{"sheet":"PSMT-Demo","index":20,"n_rows":31,"n_cols":15,"rows_kept":31,"cut":false,"hidden":false,"merged":[[0,0,0,2],[4,0,4,2],[6,14,7,14],[5,0,5,2],[3,0,3,2],[2,0,2,2],[1,0,1,2]]}
["PSMT Demo"]
["CORP xxxx Tender",null,null,null,null,null,null,null,null,null,null,null,"Scoring (Sliding scale)"]
["Tenderer:",null,null,null,null,null,null,null,null,null,null,null,"100% - Fully compliant"]
["Evaluated by:",null,null,null,null,null,null,null,null,null,null,null,"50%-Partially compliant"]
[null,null,null,null,null,null,null,null,null,null,null,null,"0%-Non compliance"]
["Evaluation Criteria"]
[null,null,null,null,null,null,"Vendor Compliance\nFull Compliance - Y\nPartial Compliance - P\nNon Compliance - N","Vendor to indicate any applicable comments based on Compliance","Priority\nRequirement priority as determined by Eskom","Weight\n(agreed by evaluation team members)",null,"Score\n(determined by each evaluation team member during evaluation. Will be averaged for final scores)","Score",null,"Comments (Internal) for scorer"]
["ID","Type","Criterion","Functional Requirement","Requirement description","Evaluation Criretia Questions",null,"Comments","Priority Description","Priority\n","Weighted Question","Scoring","Answer\n(0,50,100%)","Weighted Answer"]
[1,"Meeting the Scope of Work Required","How well has the Tenderer described how scope requirements will be met?  Do they understand what needs to be done?  List concerns in Comments.","System","The  tool should be able to do the following:\n- To integrate with current Business systems e.g., SAP and PSST.\n- Provide strict user access control to the system and its associated data\n- To work offline and synchronise data with the database at a later stage\n- The system must be fully accessible via a Web interface\n- To export required settings in different file formats\n- To have the ability to interface with as many of the different relay manufacturer’s settings files\n- Support unique business processes in order manage the life cycle of the protection settings.\n- The PSST relay modelling function must have the ability to seamlessly interface with by permitting exchanging of the calculated and relevant parameters both to and from the PSMT.\n- How all settings must be stored\n- Allow the definition of company-specific workflows with unique identifiers to allow interfacing with business systems","Show how this is achieved in your solution.",null,null,"Show stopper",{"$f":"IF(I9='Priority Ratings'!$C$21,'Priority Ratings'!$B$21,IF(I9='Priority Ratings'!$C$22,'Priority Ratings'!$B$22,IF(I9='Priority Ratings'!$C$23,'Priority Ratings'!$B$23,IF(I9='Priority Ratings'!$C$24,'Priority Ratings'!$B$24,IF(I9='Priority Ratings'!$C$25,'Priority Ratings'!$B$25,IF(I9='Priority Ratings'!$C$26,'Priority Ratings'!$B$26,IF(I9='Priority Ratings'!$C$27,'Priority Ratings'!$B$27,\"No Rating\")))))))","v":6},{"$f":"J9/J$31","v":7.6923076923076927E-2},"100%: Fully comply with requirement (Out of the box function with minor re-configuration) \n50%:   Partially comply, will require major configuration.\n0%:     No compliance/require development and/or customisation.",0,{"$f":"K9*M9","v":0}]
[2,"Meeting the Scope of Work Required","How well has the Tenderer described how scope requirements will be met?  Do they understand what needs to be done?  List concerns in Comments.","Features of the system","The tool should be able to do the following: \n- Features of the solution should contain, though not limited to Protection Settings Management features provided on PSMT tab column 11","Show how this is achieved in your solution.",null,null,"Show stopper",{"$f":"IF(I10='Priority Ratings'!$C$21,'Priority Ratings'!$B$21,IF(I10='Priority Ratings'!$C$22,'Priority Ratings'!$B$22,IF(I10='Priority Ratings'!$C$23,'Priority Ratings'!$B$23,IF(I10='Priority Ratings'!$C$24,'Priority Ratings'!$B$24,IF(I10='Priority Ratings'!$C$25,'Priority Ratings'!$B$25,IF(I10='Priority Ratings'!$C$26,'Priority Ratings'!$B$26,IF(I10='Priority Ratings'!$C$27,'Priority Ratings'!$B$27,\"No Rating\")))))))","v":6},7.6923076923076927E-2,"100%: Fully comply with requirement (Out of the box function with minor re-configuration) \n50%:   Partially comply, will require major configuration.\n0%:     No compliance/require development and/or customisation.",0,0]
[3,"Meeting the Scope of Work Required","How well has the Tenderer described how scope requirements will be met?  Do they understand what needs to be done?  List concerns in Comments.","Protection Settings and Process Lifecycle","The tool should be able to do the following:\n- Store and record all settings associated with protection devices\n- Support vast selection of device models.\n- User-defined device models must be able to be created and imported with ease.\n- Demostrate Device models for Multiple settings groups, Range checks, descriptions, Units of measurement\n- To allow the presentation of settings values to reflect the original software.\n- To allow workflows handling protection settings to be company-specific and the definition of this workflow is completely configurable\n- How email notifications are triggered on workflow events.\n- To store data in a tamper-proof manner and should be traceable.\n","Show how this is achieved in your solution.",null,null,"Show stopper",{"$f":"IF(I11='Priority Ratings'!$C$21,'Priority Ratings'!$B$21,IF(I11='Priority Ratings'!$C$22,'Priority Ratings'!$B$22,IF(I11='Priority Ratings'!$C$23,'Priority Ratings'!$B$23,IF(I11='Priority Ratings'!$C$24,'Priority Ratings'!$B$24,IF(I11='Priority Ratings'!$C$25,'Priority Ratings'!$B$25,IF(I11='Priority Ratings'!$C$26,'Priority Ratings'!$B$26,IF(I11='Priority Ratings'!$C$27,'Priority Ratings'!$B$27,\"No Rating\")))))))","v":6},7.6923076923076927E-2,"100%: Fully comply with requirement (Out of the box function with minor re-configuration) \n50%:   Partially comply, will require major configuration.\n0%:     No compliance/require development and/or customisation.",0,0]
[4,"Meeting the Scope of Work Required","How well has the Tenderer described how scope requirements will be met?  Do they understand what needs to be done?  List concerns in Comments.","Audit Trail","The tool should be able to do the following:\n- To provide the audit trail on each event.\n- How all changes regarding settings, devices and locations are stored in an audit trail.","Show how this is achieved in your solution.",null,null,"Show stopper",{"$f":"IF(I12='Priority Ratings'!$C$21,'Priority Ratings'!$B$21,IF(I12='Priority Ratings'!$C$22,'Priority Ratings'!$B$22,IF(I12='Priority Ratings'!$C$23,'Priority Ratings'!$B$23,IF(I12='Priority Ratings'!$C$24,'Priority Ratings'!$B$24,IF(I12='Priority Ratings'!$C$25,'Priority Ratings'!$B$25,IF(I12='Priority Ratings'!$C$26,'Priority Ratings'!$B$26,IF(I12='Priority Ratings'!$C$27,'Priority Ratings'!$B$27,\"No Rating\")))))))","v":6},7.6923076923076927E-2,"100%: Fully comply with requirement (Out of the box function with minor re-configuration) \n50%:   Partially comply, will require major configuration.\n0%:     No compliance/require development and/or customisation.",0,{"$f":"K12*M12","v":0}]
[5,"Meeting the Scope of Work Required","How well has the Tenderer described how scope requirements will be met?  Do they understand what needs to be done?  List concerns in Comments.","Asset Management Features","The tool should be able to do the following:\n- To manage assets in a completely user-definable hierarchy consisting of location and devices.\n- How Custom attributes are defined for any asset depending on company requirements.\n- Assets should be identified by a unique key to link the system to other asset management systems.\n- Access rights should be granted on the asset hierarchy according to a user’s field of responsibility.\n- The setting management tool topology for primary and signal connections must be possible to connect the electrical device (Protective devices) to form a network.","Show how this is achieved in your solution.",null,null,"Show stopper",{"$f":"IF(I13='Priority Ratings'!$C$21,'Priority Ratings'!$B$21,IF(I13='Priority Ratings'!$C$22,'Priority Ratings'!$B$22,IF(I13='Priority Ratings'!$C$23,'Priority Ratings'!$B$23,IF(I13='Priority Ratings'!$C$24,'Priority Ratings'!$B$24,IF(I13='Priority Ratings'!$C$25,'Priority Ratings'!$B$25,IF(I13='Priority Ratings'!$C$26,'Priority Ratings'!$B$26,IF(I13='Priority Ratings'!$C$27,'Priority Ratings'!$B$27,\"No Rating\")))))))","v":6},7.6923076923076927E-2,"100%: Fully comply with requirement (Out of the box function with minor re-configuration) \n50%:   Partially comply, will require major configuration.\n0%:     No compliance/require development and/or customisation.",0,0]
[6,"Meeting the Scope of Work Required","How well has the Tenderer described how scope requirements will be met?  Do they understand what needs to be done?  List concerns in Comments.","Reporting and Scripts","The tool should be able to do the following:\n Extensive set of quickly accessible built-in report\n- Option to develop custom scripts and reports using the query programming language via well-documented interfaces.","Show how this is achieved in your solution.",null,null,"Show stopper",{"$f":"IF(I14='Priority Ratings'!$C$21,'Priority Ratings'!$B$21,IF(I14='Priority Ratings'!$C$22,'Priority Ratings'!$B$22,IF(I14='Priority Ratings'!$C$23,'Priority Ratings'!$B$23,IF(I14='Priority Ratings'!$C$24,'Priority Ratings'!$B$24,IF(I14='Priority Ratings'!$C$25,'Priority Ratings'!$B$25,IF(I14='Priority Ratings'!$C$26,'Priority Ratings'!$B$26,IF(I14='Priority Ratings'!$C$27,'Priority Ratings'!$B$27,\"No Rating\")))))))","v":6},7.6923076923076927E-2,"100%: Fully comply with requirement (Out of the box function with minor re-configuration) \n50%:   Partially comply, will require major configuration.\n0%:     No compliance/require development and/or customisation.",0,0]
[7,"Meeting the Scope of Work Required","How well has the Tenderer described how scope requirements will be met?  Do they understand what needs to be done?  List concerns in Comments.","Business Process","The tool should be able to do the following:\n- To define and support Business Processes.\n- To allow business processes to contain several individual tasks to create a detailed workflow representation within the application.\n- To allow every process type should be equipped with a fully configurable workflow lifecycle within the application.\n- Processes and tasks should be connected to devices and settings to indicate correlation.\n- Business process management must contain the same features as settings management, including email notifications and audit trail support.","Show how this is achieved in your solution.",null,null,"Show stopper",{"$f":"IF(I15='Priority Ratings'!$C$21,'Priority Ratings'!$B$21,IF(I15='Priority Ratings'!$C$22,'Priority Ratings'!$B$22,IF(I15='Priority Ratings'!$C$23,'Priority Ratings'!$B$23,IF(I15='Priority Ratings'!$C$24,'Priority Ratings'!$B$24,IF(I15='Priority Ratings'!$C$25,'Priority Ratings'!$B$25,IF(I15='Priority Ratings'!$C$26,'Priority Ratings'!$B$26,IF(I15='Priority Ratings'!$C$27,'Priority Ratings'!$B$27,\"No Rating\")))))))","v":6},7.6923076923076927E-2,"100%: Fully comply with requirement (Out of the box function with minor re-configuration) \n50%:   Partially comply, will require major configuration.\n0%:     No compliance/require development and/or customisation.",0,0]
[8,"Meeting the Scope of Work Required","How well has the Tenderer described how scope requirements will be met?  Do they understand what needs to be done?  List concerns in Comments.","Document Library","The tool should be able to do the following:\n- To allow documents and software packages to be stored in a central area (the document library) within the application.\n- To support All file formats\n- To provide a full text for documents contained in the library.\n- To extract customised generic report and user specified \n- The folder structure should be customisable, and access rights should be defined for each individual library folder\n- Document version tracking","Show how this is achieved in your solution.",null,null,"Show stopper",{"$f":"IF(I16='Priority Ratings'!$C$21,'Priority Ratings'!$B$21,IF(I16='Priority Ratings'!$C$22,'Priority Ratings'!$B$22,IF(I16='Priority Ratings'!$C$23,'Priority Ratings'!$B$23,IF(I16='Priority Ratings'!$C$24,'Priority Ratings'!$B$24,IF(I16='Priority Ratings'!$C$25,'Priority Ratings'!$B$25,IF(I16='Priority Ratings'!$C$26,'Priority Ratings'!$B$26,IF(I16='Priority Ratings'!$C$27,'Priority Ratings'!$B$27,\"No Rating\")))))))","v":6},7.6923076923076927E-2,"100%: Fully comply with requirement (Out of the box function with minor re-configuration) \n50%:   Partially comply, will require major configuration.\n0%:     No compliance/require development and/or customisation.",0,0]
[9,"Meeting the Scope of Work Required","How well has the Tenderer described how scope requirements will be met?  Do they understand what needs to be done?  List concerns in Comments.","Document Management","The tool should be able to do the following:\n- To attach documents within the application.\n- To link to web pages or other assets using library functions\n- To allow user to do custom notes on assets within the application.\n- To provide a full-text search.\n","Show how this is achieved in your solution.",null,null,"Show stopper",{"$f":"IF(I17='Priority Ratings'!$C$21,'Priority Ratings'!$B$21,IF(I17='Priority Ratings'!$C$22,'Priority Ratings'!$B$22,IF(I17='Priority Ratings'!$C$23,'Priority Ratings'!$B$23,IF(I17='Priority Ratings'!$C$24,'Priority Ratings'!$B$24,IF(I17='Priority Ratings'!$C$25,'Priority Ratings'!$B$25,IF(I17='Priority Ratings'!$C$26,'Priority Ratings'!$B$26,IF(I17='Priority Ratings'!$C$27,'Priority Ratings'!$B$27,\"No Rating\")))))))","v":6},7.6923076923076927E-2,"100%: Fully comply with requirement (Out of the box function with minor re-configuration) \n50%:   Partially comply, will require major configuration.\n0%:     No compliance/require development and/or customisation.",0,0]
[10,"Meeting the Scope of Work Required","How well has the Tenderer described how scope requirements will be met?  Do they understand what needs to be done?  List concerns in Comments.","History view Mode","The tool should be able to do the following:\n- Snapshot of the system at a previous point in time\n- Allow race of historic settings records","Show how this is achieved in your solution.",null,null,"Show stopper",{"$f":"IF(I18='Priority Ratings'!$C$21,'Priority Ratings'!$B$21,IF(I18='Priority Ratings'!$C$22,'Priority Ratings'!$B$22,IF(I18='Priority Ratings'!$C$23,'Priority Ratings'!$B$23,IF(I18='Priority Ratings'!$C$24,'Priority Ratings'!$B$24,IF(I18='Priority Ratings'!$C$25,'Priority Ratings'!$B$25,IF(I18='Priority Ratings'!$C$26,'Priority Ratings'!$B$26,IF(I18='Priority Ratings'!$C$27,'Priority Ratings'!$B$27,\"No Rating\")))))))","v":6},7.6923076923076927E-2,"100%: Fully comply with requirement (Out of the box function with minor re-configuration) \n50%:   Partially comply, will require major configuration.\n0%:     No compliance/require development and/or customisation.",0,0]
[11,"Meeting the Scope of Work Required","How well has the Tenderer described how scope requirements will be met?  Do they understand what needs to be done?  List concerns in Comments.","User Management","The tool should be able to do the following:\n- Authorizations should be granted on Object hierarchy level,Individual lifecycle phases/transitions, Administrative functionality\n- Allow concurrent read-only guest account pools\n- Allow Individual user page based on Assigned settings, Assigned tasks\n- Allow Anonymization of personalised data\n- Ability to create access rights management for user groups: Location-dependent rights, Lifecycle-dependent rights Library-dependent rights Functional rights","Show how this is achieved in your solution.",null,null,"Show stopper",{"$f":"IF(I19='Priority Ratings'!$C$21,'Priority Ratings'!$B$21,IF(I19='Priority Ratings'!$C$22,'Priority Ratings'!$B$22,IF(I19='Priority Ratings'!$C$23,'Priority Ratings'!$B$23,IF(I19='Priority Ratings'!$C$24,'Priority Ratings'!$B$24,IF(I19='Priority Ratings'!$C$25,'Priority Ratings'!$B$25,IF(I19='Priority Ratings'!$C$26,'Priority Ratings'!$B$26,IF(I19='Priority Ratings'!$C$27,'Priority Ratings'!$B$27,\"No Rating\")))))))","v":6},7.6923076923076927E-2,"100%: Fully comply with requirement (Out of the box function with minor re-configuration) \n50%:   Partially comply, will require major configuration.\n0%:     No compliance/require development and/or customisation.",0,0]
[12,"Meeting the Scope of Work Required","How well has the Tenderer described how scope requirements will be met?  Do they understand what needs to be done?  List concerns in Comments.","Data exchange facilities","The tool should be able to do the following:\n- To Import/export numerical protection settings files.\n- To Import/export of task attributes.\n- To exchange of calculation-relevant parameters from/to PSST.\n- Have EXCEL import/export capabilities.","Show how this is achieved in your solution.",null,null,"Show stopper",{"$f":"IF(I20='Priority Ratings'!$C$21,'Priority Ratings'!$B$21,IF(I20='Priority Ratings'!$C$22,'Priority Ratings'!$B$22,IF(I20='Priority Ratings'!$C$23,'Priority Ratings'!$B$23,IF(I20='Priority Ratings'!$C$24,'Priority Ratings'!$B$24,IF(I20='Priority Ratings'!$C$25,'Priority Ratings'!$B$25,IF(I20='Priority Ratings'!$C$26,'Priority Ratings'!$B$26,IF(I20='Priority Ratings'!$C$27,'Priority Ratings'!$B$27,\"No Rating\")))))))","v":6},7.6923076923076927E-2,"100%: Fully comply with requirement (Out of the box function with minor re-configuration) \n50%:   Partially comply, will require major configuration.\n0%:     No compliance/require development and/or customisation.",0,0]
[13,"Meeting the Scope of Work Required","How well has the Tenderer described how scope requirements will be met?  Do they understand what needs to be done?  List concerns in Comments.","Manufacture Specific- interface","The tool should be able to do the following:\n- Allow the settings files to be viewed and managed independently of their manufacturer software.\n- To provide converters to import and export settings files directly to and from the system for further processing.\n- To allow one converter to be used for various device types and firmware configurations.\n- Should be able to use the  Import Converters provided on PSMT tab column 64\n- Should be able to use the  Export Converters provided on PSMT tab column 65","Show how this is achieved in your solution.",null,null,"Show stopper",{"$f":"IF(I21='Priority Ratings'!$C$21,'Priority Ratings'!$B$21,IF(I21='Priority Ratings'!$C$22,'Priority Ratings'!$B$22,IF(I21='Priority Ratings'!$C$23,'Priority Ratings'!$B$23,IF(I21='Priority Ratings'!$C$24,'Priority Ratings'!$B$24,IF(I21='Priority Ratings'!$C$25,'Priority Ratings'!$B$25,IF(I21='Priority Ratings'!$C$26,'Priority Ratings'!$B$26,IF(I21='Priority Ratings'!$C$27,'Priority Ratings'!$B$27,\"No Rating\")))))))","v":6},7.6923076923076927E-2,"100%: Fully comply with requirement (Out of the box function with minor re-configuration) \n50%:   Partially comply, will require major configuration.\n0%:     No compliance/require development and/or customisation.",0,0]
[14,null,"Integration to Eskom's existing Identity Providers (IdP's) \nIntegration to Eskom's existing IdP's such as Microsoft (MS) on-prem active directory (AD) MS Identity (MDI), MS Entra Identity (ID) and Multi-factor Authentication (MFA) and Single sign on (SSO).",null,"Your demonstration must show that the proposed solution supports SAML, OAuth and OpenID to integrate with Entra ID and AD.",null,null,null,"Show stopper",{"$f":"IF(I22='Priority Ratings'!$C$21,'Priority Ratings'!$B$21,IF(I22='Priority Ratings'!$C$22,'Priority Ratings'!$B$22,IF(I22='Priority Ratings'!$C$23,'Priority Ratings'!$B$23,IF(I22='Priority Ratings'!$C$24,'Priority Ratings'!$B$24,IF(I22='Priority Ratings'!$C$25,'Priority Ratings'!$B$25,IF(I22='Priority Ratings'!$C$26,'Priority Ratings'!$B$26,IF(I22='Priority Ratings'!$C$27,'Priority Ratings'!$B$27,\"No Rating\")))))))","v":6},null,"(100%) Fully comply with requirement - The proposed solution does integrate with Eskom's MS AD, and Entra ID to enable SSO and MFA.\n(0%) No compliance - The proposed solution is unable to integrate with MS AD, MDI, Entra ID and MFA."]
[15,null,"RBAC\nEskom requires the system to support and employ a Role Based Access Control (RBAC) Mechanism.",null,"Your demonstration must show that the proposed solution supports and employs RBAC mechanism.",null,null,null,"Show stopper",{"$f":"IF(I23='Priority Ratings'!$C$21,'Priority Ratings'!$B$21,IF(I23='Priority Ratings'!$C$22,'Priority Ratings'!$B$22,IF(I23='Priority Ratings'!$C$23,'Priority Ratings'!$B$23,IF(I23='Priority Ratings'!$C$24,'Priority Ratings'!$B$24,IF(I23='Priority Ratings'!$C$25,'Priority Ratings'!$B$25,IF(I23='Priority Ratings'!$C$26,'Priority Ratings'!$B$26,IF(I23='Priority Ratings'!$C$27,'Priority Ratings'!$B$27,\"No Rating\")))))))","v":6},null,"(100%) Fully comply with requirement - The proposed solution does support and employ RBAC mechanism.\n\n(0%) No compliance - The proposed solution does not support and employ RBAC mechanism"]
[16,null,"Encryption Standard\nThe proposed SaaS solution shall  encrypt data at rest using at minimum AES-256 and  in transit (or in motion) using TLS 1.2, Eskom prefers and recommends TLS 1.3",null,"Your demonstration must show that the proposed solution encrypts data at rest (AES-256), in use and in transit (TLS 1.2, Eskom prefers and recommends TLS 1.3)",null,null,null,"Show stopper",{"$f":"IF(I24='Priority Ratings'!$C$21,'Priority Ratings'!$B$21,IF(I24='Priority Ratings'!$C$22,'Priority Ratings'!$B$22,IF(I24='Priority Ratings'!$C$23,'Priority Ratings'!$B$23,IF(I24='Priority Ratings'!$C$24,'Priority Ratings'!$B$24,IF(I24='Priority Ratings'!$C$25,'Priority Ratings'!$B$25,IF(I24='Priority Ratings'!$C$26,'Priority Ratings'!$B$26,IF(I24='Priority Ratings'!$C$27,'Priority Ratings'!$B$27,\"No Rating\")))))))","v":6},null,"(100%) Fully comply with requirement - The proposed solution does encrypt data at rest (AES-256) and in transit  (TLS 1.2, Eskom prefers and recommends TLS 1.3)\n(0%) No compliance - The proposed solution does not encrypt data at rest (AES-256) and in transit  (TLS 1.2, Eskom prefers and recommends TLS 1.3)"]
[17,null,"Audit Trails, Logs, User and Activity Logs\nThe proposed SaaS solution shall have Audit trails, logs, user administration and user activity logs enabled, encrypted, and securely kept with limited access to administrators.",null,"Your demonstration must show that audit trails, user admin and user activities are enabled, encrypted and securely kept.",null,null,null,"Show stopper",{"$f":"IF(I25='Priority Ratings'!$C$21,'Priority Ratings'!$B$21,IF(I25='Priority Ratings'!$C$22,'Priority Ratings'!$B$22,IF(I25='Priority Ratings'!$C$23,'Priority Ratings'!$B$23,IF(I25='Priority Ratings'!$C$24,'Priority Ratings'!$B$24,IF(I25='Priority Ratings'!$C$25,'Priority Ratings'!$B$25,IF(I25='Priority Ratings'!$C$26,'Priority Ratings'!$B$26,IF(I25='Priority Ratings'!$C$27,'Priority Ratings'!$B$27,\"No Rating\")))))))","v":6},null,"(100%) Fully comply with requirement - The proposed solution does have Audit trails, logs, user administration and user activity logs shall be enabled, encrypted, and securely kept with limited access to administrators.\n\n(0%) No compliance - The proposed solution does not have Audit trails, logs, user administration and user activity logs shall be enabled, encrypted, and securely kept with limited access to administrators."]
[18,null,"Data Masking\nSensitive data such as PII shall be masked on the non-production environments lessen exposure.",null,"Your demonstration must show that sensitive data, such as Personally Identifiable Information (PII), is masked in all non-production environments to minimize the risk of exposure.",null,null,null,"Show stopper",{"$f":"IF(I26='Priority Ratings'!$C$21,'Priority Ratings'!$B$21,IF(I26='Priority Ratings'!$C$22,'Priority Ratings'!$B$22,IF(I26='Priority Ratings'!$C$23,'Priority Ratings'!$B$23,IF(I26='Priority Ratings'!$C$24,'Priority Ratings'!$B$24,IF(I26='Priority Ratings'!$C$25,'Priority Ratings'!$B$25,IF(I26='Priority Ratings'!$C$26,'Priority Ratings'!$B$26,IF(I26='Priority Ratings'!$C$27,'Priority Ratings'!$B$27,\"No Rating\")))))))","v":6},null,"(100%) Fully comply with requirement - The proposed solution does mask PII on nonproduction environments.\n\n(0%) No compliance - The proposed solution does not mask PII in nonproduction environments."]
[19,null,"Daily Incremental Back Ups\nIncremental daily back-ups shall be done, encrypted, and securely kept offsite. ",null,"Your demonstration must show that the proposed solution performs incremental daily back-ups. Furthermore, you must demonstrate that these back-ups are encrypted and securely stored offsite.",null,null,null,"Show stopper",{"$f":"IF(I27='Priority Ratings'!$C$21,'Priority Ratings'!$B$21,IF(I27='Priority Ratings'!$C$22,'Priority Ratings'!$B$22,IF(I27='Priority Ratings'!$C$23,'Priority Ratings'!$B$23,IF(I27='Priority Ratings'!$C$24,'Priority Ratings'!$B$24,IF(I27='Priority Ratings'!$C$25,'Priority Ratings'!$B$25,IF(I27='Priority Ratings'!$C$26,'Priority Ratings'!$B$26,IF(I27='Priority Ratings'!$C$27,'Priority Ratings'!$B$27,\"No Rating\")))))))","v":6},null,"(100%) Fully comply with requirement - Daily incremental Back ups are done, encrypted and securely kept offsite.\n\n(0%) No compliance - No daily incremental back ups."]
[20,null,"Real-time data synchronization or data replication\nThe Tenderer shall employ real-time data synchronization or data replication to a secondary or disaster recovery (DR) site, located in different region. ",null,"Your demonstration must show that real-time data synchronization or data replication is employed to a secondary or disaster recovery (DR) site located in a different region.",null,null,null,"Show stopper",{"$f":"IF(I28='Priority Ratings'!$C$21,'Priority Ratings'!$B$21,IF(I28='Priority Ratings'!$C$22,'Priority Ratings'!$B$22,IF(I28='Priority Ratings'!$C$23,'Priority Ratings'!$B$23,IF(I28='Priority Ratings'!$C$24,'Priority Ratings'!$B$24,IF(I28='Priority Ratings'!$C$25,'Priority Ratings'!$B$25,IF(I28='Priority Ratings'!$C$26,'Priority Ratings'!$B$26,IF(I28='Priority Ratings'!$C$27,'Priority Ratings'!$B$27,\"No Rating\")))))))","v":6},null,"(100%) Fully comply with requirement - Real-time or data synchronisation is employed.\n\n(0%) No compliance - No real-time or data synchronisation is employed."]
[21,null,"Integration Security\nThe proposed SaaS solution shall support the prevailing enterprise services bus (ESB), application programmable interfaces (API’s) and Integration Platform as a Service (iPaaS) platforms for security, logging and monitoring for both on-prem, hybrid-cloud and multi-cloud environments.",null,"Your demonstration must show that the proposed SaaS solution supports prevailing enterprise services bus (ESB), application programmable interfaces (API’s), and Integration Platform as a Service (iPaaS) platforms for security, logging, and monitoring. This demonstration should explicitly cover how these capabilities function in on-premise, hybrid-cloud, and multi-cloud environments.",null,null,null,"Show stopper",{"$f":"IF(I29='Priority Ratings'!$C$21,'Priority Ratings'!$B$21,IF(I29='Priority Ratings'!$C$22,'Priority Ratings'!$B$22,IF(I29='Priority Ratings'!$C$23,'Priority Ratings'!$B$23,IF(I29='Priority Ratings'!$C$24,'Priority Ratings'!$B$24,IF(I29='Priority Ratings'!$C$25,'Priority Ratings'!$B$25,IF(I29='Priority Ratings'!$C$26,'Priority Ratings'!$B$26,IF(I29='Priority Ratings'!$C$27,'Priority Ratings'!$B$27,\"No Rating\")))))))","v":6},null,"(100%) Fully comply with requirement - The proposed solution does support ESB, API's and IPaaS for security, logging and monitoring.\n\n(0%) No compliance - The proposed solution does not support ESB, API's and IPaaS for security, logging and monitoring."]
[]
[null,null,null,null,null,null,null,"Totals",null,{"$f":"SUM(J9:J21)","v":78},{"$f":"SUM(K9:K21)","v":0.99999999999999978},null,null,{"$f":"SUM(N9:N21)","v":0}]

{"sheet":"Priority","index":21,"n_rows":0,"n_cols":0,"rows_kept":0,"cut":false,"hidden":false,"merged":[]}

{"sheet":"PSST-Abbreviation & Definitions","index":22,"n_rows":137,"n_cols":2,"rows_kept":137,"cut":false,"hidden":false,"merged":[]}
[]
["DEFINITIONS"]
["Term","Definition"]
["AMPL","A Mathematical Programming Language (AMPL) is an algebraic modelling language to describe and solve high-complexity problems for large-scale mathematical computing"]
["AMPL-NL","NL is a file format for presenting and archiving mathematical programming problems. Initially this format has been invented for connecting solvers to AMPL. It has also been adopted by other systems such as COIN-OR, FortSP, and Coopr."]
["Analytics ","Refers to the business intelligence capability."]
["ANSI C37","Standard from American National Standards Institute for various analysis methodologies"]
["ArcGIS","A geographic information system (GIS) for working with maps and geographic information"]
["Business Continuity","Business continuity encompasses planning and preparation to ensure that an organization can continue to operate in case of serious incidents or disasters and can recover to an operational state within a reasonably short period."]
["Business Requirements Specification","Business requirements specification is the eliciting, analysing, and documenting of business requirements early in the development cycle to guide the design of the solution. "]
["Business Rule","Business requirements specification is the eliciting, analysing, and documenting of business requirements early in the development cycle to guide the design of the solution. "]
["C++","Programming language"]
["COMTRADE","The COMTRADE standard, 1991 (C37.111), is used for, amongst other things, Protection analysis for relays. The COMTRADE files are used for the playback of digital fault recorder data to analyse relay response to power system  disturbances"]
["CPLEX","IBM ILOG CPLEX Optimization Studio is an optimization software package."]
["DIN/ IEC","DIN stands for 'Deutsches Institut für Normung' which means 'German Institute of Standardization'. DIN develops norms and standards as a service to industry, to the state and to society. It is a registered non-profit organization which has been based in Berlin since 1917/ International Electrotechnical Commission (IEC)"]
["Disaster Recovery / Disaster Recovery Plan","A disaster recovery plan (DRP) is a documented process or set of procedures to recover and protect a business IT infrastructure in the event of a disaster. Such a plan, ordinarily documented in written form, specifies procedures an organization is to follow in the event of a disaster. It is \"a comprehensive statement of consistent actions to be taken before, during and after a disaster\". "]
["Distribution (Dx)","A Division within Eskom which is responsible for the conveyance of electricity through a distribution system (DS). Where the DS is an electricity network consisting of assets operated at a nominal voltage of 132 kV or less."]
["EN 50464-3","Three-phase oil-immersed distribution transformers 50 Hz, from 50 kVA to 2500 kVA with highest voltage for equipment not exceeding 36 kV."]
["EN 50541-2","Three phase dry-type distribution transformers 50 Hz, from 100 to 3 150 kVA, with highest voltage for equipment not exceeding 36 kV Part 2: Determination of load ability of a transformer loaded with no sinusoidal current"]
["Esri","Environmental Systems Research Institute (Esri) is an international supplier of geographic information system (GIS) software, web GIS and geodatabase management applications."]
["External Agents ","Sends information to and receive information from analysis area of study/focus area."]
["FACTS","Flexible alternating current transmission system (FACTS) is a system composed of static equipment used for the Alternating Current ( AC) transmission of electrical energy. It is meant to enhance controllability and increase power transfer capability of the network."]
["GIS","Geographic Information System"]
["GUROBI","Gurobi optimizer works with a variety of file formats"]
["Generation (Gx)","A Division within Eskom responsible to produce electricity through a unit or power station. "]
["Process","Set of activities that describe how an activity is executed."]
["IEC 60909","The standard IEC 60909 provides guidelines for short circuit calculations and is routinely applied in grid planning applications"]
["IEC 61000-3-6","Outlines procedures for evaluating harmonic emissions from facilities that are connected to Medium Voltage (MV), High Voltage (HV), and EHV systems."]
["IEC 61000-4-15","Standard IEC 61000-4-15 summarizes the research that supports the IEC 61000-3-3 flicker standard and establishes a measurement method. Flicker meter functional and design specifications."]
["IEC 61363","Standard describing method for calculation that include generator and motor short circuit decrement will tend to produce the lowest acceptable values of short circuit current."]
["IEC 61400-21","Measurement and Assessment of Electrical Characteristics."]
["IEC 61660","Standard describing method for calculating short-circuit currents in DC auxiliary systems in power plants and substations"]
["IEC61400-27-1 ","Specifies dynamic simulation models for generic wind turbine topologies/concepts/configurations on the market"]
["IEEE","The Institute of Electrical and Electronics Engineers (IEEE) describes itself as ‘the world’s largest technical professional society – promoting the development and application of electro technology and allied sciences for the benefit of humanity, the advancement of the profession, and the well-being of our members.’ \n\nThe IEEE fosters the development of standards that often become national and international standards. \nThe organisation publishes several journals, has many local chapters, and several large societies in special areas, such as the IEEE Computer Society."]
["IEEE 1366","Standard describing method for segmenting reliability performance data to isolate the effects of major events from the underlying year-to-year trends in reliability"]
["IEEE C.57.110-1998","Standard describing method for recommended Practice for Establishing Transformer Capacity When Supplying non-sinusoidal Load Currents, recognizes that harmonic rich load currents are possible & describes a method for de-rating a transformer due to the higher frequencies contained in the load current."]
["IEEE C37.118 ","Standard describing method for synchrophasor measurements in power systems. It defines the measurement method and communication protocols for the entities in a synchrophasor network."]
["IEEE-1584 2002","IEEE 1584-2018 is an update to IEEE 1584-2002 and was developed to help protect people from arc-flash hazard dangers. The predicted arc current and incident energy are used in selecting appropriate overcurrent protective devices and personal protective equipment (generally abbreviated as PPE), as well as defining safe working distance. Since the magnitude of the arc current is inherently linked with the degree of arc hazard, the arc is examined as a circuit parameter."]
["Innovation","Innovation refers to changing processes or creating more effective processes, products, and ideas. For businesses, this could mean implementing latest ideas, creating dynamic products, or improving your existing services. Predominantly focuses on digitisation type projects."]
["Java","Is a programming language that produces software for multiple platforms. When a programmer writes a Java application, the compiled code (known as bytecode) runs on most operating systems (OS), including Windows, Linux, and Mac OS"]
["Master Type Library (MTL)","The MTL is a software system with a data repository designed to store and to manage typical equipment data for all the specified types of Commonly used equipment in Eskom Distribution equipment. "]
["Power System Simulation Tool","Is typically a computer software system that consists of functional modules for the studies of power system transmission networks, generation performance and reticulation (also referred to as distribution). Such a system normally caters for power flow, fault analysis (balanced and unbalanced), network equivalent construction and dynamic simulation."]
["Process","Set of activities that describe how an activity is executed."]
["Project","A project consists of a concrete and organized effort motivated by a perceived opportunity when facing a problem, a need, a desire, or a source of. It seeks the realization of a unique and innovative deliverable, such as a product, a service, a process, or in some cases, scientific research. Each project has a beginning and an end, and as such is considered a closed dynamic system. It is developed along the 4 Ps of project management: Plan, Processes, People, and Power. It is bound by the triple constraints that are calendar, costs, and norms of quality, each of which can be determined and measured objectively along the project lifecycle. Each project produces some level of formal documentation, the deliverable(s), of course, and some impacts, which can be positive and/or negative."]
["PV system","A Photo-Voltaic (PV) system is a system composed of one or more solar panels combined with an inverter and other electrical and mechanical hardware that use energy from the Sun to generate electricity."]
["PV-generators","PV Generator Simple component describes a simple model of PV panels that may be useful for early phase design analysis"]
["Python","Python is a high-level programming language designed to be easy to read and simple to implement"]
["RLC","An RLC circuit is an electrical circuit consisting of a resistor ©, an inductor (L), and a capacity©(C), connected in series or in parallel."]
["R-X Diagrams","If the relay's operating boundary is plotted on an R-X diagram, its impedance characteristic is a circle with its centre at the origin of the coordinates and its radius"]
["Software License Purchase","A software license is a legal instrument (usually by way of contract law, with or without printed material) governing the use or redistribution of software. All software is copyright protected, in source code as also object code form. The only exception is software in the public domain. A typical software license grants the licensee, typically an end-user, permission to use one or more copies of software in ways where such a use would otherwise potentially constitute copyright infringement of the software ‘owner’s exclusive rights under copyright law."]
["Transmission (Tx)","A Division within Eskom which is responsible for the conveyance of electricity through the Transmission system (TS). Where the TS consists of all the lines and substation equipment where the nominal voltage is above 132 kV. "]
["QV- Curve","A QV analysis studies how variations in reactive power (Q) injection at a bus affects the voltage (V) at that same bus"]
["System","An organized, purposeful structure that consists of interrelated and interdependent elements (components, entities, factors, members, parts etc.). These elements continually influence one another (directly or indirectly) to maintain their activity and the existence of the system, to achieve the goal of the system"]
["UL1562","UL 1561 and UL 1562 defines K-factor rating to transformers that serve nonlinear loads and provides guidance to manufacturers and users as to the quantity of the harmonics involved in the load the transformer will be feeder and, therefore, the construction of the transformer required to ensure reliable operation."]
[]
["ABBREVIATIONS "]
["Abbreviation","Description"]
["AC","Alternating Current / Asset Creation"]
["ACE","Analytics Centre of Excellence Department"]
["AMPL-NL","A Mathematical Programming Language"]
["ANSI","American National Standards Institute"]
["API","Application Programming Interface"]
["ARIS","Architecture of Integrated Information Systems"]
["AVR","Automatic Voltage Regulator"]
["AVRs","Automatic Voltage Regulators"]
["BCP","Business Continuity Plan"]
["BI","Business Intelligence (also known as Analytics)"]
["BPM","Business Process Manager"]
["BRS","Business Requirements Specification"]
["C++","Programming language C plus plus"]
["CB","Circuit Breaker"]
["CIM","Common Information Model"]
["CPLEX","IBM ILOG CPLEX Optimization Studio is an optimization software package."]
["CR","Change Request "]
["CT","Current Transformer"]
["CVT","Capacitive Voltage Transformer"]
["DC","Direct Current"]
["DER","Distributed Energy Resources"]
["DF","Distribution Factors"]
["DFD","Data Flow Diagram"]
["DIN/ IEC","DIN stands for 'Deutsches Institut für Normung' which means 'German Institute of Standardization'. DIN develops norms and standards as a service to industry, to the state and to society. It is a registered non-profit organization which has been based in Berlin since 1917/ International Electrotechnical Commission (IEC)"]
["DR","Disaster Recovery"]
["Dx","Distribution division"]
["EMT","Electromagnetic Transients"]
["FFT","Fast Fourier Transform"]
["GPS","Global Positioning System"]
["HVDC","High Voltage Direct Current (systems)"]
["IEEE","Institute of Electrical and Electronics Engineers"]
["IPP","Independent Power Producers"]
["IT","Information Technology"]
["ITSO","Information Technology Service Operations"]
["KPI","Key Performance Indicator"]
["LAN","Local Area Network"]
["LDAP","Lightweight Directory Access Protocol"]
["LOV","Lightning transient Over-Voltages"]
["LV","Low Voltage"]
["MIMO- ","Multiple input, Multiple output"]
["MTL","Master Type Library"]
["MV","Medium Voltage"]
["MVA","Mega Volt Amp"]
["MVAR","MVAR= mega volt amps (reactive) this is another measurement of \"power\", like W, but it measures the component of power that is reactive, which means the component of power (layman's terms alert) that is flowing in the wires to make magnetic fields, but does not actually get turned into work"]
["MW","Megawatts"]
["NDP","National Development Plan"]
["NEC","Neutral Earthing Compensator"]
["NER","Neutral Earthing Resistor"]
["NIS","Network Information System"]
["OHL","Overhead Line"]
["OPC","Open Platform Communications"]
["OPF","Optimal Power Flow"]
["PCM","Process Control Manual"]
["POW","Point-On-Wave"]
["PQ","Power Quality"]
["PSA","Power System Analytical"]
["PSSA","Power System Simulation Application"]
["PSSE","Power System Simulation for Engineering"]
["PSST","Power System Simulation Tool"]
["PV","Photo-Voltaic"]
["PWM","Pulse Width Modulation"]
["QOS","Quality of Supply"]
["RMS","Root Mean Square"]
["SCADA","System Control and Data Acquisition."]
["SIS","Strategic Intent Statement"]
["SLA","Service Level Agreement"]
["SOV","Switching Over Voltages"]
["SSR","Sub Synchronous Resonance"]
["STATCOM","Static compensator model"]
["SVC","Static Var Control"]
["SVS","Static Var System"]
["TCSC","Thyristor-Controlled Series Compensation"]
["TIPS","The Integrated Planning Solution"]
["TOV","Temporary Over Voltage"]
["TRV","Transient Recovery Voltage"]
["Tx","Transmission division"]
["UI","User Interface"]
["VSC","Voltage Source Converter"]
["VT ","Voltage Transformer"]
["WTG","Wind Turbine Generators"]

{"sheet":"PSMT-Abbreviation & Definitions","index":23,"n_rows":49,"n_cols":2,"rows_kept":49,"cut":false,"hidden":false,"merged":[]}
[]
["DEFINITIONS"]
["Term","Definition"]
["Business Continuity","Business continuity encompasses planning and preparation to ensure that an organization can continue to operate in case of serious incidents or disasters and is able to recover to an operational state within a reasonably short period."]
["Business Requirements Specification","Business requirements specification is the eliciting, analysing and documenting of business requirements early in the development cycle to guide the design of the solution. "]
["Business Rule","A business rule is a rule that defines or constrains some aspect of business and always resolves to either true or false. Business rules are intended to assert business structure or to control or influence the behaviour of the business.\nBusiness rules describe the operations, definitions and constraints that apply to an organization. Business rules can apply to people, processes, corporate behaviour and computing systems in an organization, and are put in place to help the organization achieve its goals."]
["CAP 540","The CAP 540 supports all versions of 500 series transmission terminals. Additionally, it\nfeatures graphical distance zone presentation for verifying the setting selection"]
["Configuration","Configuration of a relay or protection scheme is, in essence, “electronic wiring” inside a"]
["Disaster Recovery / Disaster Recovery Plan","A disaster recovery plan (DRP) is a documented process or set of procedures to recover and protect a business IT infrastructure in the event of a disaster. Such a plan, ordinarily documented in written form, specifies procedures an organization is to follow in the event of a disaster. It is \"a comprehensive statement of consistent actions to be taken before, during and after a disaster\" "]
["Excel","Is a software program created by Microsoft that uses spreadsheets to organize numbers.\nand data with formulas and functions"]
["External Agents","Sends information to and receive information from analysis area of study/focus area."]
["Firmware","Electronic component in a protection relay"]
["Innovation","Innovation generally refers to changing processes or creating more effective processes,"]
["MCUSetup","MCUSetup is a PC-based software"]
["Primary Plant","Equipment directly associated with the transmission and distribution of electricity operating at high and extra high voltage. This equipment that is typically segregated in a high voltage yard or building, and includes inter alia transformers, circuit breakers, instrument transformers, isolators, shunt reactors, shunt capacitors and post insulators"]
["Secondary Plant","This is control plant and telecommunication equipment"]
["PCM 600","PCM 600 scans and retrieves disturbance information for automatic report file generation. Automatic reporting allows relay engineers to concentrate on disturbance analysis instead of manually collecting data. This way, there is more time for analysis of demanding fault cases."]
["Power System Simulation Tool (PSST)","An engineering software application designed to simulate power system networks and associated devices to carry out engineering studies (e.g., load flow, protection relay operations, dynamic system behaviour and harmonics studies) for various scenarios"]
["Process","Set of activities that describe how an activity is executed."]
["Project","A project consists of a concrete and organized effort motivated by a perceived opportunity when facing a problem, a need, a desire or a source of. It seeks the realization of a unique and innovative deliverable, such as a product, a service, a process, or in some cases, a scientific research. Each project has a beginning and an end, and as such is considered a closed dynamic system. It is developed along the 4 Ps of project management: Plan, Processes, People, and Power. It is bound by the triple constraints that are calendar, costs and norms of quality, each of which can be determined and measured objectively along the project lifecycle. Each project produces some level of formal documentation, the deliverable(s), of course, and some impacts,\nwhich can be positive and/or negative."]
["Software License Purchase","A software license is a legal instrument (usually by way of contract law, with or without"]
["System","An organized, purposeful structure that consists of interrelated and interdependent elements (components, entities, factors, members, parts etc.). These elements continually influence one another (directly or indirectly) to maintain their activity and the existence of the system, in order to achieve the goal of the system"]
[]
["ABBREVIATIONS "]
["Abbreviation","Description"]
["ARIS","Architecture of Integrated Information Systems"]
["BCP","Business Continuity Plan"]
["BPM","Business Process Manager"]
["BRS","Business Requirements Specification"]
["DRP","Disaster Recovery Plan"]
["EAF","Energy availability factor"]
["GCR","Grid code requirement"]
["GIT","Group Information Technology "]
["GUI","Graphical User Interface"]
["HTML","Hypertext Markup Language"]
["ITSO","Information Technology Service Operations"]
["IARC","Industry Association Resource Centre"]
["KPA","Key Performance Area"]
["KPI","Key Performance Indicator"]
["LDAP","Lightweight Directory Access Protocol"]
["PCM","Process Control Manual"]
["PDF","Portable Document Format"]
["PSMT","Protection Settings Management Tool"]
["PSST","Power System Simulating Tool"]
["QoS","Quality of supply"]
["SIS","Strategic Intent Statement"]
["SLA","Service Level Agreement"]
["UI","User Interface"]
["XML","is a file extension for an Extensible Markup Language"]

{"sheet":"Resources","index":24,"n_rows":15,"n_cols":21,"rows_kept":15,"cut":false,"hidden":true,"merged":[[3,2,3,19]]}
[]
[]
[]
[null,null,"Resources"]
[null,"Area","Name","Name","Name","Name","Name","Name","Name","Name","Name","Name","Name","Name","Name",null,"Name","Name",null,"Name","Notes"]
[null,"Key Requirements"]
[null,"Functional PSST","Kurt Dedekind (Dx)","Anita Oommen  (Tx)","Phera Rakeketsi ( Gx)","Warren Farmer (Dx QoS)","Leon Holtzhausen (Dx)","Sanjian Malapermal (Dx)","Dayahalan Chetty (Dx)","Preshaan Jaglal (Tx)","Dudu Radebe (Tx)","Japie Spoelstra (Tx)","Kgosi Mabalane (Tx)","Busi Green (Gx)","Jacques Strydom (Gx)","Neo Mapapanyane (Tx)","Thabo Mongadi Group IT","Randall Van Heerden Group IT","Maseeng Tloome Group IT","Nonkwenkwezi Xala\n Group IT"]
[null,"Functional PSMT","Kurt Dedekind (Dx)","Anita Oommen  (Tx)","Phera Rakeketsi ( Gx)","Leon Holtzhausen (Dx)","Kgosi Mabalane (Tx)","Jacques Strydom (Gx)","Preshaan Jaglal (Tx)","Busi Green (Gx)","Thabo Mongadi Group IT","Randall Van Heerden Group IT","Maseeng Tloome Group IT","Nonkwenkwezi Xala \nGroup IT","Neo Mapapanyane (Tx)"]
[null,"Non-Functional","Thabo Mongadi Group IT","Randall Van Heerden Group IT"]
[null,"Technical","Thabo Mongadi Group IT"]
[null,"Integration and Testing","Leigh-Ann Vermaak Group IT","Kholo Motadi \nGroup IT"]
[null,"Cloud","Thabo Mongadi Group IT"]
[null,"Security","Thabo Mongadi Group IT"]
[null,"Demo Tab","All "]
[null,"Supplier Evaluation","???"]

{"sheet":"Demonstration","index":25,"n_rows":77,"n_cols":13,"rows_kept":77,"cut":false,"hidden":true,"merged":[]}
[{"$f":"Technical!A1","v":"PSST and PSMT"}]
["CORP xxxx Tender",null,null,null,null,null,null,null,null,null,null,"Scoring (Sliding scale)"]
["Tenderer:",null,null,null,null,null,null,null,null,null,null,"100% - Fully compliant"]
["Evaluated by:",null,null,null,null,null,null,null,null,null,null,"50%-Partially compliant"]
[null,null,null,null,null,null,null,null,null,null,null,"0%-Non compliance"]
["Evaluation Criteria"]
[null,null,null,null,null,null,null,null,"Weight\n(agreed by evaluation team members)",null,"Score\n(determined by each evaluation team member during evaluation. Will be averaged for final scores)","Score\n(determined by each evaluation team member during evaluation. Will be averaged for final scores)"]
["ID","Type","Criterion","Solution","Functional Requirement","Requirement description","Comments","Priority Description","Priority\n","Weighted Question","Scoring","Answer\n(0,50,100%)","Weighted Answer"]
[1,"Meeting the Scope of Work Required","How well has the Tenderer described how scope requirements will be met?  Do they understand what needs to be done?  List concerns in Comments.","Chatbot and Social Media API","• Support of cloud\nStandAlone or cloud solution","Provide solution details indicating whether the solution can be deployed as a standalone or via the cloud\n",null,"Very important",4,{"$f":"I9/I$77","v":1.4234875444839857E-2},"100%: Fully comply with requirement\n50%:   Partially comply will require development/ customisation\n0%:     No compliance",0,{"$f":"J9*L9","v":0}]
[2,"Meeting the Scope of Work Required","How well has the Tenderer described how scope requirements will be met?  Do they understand what needs to be done?  List concerns in Comments.","Chatbot and Social Media API","Capability to support customer journey's / service types in conjunction with AI (Chatbot)","Solution capabilities support use cases/Customer jouneys are per Customer journey/service types submitted as attachment. \nThe Customer service interactions (use cases) are categorised by types (Supporting attachment called “Customer Services: Service categories and types”) that are handled by the contact center. \nThe following are the high priorities: \n a. Electricity Supply Problem (high priority) \n   i. receive feedback on faults reported (I,e, using a ref number)\n   ii. And progress feedback on faults a section item\n b. Submit Meter readings (high priority). \n  c. Refer to attachments for a complete list of ALL service \nd. Display reference number that has been generated by Eskom source systems.\ncategories\n  i. An important one can be data enrichment such as verification and  \n     updating of customer details such as telephone numbers etc.\nOff the shelf or customisation?",null,"Critical",5,1.7793594306049824E-2,"100%: Fully comply with requirement\n50%:   Partially comply will require development/ customisation\n0%:     No compliance",0,0]
[3,"Meeting the Scope of Work Required","How well has the Tenderer described how scope requirements will be met?  Do they understand what needs to be done?  List concerns in Comments.","Chatbot and Social Media API","Customer interface: "," Provide capability for client to develop the logic/features of the solution directly. This includes tuning of rules etc. /admin – \nAbility to easily configure WhatsApp profile.Provide flexibility to configure as required.\nWhatsApp welcome greeting. This will be determined by business and the solution should allow this configuration to be flexible and allow the client to perform this configuration using simple GUI.",null,"Critical",5,1.7793594306049824E-2,"100%: Fully comply with requirement\n50%:   Partially comply will require development/ customisation\n0%:     No compliance",0,0]
[4,"Meeting the Scope of Work Required","How well has the Tenderer described how scope requirements will be met?  Do they understand what needs to be done?  List concerns in Comments.","Chatbot and Social Media API","Development platform \nUser / Self-configurable option with a simple GUI Interface","Provision of a UI environment preferred. Low code or no code. Provision of a graphical User Interface to develop the BOT. User is able to make configurations/changes etc without coding experience / drag and drop (add fields etc)\nAbility to configure and provide an Auto respond with a message/s i.e. “We have received your chat…..”. This should also be a self-configurable option with a simple GUI Interface. -",null,"Critical",5,1.7793594306049824E-2,"100%: Fully comply with requirement\n50%:   Partially comply will require development/ customisation\n0%:     No compliance",0,0]
[5,"Meeting the Scope of Work Required","How well has the Tenderer described how scope requirements will be met?  Do they understand what needs to be done?  List concerns in Comments.","Social Media API","Solution availability on different platforms","The solution should be available on mobile and web browser (e.g. as an application), Application for Desktop & Mobile platforms. Minimum OS Android and IOS supported . \nAt least Internet Explorer /Edge, Mozilla, Chrome and Safari",null,"Very important",4,1.4234875444839857E-2,"100%: Fully comply with requirement\n50%:   Partially comply will require development/ customisation\n0%:     No compliance",0,0]
[6,"Meeting the Scope of Work Required","How well has the Tenderer described how scope requirements will be met?  Do they understand what needs to be done?  List concerns in Comments.","Chatbot","Solution availability on different platforms","Management, Administration, Support of modern browsers - Edge, Mozilla etc.",null,"Very important",4,1.4234875444839857E-2,"100%: Fully comply with requirement\n50%:   Partially comply will require development/ customisation\n0%:     No compliance",0,0]
[7,"Meeting the Scope of Work Required","How well has the Tenderer described how scope requirements will be met?  Do they understand what needs to be done?  List concerns in Comments.","Social Media API","Carry incoming/outgoing transactions  ","Indicate the social media channel API ability to carry incoming/outgoing transactions  \nPerformance:\nCapability to handle 20 000 messages per day. Also indicate concurrent capability.",null,"Very important",4,1.4234875444839857E-2,"100%: Fully comply with requirement\n50%:   Partially comply will require development/ customisation\n0%:     No compliance",0,0]
[8,"Meeting the Scope of Work Required","How well has the Tenderer described how scope requirements will be met?  Do they understand what needs to be done?  List concerns in Comments.","Social Media API","Message relay ","read and write to social media channels for text, media, web hooks, message templates, SMS / Rich Communication Service support etc.",null,"Critical",5,1.7793594306049824E-2,"100%: Fully comply with requirement\n50%:   Partially comply will require development/ customisation\n0%:     No compliance",0,0]
[9,"Meeting the Scope of Work Required","How well has the Tenderer described how scope requirements will be met?  Do they understand what needs to be done?  List concerns in Comments.","Chatbot and Social Media API","Security - Provision of secure environment and protection of data","Needs to comply with the POPI act. Business is dealing with personal information.\n",null,"Very important",4,1.4234875444839857E-2,"100%: Fully comply with requirement\n50%:   Partially comply will require development/ customisation\n0%:     No compliance",0,0]
[10,"Meeting the Scope of Work Required","How well has the Tenderer described how scope requirements will be met?  Do they understand what needs to be done?  List concerns in Comments.","Social Media API","Security - Data encryption","Data to be encrypted – end to end. Must be pass through to the routing engine. Prior to routing engine. Post API.",null,"Very important",4,1.4234875444839857E-2,"100%: Fully comply with requirement\n50%:   Partially comply will require development/ customisation\n0%:     No compliance",0,0]
[11,"Meeting the Scope of Work Required","How well has the Tenderer described how scope requirements will be met?  Do they understand what needs to be done?  List concerns in Comments.","Social Media API","Security ","Setup and use HTTPS endpoints.",null,"Very important",4,1.4234875444839857E-2,"100%: Fully comply with requirement\n50%:   Partially comply will require development/ customisation\n0%:     No compliance",0,0]
[12,"Meeting the Scope of Work Required","How well has the Tenderer described how scope requirements will be met?  Do they understand what needs to be done?  List concerns in Comments.","Social Media API","Dashboard Console ","Dashboard Console to monitor and alert on API health / activity.",null,"Very important",4,1.4234875444839857E-2,"100%: Fully comply with requirement\n50%:   Partially comply will require development/ customisation\n0%:     No compliance",0,0]
[13,"Meeting the Scope of Work Required","How well has the Tenderer described how scope requirements will be met?  Do they understand what needs to be done?  List concerns in Comments.","Social Media API","Input capabilitues inclusive. \nIndicate what types of content are supported i.e. pdf, jpg etc.\n","Provision of additional input classes \n* Vocie and Text ",null,"Critical",5,1.7793594306049824E-2,"100%: Fully comply with requirement\n50%:   Partially comply will require development/ customisation\n0%:     No compliance",0,0]
[14,"Meeting the Scope of Work Required","How well has the Tenderer described how scope requirements will be met?  Do they understand what needs to be done?  List concerns in Comments.","Social Media API","Load volumes and Scalability for growth","Indicate the solution capabilities regarding the load/volumes i.e. physical number of messages and size of messages \nScalability: Flexibility to allow for future growth. Growth is expected – possibly a selection of the full customer base responding to AI related channels (Residential customers = 7 mil+/100K concurrency) \n",null,"Very important",4,1.4234875444839857E-2,"100%: Fully comply with requirement\n50%:   Partially comply will require development/ customisation\n0%:     No compliance",0,0]
[15,"Meeting the Scope of Work Required","How well has the Tenderer described how scope requirements will be met?  Do they understand what needs to be done?  List concerns in Comments.","Chatbot","Ability to handover to human or other channels","\nSafety and other sensitive interactions should be routed / directed according to Business process. i.e Handled by Human agent. ",null,"Critical",5,1.7793594306049824E-2,"100%: Fully comply with requirement\n50%:   Partially comply will require development/ customisation\n0%:     No compliance",0,0]
[16,"Meeting the Scope of Work Required","How well has the Tenderer described how scope requirements will be met?  Do they understand what needs to be done?  List concerns in Comments.","Chatbot","Ability to develop / Modify standard templates to guide user interaction  based on current Case based reasoning","Predefined templates that can be configured. Vendors template flexibility to allow structured questions for case based reasoning. Development according to Eskom requirements. Allow for changes down the line. The ease in changing templates for Eskom requirements. Drag n drop preferrance.Customer interactions will be guided and provided via templates, this should allow for the customer to choose and provide enough information to classify/process the request. This is more structured. This follows the case based reasoning. ALLOW FOR STRUCTURED (Different levels as well) CHANGES TO BE IMPLEMENTED. Scoring (80-90% User configurable -100%, 60-80% User configurable - 50%, < - 0%)\nMore discussion to resolve.",null,"Very important",4,1.4234875444839857E-2,"100%: 80-90% User configurable\n50%:   60-80% User configurable\n0%:     No compliance",0,{"$f":"J24*L24","v":0}]
[17,"Meeting the Scope of Work Required","How well has the Tenderer described how scope requirements will be met?  Do they understand what needs to be done?  List concerns in Comments.","Chatbot","Ability to develop structured interactions to to obtain and interrogate data easily ","Platform capability to function with organisation's current and future case base reasoning structure. Information/data from interactions should be structured in an intelligent format, using i.e.  /root cause tree, drop down boxes etc. to receive data in format that can be interrogated. ",null,"critical",5,1.7793594306049824E-2,"100%: Fully comply with requirement\n50%:   Partially comply will require development/ customisation\n0%:     No compliance",0,0]
[18,"Meeting the Scope of Work Required","How well has the Tenderer described how scope requirements will be met?  Do they understand what needs to be done?  List concerns in Comments.","Chatbot","Automated interactions applicable","The Chatbot will power the WhatsApp channel resulting in an automated interaction. Therefore the vendor should indicate how much can be automated from start to end of the process. \nScoring- with regards to what is currently automated-100%)",null,"Critical",5,1.7793594306049824E-2,"100%: Fully comply with requirement\n50%:   Partially comply will require development/ customisation\n0%:     No compliance",0,0]
[19,"Meeting the Scope of Work Required","How well has the Tenderer described how scope requirements will be met?  Do they understand what needs to be done?  List concerns in Comments.","Chatbot and Social Media API","Inclusive list of supported languages","Language support. English is the primary language. Provide an inclusive list of what official South African languages are supported. \nMulti-language translation will be more applicable to conversational bots.",null,"Very important",4,1.4234875444839857E-2,"100%: Fully comply with requirement\n50%:   Partially comply will require development/ customisation\n0%:     No compliance",0,0]
[20,"Meeting the Scope of Work Required","How well has the Tenderer described how scope requirements will be met?  Do they understand what needs to be done?  List concerns in Comments.","Social Media API","Non-Latin characters support"," Support for non-Latin characters i.e. Cyrillic script - Customers not using standard characters / emojis etc.. How dow the platform support / filter / handle these characters. Not only alphabetical but also symbols. What hac been tested. Applies to free text",null,"Very important",4,1.4234875444839857E-2,"100%: Fully comply with requirement\n50%:   Partially comply will require development/ customisation\n0%:     No compliance",0,0]
[21,"Meeting the Scope of Work Required","How well has the Tenderer described how scope requirements will be met?  Do they understand what needs to be done?  List concerns in Comments.","Social Media API","Filtering capability","Indicate the Filtering capability – i.e. only take numbers from South Africa. Prevent DOS Attack etc. This will provide the capability to route an interaction from a VIP to Key customer etc.",null,"Very important",4,1.4234875444839857E-2,"100%: Fully comply with requirement\n50%:   Partially comply will require development/ customisation\n0%:     No compliance",0,0]
[22,"Meeting the Scope of Work Required","How well has the Tenderer described how scope requirements will be met?  Do they understand what needs to be done?  List concerns in Comments.","Chatbot and Social Media API","Performance - Response times","o Indicate how fast the solution is. \no Down and uptime. \n* Capability of performing technical analysis - when the back end apps experiencing increased load. How does the platform handle this. Notifications/alerts. End to end. Having multiple queues / seperate from other customers. Other organisations customers handled seperately.\nResponse times required – Responds needs to be quicker than email, SMS especially since this is using an automated process i.e. Chatbot. Responses should be within seconds. “Chatlike”.\n",null,"Very important",4,1.4234875444839857E-2,"100%: Fully comply with requirement\n50%:   Partially comply will require development/ customisation\n0%:     No compliance",0,0]
[23,"Meeting the Scope of Work Required","How well has the Tenderer described how scope requirements will be met?  Do they understand what needs to be done?  List concerns in Comments.","Chatbot and Social Media API","Performance - Availability and scaling","High Availability to support 24/7 operations. Impacts Eskom image. DR and failover.",null,"Very important",4,1.4234875444839857E-2,"100%: Fully comply with requirement\n50%:   Partially comply will require development/ customisation\n0%:     No compliance",0,0]
[24,"Meeting the Scope of Work Required","How well has the Tenderer described how scope requirements will be met?  Do they understand what needs to be done?  List concerns in Comments.","Chatbot and Social Media API","Broadcast capabilty"," Indicate the type of broadcast capability. One-to-many broadcast capability. Customer groups for communication via the social media channel API will be configured by internal source systems. Solution should provide capability and configuration to allow this. \no broadcasts /Campaigns /notifications /Alerts /Markketing/Surveys\n",null,"Very important",4,1.4234875444839857E-2,"100%: Fully comply with requirement\n50%:   Partially comply will require development/ customisation\n0%:     No compliance",0,{"$f":"J32*L32","v":0}]
[25,"Meeting the Scope of Work Required","How well has the Tenderer described how scope requirements will be met?  Do they understand what needs to be done?  List concerns in Comments.","Chatbot and Social Media API","Creation and Management of groups.","Ability to port/import files with customers/contact details and communicate. Ability to create groups. Ability to alow ad-hoc communication.",null,"Very important",4,1.4234875444839857E-2,"100%: Fully comply with requirement\n50%:   Partially comply will require development/ customisation\n0%:     No compliance",0,{"$f":"J33*L33","v":0}]
[26,"Meeting the Scope of Work Required","How well has the Tenderer described how scope requirements will be met?  Do they understand what needs to be done?  List concerns in Comments.","Chatbot and Social Media API","Reporting - ","Management of the support process (1st line and 2nd line)\no Performance monitoring reporting which is the same as that done on an existing  agent/channel\no How many queries (customer journeys) handled per type.\no The time to resolve\no Repeat calls that started at the WhatsApp and went to other channels\nwhat higer level escalation is provided to report/handle the service side (Platform)\n",null,"Very important",4,1.4234875444839857E-2,"100%: Fully comply with requirement\n50%:   Partially comply will require development/ customisation\n0%:     No compliance",0,{"$f":"J34*L34","v":0}]
[27,"Meeting the Scope of Work Required","How well has the Tenderer described how scope requirements will be met?  Do they understand what needs to be done?  List concerns in Comments.","Chatbot and Social Media API","Auditing","Indicate the audit controls- show a chain of message custody. Prove that the transaction was conducted end to end. No interception.\n",null,"critical",5,1.7793594306049824E-2,"100%: Fully comply with requirement\n50%:   Partially comply will require development/ customisation\n0%:     No compliance",0,{"$f":"J35*L35","v":0}]
[28,"Meeting the Scope of Work Required","How well has the Tenderer described how scope requirements will be met?  Do they understand what needs to be done?  List concerns in Comments.","Chatbot and Social Media API","Training","Training to be documented and performed in English as a minimum",null,"Very important",4,1.4234875444839857E-2,"100%: Fully comply with requirement\n50%:   Partially comply will require development/ customisation\n0%:     No compliance",0,0]
[29,"Meeting the Scope of Work Required","How well has the Tenderer described how scope requirements will be met?  Do they understand what needs to be done?  List concerns in Comments.","Social Media API","Integration"," The social media channel API should integrate with a Chatbot - and the chatbot must be able to consume the preprogrammed  questions and answers and be intelligent to discover answers.",null,"Very important",4,1.4234875444839857E-2,"100%: Fully comply with requirement\n50%:   Partially comply will require development/ customisation\n0%:     No compliance",0,0]
[30,"Meeting the Scope of Work Required","How well has the Tenderer described how scope requirements will be met?  Do they understand what needs to be done?  List concerns in Comments.","Chatbot","Integration","Scheduled Activity\nBot initiates conversation-\nie Does the Bot have he capability to initiate transaction on a predertimed date/time \nie Outbound campaigns",null,"Very important",4,1.4234875444839857E-2,"100%: Fully comply with requirement\n50%:   Partially comply will require development/ customisation\n0%:     No compliance",0,0]
[31,"Meeting the Scope of Work Required","How well has the Tenderer described how scope requirements will be met?  Do they understand what needs to be done?  List concerns in Comments.","Chatbot","Interaction","Human to bot interaction - \nBasic level Customer interaction with bot, also Handoffs etc.",null,"critical",5,1.7793594306049824E-2,"100%: Fully comply with requirement\n50%:   Partially comply will require development/ customisation\n0%:     No compliance",0,0]
[32,"Meeting the Scope of Work Required","How well has the Tenderer described how scope requirements will be met?  Do they understand what needs to be done?  List concerns in Comments.","Chatbot","Interaction","Multi-Channel - multiple social media channels and other multimenia channels",null,"critical",5,1.7793594306049824E-2,"100%: Fully comply with requirement\n50%:   Partially comply will require development/ customisation\n0%:     No compliance",0,0]
[33,"Meeting the Scope of Work Required","How well has the Tenderer described how scope requirements will be met?  Do they understand what needs to be done?  List concerns in Comments.","Chatbot","Intelligence","Should respond in keystroke-type (Text) and / or natural talk language (voice) outputs -",null,"Critical",5,1.7793594306049824E-2,"100%: Fully comply with requirement\n50%:   Partially comply will require development/ customisation\n0%:     No compliance",0,0]
[34,"Meeting the Scope of Work Required","How well has the Tenderer described how scope requirements will be met?  Do they understand what needs to be done?  List concerns in Comments.","Chatbot","Development","Community Support\nNeed assistance from development community. To resolve similar problems.",null,"Very important",4,1.4234875444839857E-2,"100%: Fully comply with requirement\n50%:   Partially comply will require development/ customisation\n0%:     No compliance",0,0]
[35,"Meeting the Scope of Work Required","How well has the Tenderer described how scope requirements will be met?  Do they understand what needs to be done?  List concerns in Comments.","Chatbot","Development","3rd Party Support\nWhat technology will they use. Will they support this technology. Looking outside for assistance. Provide alternatives for resolution of issues.",null,"Very important",4,1.4234875444839857E-2,"100%: Fully comply with requirement\n50%:   Partially comply will require development/ customisation\n0%:     No compliance",0,0]
[36,"Meeting the Scope of Work Required","How well has the Tenderer described how scope requirements will be met?  Do they understand what needs to be done?  List concerns in Comments.","Chatbot","Development","Error Handling\nLevel of error handling: Exception  handling at code level and descriptive errror messages interpretation ",null,"Very important",4,1.4234875444839857E-2,"100%: Fully comply with requirement\n50%:   Partially comply will require development/ customisation\n0%:     No compliance",0,0]
[37,"Meeting the Scope of Work Required","How well has the Tenderer described how scope requirements will be met?  Do they understand what needs to be done?  List concerns in Comments.","Chatbot","Development","Support of Flow Chart Approach",null,"Very important",4,1.4234875444839857E-2,"100%: Fully comply with requirement\n50%:   Partially comply will require development/ customisation\n0%:     No compliance",0,0]
[38,"Meeting the Scope of Work Required","How well has the Tenderer described how scope requirements will be met?  Do they understand what needs to be done?  List concerns in Comments.","Chatbot","Development","Vendor Support\nProduct supplied/implemented supported by one/multiple vendors\nStandard vanilla or modified solutions.\ni.e. If components belong to other vendors ie Microdoft, manage the support,relationship with vendors/",null,"Very important",4,1.4234875444839857E-2,"100%: Fully comply with requirement\n50%:   Partially comply will require development/ customisation\n0%:     No compliance",0,{"$f":"J46*L46","v":0}]
[39,"Meeting the Scope of Work Required","How well has the Tenderer described how scope requirements will be met?  Do they understand what needs to be done?  List concerns in Comments.","Chatbot and Social Media API","Data migration / Import and export of data","Will it be possible to easily migrate all data, in an agreed format, to a new system should  a replacement solution be required in future?\nBusiness continuity impact.",null,"Very important",4,1.4234875444839857E-2,"100%: Fully comply with requirement\n50%:   Partially comply will require development/ customisation\n0%:     No compliance",0,{"$f":"J47*L47","v":0}]
[40,"Meeting the Scope of Work Required","How well has the Tenderer described how scope requirements will be met?  Do they understand what needs to be done?  List concerns in Comments.","Chatbot and Social Media API","Implementation ","Provide a high level architecture for the proposed solution by referriing to the business, informtion, data, application, security and technology components. According to Current Eskom Architecture patterns.",null,"Very important",4,1.4234875444839857E-2,"100%: Fully comply with requirement\n50%:   Partially comply will require development/ customisation\n0%:     No compliance",0,0]
[41,"Meeting the Scope of Work Required","Are the list of all roles in the project team provided?  Are there perceived missing roles (Provide comments)?  Provided a project resource model.","Chatbot and Social Media API","Non Functional / Administration","Roles: Internal administration and Customers.\nCan different user roles be created. Describe the user roles that can be defined in the solution. For the support team use.",null,"Very important",4,1.4234875444839857E-2,"100%: Fully comply with requirement\n50%:   Partially comply will require development/ customisation\n0%:     No compliance",0,0]
[42,"Meeting the Scope of Work Required","Are the list of all roles in the project team provided?  Are there perceived missing roles (Provide comments)?  Provided a project resource model.","Chatbot and Social Media API","Non Functional / Administration","Is it possible in the solution for power users must be enabled to make minor configuration changes , e.g. updating lookup lists, field visibility, screen layout, queries/reports, business rules, workflows etc. without depending on IT staff.ie Make announcements, update catalogue items etc.",null,"Very important",4,1.4234875444839857E-2,"100%: Fully comply with requirement\n50%:   Partially comply will require development/ customisation\n0%:     No compliance",0,0]
[43,"Meeting the Scope of Work Required","Compatibility Certificate from Microsoft AD or Azure","Social Media API","Information Security","Technical Support Team\nAccess Control and User Account Management \nDoes your Proposed Solution comply and is Compatible with Microsoft Active Directory,Azure, SAML2, OAUTH",null,"Very important",4,{"$f":"I51/I$77","v":1.4234875444839857E-2},"100%: Fully comply with requirement\n50%:   Partially comply will require development/ customisation\n0%:     No compliance",0,0]
[44,"Meeting the Scope of Work Required","Certificate from the OEM or Reputable Authority ","Chatbot and Social Media API","Information Security","Information Security Threat Management \n\nPlease advise to what extend is your Solution Compatible \n1. Malware\n2. Cyber Attack\n3. Anti-Virus\n",null,"Very important",4,1.4234875444839857E-2,"100%: Fully comply with requirement\n50%:   Partially comply will require development/ customisation\n0%:     No compliance",0,0]
[45,"Meeting the Scope of Work Required","Substantiate by providing details of standards that are supported and ensure that these Capabilities are detailed in the proposal","Social Media API","Information Security","User and System to System Authentication \n\nWhat Authentication Tools or Model will be deployed as part of the proposed solution, this should include compatibility with Java Authentication and Authorisation Service (JAAS), LDAP, OASIS SAML v2.0, Open SSO TLS and WSS, OAUTH.",null,"Very important",4,1.4234875444839857E-2,"100%: Fully comply with requirement\n50%:   Partially comply will require development/ customisation\n0%:     No compliance",0,0]
[46,"Meeting the Scope of Work Required","Substantiate by providing details of standards that are supported and ensure that these Capabilities are detailed in the proposal","Chatbot and Social Media API","Information Security","End to end encryption of messages at rest and transit. Logs etc.",null,"Very important",4,1.4234875444839857E-2,"100%: Fully comply with requirement\n50%:   Partially comply will require development/ customisation\n0%:     No compliance",0,0]
[47,"Meeting the Scope of Work Required","Network Security and 3rd Party Access","Chatbot and Social Media API","Network Deployment","How would the proposed solution protect Data and Facilitate 3rd Party Access, please specify the tools if any \nAlso for provision of support.\nHow is the access to the data managed.Manage access to backend systems to address possible access to information to unauthorised people.",null,"Very important",4,1.4234875444839857E-2,"100%: Fully comply with requirement\n50%:   Partially comply will require development/ customisation\n0%:     No compliance",0,0]
[48,"Meeting the Scope of Work Required","Near realtime response times below 3 seconds, network performance certificate as proof. ","Chatbot and Social Media API","Network Deployment","Network Optimizing \n\nPlease advise how the Network will be optimised to cater for the near real time transaction performance. Please advise on the Network shaping tools you will deploy (if any) and performance of the solution over the cloud network.\nWhat monitoring provided outside of Eskom network",null,"Very important",4,1.4234875444839857E-2,"100%: Fully comply with requirement\n50%:   Partially comply will require development/ customisation\n0%:     No compliance",0,0]
[49,"Meeting the Scope of Work Required","Business Continuity ","Social Media API","Mintenance/ Availability","Provide a message queing strategy for all trafic bound to Eskom internal services in case of Eskom internal backend issues.",null,"Very important",4,1.4234875444839857E-2,"100%: Fully comply with requirement\n50%:   Partially comply will require development/ customisation\n0%:     No compliance",0,0]
[50,"Meeting the Scope of Work Required","End Point Devices access","Chatbot","Core Infrastructure","If this Solution is to be accessed by the End Point Devices(i.e. Laptops and Desktops), please advise if the Solution is accessable  via the Approved minimum Internet Browser(s) . Indicate the technologies available.",null,"Very important",4,1.4234875444839857E-2,"100%: Fully comply with requirement\n50%:   Partially comply will require development/ customisation\n0%:     No compliance",0,0]
[51,"Meeting the Scope of Work Required","Previous involvement in the end to end testing of a similar system and methodologies used)","Chatbot and Social Media API","Testing ","Provide reference customers and sites",null,"Very important",4,1.4234875444839857E-2,"100%: Fully comply with requirement\n50%:   Partially comply will require development/ customisation\n0%:     No compliance",0,0]
[52,"Team Organisation and Member Requirements","Resource model. It is a requirement that sufficient dedicated testers are allocated the project, independent of the development team","Chatbot and Social Media API","Testing ","Experienced Test Manger must be provided, ISTQB certification is required for all testing resources",null,"Very important",4,1.4234875444839857E-2,"100%: Fully comply with requirement\n50%:   Partially comply will require development/ customisation\n0%:     No compliance",0,0]
[53,"Meeting the Scope of Work Required","Resource Experience with Eskoms Testing tools","Chatbot and Social Media API","Testing ","Must be HP ALM, UFT and Load Runner ",null,"Very important",4,1.4234875444839857E-2,"100%: Fully comply with requirement\n50%:   Partially comply will require development/ customisation\n0%:     No compliance",0,0]
[54,"Meeting the Scope of Work Required","Your testing approach specific to the project. (  Agile/Waterfall) etc..","Chatbot and Social Media API","Testing ","Tenderer must provide approach",null,"Very important",4,1.4234875444839857E-2,"100%: Fully comply with requirement\n50%:   Partially comply will require development/ customisation\n0%:     No compliance",0,0]
[55,"Meeting the Scope of Work Required","Solid Testing capability (reference projects & sites and methodologies used)","Chatbot and Social Media API","Testing ","Provide reference customers and sites\n\n",null,"Very important",4,1.4234875444839857E-2,"100%: Fully comply with requirement\n50%:   Partially comply will require development/ customisation\n0%:     No compliance",0,0]
[56,"Team Organisation and Member Requirements","Solid Testing capability (reference projects & sites and methodologies used)","Chatbot and Social Media API","Testing ","Resource model. It is a requirement that vendor have sufficient dedicated testers allocated to the project independent of the development team. Resources to be based on Eskom premises for the testing related activities of project. ",null,"Very important",4,1.4234875444839857E-2,"100%: Fully comply with requirement\n50%:   Partially comply will require development/ customisation\n0%:     No compliance",0,0]
[57,"Meeting the Scope of Work Required","Previous experience in implementation of Oracle Fusion and Datapower integration solutions in a enterprise (reference projects & sites and pattern)","Chatbot and Social Media API","Integration","Tenderer must provide references, sites and patterns or Previous Experience",null,"Very important",4,1.4234875444839857E-2,"100%: Fully comply with requirement\n50%:   Partially comply will require development/ customisation\n0%:     No compliance",0,0]
[58,"Meeting the Scope of Work Required","Provide proof that you have implemented a solution where the following items were delivered: analysis, design, develop, test and deploy integration solutions.\n\nProvide references\n","Chatbot and Social Media API","Integration","Tenderer must provide references, sites and patterns or Previous Experience",null,"Very important",4,1.4234875444839857E-2,"100%: Fully comply with requirement\n50%:   Partially comply will require development/ customisation\n0%:     No compliance",0,0]
[59,"Meeting the Scope of Work Required","Intergration - to backend systems to address querries","Chatbot","Integration","The Chatbot solution should be able to access existing / new databases or integrate to applications for purposes of actioning or addressing queries via the defined intergration technology.\n(Applications i.e. Work Force Management, Billing, CRM, OMS – (PowerOn Advantage), verification of contact details etc.\n",null,"Very important",4,1.4234875444839857E-2,"100%: Fully comply with requirement\n50%:   Partially comply will require development/ customisation\n0%:     No compliance",0,0]
[60,"Meeting the Scope of Work Required","Does the Supplier’s compliance with copyright laws and other applicable intellectual property rights restrict the type of content ESKOM can store with the cloud service?","Chatbot and Social Media API","DATA OWNERSHIP AND USE"," Data ownership and use Compliance document",null,"Very important",4,1.4234875444839857E-2,"100%: Fully comply with requirement\n50%:   Partially comply will require development/ customisation\n0%:     No compliance",0,0]
[61,"Meeting the Scope of Work Required","Does ESKOM gain ownership of metadata generated by the cloud service system during procedures of upload, management, download, and migration?","Chatbot and Social Media API","DATA OWNERSHIP AND USE","Metadata ownership \n",null,"Very important",4,1.4234875444839857E-2,"100%: Fully comply with requirement\n50%:   Partially comply will require development/ customisation\n0%:     No compliance",0,0]
[62,"Meeting the Scope of Work Required","Provide specific indicators for Eskom access\n* 24x7 support\n* alerts\n* Monitor\n* web page to view avialability of service\n* Heirachical view\netc. ","Chatbot and Social Media API","AVAILABILITY, RETRIEVAL AND USE","Methods to provide precise indicators regarding the availability of the service?",null,"Very important",4,1.4234875444839857E-2,"100%: Fully comply with requirement\n50%:   Partially comply will require development/ customisation\n0%:     No compliance",0,0]
[63,"Meeting the Scope of Work Required","Is this covering data on their cloud/site. Will our customers have the right level of access to their data. \nWhere is the data stored.\nAlso storage and archiving. Including NERSA / Legal requirements.","Chatbot and Social Media API","AVAILABILITY, RETRIEVAL AND USE","Customer use\nDoes the degree of availability of the data allow ESKOM to comply with the right of persons to access their own personal information?",null,"Very important",4,1.4234875444839857E-2,"100%: Fully comply with requirement\n50%:   Partially comply will require development/ customisation\n0%:     No compliance",0,0]
[64,"Meeting the Scope of Work Required","Is this covering data on their cloud/site. Will Eskom  have the right level of access to data. \nWhere is the data stored.\nAlso storage and archiving. Including NERSA / Legal requirements.","Chatbot and Social Media API","AVAILABILITY, RETRIEVAL AND USE","Internal use / Support\nDoes the degree of availability of the data allow ESKOM to comply with the right of authorities to legally access ESKOM data for investigation, audit, control or judicial purposes?",null,"Very important",4,1.4234875444839857E-2,"100%: Fully comply with requirement\n50%:   Partially comply will require development/ customisation\n0%:     No compliance",0,0]
[65,"Meeting the Scope of Work Required","Data Storage\nDowntime from Eskom side. Source Biling systems down?\nIf chats are backed up, then their will be customer data. Even in the verification process, there will be some customer data transferred. Kept by 3rd party.\nProvide details of backups. How long is it kept. . Process for destroying data.\nIs ESKOM clearly informed about the procedure and conditions for the destruction of ESKOM data?","Chatbot and Social Media API","DATA STORAGE AND PRESERVATION","If ESKOM organization manages external records (e.g. customer data), does the Supplier create backups of ESKOM customer’s data?",null,"Very important",4,1.4234875444839857E-2,"100%: Fully comply with requirement\n50%:   Partially comply will require development/ customisation\n0%:     No compliance",0,0]
[66,"Meeting the Scope of Work Required","Does the solutions provided have a local South African representation. Does it have local technical support?","Chatbot and Social Media API","Support","The proposed solution service provider must have local SA representation (footprint). Technical support locally.",null,"Critical",5,1.7793594306049824E-2,"100%: Fully comply with requirement\n50%:   Partially comply will require development/ customisation\n0%:     No compliance",0,0]
[67,"Meeting the Scope of Work Required","Does the system provide and give Eskom access to audit trails, metadata and/or access logs to demonstrate security measures?  ","Chatbot and Social Media API","SECURITY, CONFIDENTIALITY AND PRIVACY","Security",null,"Very important",4,1.4234875444839857E-2,"100%: Fully comply with requirement\n50%:   Partially comply will require development/ customisation\n0%:     No compliance",0,0]
[]
[null,null,null,null,null,null,"Totals",null,{"$f":"SUM(I9:I75)","v":281},{"$f":"SUM(J9:J75)","v":0.99999999999999878},null,null,{"$f":"SUM(M9:M75)","v":0}]

{"sheet":"Priority Ratings","index":26,"n_rows":29,"n_cols":6,"rows_kept":29,"cut":false,"hidden":true,"merged":[]}
[]
[]
[]
[]
[]
[]
[]
[]
[]
[]
[]
[]
[]
[]
[]
[]
[]
[]
[]
[null,"Priority rating","Priority Description",null,"Score Ratings","Score Description"]
[null,0,"No interest",null,0,"0% Compliance"]
[null,1,"Nice to have",null,0.25,"25% Compliance"]
[null,2,"Useful",null,0.5,"50% Compliance"]
[null,3,"Important",null,0.75,"75% Compliance"]
[null,4,"Very important",null,1,"100% Compliance"]
[null,5,"Critical"]
[null,6,"Show stopper"]
[]
[null,"Please do NOT delete this sheet. "]

{"sheet":"Concerns and Recommendations","index":27,"n_rows":19,"n_cols":2,"rows_kept":19,"cut":false,"hidden":true,"merged":[[2,1,2,2],[3,1,16,14],[18,1,18,2],[19,1,33,14]]}
["Note: Not applicable for the vendors / Tenderers / respondents. This sheet is not needed for issuing the Tendor. Useful for making recommendatins after evaluation."]
[null,"Please do NOT delete this sheet. "]
[null,"Recommendation"]
[]
[]
[]
[]
[]
[]
[]
[]
[]
[]
[]
[]
[]
[]
[]
[null,"Concerns"]